172.253.212.57 - - [13/Oct/2025:03:34:35 +0700] "GET /wp-content/plugins/elementor/assets/css/frontend-lite.min.css?ver=3.21.8 HTTP/1.1" 200 118945 "https://pausfood.co.id/" "Mozilla/5.0 (Windows NT 10.0; Win64; x64) AppleWebKit/537.36 (KHTML, like Gecko) Chrome/140.0.0.0 Safari/537.36"
74.125.115.1 - - [13/Oct/2025:03:34:35 +0700] "GET /wp-content/plugins/elementor/assets/lib/swiper/v8/css/swiper.min.css?ver=8.4.5 HTTP/1.1" 200 16471 "https://pausfood.co.id/" "Mozilla/5.0 (Windows NT 10.0; Win64; x64) AppleWebKit/537.36 (KHTML, like Gecko) Chrome/140.0.0.0 Safari/537.36"
74.125.115.7 - - [13/Oct/2025:03:34:35 +0700] "GET /wp-content/uploads/elementor/css/post-8.css?ver=1717683031 HTTP/1.1" 200 1257 "https://pausfood.co.id/" "Mozilla/5.0 (Windows NT 10.0; Win64; x64) AppleWebKit/537.36 (KHTML, like Gecko) Chrome/140.0.0.0 Safari/537.36"
74.125.115.7 - - [13/Oct/2025:03:34:35 +0700] "GET /wp-content/uploads/elementor/css/global.css?ver=1717683251 HTTP/1.1" 200 9475 "https://pausfood.co.id/" "Mozilla/5.0 (Windows NT 10.0; Win64; x64) AppleWebKit/537.36 (KHTML, like Gecko) Chrome/140.0.0.0 Safari/537.36"
172.253.212.61 - - [13/Oct/2025:03:34:35 +0700] "GET /wp-content/uploads/elementor/css/post-2488.css?ver=1740030473 HTTP/1.1" 200 11618 "https://pausfood.co.id/" "Mozilla/5.0 (Windows NT 10.0; Win64; x64) AppleWebKit/537.36 (KHTML, like Gecko) Chrome/140.0.0.0 Safari/537.36"
74.125.115.7 - - [13/Oct/2025:03:34:35 +0700] "GET /wp-content/themes/frutin/style.css?ver=1.0.0 HTTP/1.1" 200 685 "https://pausfood.co.id/" "Mozilla/5.0 (Windows NT 10.0; Win64; x64) AppleWebKit/537.36 (KHTML, like Gecko) Chrome/140.0.0.0 Safari/537.36"
172.253.212.48 - - [13/Oct/2025:03:34:35 +0700] "GET /wp-content/themes/frutin/assets/css/magnific-popup.min.css?ver=1.0 HTTP/1.1" 200 5272 "https://pausfood.co.id/" "Mozilla/5.0 (Windows NT 10.0; Win64; x64) AppleWebKit/537.36 (KHTML, like Gecko) Chrome/140.0.0.0 Safari/537.36"
74.125.115.1 - - [13/Oct/2025:03:34:35 +0700] "GET /wp-content/themes/frutin/assets/css/bootstrap.min.css?ver=5.0.0 HTTP/1.1" 200 194251 "https://pausfood.co.id/" "Mozilla/5.0 (Windows NT 10.0; Win64; x64) AppleWebKit/537.36 (KHTML, like Gecko) Chrome/140.0.0.0 Safari/537.36"
74.125.115.7 - - [13/Oct/2025:03:34:35 +0700] "GET /wp-content/themes/frutin/assets/css/color.schemes.css?ver=6.6.4 HTTP/1.1" 200 0 "https://pausfood.co.id/" "Mozilla/5.0 (Windows NT 10.0; Win64; x64) AppleWebKit/537.36 (KHTML, like Gecko) Chrome/140.0.0.0 Safari/537.36"
172.253.212.48 - - [13/Oct/2025:03:34:35 +0700] "GET /wp-content/plugins/ti-woocommerce-wishlist/assets/fonts/tinvwl-webfont.woff2?ver=xu2uyi HTTP/1.1" 200 4404 "https://pausfood.co.id/" "Mozilla/5.0 (Windows NT 10.0; Win64; x64) AppleWebKit/537.36 (KHTML, like Gecko) Chrome/140.0.0.0 Safari/537.36"
74.125.115.1 - - [13/Oct/2025:03:34:35 +0700] "GET /wp-includes/js/jquery/jquery-migrate.min.js?ver=3.4.1 HTTP/1.1" 200 13577 "https://pausfood.co.id/" "Mozilla/5.0 (Windows NT 10.0; Win64; x64) AppleWebKit/537.36 (KHTML, like Gecko) Chrome/140.0.0.0 Safari/537.36"
74.125.115.7 - - [13/Oct/2025:03:34:35 +0700] "GET /wp-includes/js/jquery/jquery.min.js?ver=3.7.1 HTTP/1.1" 200 87553 "https://pausfood.co.id/" "Mozilla/5.0 (Windows NT 10.0; Win64; x64) AppleWebKit/537.36 (KHTML, like Gecko) Chrome/140.0.0.0 Safari/537.36"
172.253.212.61 - - [13/Oct/2025:03:34:36 +0700] "GET /wp-content/themes/frutin/assets/css/style.css?ver=1.0.0 HTTP/1.1" 200 326969 "https://pausfood.co.id/" "Mozilla/5.0 (Windows NT 10.0; Win64; x64) AppleWebKit/537.36 (KHTML, like Gecko) Chrome/140.0.0.0 Safari/537.36"
172.253.212.57 - - [13/Oct/2025:03:34:36 +0700] "GET /wp-content/plugins/woocommerce/assets/js/jquery-blockui/jquery.blockUI.min.js?ver=2.7.0-wc.8.9.3 HTTP/1.1" 200 9636 "https://pausfood.co.id/" "Mozilla/5.0 (Windows NT 10.0; Win64; x64) AppleWebKit/537.36 (KHTML, like Gecko) Chrome/140.0.0.0 Safari/537.36"
172.253.212.48 - - [13/Oct/2025:03:34:36 +0700] "GET /wp-content/plugins/woocommerce/assets/js/js-cookie/js.cookie.min.js?ver=2.1.4-wc.8.9.3 HTTP/1.1" 200 1720 "https://pausfood.co.id/" "Mozilla/5.0 (Windows NT 10.0; Win64; x64) AppleWebKit/537.36 (KHTML, like Gecko) Chrome/140.0.0.0 Safari/537.36"
74.125.115.7 - - [13/Oct/2025:03:34:36 +0700] "GET /wp-content/themes/frutin/assets/css/fontawesome.min.css?ver=6.0.0 HTTP/1.1" 200 457437 "https://pausfood.co.id/" "Mozilla/5.0 (Windows NT 10.0; Win64; x64) AppleWebKit/537.36 (KHTML, like Gecko) Chrome/140.0.0.0 Safari/537.36"
74.125.115.1 - - [13/Oct/2025:03:34:36 +0700] "GET /wp-content/uploads/2025/02/about-us-homepage-768x512.jpg HTTP/1.1" 200 38625 "https://pausfood.co.id/" "Mozilla/5.0 (Windows NT 10.0; Win64; x64) AppleWebKit/537.36 (KHTML, like Gecko) Chrome/140.0.0.0 Safari/537.36"
172.253.212.48 - - [13/Oct/2025:03:34:36 +0700] "GET /wp-content/uploads/2024/06/PAUSFOOD-FA-LOGO-e1717477512273.png HTTP/1.1" 200 3721 "https://pausfood.co.id/" "Mozilla/5.0 (Windows NT 10.0; Win64; x64) AppleWebKit/537.36 (KHTML, like Gecko) Chrome/140.0.0.0 Safari/537.36"
172.253.212.57 - - [13/Oct/2025:03:34:36 +0700] "GET /wp-content/uploads/2024/06/Company-Profile-Cover-1.jpg HTTP/1.1" 200 902563 "https://pausfood.co.id/" "Mozilla/5.0 (Windows NT 10.0; Win64; x64) AppleWebKit/537.36 (KHTML, like Gecko) Chrome/140.0.0.0 Safari/537.36"
172.253.212.48 - - [13/Oct/2025:03:34:36 +0700] "GET /wp-content/uploads/2024/06/Frame-6-150x150.jpg HTTP/1.1" 200 3383 "https://pausfood.co.id/" "Mozilla/5.0 (Windows NT 10.0; Win64; x64) AppleWebKit/537.36 (KHTML, like Gecko) Chrome/140.0.0.0 Safari/537.36"
172.253.212.61 - - [13/Oct/2025:03:34:36 +0700] "GET /wp-content/uploads/elementor/css/post-2738.css?ver=1718813425 HTTP/1.1" 200 3910 "https://pausfood.co.id/" "Mozilla/5.0 (Windows NT 10.0; Win64; x64) AppleWebKit/537.36 (KHTML, like Gecko) Chrome/140.0.0.0 Safari/537.36"
74.125.115.1 - - [13/Oct/2025:03:34:36 +0700] "GET /wp-content/plugins/contact-form-7/includes/swv/js/index.js?ver=5.9.5 HTTP/1.1" 200 11513 "https://pausfood.co.id/" "Mozilla/5.0 (Windows NT 10.0; Win64; x64) AppleWebKit/537.36 (KHTML, like Gecko) Chrome/140.0.0.0 Safari/537.36"
74.125.115.7 - - [13/Oct/2025:03:34:36 +0700] "GET /wp-content/plugins/woocommerce/assets/client/blocks/wc-blocks.css?ver=wc-8.9.3 HTTP/1.1" 200 12743 "https://pausfood.co.id/" "Mozilla/5.0 (Windows NT 10.0; Win64; x64) AppleWebKit/537.36 (KHTML, like Gecko) Chrome/140.0.0.0 Safari/537.36"
74.125.115.7 - - [13/Oct/2025:03:34:36 +0700] "GET /wp-content/uploads/elementor/css/post-2758.css?ver=1718018814 HTTP/1.1" 200 873 "https://pausfood.co.id/" "Mozilla/5.0 (Windows NT 10.0; Win64; x64) AppleWebKit/537.36 (KHTML, like Gecko) Chrome/140.0.0.0 Safari/537.36"
172.253.212.48 - - [13/Oct/2025:03:34:36 +0700] "GET /wp-content/plugins/contact-form-7/includes/js/index.js?ver=5.9.5 HTTP/1.1" 200 13054 "https://pausfood.co.id/" "Mozilla/5.0 (Windows NT 10.0; Win64; x64) AppleWebKit/537.36 (KHTML, like Gecko) Chrome/140.0.0.0 Safari/537.36"
172.253.212.61 - - [13/Oct/2025:03:34:36 +0700] "GET /wp-content/plugins/frutin-core/assets/js/frutin.ajax.js?ver=1.0 HTTP/1.1" 200 1227 "https://pausfood.co.id/" "Mozilla/5.0 (Windows NT 10.0; Win64; x64) AppleWebKit/537.36 (KHTML, like Gecko) Chrome/140.0.0.0 Safari/537.36"
74.125.115.1 - - [13/Oct/2025:03:34:36 +0700] "GET /wp-content/plugins/woocommerce/assets/js/frontend/order-attribution.min.js?ver=8.9.3 HTTP/1.1" 200 2230 "https://pausfood.co.id/" "Mozilla/5.0 (Windows NT 10.0; Win64; x64) AppleWebKit/537.36 (KHTML, like Gecko) Chrome/140.0.0.0 Safari/537.36"
74.125.115.7 - - [13/Oct/2025:03:34:36 +0700] "GET /wp-content/plugins/woocommerce/assets/js/sourcebuster/sourcebuster.min.js?ver=8.9.3 HTTP/1.1" 200 14500 "https://pausfood.co.id/" "Mozilla/5.0 (Windows NT 10.0; Win64; x64) AppleWebKit/537.36 (KHTML, like Gecko) Chrome/140.0.0.0 Safari/537.36"
172.253.212.57 - - [13/Oct/2025:03:34:36 +0700] "GET /wp-content/plugins/wp-whatsapp/assets/dist/js/njt-whatsapp.js?ver=3.6.6 HTTP/1.1" 200 52734 "https://pausfood.co.id/" "Mozilla/5.0 (Windows NT 10.0; Win64; x64) AppleWebKit/537.36 (KHTML, like Gecko) Chrome/140.0.0.0 Safari/537.36"
74.125.115.7 - - [13/Oct/2025:03:34:36 +0700] "GET /wp-content/plugins/wp-whatsapp/assets/js/whatsapp-button.js?ver=3.6.6 HTTP/1.1" 200 1152 "https://pausfood.co.id/" "Mozilla/5.0 (Windows NT 10.0; Win64; x64) AppleWebKit/537.36 (KHTML, like Gecko) Chrome/140.0.0.0 Safari/537.36"
172.253.212.61 - - [13/Oct/2025:03:34:37 +0700] "GET /wp-content/plugins/woocommerce/assets/js/frontend/cart-fragments.min.js?ver=8.9.3 HTTP/1.1" 200 2939 "https://pausfood.co.id/" "Mozilla/5.0 (Windows NT 10.0; Win64; x64) AppleWebKit/537.36 (KHTML, like Gecko) Chrome/140.0.0.0 Safari/537.36"
74.125.115.1 - - [13/Oct/2025:03:34:37 +0700] "GET /wp-content/plugins/ti-woocommerce-wishlist/assets/js/public.min.js?ver=2.8.2 HTTP/1.1" 200 27607 "https://pausfood.co.id/" "Mozilla/5.0 (Windows NT 10.0; Win64; x64) AppleWebKit/537.36 (KHTML, like Gecko) Chrome/140.0.0.0 Safari/537.36"
172.253.212.57 - - [13/Oct/2025:03:34:37 +0700] "GET /wp-content/themes/frutin/assets/js/swiper-bundle.min.js?ver=10.3.0 HTTP/1.1" 200 143034 "https://pausfood.co.id/" "Mozilla/5.0 (Windows NT 10.0; Win64; x64) AppleWebKit/537.36 (KHTML, like Gecko) Chrome/140.0.0.0 Safari/537.36"
74.125.115.7 - - [13/Oct/2025:03:34:37 +0700] "GET /wp-content/themes/frutin/assets/js/jquery.magnific-popup.min.js?ver=1.0.0 HTTP/1.1" 200 20214 "https://pausfood.co.id/" "Mozilla/5.0 (Windows NT 10.0; Win64; x64) AppleWebKit/537.36 (KHTML, like Gecko) Chrome/140.0.0.0 Safari/537.36"
172.253.212.61 - - [13/Oct/2025:03:34:37 +0700] "GET /wp-content/themes/frutin/assets/js/jquery-ui.min.js?ver=1.12.1 HTTP/1.1" 200 21889 "https://pausfood.co.id/" "Mozilla/5.0 (Windows NT 10.0; Win64; x64) AppleWebKit/537.36 (KHTML, like Gecko) Chrome/140.0.0.0 Safari/537.36"
74.125.115.1 - - [13/Oct/2025:03:34:37 +0700] "GET /wp-content/themes/frutin/assets/js/jquery.counterup.min.js?ver=1.12.1 HTTP/1.1" 200 10544 "https://pausfood.co.id/" "Mozilla/5.0 (Windows NT 10.0; Win64; x64) AppleWebKit/537.36 (KHTML, like Gecko) Chrome/140.0.0.0 Safari/537.36"
74.125.115.7 - - [13/Oct/2025:03:34:37 +0700] "GET /wp-content/themes/frutin/assets/js/bootstrap.min.js?ver=5.0.0 HTTP/1.1" 200 80678 "https://pausfood.co.id/" "Mozilla/5.0 (Windows NT 10.0; Win64; x64) AppleWebKit/537.36 (KHTML, like Gecko) Chrome/140.0.0.0 Safari/537.36"
172.253.212.57 - - [13/Oct/2025:03:34:37 +0700] "GET /wp-content/themes/frutin/assets/js/isotope.pkgd.min.js?ver=1.0.0 HTTP/1.1" 200 34825 "https://pausfood.co.id/" "Mozilla/5.0 (Windows NT 10.0; Win64; x64) AppleWebKit/537.36 (KHTML, like Gecko) Chrome/140.0.0.0 Safari/537.36"
74.125.115.7 - - [13/Oct/2025:03:34:37 +0700] "GET /wp-includes/js/imagesloaded.min.js?ver=5.0.0 HTTP/1.1" 200 5520 "https://pausfood.co.id/" "Mozilla/5.0 (Windows NT 10.0; Win64; x64) AppleWebKit/537.36 (KHTML, like Gecko) Chrome/140.0.0.0 Safari/537.36"
172.253.212.61 - - [13/Oct/2025:03:34:37 +0700] "GET /wp-content/themes/frutin/assets/js/main.js?ver=1.0.0 HTTP/1.1" 200 30686 "https://pausfood.co.id/" "Mozilla/5.0 (Windows NT 10.0; Win64; x64) AppleWebKit/537.36 (KHTML, like Gecko) Chrome/140.0.0.0 Safari/537.36"
74.125.115.7 - - [13/Oct/2025:03:34:37 +0700] "GET /wp-content/plugins/wp-simple-firewall/assets/dist/shield-notbot.bundle.js?ver=19.1.19&mtime=1758727356 HTTP/1.1" 200 21199 "https://pausfood.co.id/" "Mozilla/5.0 (Windows NT 10.0; Win64; x64) AppleWebKit/537.36 (KHTML, like Gecko) Chrome/140.0.0.0 Safari/537.36"
74.125.115.1 - - [13/Oct/2025:03:34:37 +0700] "GET /wp-content/plugins/wp-whatsapp/assets/js/whatsapp-popup.js?ver=3.6.6 HTTP/1.1" 200 922 "https://pausfood.co.id/" "Mozilla/5.0 (Windows NT 10.0; Win64; x64) AppleWebKit/537.36 (KHTML, like Gecko) Chrome/140.0.0.0 Safari/537.36"
172.253.212.57 - - [13/Oct/2025:03:34:37 +0700] "GET /wp-content/plugins/elementor/assets/js/webpack.runtime.min.js?ver=3.21.8 HTTP/1.1" 200 4997 "https://pausfood.co.id/" "Mozilla/5.0 (Windows NT 10.0; Win64; x64) AppleWebKit/537.36 (KHTML, like Gecko) Chrome/140.0.0.0 Safari/537.36"
74.125.115.7 - - [13/Oct/2025:03:34:37 +0700] "GET /wp-content/plugins/elementor/assets/js/frontend-modules.min.js?ver=3.21.8 HTTP/1.1" 200 63275 "https://pausfood.co.id/" "Mozilla/5.0 (Windows NT 10.0; Win64; x64) AppleWebKit/537.36 (KHTML, like Gecko) Chrome/140.0.0.0 Safari/537.36"
172.253.212.48 - - [13/Oct/2025:03:34:37 +0700] "GET /wp-content/plugins/elementor/assets/lib/waypoints/waypoints.min.js?ver=4.0.2 HTTP/1.1" 200 12198 "https://pausfood.co.id/" "Mozilla/5.0 (Windows NT 10.0; Win64; x64) AppleWebKit/537.36 (KHTML, like Gecko) Chrome/140.0.0.0 Safari/537.36"
172.253.212.61 - - [13/Oct/2025:03:34:37 +0700] "GET /wp-includes/js/jquery/ui/core.min.js?ver=1.13.3 HTTP/1.1" 200 21464 "https://pausfood.co.id/" "Mozilla/5.0 (Windows NT 10.0; Win64; x64) AppleWebKit/537.36 (KHTML, like Gecko) Chrome/140.0.0.0 Safari/537.36"
74.125.115.7 - - [13/Oct/2025:03:34:37 +0700] "GET /wp-content/plugins/elementor/assets/js/frontend.min.js?ver=3.21.8 HTTP/1.1" 200 39972 "https://pausfood.co.id/" "Mozilla/5.0 (Windows NT 10.0; Win64; x64) AppleWebKit/537.36 (KHTML, like Gecko) Chrome/140.0.0.0 Safari/537.36"
74.125.115.1 - - [13/Oct/2025:03:34:37 +0700] "GET /wp-content/plugins/frutin-core/assets/js/frutin-core.js?ver=1.0 HTTP/1.1" 200 2586 "https://pausfood.co.id/" "Mozilla/5.0 (Windows NT 10.0; Win64; x64) AppleWebKit/537.36 (KHTML, like Gecko) Chrome/140.0.0.0 Safari/537.36"
172.253.212.57 - - [13/Oct/2025:03:34:37 +0700] "GET /wp-content/plugins/woocommerce/assets/js/frontend/add-to-cart.min.js?ver=8.9.3 HTTP/1.1" 200 3058 "https://pausfood.co.id/" "Mozilla/5.0 (Windows NT 10.0; Win64; x64) AppleWebKit/537.36 (KHTML, like Gecko) Chrome/140.0.0.0 Safari/537.36"
74.125.115.7 - - [13/Oct/2025:03:34:37 +0700] "GET /wp-content/plugins/woocommerce/assets/js/frontend/woocommerce.min.js?ver=8.9.3 HTTP/1.1" 200 2467 "https://pausfood.co.id/" "Mozilla/5.0 (Windows NT 10.0; Win64; x64) AppleWebKit/537.36 (KHTML, like Gecko) Chrome/140.0.0.0 Safari/537.36"
172.253.212.48 - - [13/Oct/2025:03:34:37 +0700] "GET /wp-content/uploads/2024/06/Frame-7-150x150.jpg HTTP/1.1" 200 2726 "https://pausfood.co.id/" "Mozilla/5.0 (Windows NT 10.0; Win64; x64) AppleWebKit/537.36 (KHTML, like Gecko) Chrome/140.0.0.0 Safari/537.36"
172.253.212.61 - - [13/Oct/2025:03:34:37 +0700] "GET /wp-content/uploads/2024/06/PAUSFOOD-FA-LOGO-300x212.png HTTP/1.1" 200 5996 "https://pausfood.co.id/" "Mozilla/5.0 (Windows NT 10.0; Win64; x64) AppleWebKit/537.36 (KHTML, like Gecko) Chrome/140.0.0.0 Safari/537.36"
172.253.212.48 - - [13/Oct/2025:03:34:38 +0700] "GET /wp-includes/js/wp-emoji-release.min.js?ver=6.6.4 HTTP/1.1" 200 18726 "https://pausfood.co.id/" "Mozilla/5.0 (Windows NT 10.0; Win64; x64) AppleWebKit/537.36 (KHTML, like Gecko) Chrome/140.0.0.0 Safari/537.36"
172.253.212.57 - - [13/Oct/2025:03:34:38 +0700] "GET /wp-content/themes/frutin/assets/fonts/fontawesome/fa-regular-400.woff2 HTTP/1.1" 200 354424 "https://pausfood.co.id/wp-content/themes/frutin/assets/css/fontawesome.min.css?ver=6.0.0" "Mozilla/5.0 (Windows NT 10.0; Win64; x64) AppleWebKit/537.36 (KHTML, like Gecko) Chrome/140.0.0.0 Safari/537.36"
74.125.115.1 - - [13/Oct/2025:03:34:38 +0700] "GET /wp-content/themes/frutin/assets/fonts/fontawesome/fa-solid-900.woff2 HTTP/1.1" 200 301680 "https://pausfood.co.id/wp-content/themes/frutin/assets/css/fontawesome.min.css?ver=6.0.0" "Mozilla/5.0 (Windows NT 10.0; Win64; x64) AppleWebKit/537.36 (KHTML, like Gecko) Chrome/140.0.0.0 Safari/537.36"
74.125.115.7 - - [13/Oct/2025:03:34:38 +0700] "GET /wp-content/themes/frutin/assets/fonts/fontawesome/fa-light-300.woff2 HTTP/1.1" 200 388560 "https://pausfood.co.id/wp-content/themes/frutin/assets/css/fontawesome.min.css?ver=6.0.0" "Mozilla/5.0 (Windows NT 10.0; Win64; x64) AppleWebKit/537.36 (KHTML, like Gecko) Chrome/140.0.0.0 Safari/537.36"
172.253.212.61 - - [13/Oct/2025:03:34:40 +0700] "POST /wp-admin/admin-ajax.php HTTP/1.1" 200 199 "https://pausfood.co.id/" "Mozilla/5.0 (Windows NT 10.0; Win64; x64) AppleWebKit/537.36 (KHTML, like Gecko) Chrome/140.0.0.0 Safari/537.36"
172.253.212.61 - - [13/Oct/2025:03:34:41 +0700] "POST /?wc-ajax=get_refreshed_fragments HTTP/1.1" 200 970 "https://pausfood.co.id/" "Mozilla/5.0 (Windows NT 10.0; Win64; x64) AppleWebKit/537.36 (KHTML, like Gecko) Chrome/140.0.0.0 Safari/537.36"
172.253.212.61 - - [13/Oct/2025:03:34:42 +0700] "GET /wp-content/plugins/elementor/assets/js/image-carousel.4455c6362492d9067512.bundle.min.js HTTP/1.1" 200 432 "https://pausfood.co.id/" "Mozilla/5.0 (Windows NT 10.0; Win64; x64) AppleWebKit/537.36 (KHTML, like Gecko) Chrome/140.0.0.0 Safari/537.36"
172.253.212.48 - - [13/Oct/2025:03:34:42 +0700] "GET /wp-content/uploads/2024/06/Frame-4-150x150.jpg HTTP/1.1" 200 3229 "https://pausfood.co.id/" "Mozilla/5.0 (Windows NT 10.0; Win64; x64) AppleWebKit/537.36 (KHTML, like Gecko) Chrome/140.0.0.0 Safari/537.36"
172.253.212.61 - - [13/Oct/2025:03:34:42 +0700] "GET /wp-content/uploads/2024/06/Frame-1-150x150.jpg HTTP/1.1" 200 2843 "https://pausfood.co.id/" "Mozilla/5.0 (Windows NT 10.0; Win64; x64) AppleWebKit/537.36 (KHTML, like Gecko) Chrome/140.0.0.0 Safari/537.36"
172.253.212.57 - - [13/Oct/2025:03:34:42 +0700] "GET /wp-content/uploads/2024/06/Frame-5-150x150.jpg HTTP/1.1" 200 2664 "https://pausfood.co.id/" "Mozilla/5.0 (Windows NT 10.0; Win64; x64) AppleWebKit/537.36 (KHTML, like Gecko) Chrome/140.0.0.0 Safari/537.36"
74.125.115.1 - - [13/Oct/2025:03:34:42 +0700] "GET /wp-content/uploads/2024/06/Frame-2-150x150.jpg HTTP/1.1" 200 3116 "https://pausfood.co.id/" "Mozilla/5.0 (Windows NT 10.0; Win64; x64) AppleWebKit/537.36 (KHTML, like Gecko) Chrome/140.0.0.0 Safari/537.36"
74.125.115.7 - - [13/Oct/2025:03:34:42 +0700] "GET /wp-content/uploads/2024/06/Frame-3-150x150.jpg HTTP/1.1" 200 2606 "https://pausfood.co.id/" "Mozilla/5.0 (Windows NT 10.0; Win64; x64) AppleWebKit/537.36 (KHTML, like Gecko) Chrome/140.0.0.0 Safari/537.36"
74.125.115.7 - - [13/Oct/2025:03:34:42 +0700] "GET /wp-content/uploads/2024/06/AMG-150x150.png HTTP/1.1" 200 14102 "https://pausfood.co.id/" "Mozilla/5.0 (Windows NT 10.0; Win64; x64) AppleWebKit/537.36 (KHTML, like Gecko) Chrome/140.0.0.0 Safari/537.36"
172.253.212.48 - - [13/Oct/2025:03:34:42 +0700] "GET /wp-content/uploads/2024/06/Elmer2-150x150.jpg HTTP/1.1" 200 2304 "https://pausfood.co.id/" "Mozilla/5.0 (Windows NT 10.0; Win64; x64) AppleWebKit/537.36 (KHTML, like Gecko) Chrome/140.0.0.0 Safari/537.36"
172.253.212.57 - - [13/Oct/2025:03:34:42 +0700] "GET /wp-content/uploads/2024/06/Frigol-150x150.jpg HTTP/1.1" 200 3178 "https://pausfood.co.id/" "Mozilla/5.0 (Windows NT 10.0; Win64; x64) AppleWebKit/537.36 (KHTML, like Gecko) Chrome/140.0.0.0 Safari/537.36"
172.253.212.61 - - [13/Oct/2025:03:34:42 +0700] "GET /wp-content/uploads/2024/06/amh-logo-150x150.png HTTP/1.1" 200 6388 "https://pausfood.co.id/" "Mozilla/5.0 (Windows NT 10.0; Win64; x64) AppleWebKit/537.36 (KHTML, like Gecko) Chrome/140.0.0.0 Safari/537.36"
74.125.115.7 - - [13/Oct/2025:03:34:42 +0700] "GET /wp-content/uploads/2024/06/GBP-150x150.jpg HTTP/1.1" 200 5066 "https://pausfood.co.id/" "Mozilla/5.0 (Windows NT 10.0; Win64; x64) AppleWebKit/537.36 (KHTML, like Gecko) Chrome/140.0.0.0 Safari/537.36"
74.125.115.1 - - [13/Oct/2025:03:34:42 +0700] "GET /wp-content/uploads/2024/06/Green-Valley-150x150.png HTTP/1.1" 200 22180 "https://pausfood.co.id/" "Mozilla/5.0 (Windows NT 10.0; Win64; x64) AppleWebKit/537.36 (KHTML, like Gecko) Chrome/140.0.0.0 Safari/537.36"
172.253.212.48 - - [13/Oct/2025:03:34:42 +0700] "GET /wp-content/uploads/2024/06/Minerva.jpg-150x150.webp HTTP/1.1" 200 2892 "https://pausfood.co.id/" "Mozilla/5.0 (Windows NT 10.0; Win64; x64) AppleWebKit/537.36 (KHTML, like Gecko) Chrome/140.0.0.0 Safari/537.36"
172.253.212.57 - - [13/Oct/2025:03:34:42 +0700] "GET /wp-content/uploads/2024/06/Ralph-150x150.png HTTP/1.1" 200 24241 "https://pausfood.co.id/" "Mozilla/5.0 (Windows NT 10.0; Win64; x64) AppleWebKit/537.36 (KHTML, like Gecko) Chrome/140.0.0.0 Safari/537.36"
178.128.86.151 - - [13/Oct/2025:03:36:01 +0700] "POST /wp-cron.php?doing_wp_cron=1760301361.4876489639282226562500 HTTP/1.1" 200 5 "-" "WordPress/6.6.4; https://pausfood.co.id"
18.139.143.38 - - [13/Oct/2025:03:36:02 +0700] "GET / HTTP/1.1" 200 76297 "-" "synthetic-monitoring-agent/v0.14.3 (linux amd64; g64b8bab; +https://github.com/grafana/synthetic-monitoring-agent)"
16.78.0.23 - - [13/Oct/2025:03:36:03 +0700] "GET / HTTP/1.1" 200 76297 "-" "synthetic-monitoring-agent/v0.14.3 (linux amd64; g64b8bab; +https://github.com/grafana/synthetic-monitoring-agent)"
65.111.11.153 - - [13/Oct/2025:03:39:30 +0700] "POST /wp-content/plugins/wp-respiratorium-configure/index.php HTTP/1.1" 404 27 "https://pausfood.co.id" "Mozilla/5.0 (Windows NT 6.1; Win64; x64) AppleWebKit/537.36 (KHTML, like Gecko) Chrome/68.0.3365.160 Safari/537.36"
178.128.86.151 - - [13/Oct/2025:03:41:03 +0700] "POST /wp-cron.php?doing_wp_cron=1760301663.1030690670013427734375 HTTP/1.1" 200 5 "-" "WordPress/6.6.4; https://pausfood.co.id"
18.139.143.38 - - [13/Oct/2025:03:41:04 +0700] "GET / HTTP/1.1" 200 76303 "-" "synthetic-monitoring-agent/v0.14.3 (linux amd64; g64b8bab; +https://github.com/grafana/synthetic-monitoring-agent)"
16.78.0.23 - - [13/Oct/2025:03:41:05 +0700] "GET / HTTP/1.1" 200 76297 "-" "synthetic-monitoring-agent/v0.14.3 (linux amd64; g64b8bab; +https://github.com/grafana/synthetic-monitoring-agent)"
178.128.86.151 - - [13/Oct/2025:03:46:00 +0700] "POST /wp-cron.php?doing_wp_cron=1760301960.7995769977569580078125 HTTP/1.1" 200 5 "-" "WordPress/6.6.4; https://pausfood.co.id"
18.139.143.38 - - [13/Oct/2025:03:46:01 +0700] "GET / HTTP/1.1" 200 76297 "-" "synthetic-monitoring-agent/v0.14.3 (linux amd64; g64b8bab; +https://github.com/grafana/synthetic-monitoring-agent)"
16.78.0.23 - - [13/Oct/2025:03:46:02 +0700] "GET / HTTP/1.1" 200 76303 "-" "synthetic-monitoring-agent/v0.14.3 (linux amd64; g64b8bab; +https://github.com/grafana/synthetic-monitoring-agent)"
178.128.86.151 - - [13/Oct/2025:03:49:26 +0700] "POST /wp-cron.php?doing_wp_cron=1760302166.6529579162597656250000 HTTP/1.1" 200 5 "-" "WordPress/6.6.4; https://pausfood.co.id"
66.249.66.201 - - [13/Oct/2025:03:49:27 +0700] "GET /p=34523 HTTP/1.1" 404 48977 "-" "Mozilla/5.0 (Linux; Android 6.0.1; Nexus 5X Build/MMB29P) AppleWebKit/537.36 (KHTML, like Gecko) Chrome/140.0.7339.207 Mobile Safari/537.36 (compatible; Googlebot/2.1; +http://www.google.com/bot.html)"
178.128.86.151 - - [13/Oct/2025:03:51:00 +0700] "POST /wp-cron.php?doing_wp_cron=1760302260.0454630851745605468750 HTTP/1.1" 200 5 "-" "WordPress/6.6.4; https://pausfood.co.id"
18.139.143.38 - - [13/Oct/2025:03:51:01 +0700] "GET / HTTP/1.1" 200 76303 "-" "synthetic-monitoring-agent/v0.14.3 (linux amd64; g64b8bab; +https://github.com/grafana/synthetic-monitoring-agent)"
16.78.0.23 - - [13/Oct/2025:03:51:01 +0700] "GET / HTTP/1.1" 200 76297 "-" "synthetic-monitoring-agent/v0.14.3 (linux amd64; g64b8bab; +https://github.com/grafana/synthetic-monitoring-agent)"
104.207.35.100 - - [13/Oct/2025:03:53:38 +0700] "POST /wp-content/plugins/wp-respiratorium-configure/index.php HTTP/1.1" 404 27 "https://pausfood.co.id" "Mozilla/5.0 (Windows NT 10.0; Win64; x64) AppleWebKit/537.36 (KHTML, like Gecko) Chrome/68.0.2381.20 Safari/537.36"
178.128.86.151 - - [13/Oct/2025:03:56:00 +0700] "POST /wp-cron.php?doing_wp_cron=1760302560.7681310176849365234375 HTTP/1.1" 200 5 "-" "WordPress/6.6.4; https://pausfood.co.id"
18.139.143.38 - - [13/Oct/2025:03:56:01 +0700] "GET / HTTP/1.1" 200 76303 "-" "synthetic-monitoring-agent/v0.14.3 (linux amd64; g64b8bab; +https://github.com/grafana/synthetic-monitoring-agent)"
16.78.0.23 - - [13/Oct/2025:03:56:03 +0700] "GET / HTTP/1.1" 200 76297 "-" "synthetic-monitoring-agent/v0.14.3 (linux amd64; g64b8bab; +https://github.com/grafana/synthetic-monitoring-agent)"
178.128.86.151 - - [13/Oct/2025:04:00:58 +0700] "POST /wp-cron.php?doing_wp_cron=1760302858.7902519702911376953125 HTTP/1.1" 200 5 "-" "WordPress/6.6.4; https://pausfood.co.id"
18.139.143.38 - - [13/Oct/2025:04:00:59 +0700] "GET / HTTP/1.1" 200 76303 "-" "synthetic-monitoring-agent/v0.14.3 (linux amd64; g64b8bab; +https://github.com/grafana/synthetic-monitoring-agent)"
16.78.0.23 - - [13/Oct/2025:04:00:59 +0700] "GET / HTTP/1.1" 200 76297 "-" "synthetic-monitoring-agent/v0.14.3 (linux amd64; g64b8bab; +https://github.com/grafana/synthetic-monitoring-agent)"
68.183.80.15 - - [13/Oct/2025:04:01:59 +0700] "GET /wp-admin/css/ HTTP/1.1" 403 555 "binance.com" "Mozilla/5.0 (Windows NT 10.0; Win64; x64) AppleWebKit/537.36 (KHTML, like Gecko) Chrome/90.0.4430.85 Safari/537.36"
178.128.86.151 - - [13/Oct/2025:04:05:59 +0700] "POST /wp-cron.php?doing_wp_cron=1760303159.4725050926208496093750 HTTP/1.1" 200 5 "-" "WordPress/6.6.4; https://pausfood.co.id"
18.139.143.38 - - [13/Oct/2025:04:06:00 +0700] "GET / HTTP/1.1" 200 76297 "-" "synthetic-monitoring-agent/v0.14.3 (linux amd64; g64b8bab; +https://github.com/grafana/synthetic-monitoring-agent)"
16.78.0.23 - - [13/Oct/2025:04:06:01 +0700] "GET / HTTP/1.1" 200 76303 "-" "synthetic-monitoring-agent/v0.14.3 (linux amd64; g64b8bab; +https://github.com/grafana/synthetic-monitoring-agent)"
178.128.86.151 - - [13/Oct/2025:04:11:04 +0700] "POST /wp-cron.php?doing_wp_cron=1760303464.2588450908660888671875 HTTP/1.1" 200 5 "-" "WordPress/6.6.4; https://pausfood.co.id"
18.139.143.38 - - [13/Oct/2025:04:11:05 +0700] "GET / HTTP/1.1" 200 76297 "-" "synthetic-monitoring-agent/v0.14.3 (linux amd64; g64b8bab; +https://github.com/grafana/synthetic-monitoring-agent)"
16.78.0.23 - - [13/Oct/2025:04:11:05 +0700] "GET / HTTP/1.1" 200 76297 "-" "synthetic-monitoring-agent/v0.14.3 (linux amd64; g64b8bab; +https://github.com/grafana/synthetic-monitoring-agent)"
178.128.86.151 - - [13/Oct/2025:04:16:00 +0700] "POST /wp-cron.php?doing_wp_cron=1760303760.8000340461730957031250 HTTP/1.1" 200 5 "-" "WordPress/6.6.4; https://pausfood.co.id"
18.139.143.38 - - [13/Oct/2025:04:16:01 +0700] "GET / HTTP/1.1" 200 76297 "-" "synthetic-monitoring-agent/v0.14.3 (linux amd64; g64b8bab; +https://github.com/grafana/synthetic-monitoring-agent)"
16.78.0.23 - - [13/Oct/2025:04:16:02 +0700] "GET / HTTP/1.1" 200 76297 "-" "synthetic-monitoring-agent/v0.14.3 (linux amd64; g64b8bab; +https://github.com/grafana/synthetic-monitoring-agent)"
18.139.143.38 - - [13/Oct/2025:04:21:08 +0700] "GET / HTTP/1.1" 499 0 "-" "synthetic-monitoring-agent/v0.14.3 (linux amd64; g64b8bab; +https://github.com/grafana/synthetic-monitoring-agent)"
16.78.0.23 - - [13/Oct/2025:04:21:09 +0700] "GET / HTTP/1.1" 499 0 "-" "synthetic-monitoring-agent/v0.14.3 (linux amd64; g64b8bab; +https://github.com/grafana/synthetic-monitoring-agent)"
178.128.86.151 - - [13/Oct/2025:04:21:11 +0700] "POST /wp-cron.php?doing_wp_cron=1760304071.2339780330657958984375 HTTP/1.1" 200 5 "-" "WordPress/6.6.4; https://pausfood.co.id"
66.249.66.200 - - [13/Oct/2025:04:21:29 +0700] "GET /p=2660314 HTTP/1.1" 404 48977 "-" "Mozilla/5.0 (Linux; Android 6.0.1; Nexus 5X Build/MMB29P) AppleWebKit/537.36 (KHTML, like Gecko) Chrome/140.0.7339.207 Mobile Safari/537.36 (compatible; Googlebot/2.1; +http://www.google.com/bot.html)"
178.128.86.151 - - [13/Oct/2025:04:26:08 +0700] "POST /wp-cron.php?doing_wp_cron=1760304368.2657830715179443359375 HTTP/1.1" 200 5 "-" "WordPress/6.6.4; https://pausfood.co.id"
18.139.143.38 - - [13/Oct/2025:04:26:08 +0700] "GET / HTTP/1.1" 499 0 "-" "synthetic-monitoring-agent/v0.14.3 (linux amd64; g64b8bab; +https://github.com/grafana/synthetic-monitoring-agent)"
16.78.0.23 - - [13/Oct/2025:04:26:09 +0700] "GET / HTTP/1.1" 499 0 "-" "synthetic-monitoring-agent/v0.14.3 (linux amd64; g64b8bab; +https://github.com/grafana/synthetic-monitoring-agent)"
178.128.86.151 - - [13/Oct/2025:04:31:03 +0700] "POST /wp-cron.php?doing_wp_cron=1760304663.8972020149230957031250 HTTP/1.1" 200 5 "-" "WordPress/6.6.4; https://pausfood.co.id"
18.139.143.38 - - [13/Oct/2025:04:31:05 +0700] "GET / HTTP/1.1" 200 76303 "-" "synthetic-monitoring-agent/v0.14.3 (linux amd64; g64b8bab; +https://github.com/grafana/synthetic-monitoring-agent)"
16.78.0.23 - - [13/Oct/2025:04:31:06 +0700] "GET / HTTP/1.1" 200 76303 "-" "synthetic-monitoring-agent/v0.14.3 (linux amd64; g64b8bab; +https://github.com/grafana/synthetic-monitoring-agent)"
178.128.86.151 - - [13/Oct/2025:04:34:13 +0700] "POST /wp-cron.php?doing_wp_cron=1760304853.0255389213562011718750 HTTP/1.1" 200 5 "-" "WordPress/6.6.4; https://pausfood.co.id"
169.150.203.195 - - [13/Oct/2025:04:34:14 +0700] "GET / HTTP/1.1" 200 76303 "-" "Mozilla/5.0 (Windows NT 10.0; Win64; x64) AppleWebKit/537.36 (KHTML, like Gecko) Chrome/78.0.3904.108 Safari/537.36"
169.150.203.195 - - [13/Oct/2025:04:34:17 +0700] "GET //wp-includes/wlwmanifest.xml HTTP/1.1" 301 5 "-" "Mozilla/5.0 (Windows NT 10.0; Win64; x64) AppleWebKit/537.36 (KHTML, like Gecko) Chrome/78.0.3904.108 Safari/537.36"
178.128.86.151 - - [13/Oct/2025:04:34:24 +0700] "POST /wp-cron.php?doing_wp_cron=1760304864.2803940773010253906250 HTTP/1.1" 200 5 "-" "WordPress/6.6.4; https://pausfood.co.id"
169.150.203.195 - - [13/Oct/2025:04:34:24 +0700] "GET //xmlrpc.php?rsd HTTP/1.1" 200 810 "-" "Mozilla/5.0 (Windows NT 10.0; Win64; x64) AppleWebKit/537.36 (KHTML, like Gecko) Chrome/78.0.3904.108 Safari/537.36"
169.150.203.195 - - [13/Oct/2025:04:34:30 +0700] "GET //?author=1 HTTP/1.1" 503 5288 "-" "Mozilla/5.0 (Windows NT 10.0; Win64; x64) AppleWebKit/537.36 (KHTML, like Gecko) Chrome/78.0.3904.108 Safari/537.36"
169.150.203.195 - - [13/Oct/2025:04:34:33 +0700] "GET //?author=2 HTTP/1.1" 503 5282 "-" "Mozilla/5.0 (Windows NT 10.0; Win64; x64) AppleWebKit/537.36 (KHTML, like Gecko) Chrome/78.0.3904.108 Safari/537.36"
178.128.86.151 - - [13/Oct/2025:04:34:35 +0700] "POST /wp-cron.php?doing_wp_cron=1760304875.5853810310363769531250 HTTP/1.1" 200 5 "-" "WordPress/6.6.4; https://pausfood.co.id"
169.150.203.195 - - [13/Oct/2025:04:34:36 +0700] "GET //wp-json/wp/v2/users/ HTTP/1.1" 200 1275 "-" "Mozilla/5.0 (Windows NT 10.0; Win64; x64) AppleWebKit/537.36 (KHTML, like Gecko) Chrome/78.0.3904.108 Safari/537.36"
169.150.203.195 - - [13/Oct/2025:04:34:39 +0700] "POST //xmlrpc.php HTTP/1.1" 200 413 "-" "Mozilla/5.0 (Windows NT 10.0; Win64; x64) AppleWebKit/537.36 (KHTML, like Gecko) Chrome/78.0.3904.108 Safari/537.36"
169.150.203.195 - - [13/Oct/2025:04:34:43 +0700] "POST //xmlrpc.php HTTP/1.1" 200 413 "-" "Mozilla/5.0 (Windows NT 10.0; Win64; x64) AppleWebKit/537.36 (KHTML, like Gecko) Chrome/78.0.3904.108 Safari/537.36"
169.150.203.195 - - [13/Oct/2025:04:34:46 +0700] "POST //xmlrpc.php HTTP/1.1" 200 413 "-" "Mozilla/5.0 (Windows NT 10.0; Win64; x64) AppleWebKit/537.36 (KHTML, like Gecko) Chrome/78.0.3904.108 Safari/537.36"
169.150.203.195 - - [13/Oct/2025:04:34:50 +0700] "POST //xmlrpc.php HTTP/1.1" 200 413 "-" "Mozilla/5.0 (Windows NT 10.0; Win64; x64) AppleWebKit/537.36 (KHTML, like Gecko) Chrome/78.0.3904.108 Safari/537.36"
169.150.203.195 - - [13/Oct/2025:04:34:53 +0700] "POST //xmlrpc.php HTTP/1.1" 200 413 "-" "Mozilla/5.0 (Windows NT 10.0; Win64; x64) AppleWebKit/537.36 (KHTML, like Gecko) Chrome/78.0.3904.108 Safari/537.36"
169.150.203.195 - - [13/Oct/2025:04:34:56 +0700] "POST //xmlrpc.php HTTP/1.1" 200 413 "-" "Mozilla/5.0 (Windows NT 10.0; Win64; x64) AppleWebKit/537.36 (KHTML, like Gecko) Chrome/78.0.3904.108 Safari/537.36"
169.150.203.195 - - [13/Oct/2025:04:35:00 +0700] "POST //xmlrpc.php HTTP/1.1" 503 7341 "-" "Mozilla/5.0 (Windows NT 10.0; Win64; x64) AppleWebKit/537.36 (KHTML, like Gecko) Chrome/78.0.3904.108 Safari/537.36"
178.128.86.151 - - [13/Oct/2025:04:36:04 +0700] "POST /wp-cron.php?doing_wp_cron=1760304964.2417020797729492187500 HTTP/1.1" 200 5 "-" "WordPress/6.6.4; https://pausfood.co.id"
18.139.143.38 - - [13/Oct/2025:04:36:05 +0700] "GET / HTTP/1.1" 200 76303 "-" "synthetic-monitoring-agent/v0.14.3 (linux amd64; g64b8bab; +https://github.com/grafana/synthetic-monitoring-agent)"
16.78.0.23 - - [13/Oct/2025:04:36:07 +0700] "GET / HTTP/1.1" 200 76297 "-" "synthetic-monitoring-agent/v0.14.3 (linux amd64; g64b8bab; +https://github.com/grafana/synthetic-monitoring-agent)"
178.128.86.151 - - [13/Oct/2025:04:39:46 +0700] "POST /wp-cron.php?doing_wp_cron=1760305185.9948780536651611328125 HTTP/1.1" 200 5 "-" "WordPress/6.6.4; https://pausfood.co.id"
40.77.167.33 - - [13/Oct/2025:04:39:46 +0700] "GET /tag/dairy/ HTTP/1.1" 200 61253 "-" "Mozilla/5.0 AppleWebKit/537.36 (KHTML, like Gecko; compatible; bingbot/2.0; +http://www.bing.com/bingbot.htm) Chrome/116.0.1938.76 Safari/537.36"
178.128.86.151 - - [13/Oct/2025:04:41:04 +0700] "POST /wp-cron.php?doing_wp_cron=1760305264.2451720237731933593750 HTTP/1.1" 200 5 "-" "WordPress/6.6.4; https://pausfood.co.id"
16.78.0.23 - - [13/Oct/2025:04:41:05 +0700] "GET / HTTP/1.1" 200 76297 "-" "synthetic-monitoring-agent/v0.14.3 (linux amd64; g64b8bab; +https://github.com/grafana/synthetic-monitoring-agent)"
18.139.143.38 - - [13/Oct/2025:04:41:05 +0700] "GET / HTTP/1.1" 200 76297 "-" "synthetic-monitoring-agent/v0.14.3 (linux amd64; g64b8bab; +https://github.com/grafana/synthetic-monitoring-agent)"
178.128.86.151 - - [13/Oct/2025:04:46:02 +0700] "POST /wp-cron.php?doing_wp_cron=1760305562.4652171134948730468750 HTTP/1.1" 200 5 "-" "WordPress/6.6.4; https://pausfood.co.id"
16.78.0.23 - - [13/Oct/2025:04:46:03 +0700] "GET / HTTP/1.1" 200 76297 "-" "synthetic-monitoring-agent/v0.14.3 (linux amd64; g64b8bab; +https://github.com/grafana/synthetic-monitoring-agent)"
18.139.143.38 - - [13/Oct/2025:04:46:03 +0700] "GET / HTTP/1.1" 200 76303 "-" "synthetic-monitoring-agent/v0.14.3 (linux amd64; g64b8bab; +https://github.com/grafana/synthetic-monitoring-agent)"
18.139.143.38 - - [13/Oct/2025:04:51:08 +0700] "GET / HTTP/1.1" 499 0 "-" "synthetic-monitoring-agent/v0.14.3 (linux amd64; g64b8bab; +https://github.com/grafana/synthetic-monitoring-agent)"
16.78.0.23 - - [13/Oct/2025:04:51:09 +0700] "GET / HTTP/1.1" 499 0 "-" "synthetic-monitoring-agent/v0.14.3 (linux amd64; g64b8bab; +https://github.com/grafana/synthetic-monitoring-agent)"
178.128.86.151 - - [13/Oct/2025:04:51:13 +0700] "POST /wp-cron.php?doing_wp_cron=1760305873.2320089340209960937500 HTTP/1.1" 200 5 "-" "WordPress/6.6.4; https://pausfood.co.id"
178.128.86.151 - - [13/Oct/2025:04:56:02 +0700] "POST /wp-cron.php?doing_wp_cron=1760306162.5238668918609619140625 HTTP/1.1" 200 5 "-" "WordPress/6.6.4; https://pausfood.co.id"
18.139.143.38 - - [13/Oct/2025:04:56:03 +0700] "GET / HTTP/1.1" 200 76303 "-" "synthetic-monitoring-agent/v0.14.3 (linux amd64; g64b8bab; +https://github.com/grafana/synthetic-monitoring-agent)"
16.78.0.23 - - [13/Oct/2025:04:56:04 +0700] "GET / HTTP/1.1" 200 76303 "-" "synthetic-monitoring-agent/v0.14.3 (linux amd64; g64b8bab; +https://github.com/grafana/synthetic-monitoring-agent)"
178.128.86.151 - - [13/Oct/2025:05:01:00 +0700] "POST /wp-cron.php?doing_wp_cron=1760306460.5027449131011962890625 HTTP/1.1" 200 5 "-" "WordPress/6.6.4; https://pausfood.co.id"
18.139.143.38 - - [13/Oct/2025:05:01:01 +0700] "GET / HTTP/1.1" 200 76303 "-" "synthetic-monitoring-agent/v0.14.3 (linux amd64; g64b8bab; +https://github.com/grafana/synthetic-monitoring-agent)"
16.78.0.23 - - [13/Oct/2025:05:01:02 +0700] "GET / HTTP/1.1" 200 76297 "-" "synthetic-monitoring-agent/v0.14.3 (linux amd64; g64b8bab; +https://github.com/grafana/synthetic-monitoring-agent)"
178.128.86.151 - - [13/Oct/2025:05:06:03 +0700] "POST /wp-cron.php?doing_wp_cron=1760306763.2352581024169921875000 HTTP/1.1" 200 5 "-" "WordPress/6.6.4; https://pausfood.co.id"
18.139.143.38 - - [13/Oct/2025:05:06:04 +0700] "GET / HTTP/1.1" 200 76303 "-" "synthetic-monitoring-agent/v0.14.3 (linux amd64; g64b8bab; +https://github.com/grafana/synthetic-monitoring-agent)"
16.78.0.23 - - [13/Oct/2025:05:06:06 +0700] "GET / HTTP/1.1" 200 76297 "-" "synthetic-monitoring-agent/v0.14.3 (linux amd64; g64b8bab; +https://github.com/grafana/synthetic-monitoring-agent)"
178.128.86.151 - - [13/Oct/2025:05:11:06 +0700] "POST /wp-cron.php?doing_wp_cron=1760307065.9179499149322509765625 HTTP/1.1" 200 5 "-" "WordPress/6.6.4; https://pausfood.co.id"
18.139.143.38 - - [13/Oct/2025:05:11:07 +0700] "GET / HTTP/1.1" 200 76297 "-" "synthetic-monitoring-agent/v0.14.3 (linux amd64; g64b8bab; +https://github.com/grafana/synthetic-monitoring-agent)"
16.78.0.23 - - [13/Oct/2025:05:11:07 +0700] "GET / HTTP/1.1" 200 76303 "-" "synthetic-monitoring-agent/v0.14.3 (linux amd64; g64b8bab; +https://github.com/grafana/synthetic-monitoring-agent)"
178.128.86.151 - - [13/Oct/2025:05:16:05 +0700] "POST /wp-cron.php?doing_wp_cron=1760307365.2238430976867675781250 HTTP/1.1" 200 5 "-" "WordPress/6.6.4; https://pausfood.co.id"
16.78.0.23 - - [13/Oct/2025:05:16:06 +0700] "GET / HTTP/1.1" 200 76297 "-" "synthetic-monitoring-agent/v0.14.3 (linux amd64; g64b8bab; +https://github.com/grafana/synthetic-monitoring-agent)"
18.139.143.38 - - [13/Oct/2025:05:16:06 +0700] "GET / HTTP/1.1" 200 76297 "-" "synthetic-monitoring-agent/v0.14.3 (linux amd64; g64b8bab; +https://github.com/grafana/synthetic-monitoring-agent)"
178.128.86.151 - - [13/Oct/2025:05:21:02 +0700] "POST /wp-cron.php?doing_wp_cron=1760307662.7418639659881591796875 HTTP/1.1" 200 5 "-" "WordPress/6.6.4; https://pausfood.co.id"
18.139.143.38 - - [13/Oct/2025:05:21:04 +0700] "GET / HTTP/1.1" 200 76303 "-" "synthetic-monitoring-agent/v0.14.3 (linux amd64; g64b8bab; +https://github.com/grafana/synthetic-monitoring-agent)"
16.78.0.23 - - [13/Oct/2025:05:21:04 +0700] "GET / HTTP/1.1" 200 76297 "-" "synthetic-monitoring-agent/v0.14.3 (linux amd64; g64b8bab; +https://github.com/grafana/synthetic-monitoring-agent)"
178.128.86.151 - - [13/Oct/2025:05:26:05 +0700] "POST /wp-cron.php?doing_wp_cron=1760307965.5769228935241699218750 HTTP/1.1" 200 5 "-" "WordPress/6.6.4; https://pausfood.co.id"
18.139.143.38 - - [13/Oct/2025:05:26:06 +0700] "GET / HTTP/1.1" 200 76303 "-" "synthetic-monitoring-agent/v0.14.3 (linux amd64; g64b8bab; +https://github.com/grafana/synthetic-monitoring-agent)"
16.78.0.23 - - [13/Oct/2025:05:26:06 +0700] "GET / HTTP/1.1" 200 76297 "-" "synthetic-monitoring-agent/v0.14.3 (linux amd64; g64b8bab; +https://github.com/grafana/synthetic-monitoring-agent)"