108.162.227.133 - - [13/Oct/2025:06:44:41 +0700] "POST /xmlrpc.php HTTP/1.1" 200 415 "-" "Mozilla/5.0 (Linux; Android 14; SM-S918B) AppleWebKit/537.36 (KHTML, like Gecko) Chrome/120.0.0.0 Mobile Safari/537.36"
172.70.208.49 - - [13/Oct/2025:06:44:43 +0700] "POST /xmlrpc.php HTTP/1.1" 200 415 "-" "Mozilla/5.0 (X11; Ubuntu; Linux x86_64; rv:121.0) Gecko/20100101 Firefox/121.0"
162.158.170.246 - - [13/Oct/2025:06:44:45 +0700] "POST /xmlrpc.php HTTP/1.1" 200 415 "-" "Mozilla/5.0 (Windows NT 10.0; Win64; x64) AppleWebKit/537.36 (KHTML, like Gecko) Chrome/119.0.0.0 Safari/537.36"
162.158.88.160 - - [13/Oct/2025:06:44:47 +0700] "POST /xmlrpc.php HTTP/1.1" 200 415 "-" "Mozilla/5.0 (Windows NT 10.0; Win64; x64; rv:121.0) Gecko/20100101 Firefox/121.0"
162.158.189.237 - - [13/Oct/2025:06:44:49 +0700] "POST /xmlrpc.php HTTP/1.1" 200 415 "-" "Mozilla/5.0 (Windows NT 10.0; Win64; x64) AppleWebKit/537.36 (KHTML, like Gecko) Edge/119.0.2151.97"
162.158.106.100 - - [13/Oct/2025:06:44:51 +0700] "POST /xmlrpc.php HTTP/1.1" 200 415 "-" "Mozilla/5.0 (Macintosh; Intel Mac OS X 14_2) AppleWebKit/537.36 (KHTML, like Gecko) Chrome/120.0.0.0 Safari/537.36"
172.70.92.201 - - [13/Oct/2025:06:44:53 +0700] "POST /xmlrpc.php HTTP/1.1" 200 415 "-" "Mozilla/5.0 (Linux; Android 14; SM-S918B) AppleWebKit/537.36 (KHTML, like Gecko) Chrome/120.0.0.0 Mobile Safari/537.36"
172.70.189.104 - - [13/Oct/2025:06:44:55 +0700] "POST /xmlrpc.php HTTP/1.1" 200 415 "-" "Mozilla/5.0 (Macintosh; Intel Mac OS X 14_2_1) AppleWebKit/537.36 (KHTML, like Gecko) Chrome/120.0.0.0 Safari/537.36"
172.69.176.9 - - [13/Oct/2025:06:44:57 +0700] "POST /xmlrpc.php HTTP/1.1" 200 415 "-" "Mozilla/5.0 (Macintosh; Intel Mac OS X 14_2) AppleWebKit/537.36 (KHTML, like Gecko) Chrome/120.0.0.0 Safari/537.36"
172.70.208.49 - - [13/Oct/2025:06:45:00 +0700] "POST /xmlrpc.php HTTP/1.1" 200 415 "-" "Mozilla/5.0 (Windows NT 10.0; Win64; x64) AppleWebKit/537.36 (KHTML, like Gecko) Chrome/120.0.0.0 Safari/537.36"
162.158.162.152 - - [13/Oct/2025:06:45:04 +0700] "POST /xmlrpc.php HTTP/1.1" 200 415 "-" "Mozilla/5.0 (Windows NT 10.0; Win64; x64) AppleWebKit/537.36 (KHTML, like Gecko) Edge/119.0.2151.97"
162.158.108.51 - - [13/Oct/2025:06:45:06 +0700] "POST /xmlrpc.php HTTP/1.1" 200 415 "-" "Mozilla/5.0 (Linux; Android 14; SM-S918B) AppleWebKit/537.36 (KHTML, like Gecko) Chrome/120.0.0.0 Mobile Safari/537.36"
172.71.124.202 - - [13/Oct/2025:06:45:09 +0700] "POST /xmlrpc.php HTTP/1.1" 200 415 "-" "Mozilla/5.0 (iPhone; CPU iPhone OS 17_1 like Mac OS X) AppleWebKit/605.1.15 (KHTML, like Gecko) Version/17.1 Mobile/15E148 Safari/604.1"
172.70.143.225 - - [13/Oct/2025:06:45:11 +0700] "POST /xmlrpc.php HTTP/1.1" 200 415 "-" "Mozilla/5.0 (Macintosh; Intel Mac OS X 14_3) AppleWebKit/537.36 (KHTML, like Gecko) Chrome/121.0.0.0 Safari/537.36"
172.70.92.201 - - [13/Oct/2025:06:45:13 +0700] "POST /xmlrpc.php HTTP/1.1" 200 415 "-" "Mozilla/5.0 (Macintosh; Intel Mac OS X 14_2_1) AppleWebKit/537.36 (KHTML, like Gecko) Chrome/120.0.0.0 Safari/537.36"
172.70.208.49 - - [13/Oct/2025:06:45:15 +0700] "POST /xmlrpc.php HTTP/1.1" 200 415 "-" "Mozilla/5.0 (Macintosh; Intel Mac OS X 14_1) AppleWebKit/605.1.15 (KHTML, like Gecko) Version/17.0 Safari/605.1.15"
127.0.0.1 - - [13/Oct/2025:06:45:17 +0700] "POST /wp-cron.php?doing_wp_cron=1760312717.6301379203796386718750 HTTP/1.1" 200 5 "-" "WordPress/6.8.3; https://adila.co.id"
162.158.189.237 - - [13/Oct/2025:06:45:17 +0700] "POST /xmlrpc.php HTTP/1.1" 200 415 "-" "Mozilla/5.0 (Windows NT 10.0; Win64; x64) AppleWebKit/537.36 (KHTML, like Gecko) Edge/119.0.2151.97"
104.23.175.192 - - [13/Oct/2025:06:45:20 +0700] "POST /xmlrpc.php HTTP/1.1" 200 415 "-" "Mozilla/5.0 (Windows NT 11.0; Win64; x64) AppleWebKit/537.36 (KHTML, like Gecko) Chrome/121.0.0.0 Safari/537.36"
172.70.189.104 - - [13/Oct/2025:06:45:22 +0700] "POST /xmlrpc.php HTTP/1.1" 200 415 "-" "Mozilla/5.0 (Linux; Android 13; Pixel 7) AppleWebKit/537.36 (KHTML, like Gecko) Chrome/119.0.0.0 Mobile Safari/537.36"
162.158.108.51 - - [13/Oct/2025:06:45:24 +0700] "POST /xmlrpc.php HTTP/1.1" 200 415 "-" "Mozilla/5.0 (Macintosh; Intel Mac OS X 14_2_1) AppleWebKit/537.36 (KHTML, like Gecko) Chrome/120.0.0.0 Safari/537.36"
172.71.82.154 - - [13/Oct/2025:06:45:27 +0700] "POST /xmlrpc.php HTTP/1.1" 200 415 "-" "Mozilla/5.0 (Windows NT 10.0; Win64; x64) AppleWebKit/537.36 (KHTML, like Gecko) Edge/120.0.2210.91"
162.158.170.246 - - [13/Oct/2025:06:45:29 +0700] "POST /xmlrpc.php HTTP/1.1" 200 415 "-" "Mozilla/5.0 (X11; Linux x86_64) AppleWebKit/537.36 (KHTML, like Gecko) Chrome/120.0.0.0 Safari/537.36"
162.158.170.246 - - [13/Oct/2025:06:45:31 +0700] "POST /xmlrpc.php HTTP/1.1" 200 415 "-" "Mozilla/5.0 (Macintosh; Intel Mac OS X 14_1) AppleWebKit/605.1.15 (KHTML, like Gecko) Version/17.0 Safari/605.1.15"
108.162.227.133 - - [13/Oct/2025:06:45:34 +0700] "POST /xmlrpc.php HTTP/1.1" 200 415 "-" "Mozilla/5.0 (Macintosh; Intel Mac OS X 14_2_1) AppleWebKit/605.1.15 (KHTML, like Gecko) Version/17.1 Safari/605.1.15"
162.158.108.95 - - [13/Oct/2025:06:45:36 +0700] "POST /xmlrpc.php HTTP/1.1" 200 415 "-" "Mozilla/5.0 (Windows NT 10.0; Win64; x64; rv:120.0) Gecko/20100101 Firefox/120.0"
162.158.163.223 - - [13/Oct/2025:06:45:38 +0700] "POST /xmlrpc.php HTTP/1.1" 200 415 "-" "Mozilla/5.0 (Macintosh; Intel Mac OS X 14_2) AppleWebKit/537.36 (KHTML, like Gecko) Chrome/120.0.0.0 Safari/537.36"
172.71.124.202 - - [13/Oct/2025:06:45:42 +0700] "POST /xmlrpc.php HTTP/1.1" 200 415 "-" "Mozilla/5.0 (Windows NT 11.0; Win64; x64) AppleWebKit/537.36 (KHTML, like Gecko) Chrome/120.0.0.0 Safari/537.36"
172.69.176.9 - - [13/Oct/2025:06:45:46 +0700] "POST /xmlrpc.php HTTP/1.1" 200 415 "-" "Mozilla/5.0 (Macintosh; Intel Mac OS X 14_3) AppleWebKit/537.36 (KHTML, like Gecko) Chrome/121.0.0.0 Safari/537.36"
162.158.88.160 - - [13/Oct/2025:06:45:51 +0700] "POST /xmlrpc.php HTTP/1.1" 200 415 "-" "Mozilla/5.0 (Windows NT 10.0; Win64; x64) AppleWebKit/537.36 (KHTML, like Gecko) Edge/119.0.2151.97"
162.158.106.100 - - [13/Oct/2025:06:45:56 +0700] "POST /xmlrpc.php HTTP/1.1" 200 415 "-" "Mozilla/5.0 (iPhone; CPU iPhone OS 17_2 like Mac OS X) AppleWebKit/605.1.15 (KHTML, like Gecko) Version/17.2 Mobile/15E148 Safari/604.1"
172.68.164.36 - - [13/Oct/2025:06:46:01 +0700] "POST /xmlrpc.php HTTP/1.1" 200 415 "-" "Mozilla/5.0 (Linux; Android 13; Pixel 7) AppleWebKit/537.36 (KHTML, like Gecko) Chrome/119.0.0.0 Mobile Safari/537.36"
172.69.176.9 - - [13/Oct/2025:06:46:05 +0700] "POST /xmlrpc.php HTTP/1.1" 200 415 "-" "Mozilla/5.0 (iPhone; CPU iPhone OS 17_2 like Mac OS X) AppleWebKit/605.1.15 (KHTML, like Gecko) Version/17.2 Mobile/15E148 Safari/604.1"
162.158.162.64 - - [13/Oct/2025:06:46:12 +0700] "POST /xmlrpc.php HTTP/1.1" 200 415 "-" "Mozilla/5.0 (Macintosh; Intel Mac OS X 14_2) AppleWebKit/537.36 (KHTML, like Gecko) Chrome/120.0.0.0 Safari/537.36"
172.70.189.104 - - [13/Oct/2025:06:46:14 +0700] "GET /service/industrial-chemicals/ HTTP/1.1" 200 95436 "-" "Mozilla/5.0 (compatible; AhrefsBot/7.0; +http://ahrefs.com/robot/)"
127.0.0.1 - - [13/Oct/2025:06:46:16 +0700] "POST /wp-cron.php?doing_wp_cron=1760312776.2560799121856689453125 HTTP/1.1" 200 5 "-" "WordPress/6.8.3; https://adila.co.id"
172.71.82.154 - - [13/Oct/2025:06:46:16 +0700] "POST /xmlrpc.php HTTP/1.1" 200 415 "-" "Mozilla/5.0 (Macintosh; Intel Mac OS X 14_2_1) AppleWebKit/605.1.15 (KHTML, like Gecko) Version/17.1 Safari/605.1.15"
162.158.88.160 - - [13/Oct/2025:06:46:19 +0700] "POST /xmlrpc.php HTTP/1.1" 200 415 "-" "Mozilla/5.0 (Windows NT 10.0; Win64; x64) AppleWebKit/537.36 (KHTML, like Gecko) Chrome/119.0.0.0 Safari/537.36"
172.68.164.36 - - [13/Oct/2025:06:46:21 +0700] "POST /xmlrpc.php HTTP/1.1" 200 415 "-" "Mozilla/5.0 (Macintosh; Intel Mac OS X 14_1) AppleWebKit/605.1.15 (KHTML, like Gecko) Version/17.0 Safari/605.1.15"
162.158.170.246 - - [13/Oct/2025:06:46:23 +0700] "POST /xmlrpc.php HTTP/1.1" 200 415 "-" "Mozilla/5.0 (Windows NT 10.0; Win64; x64; rv:120.0) Gecko/20100101 Firefox/120.0"
162.158.163.223 - - [13/Oct/2025:06:46:26 +0700] "POST /xmlrpc.php HTTP/1.1" 200 415 "-" "Mozilla/5.0 (Windows NT 10.0; Win64; x64; rv:121.0) Gecko/20100101 Firefox/121.0"
162.158.106.100 - - [13/Oct/2025:06:46:28 +0700] "POST /xmlrpc.php HTTP/1.1" 200 415 "-" "Mozilla/5.0 (Macintosh; Intel Mac OS X 14_3) AppleWebKit/537.36 (KHTML, like Gecko) Chrome/121.0.0.0 Safari/537.36"
162.158.106.100 - - [13/Oct/2025:06:46:30 +0700] "POST /xmlrpc.php HTTP/1.1" 200 415 "-" "Mozilla/5.0 (Macintosh; Intel Mac OS X 14_3) AppleWebKit/537.36 (KHTML, like Gecko) Chrome/121.0.0.0 Safari/537.36"
162.158.108.51 - - [13/Oct/2025:06:46:33 +0700] "POST /xmlrpc.php HTTP/1.1" 200 415 "-" "Mozilla/5.0 (Windows NT 11.0; Win64; x64) AppleWebKit/537.36 (KHTML, like Gecko) Chrome/120.0.0.0 Safari/537.36"
162.158.189.236 - - [13/Oct/2025:06:46:35 +0700] "POST /xmlrpc.php HTTP/1.1" 200 415 "-" "Mozilla/5.0 (Macintosh; Intel Mac OS X 14_3) AppleWebKit/537.36 (KHTML, like Gecko) Chrome/121.0.0.0 Safari/537.36"
172.70.143.224 - - [13/Oct/2025:06:46:38 +0700] "POST /xmlrpc.php HTTP/1.1" 200 415 "-" "Mozilla/5.0 (Macintosh; Intel Mac OS X 14_2_1) AppleWebKit/537.36 (KHTML, like Gecko) Chrome/120.0.0.0 Safari/537.36"
172.70.189.104 - - [13/Oct/2025:06:46:41 +0700] "POST /xmlrpc.php HTTP/1.1" 200 415 "-" "Mozilla/5.0 (X11; Ubuntu; Linux x86_64; rv:121.0) Gecko/20100101 Firefox/121.0"
162.158.88.160 - - [13/Oct/2025:06:46:44 +0700] "POST /xmlrpc.php HTTP/1.1" 200 415 "-" "Mozilla/5.0 (Windows NT 10.0; Win64; x64) AppleWebKit/537.36 (KHTML, like Gecko) Chrome/120.0.0.0 Safari/537.36"
172.70.208.49 - - [13/Oct/2025:06:46:46 +0700] "POST /xmlrpc.php HTTP/1.1" 200 415 "-" "Mozilla/5.0 (Windows NT 10.0; Win64; x64) AppleWebKit/537.36 (KHTML, like Gecko) Edge/119.0.2151.97"
162.158.163.223 - - [13/Oct/2025:06:46:49 +0700] "POST /xmlrpc.php HTTP/1.1" 200 415 "-" "Mozilla/5.0 (Windows NT 10.0; Win64; x64; rv:120.0) Gecko/20100101 Firefox/120.0"
162.158.163.223 - - [13/Oct/2025:06:46:52 +0700] "POST /xmlrpc.php HTTP/1.1" 200 415 "-" "Mozilla/5.0 (Linux; Android 13; Pixel 7) AppleWebKit/537.36 (KHTML, like Gecko) Chrome/119.0.0.0 Mobile Safari/537.36"
172.70.143.224 - - [13/Oct/2025:06:46:55 +0700] "POST /xmlrpc.php HTTP/1.1" 200 415 "-" "Mozilla/5.0 (iPhone; CPU iPhone OS 17_2 like Mac OS X) AppleWebKit/605.1.15 (KHTML, like Gecko) Version/17.2 Mobile/15E148 Safari/604.1"
172.71.82.154 - - [13/Oct/2025:06:46:58 +0700] "POST /xmlrpc.php HTTP/1.1" 200 415 "-" "Mozilla/5.0 (iPhone; CPU iPhone OS 17_1 like Mac OS X) AppleWebKit/605.1.15 (KHTML, like Gecko) Version/17.1 Mobile/15E148 Safari/604.1"
108.162.227.133 - - [13/Oct/2025:06:47:01 +0700] "POST /xmlrpc.php HTTP/1.1" 200 415 "-" "Mozilla/5.0 (Macintosh; Intel Mac OS X 14_2_1) AppleWebKit/537.36 (KHTML, like Gecko) Chrome/120.0.0.0 Safari/537.36"
162.158.189.236 - - [13/Oct/2025:06:47:04 +0700] "POST /xmlrpc.php HTTP/1.1" 200 415 "-" "Mozilla/5.0 (X11; Linux x86_64) AppleWebKit/537.36 (KHTML, like Gecko) Chrome/120.0.0.0 Safari/537.36"
162.158.106.100 - - [13/Oct/2025:06:47:07 +0700] "POST /xmlrpc.php HTTP/1.1" 200 415 "-" "Mozilla/5.0 (Macintosh; Intel Mac OS X 14_2_1) AppleWebKit/605.1.15 (KHTML, like Gecko) Version/17.1 Safari/605.1.15"
162.158.106.100 - - [13/Oct/2025:06:47:11 +0700] "POST /xmlrpc.php HTTP/1.1" 200 415 "-" "Mozilla/5.0 (Windows NT 10.0; Win64; x64; rv:120.0) Gecko/20100101 Firefox/120.0"
172.70.143.224 - - [13/Oct/2025:06:47:13 +0700] "POST /xmlrpc.php HTTP/1.1" 200 415 "-" "Mozilla/5.0 (Linux; Android 14; SM-G998B) AppleWebKit/537.36 (KHTML, like Gecko) Chrome/121.0.0.0 Mobile Safari/537.36"
127.0.0.1 - - [13/Oct/2025:06:47:16 +0700] "POST /wp-cron.php?doing_wp_cron=1760312836.9179449081420898437500 HTTP/1.1" 200 5 "-" "WordPress/6.8.3; https://adila.co.id"
172.70.92.200 - - [13/Oct/2025:06:47:17 +0700] "POST /xmlrpc.php HTTP/1.1" 200 415 "-" "Mozilla/5.0 (Linux; Android 13; Pixel 7) AppleWebKit/537.36 (KHTML, like Gecko) Chrome/119.0.0.0 Mobile Safari/537.36"
162.158.88.160 - - [13/Oct/2025:06:47:20 +0700] "POST /xmlrpc.php HTTP/1.1" 200 415 "-" "Mozilla/5.0 (Linux; Android 13; Pixel 7) AppleWebKit/537.36 (KHTML, like Gecko) Chrome/119.0.0.0 Mobile Safari/537.36"
162.158.170.246 - - [13/Oct/2025:06:47:23 +0700] "POST /xmlrpc.php HTTP/1.1" 200 415 "-" "Mozilla/5.0 (Linux; Android 14; SM-G998B) AppleWebKit/537.36 (KHTML, like Gecko) Chrome/121.0.0.0 Mobile Safari/537.36"
172.70.143.224 - - [13/Oct/2025:06:47:26 +0700] "POST /xmlrpc.php HTTP/1.1" 200 415 "-" "Mozilla/5.0 (Windows NT 10.0; Win64; x64; rv:120.0) Gecko/20100101 Firefox/120.0"
162.158.88.160 - - [13/Oct/2025:06:47:29 +0700] "POST /xmlrpc.php HTTP/1.1" 200 415 "-" "Mozilla/5.0 (Windows NT 11.0; Win64; x64) AppleWebKit/537.36 (KHTML, like Gecko) Chrome/120.0.0.0 Safari/537.36"
162.158.88.160 - - [13/Oct/2025:06:47:31 +0700] "POST /xmlrpc.php HTTP/1.1" 200 415 "-" "Mozilla/5.0 (Linux; Android 14; SM-S918B) AppleWebKit/537.36 (KHTML, like Gecko) Chrome/120.0.0.0 Mobile Safari/537.36"
162.158.189.236 - - [13/Oct/2025:06:47:33 +0700] "POST /xmlrpc.php HTTP/1.1" 200 415 "-" "Mozilla/5.0 (iPhone; CPU iPhone OS 17_2 like Mac OS X) AppleWebKit/605.1.15 (KHTML, like Gecko) Version/17.2 Mobile/15E148 Safari/604.1"
172.69.176.9 - - [13/Oct/2025:06:47:36 +0700] "POST /xmlrpc.php HTTP/1.1" 200 415 "-" "Mozilla/5.0 (Macintosh; Intel Mac OS X 14_1) AppleWebKit/605.1.15 (KHTML, like Gecko) Version/17.0 Safari/605.1.15"
162.158.190.39 - - [13/Oct/2025:06:47:39 +0700] "GET /wp-content/uploads/elementor/css/post-5042.css?ver=1760312773 HTTP/1.1" 200 11835 "-" "Mozilla/5.0 (compatible; AhrefsBot/7.0; +http://ahrefs.com/robot/)"
172.70.189.104 - - [13/Oct/2025:06:47:39 +0700] "POST /xmlrpc.php HTTP/1.1" 200 415 "-" "Mozilla/5.0 (Windows NT 11.0; Win64; x64) AppleWebKit/537.36 (KHTML, like Gecko) Chrome/121.0.0.0 Safari/537.36"
162.158.189.236 - - [13/Oct/2025:06:47:41 +0700] "POST /xmlrpc.php HTTP/1.1" 200 415 "-" "Mozilla/5.0 (Windows NT 10.0; Win64; x64) AppleWebKit/537.36 (KHTML, like Gecko) Edge/120.0.2210.91"
162.158.106.100 - - [13/Oct/2025:06:47:43 +0700] "POST /xmlrpc.php HTTP/1.1" 200 415 "-" "Mozilla/5.0 (Macintosh; Intel Mac OS X 14_1) AppleWebKit/605.1.15 (KHTML, like Gecko) Version/17.0 Safari/605.1.15"
104.23.175.193 - - [13/Oct/2025:06:47:47 +0700] "POST /xmlrpc.php HTTP/1.1" 200 415 "-" "Mozilla/5.0 (Macintosh; Intel Mac OS X 14_2_1) AppleWebKit/605.1.15 (KHTML, like Gecko) Version/17.1 Safari/605.1.15"
172.70.189.104 - - [13/Oct/2025:06:47:50 +0700] "POST /xmlrpc.php HTTP/1.1" 200 415 "-" "Mozilla/5.0 (X11; Ubuntu; Linux x86_64; rv:121.0) Gecko/20100101 Firefox/121.0"
162.158.170.246 - - [13/Oct/2025:06:47:52 +0700] "POST /xmlrpc.php HTTP/1.1" 200 415 "-" "Mozilla/5.0 (Windows NT 11.0; Win64; x64) AppleWebKit/537.36 (KHTML, like Gecko) Chrome/120.0.0.0 Safari/537.36"
172.70.143.224 - - [13/Oct/2025:06:47:55 +0700] "POST /xmlrpc.php HTTP/1.1" 200 415 "-" "Mozilla/5.0 (Macintosh; Intel Mac OS X 14_2_1) AppleWebKit/605.1.15 (KHTML, like Gecko) Version/17.1 Safari/605.1.15"
172.70.208.48 - - [13/Oct/2025:06:47:57 +0700] "POST /xmlrpc.php HTTP/1.1" 200 415 "-" "Mozilla/5.0 (Windows NT 10.0; Win64; x64; rv:121.0) Gecko/20100101 Firefox/121.0"
172.70.189.104 - - [13/Oct/2025:06:48:00 +0700] "POST /xmlrpc.php HTTP/1.1" 200 415 "-" "Mozilla/5.0 (Macintosh; Intel Mac OS X 14_3) AppleWebKit/537.36 (KHTML, like Gecko) Chrome/121.0.0.0 Safari/537.36"
127.0.0.1 - - [13/Oct/2025:06:50:00 +0700] "POST /wp-cron.php?doing_wp_cron=1760313000.7013840675354003906250 HTTP/1.1" 200 5 "-" "WordPress/6.8.3; https://adila.co.id"
172.70.189.103 - - [13/Oct/2025:06:50:01 +0700] "POST /wp-login.php HTTP/1.1" 200 6901 "-" "Mozilla/5.0"
127.0.0.1 - - [13/Oct/2025:06:57:30 +0700] "POST /wp-cron.php?doing_wp_cron=1760313449.9586329460144042968750 HTTP/1.1" 200 5 "-" "WordPress/6.8.3; https://adila.co.id"
172.70.142.197 - - [13/Oct/2025:06:57:30 +0700] "POST /wp-login.php HTTP/1.1" 200 6907 "-" "Mozilla/5.0"
127.0.0.1 - - [13/Oct/2025:06:58:19 +0700] "POST /wp-cron.php?doing_wp_cron=1760313499.2392799854278564453125 HTTP/1.1" 200 5 "-" "WordPress/6.8.3; https://adila.co.id"
172.68.164.37 - - [13/Oct/2025:06:58:22 +0700] "GET /service/petrolium-refinery/ HTTP/1.1" 200 95411 "-" "Mozilla/5.0 (compatible; AhrefsBot/7.0; +http://ahrefs.com/robot/)"
172.68.164.168 - - [13/Oct/2025:07:02:36 +0700] "GET /wp-content/uploads/elementor/css/post-5050.css?ver=1760313501 HTTP/1.1" 200 11835 "-" "Mozilla/5.0 (compatible; AhrefsBot/7.0; +http://ahrefs.com/robot/)"
127.0.0.1 - - [13/Oct/2025:07:04:52 +0700] "POST /wp-cron.php?doing_wp_cron=1760313892.3479940891265869140625 HTTP/1.1" 200 5 "-" "WordPress/6.8.3; https://adila.co.id"
162.158.88.161 - - [13/Oct/2025:07:04:52 +0700] "POST /wp-login.php HTTP/1.1" 200 6901 "-" "Mozilla/5.0"
127.0.0.1 - - [13/Oct/2025:07:10:24 +0700] "POST /wp-cron.php?doing_wp_cron=1760314224.1338319778442382812500 HTTP/1.1" 200 5 "-" "WordPress/6.8.3; https://adila.co.id"
162.158.88.161 - - [13/Oct/2025:07:10:26 +0700] "GET /service/power-generation/ HTTP/1.1" 200 95381 "-" "Mozilla/5.0 (compatible; AhrefsBot/7.0; +http://ahrefs.com/robot/)"
127.0.0.1 - - [13/Oct/2025:07:12:32 +0700] "POST /wp-cron.php?doing_wp_cron=1760314352.8043830394744873046875 HTTP/1.1" 200 5 "-" "WordPress/6.8.3; https://adila.co.id"
172.70.142.196 - - [13/Oct/2025:07:12:33 +0700] "POST /wp-login.php HTTP/1.1" 200 6901 "-" "Mozilla/5.0"
172.70.142.206 - - [13/Oct/2025:07:12:37 +0700] "GET /wp-content/uploads/elementor/css/post-4903.css?ver=1760314226 HTTP/1.1" 200 11835 "-" "Mozilla/5.0 (compatible; AhrefsBot/7.0; +http://ahrefs.com/robot/)"
127.0.0.1 - - [13/Oct/2025:07:19:44 +0700] "POST /wp-cron.php?doing_wp_cron=1760314784.1635220050811767578125 HTTP/1.1" 200 5 "-" "WordPress/6.8.3; https://adila.co.id"
162.158.189.236 - - [13/Oct/2025:07:19:44 +0700] "POST /wp-login.php HTTP/1.1" 200 6907 "-" "Mozilla/5.0"
127.0.0.1 - - [13/Oct/2025:07:21:31 +0700] "POST /wp-cron.php?doing_wp_cron=1760314891.7078669071197509765625 HTTP/1.1" 200 5 "-" "WordPress/6.8.3; https://adila.co.id"
162.158.170.247 - - [13/Oct/2025:07:21:35 +0700] "GET /service/renewable-energy/ HTTP/1.1" 200 95339 "-" "Mozilla/5.0 (compatible; AhrefsBot/7.0; +http://ahrefs.com/robot/)"
172.70.142.220 - - [13/Oct/2025:07:22:55 +0700] "GET /wp-content/uploads/elementor/css/post-4458.css?ver=1760314894 HTTP/1.1" 200 11835 "-" "Mozilla/5.0 (compatible; AhrefsBot/7.0; +http://ahrefs.com/robot/)"
127.0.0.1 - - [13/Oct/2025:07:27:10 +0700] "POST /wp-cron.php?doing_wp_cron=1760315230.8152759075164794921875 HTTP/1.1" 200 5 "-" "WordPress/6.8.3; https://adila.co.id"
104.23.175.112 - - [13/Oct/2025:07:27:11 +0700] "POST /wp-login.php HTTP/1.1" 200 6901 "-" "Mozilla/5.0"
127.0.0.1 - - [13/Oct/2025:07:34:36 +0700] "POST /wp-cron.php?doing_wp_cron=1760315676.0483069419860839843750 HTTP/1.1" 200 5 "-" "WordPress/6.8.3; https://adila.co.id"
162.158.108.50 - - [13/Oct/2025:07:34:36 +0700] "POST /wp-login.php HTTP/1.1" 200 6907 "-" "Mozilla/5.0"
104.23.175.113 - - [13/Oct/2025:07:35:10 +0700] "GET /service/renovation/ HTTP/1.1" 200 95289 "-" "Mozilla/5.0 (compatible; AhrefsBot/7.0; +http://ahrefs.com/robot/)"
162.158.162.155 - - [13/Oct/2025:07:37:33 +0700] "GET /wp-content/uploads/elementor/css/post-4617.css?ver=1759510263 HTTP/1.1" 200 11835 "-" "Mozilla/5.0 (compatible; AhrefsBot/7.0; +http://ahrefs.com/robot/)"
127.0.0.1 - - [13/Oct/2025:07:41:58 +0700] "POST /wp-cron.php?doing_wp_cron=1760316118.9597079753875732421875 HTTP/1.1" 200 5 "-" "WordPress/6.8.3; https://adila.co.id"
172.69.176.9 - - [13/Oct/2025:07:41:59 +0700] "POST /wp-login.php HTTP/1.1" 200 6901 "-" "Mozilla/5.0"
127.0.0.1 - - [13/Oct/2025:07:46:17 +0700] "POST /wp-cron.php?doing_wp_cron=1760316376.9770750999450683593750 HTTP/1.1" 200 5 "-" "WordPress/6.8.3; https://adila.co.id"
172.70.189.104 - - [13/Oct/2025:07:46:19 +0700] "GET /service/responsible-mining/ HTTP/1.1" 200 95418 "-" "Mozilla/5.0 (compatible; AhrefsBot/7.0; +http://ahrefs.com/robot/)"
162.158.162.76 - - [13/Oct/2025:07:48:00 +0700] "GET /wp-content/uploads/elementor/css/post-4818.css?ver=1760316378 HTTP/1.1" 200 11835 "-" "Mozilla/5.0 (compatible; AhrefsBot/7.0; +http://ahrefs.com/robot/)"
127.0.0.1 - - [13/Oct/2025:07:49:20 +0700] "POST /wp-cron.php?doing_wp_cron=1760316560.8773000240325927734375 HTTP/1.1" 200 5 "-" "WordPress/6.8.3; https://adila.co.id"
162.158.170.247 - - [13/Oct/2025:07:49:21 +0700] "POST /wp-login.php HTTP/1.1" 200 6901 "-" "Mozilla/5.0"
127.0.0.1 - - [13/Oct/2025:07:56:38 +0700] "POST /wp-cron.php?doing_wp_cron=1760316998.2448039054870605468750 HTTP/1.1" 200 5 "-" "WordPress/6.8.3; https://adila.co.id"
162.158.88.160 - - [13/Oct/2025:07:56:38 +0700] "POST /wp-login.php HTTP/1.1" 200 6907 "-" "Mozilla/5.0"
127.0.0.1 - - [13/Oct/2025:07:57:56 +0700] "POST /wp-cron.php?doing_wp_cron=1760317076.6407380104064941406250 HTTP/1.1" 200 5 "-" "WordPress/6.8.3; https://adila.co.id"
172.70.208.49 - - [13/Oct/2025:07:58:01 +0700] "GET /service/surface-drilling/ HTTP/1.1" 200 95388 "-" "Mozilla/5.0 (compatible; AhrefsBot/7.0; +http://ahrefs.com/robot/)"
162.158.108.130 - - [13/Oct/2025:08:02:38 +0700] "GET /wp-content/uploads/elementor/css/post-4823.css?ver=1760317080 HTTP/1.1" 200 11835 "-" "Mozilla/5.0 (compatible; AhrefsBot/7.0; +http://ahrefs.com/robot/)"
127.0.0.1 - - [13/Oct/2025:08:03:54 +0700] "POST /wp-cron.php?doing_wp_cron=1760317434.7596669197082519531250 HTTP/1.1" 200 5 "-" "WordPress/6.8.3; https://adila.co.id"
162.158.106.100 - - [13/Oct/2025:08:03:54 +0700] "POST /wp-login.php HTTP/1.1" 200 6907 "-" "Mozilla/5.0"
127.0.0.1 - - [13/Oct/2025:08:08:56 +0700] "POST /wp-cron.php?doing_wp_cron=1760317736.1509959697723388671875 HTTP/1.1" 200 5 "-" "WordPress/6.8.3; https://adila.co.id"
172.69.176.8 - - [13/Oct/2025:08:08:59 +0700] "GET /service/architecture/ HTTP/1.1" 200 95327 "-" "Mozilla/5.0 (compatible; AhrefsBot/7.0; +http://ahrefs.com/robot/)"
127.0.0.1 - - [13/Oct/2025:08:11:11 +0700] "POST /wp-cron.php?doing_wp_cron=1760317871.6139140129089355468750 HTTP/1.1" 200 5 "-" "WordPress/6.8.3; https://adila.co.id"
172.69.176.8 - - [13/Oct/2025:08:11:11 +0700] "POST /wp-login.php HTTP/1.1" 200 6901 "-" "Mozilla/5.0"
162.158.88.148 - - [13/Oct/2025:08:12:37 +0700] "GET /wp-content/uploads/elementor/css/post-4613.css?ver=1760317738 HTTP/1.1" 200 11835 "-" "Mozilla/5.0 (compatible; AhrefsBot/7.0; +http://ahrefs.com/robot/)"
127.0.0.1 - - [13/Oct/2025:08:18:28 +0700] "POST /wp-cron.php?doing_wp_cron=1760318308.2966749668121337890625 HTTP/1.1" 200 5 "-" "WordPress/6.8.3; https://adila.co.id"
172.69.176.8 - - [13/Oct/2025:08:18:28 +0700] "POST /wp-login.php HTTP/1.1" 200 6907 "-" "Mozilla/5.0"
127.0.0.1 - - [13/Oct/2025:08:20:36 +0700] "POST /wp-cron.php?doing_wp_cron=1760318435.9720830917358398437500 HTTP/1.1" 200 5 "-" "WordPress/6.8.3; https://adila.co.id"
172.68.164.36 - - [13/Oct/2025:08:20:39 +0700] "GET /service/wind-power/ HTTP/1.1" 200 95299 "-" "Mozilla/5.0 (compatible; AhrefsBot/7.0; +http://ahrefs.com/robot/)"
172.69.166.37 - - [13/Oct/2025:08:22:40 +0700] "GET /wp-content/uploads/elementor/css/post-4962.css?ver=1760318438 HTTP/1.1" 200 11835 "-" "Mozilla/5.0 (compatible; AhrefsBot/7.0; +http://ahrefs.com/robot/)"
127.0.0.1 - - [13/Oct/2025:08:25:45 +0700] "POST /wp-cron.php?doing_wp_cron=1760318745.7758779525756835937500 HTTP/1.1" 200 5 "-" "WordPress/6.8.3; https://adila.co.id"
172.71.152.99 - - [13/Oct/2025:08:25:46 +0700] "POST /wp-login.php HTTP/1.1" 200 6907 "-" "Mozilla/5.0"
127.0.0.1 - - [13/Oct/2025:08:31:14 +0700] "POST /wp-cron.php?doing_wp_cron=1760319074.6008319854736328125000 HTTP/1.1" 200 5 "-" "WordPress/6.8.3; https://adila.co.id"
104.23.175.113 - - [13/Oct/2025:08:31:17 +0700] "GET /service/engineering/ HTTP/1.1" 200 95314 "-" "Mozilla/5.0 (compatible; AhrefsBot/7.0; +http://ahrefs.com/robot/)"
104.23.175.85 - - [13/Oct/2025:08:32:49 +0700] "GET /wp-content/uploads/elementor/css/post-4388.css?ver=1760319076 HTTP/1.1" 200 11835 "-" "Mozilla/5.0 (compatible; AhrefsBot/7.0; +http://ahrefs.com/robot/)"
127.0.0.1 - - [13/Oct/2025:08:33:11 +0700] "POST /wp-cron.php?doing_wp_cron=1760319191.3125400543212890625000 HTTP/1.1" 200 5 "-" "WordPress/6.8.3; https://adila.co.id"
162.158.170.247 - - [13/Oct/2025:08:33:11 +0700] "POST /wp-login.php HTTP/1.1" 200 6901 "-" "Mozilla/5.0"
127.0.0.1 - - [13/Oct/2025:08:40:29 +0700] "POST /wp-cron.php?doing_wp_cron=1760319629.3885509967803955078125 HTTP/1.1" 200 5 "-" "WordPress/6.8.3; https://adila.co.id"
162.158.108.51 - - [13/Oct/2025:08:40:29 +0700] "POST /wp-login.php HTTP/1.1" 200 6901 "-" "Mozilla/5.0"
127.0.0.1 - - [13/Oct/2025:08:41:53 +0700] "POST /wp-cron.php?doing_wp_cron=1760319713.5200910568237304687500 HTTP/1.1" 200 5 "-" "WordPress/6.8.3; https://adila.co.id"
162.158.108.51 - - [13/Oct/2025:08:41:55 +0700] "GET /service/industrial/ HTTP/1.1" 200 95296 "-" "Mozilla/5.0 (compatible; AhrefsBot/7.0; +http://ahrefs.com/robot/)"
172.71.124.12 - - [13/Oct/2025:08:42:51 +0700] "GET /wp-content/uploads/elementor/css/post-4624.css?ver=1760319715 HTTP/1.1" 200 11835 "-" "Mozilla/5.0 (compatible; AhrefsBot/7.0; +http://ahrefs.com/robot/)"
127.0.0.1 - - [13/Oct/2025:08:47:44 +0700] "POST /wp-cron.php?doing_wp_cron=1760320064.7501850128173828125000 HTTP/1.1" 200 5 "-" "WordPress/6.8.3; https://adila.co.id"
172.71.124.131 - - [13/Oct/2025:08:47:44 +0700] "POST /wp-login.php HTTP/1.1" 200 6907 "-" "Mozilla/5.0"
127.0.0.1 - - [13/Oct/2025:08:52:53 +0700] "POST /wp-cron.php?doing_wp_cron=1760320373.3119480609893798828125 HTTP/1.1" 200 5 "-" "WordPress/6.8.3; https://adila.co.id"
104.23.175.113 - - [13/Oct/2025:08:52:54 +0700] "GET /service/solar-power/ HTTP/1.1" 200 95313 "-" "Mozilla/5.0 (compatible; AhrefsBot/7.0; +http://ahrefs.com/robot/)"
127.0.0.1 - - [13/Oct/2025:08:55:00 +0700] "POST /wp-cron.php?doing_wp_cron=1760320500.7436599731445312500000 HTTP/1.1" 200 5 "-" "WordPress/6.8.3; https://adila.co.id"
172.71.124.131 - - [13/Oct/2025:08:55:01 +0700] "POST /wp-login.php HTTP/1.1" 200 6907 "-" "Mozilla/5.0"
162.158.106.198 - - [13/Oct/2025:08:57:49 +0700] "GET /wp-content/uploads/elementor/css/post-4958.css?ver=1759611853 HTTP/1.1" 200 11835 "-" "Mozilla/5.0 (compatible; AhrefsBot/7.0; +http://ahrefs.com/robot/)"
127.0.0.1 - - [13/Oct/2025:09:02:20 +0700] "POST /wp-cron.php?doing_wp_cron=1760320940.8011140823364257812500 HTTP/1.1" 200 5 "-" "WordPress/6.8.3; https://adila.co.id"
172.70.92.200 - - [13/Oct/2025:09:02:20 +0700] "POST /wp-login.php HTTP/1.1" 200 6907 "-" "Mozilla/5.0"
127.0.0.1 - - [13/Oct/2025:09:03:37 +0700] "POST /wp-cron.php?doing_wp_cron=1760321017.6592140197753906250000 HTTP/1.1" 200 5 "-" "WordPress/6.8.3; https://adila.co.id"
172.71.124.227 - - [13/Oct/2025:09:03:40 +0700] "GET /service/mechanical-engineering/ HTTP/1.1" 200 95478 "-" "Mozilla/5.0 (compatible; AhrefsBot/7.0; +http://ahrefs.com/robot/)"
104.23.175.53 - - [13/Oct/2025:09:07:39 +0700] "GET /wp-content/uploads/elementor/css/post-4908.css?ver=1760321019 HTTP/1.1" 200 11835 "-" "Mozilla/5.0 (compatible; AhrefsBot/7.0; +http://ahrefs.com/robot/)"
127.0.0.1 - - [13/Oct/2025:09:09:33 +0700] "POST /wp-cron.php?doing_wp_cron=1760321373.3303160667419433593750 HTTP/1.1" 200 5 "-" "WordPress/6.8.3; https://adila.co.id"
108.162.226.184 - - [13/Oct/2025:09:09:33 +0700] "POST /wp-login.php HTTP/1.1" 200 6907 "-" "Mozilla/5.0"
127.0.0.1 - - [13/Oct/2025:09:14:09 +0700] "POST /wp-cron.php?doing_wp_cron=1760321649.7328801155090332031250 HTTP/1.1" 200 5 "-" "WordPress/6.8.3; https://adila.co.id"
172.70.92.200 - - [13/Oct/2025:09:14:12 +0700] "GET /service/oil-gas-platform/ HTTP/1.1" 200 95417 "-" "Mozilla/5.0 (compatible; AhrefsBot/7.0; +http://ahrefs.com/robot/)"
127.0.0.1 - - [13/Oct/2025:09:16:49 +0700] "POST /wp-cron.php?doing_wp_cron=1760321809.1537699699401855468750 HTTP/1.1" 200 5 "-" "WordPress/6.8.3; https://adila.co.id"
172.68.164.37 - - [13/Oct/2025:09:16:49 +0700] "POST /wp-login.php HTTP/1.1" 200 6901 "-" "Mozilla/5.0"
108.162.226.229 - - [13/Oct/2025:09:17:34 +0700] "GET /wp-content/uploads/elementor/css/post-5046.css?ver=1760321651 HTTP/1.1" 200 11835 "-" "Mozilla/5.0 (compatible; AhrefsBot/7.0; +http://ahrefs.com/robot/)"
127.0.0.1 - - [13/Oct/2025:09:24:08 +0700] "POST /wp-cron.php?doing_wp_cron=1760322248.6730499267578125000000 HTTP/1.1" 200 5 "-" "WordPress/6.8.3; https://adila.co.id"
162.158.170.246 - - [13/Oct/2025:09:24:08 +0700] "POST /wp-login.php HTTP/1.1" 200 6907 "-" "Mozilla/5.0"
127.0.0.1 - - [13/Oct/2025:09:25:55 +0700] "POST /wp-cron.php?doing_wp_cron=1760322355.5035970211029052734375 HTTP/1.1" 200 5 "-" "WordPress/6.8.3; https://adila.co.id"
162.158.108.51 - - [13/Oct/2025:09:25:58 +0700] "GET /service/strengthening-practices/ HTTP/1.1" 200 95481 "-" "Mozilla/5.0 (compatible; AhrefsBot/7.0; +http://ahrefs.com/robot/)"
172.70.188.39 - - [13/Oct/2025:09:27:41 +0700] "GET /wp-content/uploads/elementor/css/post-5058.css?ver=1760322358 HTTP/1.1" 200 11835 "-" "Mozilla/5.0 (compatible; AhrefsBot/7.0; +http://ahrefs.com/robot/)"
127.0.0.1 - - [13/Oct/2025:09:31:24 +0700] "POST /wp-cron.php?doing_wp_cron=1760322684.6203029155731201171875 HTTP/1.1" 200 5 "-" "WordPress/6.8.3; https://adila.co.id"
172.70.92.200 - - [13/Oct/2025:09:31:24 +0700] "POST /wp-login.php HTTP/1.1" 200 6901 "-" "Mozilla/5.0"
127.0.0.1 - - [13/Oct/2025:09:36:49 +0700] "POST /wp-cron.php?doing_wp_cron=1760323009.4116299152374267578125 HTTP/1.1" 200 5 "-" "WordPress/6.8.3; https://adila.co.id"
172.71.82.144 - - [13/Oct/2025:09:36:51 +0700] "GET / HTTP/1.1" 200 168871 "-" "Mozilla/5.0 (Windows NT 10.0; Win64; x64) AppleWebKit/537.36 (KHTML, like Gecko) Chrome/78.0.3904.108 Safari/537.36"
162.158.189.236 - - [13/Oct/2025:09:36:53 +0700] "GET //wp-includes/wlwmanifest.xml HTTP/1.1" 301 5 "-" "Mozilla/5.0 (Windows NT 10.0; Win64; x64) AppleWebKit/537.36 (KHTML, like Gecko) Chrome/78.0.3904.108 Safari/537.36"
162.158.106.101 - - [13/Oct/2025:09:36:54 +0700] "GET //xmlrpc.php?rsd HTTP/1.1" 200 792 "-" "Mozilla/5.0 (Windows NT 10.0; Win64; x64) AppleWebKit/537.36 (KHTML, like Gecko) Chrome/78.0.3904.108 Safari/537.36"
162.158.108.50 - - [13/Oct/2025:09:36:56 +0700] "GET //?author=1 HTTP/1.1" 301 5 "-" "Mozilla/5.0 (Windows NT 10.0; Win64; x64) AppleWebKit/537.36 (KHTML, like Gecko) Chrome/78.0.3904.108 Safari/537.36"
162.158.162.251 - - [13/Oct/2025:09:36:59 +0700] "GET //?author=2 HTTP/1.1" 301 5 "-" "Mozilla/5.0 (Windows NT 10.0; Win64; x64) AppleWebKit/537.36 (KHTML, like Gecko) Chrome/78.0.3904.108 Safari/537.36"
162.158.189.236 - - [13/Oct/2025:09:37:02 +0700] "GET //wp-json/wp/v2/users/ HTTP/1.1" 200 1510 "-" "Mozilla/5.0 (Windows NT 10.0; Win64; x64) AppleWebKit/537.36 (KHTML, like Gecko) Chrome/78.0.3904.108 Safari/537.36"
162.158.189.236 - - [13/Oct/2025:09:37:04 +0700] "POST //xmlrpc.php HTTP/1.1" 200 413 "-" "Mozilla/5.0 (Windows NT 10.0; Win64; x64) AppleWebKit/537.36 (KHTML, like Gecko) Chrome/78.0.3904.108 Safari/537.36"
162.158.108.50 - - [13/Oct/2025:09:37:06 +0700] "POST //xmlrpc.php HTTP/1.1" 200 413 "-" "Mozilla/5.0 (Windows NT 10.0; Win64; x64) AppleWebKit/537.36 (KHTML, like Gecko) Chrome/78.0.3904.108 Safari/537.36"
172.68.164.37 - - [13/Oct/2025:09:37:08 +0700] "POST //xmlrpc.php HTTP/1.1" 200 413 "-" "Mozilla/5.0 (Windows NT 10.0; Win64; x64) AppleWebKit/537.36 (KHTML, like Gecko) Chrome/78.0.3904.108 Safari/537.36"
108.162.227.57 - - [13/Oct/2025:09:37:09 +0700] "POST //xmlrpc.php HTTP/1.1" 200 413 "-" "Mozilla/5.0 (Windows NT 10.0; Win64; x64) AppleWebKit/537.36 (KHTML, like Gecko) Chrome/78.0.3904.108 Safari/537.36"
162.158.106.101 - - [13/Oct/2025:09:37:12 +0700] "POST //xmlrpc.php HTTP/1.1" 200 413 "-" "Mozilla/5.0 (Windows NT 10.0; Win64; x64) AppleWebKit/537.36 (KHTML, like Gecko) Chrome/78.0.3904.108 Safari/537.36"
162.158.170.246 - - [13/Oct/2025:09:37:14 +0700] "POST //xmlrpc.php HTTP/1.1" 200 413 "-" "Mozilla/5.0 (Windows NT 10.0; Win64; x64) AppleWebKit/537.36 (KHTML, like Gecko) Chrome/78.0.3904.108 Safari/537.36"
127.0.0.1 - - [13/Oct/2025:09:37:16 +0700] "POST /wp-cron.php?doing_wp_cron=1760323036.4271249771118164062500 HTTP/1.1" 200 5 "-" "WordPress/6.8.3; https://adila.co.id"
162.158.189.236 - - [13/Oct/2025:09:37:16 +0700] "POST //xmlrpc.php HTTP/1.1" 200 413 "-" "Mozilla/5.0 (Windows NT 10.0; Win64; x64) AppleWebKit/537.36 (KHTML, like Gecko) Chrome/78.0.3904.108 Safari/537.36"
162.158.88.160 - - [13/Oct/2025:09:37:19 +0700] "POST //xmlrpc.php HTTP/1.1" 200 413 "-" "Mozilla/5.0 (Windows NT 10.0; Win64; x64) AppleWebKit/537.36 (KHTML, like Gecko) Chrome/78.0.3904.108 Safari/537.36"
172.68.164.37 - - [13/Oct/2025:09:37:21 +0700] "POST //xmlrpc.php HTTP/1.1" 200 413 "-" "Mozilla/5.0 (Windows NT 10.0; Win64; x64) AppleWebKit/537.36 (KHTML, like Gecko) Chrome/78.0.3904.108 Safari/537.36"
162.158.170.246 - - [13/Oct/2025:09:37:22 +0700] "POST //xmlrpc.php HTTP/1.1" 200 413 "-" "Mozilla/5.0 (Windows NT 10.0; Win64; x64) AppleWebKit/537.36 (KHTML, like Gecko) Chrome/78.0.3904.108 Safari/537.36"
172.71.124.226 - - [13/Oct/2025:09:37:24 +0700] "POST //xmlrpc.php HTTP/1.1" 200 413 "-" "Mozilla/5.0 (Windows NT 10.0; Win64; x64) AppleWebKit/537.36 (KHTML, like Gecko) Chrome/78.0.3904.108 Safari/537.36"
172.70.189.103 - - [13/Oct/2025:09:37:26 +0700] "POST //xmlrpc.php HTTP/1.1" 200 413 "-" "Mozilla/5.0 (Windows NT 10.0; Win64; x64) AppleWebKit/537.36 (KHTML, like Gecko) Chrome/78.0.3904.108 Safari/537.36"
172.70.189.103 - - [13/Oct/2025:09:37:27 +0700] "POST //xmlrpc.php HTTP/1.1" 200 413 "-" "Mozilla/5.0 (Windows NT 10.0; Win64; x64) AppleWebKit/537.36 (KHTML, like Gecko) Chrome/78.0.3904.108 Safari/537.36"
172.70.142.10 - - [13/Oct/2025:09:37:29 +0700] "POST //xmlrpc.php HTTP/1.1" 200 413 "-" "Mozilla/5.0 (Windows NT 10.0; Win64; x64) AppleWebKit/537.36 (KHTML, like Gecko) Chrome/78.0.3904.108 Safari/537.36"
162.158.170.246 - - [13/Oct/2025:09:37:31 +0700] "POST //xmlrpc.php HTTP/1.1" 200 413 "-" "Mozilla/5.0 (Windows NT 10.0; Win64; x64) AppleWebKit/537.36 (KHTML, like Gecko) Chrome/78.0.3904.108 Safari/537.36"
172.69.176.9 - - [13/Oct/2025:09:37:32 +0700] "POST //xmlrpc.php HTTP/1.1" 200 413 "-" "Mozilla/5.0 (Windows NT 10.0; Win64; x64) AppleWebKit/537.36 (KHTML, like Gecko) Chrome/78.0.3904.108 Safari/537.36"
162.158.162.251 - - [13/Oct/2025:09:37:34 +0700] "POST //xmlrpc.php HTTP/1.1" 200 413 "-" "Mozilla/5.0 (Windows NT 10.0; Win64; x64) AppleWebKit/537.36 (KHTML, like Gecko) Chrome/78.0.3904.108 Safari/537.36"
104.23.175.113 - - [13/Oct/2025:09:37:35 +0700] "POST //xmlrpc.php HTTP/1.1" 200 413 "-" "Mozilla/5.0 (Windows NT 10.0; Win64; x64) AppleWebKit/537.36 (KHTML, like Gecko) Chrome/78.0.3904.108 Safari/537.36"
172.68.164.37 - - [13/Oct/2025:09:37:37 +0700] "POST //xmlrpc.php HTTP/1.1" 200 413 "-" "Mozilla/5.0 (Windows NT 10.0; Win64; x64) AppleWebKit/537.36 (KHTML, like Gecko) Chrome/78.0.3904.108 Safari/537.36"
172.70.92.201 - - [13/Oct/2025:09:37:38 +0700] "POST //xmlrpc.php HTTP/1.1" 200 413 "-" "Mozilla/5.0 (Windows NT 10.0; Win64; x64) AppleWebKit/537.36 (KHTML, like Gecko) Chrome/78.0.3904.108 Safari/537.36"
172.71.82.144 - - [13/Oct/2025:09:37:40 +0700] "POST //xmlrpc.php HTTP/1.1" 200 413 "-" "Mozilla/5.0 (Windows NT 10.0; Win64; x64) AppleWebKit/537.36 (KHTML, like Gecko) Chrome/78.0.3904.108 Safari/537.36"
172.70.92.227 - - [13/Oct/2025:09:37:41 +0700] "POST //xmlrpc.php HTTP/1.1" 200 413 "-" "Mozilla/5.0 (Windows NT 10.0; Win64; x64) AppleWebKit/537.36 (KHTML, like Gecko) Chrome/78.0.3904.108 Safari/537.36"
162.158.162.251 - - [13/Oct/2025:09:37:43 +0700] "POST //xmlrpc.php HTTP/1.1" 200 413 "-" "Mozilla/5.0 (Windows NT 10.0; Win64; x64) AppleWebKit/537.36 (KHTML, like Gecko) Chrome/78.0.3904.108 Safari/537.36"
172.71.124.226 - - [13/Oct/2025:09:37:44 +0700] "POST //xmlrpc.php HTTP/1.1" 200 413 "-" "Mozilla/5.0 (Windows NT 10.0; Win64; x64) AppleWebKit/537.36 (KHTML, like Gecko) Chrome/78.0.3904.108 Safari/537.36"
172.70.92.201 - - [13/Oct/2025:09:37:45 +0700] "POST //xmlrpc.php HTTP/1.1" 200 413 "-" "Mozilla/5.0 (Windows NT 10.0; Win64; x64) AppleWebKit/537.36 (KHTML, like Gecko) Chrome/78.0.3904.108 Safari/537.36"
162.158.170.246 - - [13/Oct/2025:09:37:47 +0700] "POST //xmlrpc.php HTTP/1.1" 200 413 "-" "Mozilla/5.0 (Windows NT 10.0; Win64; x64) AppleWebKit/537.36 (KHTML, like Gecko) Chrome/78.0.3904.108 Safari/537.36"
162.158.189.236 - - [13/Oct/2025:09:37:49 +0700] "POST //xmlrpc.php HTTP/1.1" 200 413 "-" "Mozilla/5.0 (Windows NT 10.0; Win64; x64) AppleWebKit/537.36 (KHTML, like Gecko) Chrome/78.0.3904.108 Safari/537.36"
162.158.88.160 - - [13/Oct/2025:09:37:50 +0700] "POST //xmlrpc.php HTTP/1.1" 200 413 "-" "Mozilla/5.0 (Windows NT 10.0; Win64; x64) AppleWebKit/537.36 (KHTML, like Gecko) Chrome/78.0.3904.108 Safari/537.36"
104.23.175.113 - - [13/Oct/2025:09:37:52 +0700] "POST //xmlrpc.php HTTP/1.1" 200 413 "-" "Mozilla/5.0 (Windows NT 10.0; Win64; x64) AppleWebKit/537.36 (KHTML, like Gecko) Chrome/78.0.3904.108 Safari/537.36"
104.23.175.113 - - [13/Oct/2025:09:37:53 +0700] "POST //xmlrpc.php HTTP/1.1" 200 413 "-" "Mozilla/5.0 (Windows NT 10.0; Win64; x64) AppleWebKit/537.36 (KHTML, like Gecko) Chrome/78.0.3904.108 Safari/537.36"
172.70.208.48 - - [13/Oct/2025:09:37:56 +0700] "POST //xmlrpc.php HTTP/1.1" 200 413 "-" "Mozilla/5.0 (Windows NT 10.0; Win64; x64) AppleWebKit/537.36 (KHTML, like Gecko) Chrome/78.0.3904.108 Safari/537.36"
172.70.92.227 - - [13/Oct/2025:09:37:58 +0700] "POST //xmlrpc.php HTTP/1.1" 200 413 "-" "Mozilla/5.0 (Windows NT 10.0; Win64; x64) AppleWebKit/537.36 (KHTML, like Gecko) Chrome/78.0.3904.108 Safari/537.36"
172.70.92.201 - - [13/Oct/2025:09:38:01 +0700] "POST //xmlrpc.php HTTP/1.1" 200 413 "-" "Mozilla/5.0 (Windows NT 10.0; Win64; x64) AppleWebKit/537.36 (KHTML, like Gecko) Chrome/78.0.3904.108 Safari/537.36"
162.158.162.251 - - [13/Oct/2025:09:38:03 +0700] "POST //xmlrpc.php HTTP/1.1" 200 413 "-" "Mozilla/5.0 (Windows NT 10.0; Win64; x64) AppleWebKit/537.36 (KHTML, like Gecko) Chrome/78.0.3904.108 Safari/537.36"
172.69.176.9 - - [13/Oct/2025:09:38:05 +0700] "POST //xmlrpc.php HTTP/1.1" 200 413 "-" "Mozilla/5.0 (Windows NT 10.0; Win64; x64) AppleWebKit/537.36 (KHTML, like Gecko) Chrome/78.0.3904.108 Safari/537.36"
104.23.175.113 - - [13/Oct/2025:09:38:07 +0700] "POST //xmlrpc.php HTTP/1.1" 200 413 "-" "Mozilla/5.0 (Windows NT 10.0; Win64; x64) AppleWebKit/537.36 (KHTML, like Gecko) Chrome/78.0.3904.108 Safari/537.36"
162.158.106.101 - - [13/Oct/2025:09:38:09 +0700] "POST //xmlrpc.php HTTP/1.1" 200 413 "-" "Mozilla/5.0 (Windows NT 10.0; Win64; x64) AppleWebKit/537.36 (KHTML, like Gecko) Chrome/78.0.3904.108 Safari/537.36"
172.70.208.48 - - [13/Oct/2025:09:38:11 +0700] "POST //xmlrpc.php HTTP/1.1" 200 413 "-" "Mozilla/5.0 (Windows NT 10.0; Win64; x64) AppleWebKit/537.36 (KHTML, like Gecko) Chrome/78.0.3904.108 Safari/537.36"
162.158.170.246 - - [13/Oct/2025:09:38:14 +0700] "POST //xmlrpc.php HTTP/1.1" 200 413 "-" "Mozilla/5.0 (Windows NT 10.0; Win64; x64) AppleWebKit/537.36 (KHTML, like Gecko) Chrome/78.0.3904.108 Safari/537.36"
127.0.0.1 - - [13/Oct/2025:09:38:20 +0700] "POST /wp-cron.php?doing_wp_cron=1760323100.6858949661254882812500 HTTP/1.1" 200 5 "-" "WordPress/6.8.3; https://adila.co.id"
162.158.106.101 - - [13/Oct/2025:09:38:21 +0700] "POST //xmlrpc.php HTTP/1.1" 200 413 "-" "Mozilla/5.0 (Windows NT 10.0; Win64; x64) AppleWebKit/537.36 (KHTML, like Gecko) Chrome/78.0.3904.108 Safari/537.36"
162.158.106.101 - - [13/Oct/2025:09:38:24 +0700] "POST //xmlrpc.php HTTP/1.1" 200 413 "-" "Mozilla/5.0 (Windows NT 10.0; Win64; x64) AppleWebKit/537.36 (KHTML, like Gecko) Chrome/78.0.3904.108 Safari/537.36"
162.158.170.246 - - [13/Oct/2025:09:38:26 +0700] "POST //xmlrpc.php HTTP/1.1" 200 413 "-" "Mozilla/5.0 (Windows NT 10.0; Win64; x64) AppleWebKit/537.36 (KHTML, like Gecko) Chrome/78.0.3904.108 Safari/537.36"
172.70.142.10 - - [13/Oct/2025:09:38:27 +0700] "POST //xmlrpc.php HTTP/1.1" 200 413 "-" "Mozilla/5.0 (Windows NT 10.0; Win64; x64) AppleWebKit/537.36 (KHTML, like Gecko) Chrome/78.0.3904.108 Safari/537.36"
162.158.162.251 - - [13/Oct/2025:09:38:29 +0700] "POST //xmlrpc.php HTTP/1.1" 200 413 "-" "Mozilla/5.0 (Windows NT 10.0; Win64; x64) AppleWebKit/537.36 (KHTML, like Gecko) Chrome/78.0.3904.108 Safari/537.36"
172.69.176.9 - - [13/Oct/2025:09:38:30 +0700] "POST //xmlrpc.php HTTP/1.1" 200 413 "-" "Mozilla/5.0 (Windows NT 10.0; Win64; x64) AppleWebKit/537.36 (KHTML, like Gecko) Chrome/78.0.3904.108 Safari/537.36"
172.68.164.37 - - [13/Oct/2025:09:38:32 +0700] "POST //xmlrpc.php HTTP/1.1" 200 413 "-" "Mozilla/5.0 (Windows NT 10.0; Win64; x64) AppleWebKit/537.36 (KHTML, like Gecko) Chrome/78.0.3904.108 Safari/537.36"
108.162.227.57 - - [13/Oct/2025:09:38:33 +0700] "POST //xmlrpc.php HTTP/1.1" 200 413 "-" "Mozilla/5.0 (Windows NT 10.0; Win64; x64) AppleWebKit/537.36 (KHTML, like Gecko) Chrome/78.0.3904.108 Safari/537.36"
162.158.106.101 - - [13/Oct/2025:09:38:35 +0700] "POST //xmlrpc.php HTTP/1.1" 200 413 "-" "Mozilla/5.0 (Windows NT 10.0; Win64; x64) AppleWebKit/537.36 (KHTML, like Gecko) Chrome/78.0.3904.108 Safari/537.36"
172.70.142.10 - - [13/Oct/2025:09:38:36 +0700] "POST //xmlrpc.php HTTP/1.1" 200 413 "-" "Mozilla/5.0 (Windows NT 10.0; Win64; x64) AppleWebKit/537.36 (KHTML, like Gecko) Chrome/78.0.3904.108 Safari/537.36"
162.158.108.50 - - [13/Oct/2025:09:38:38 +0700] "POST //xmlrpc.php HTTP/1.1" 200 413 "-" "Mozilla/5.0 (Windows NT 10.0; Win64; x64) AppleWebKit/537.36 (KHTML, like Gecko) Chrome/78.0.3904.108 Safari/537.36"
172.70.189.103 - - [13/Oct/2025:09:38:39 +0700] "POST /wp-login.php HTTP/1.1" 200 6901 "-" "Mozilla/5.0"
172.69.176.9 - - [13/Oct/2025:09:38:40 +0700] "POST //xmlrpc.php HTTP/1.1" 200 413 "-" "Mozilla/5.0 (Windows NT 10.0; Win64; x64) AppleWebKit/537.36 (KHTML, like Gecko) Chrome/78.0.3904.108 Safari/537.36"
172.70.142.10 - - [13/Oct/2025:09:38:41 +0700] "POST //xmlrpc.php HTTP/1.1" 200 413 "-" "Mozilla/5.0 (Windows NT 10.0; Win64; x64) AppleWebKit/537.36 (KHTML, like Gecko) Chrome/78.0.3904.108 Safari/537.36"
162.158.189.236 - - [13/Oct/2025:09:38:43 +0700] "POST //xmlrpc.php HTTP/1.1" 200 413 "-" "Mozilla/5.0 (Windows NT 10.0; Win64; x64) AppleWebKit/537.36 (KHTML, like Gecko) Chrome/78.0.3904.108 Safari/537.36"
172.68.164.37 - - [13/Oct/2025:09:38:44 +0700] "POST //xmlrpc.php HTTP/1.1" 200 413 "-" "Mozilla/5.0 (Windows NT 10.0; Win64; x64) AppleWebKit/537.36 (KHTML, like Gecko) Chrome/78.0.3904.108 Safari/537.36"
172.71.124.226 - - [13/Oct/2025:09:38:45 +0700] "POST //xmlrpc.php HTTP/1.1" 200 413 "-" "Mozilla/5.0 (Windows NT 10.0; Win64; x64) AppleWebKit/537.36 (KHTML, like Gecko) Chrome/78.0.3904.108 Safari/537.36"
162.158.106.101 - - [13/Oct/2025:09:38:47 +0700] "POST //xmlrpc.php HTTP/1.1" 200 413 "-" "Mozilla/5.0 (Windows NT 10.0; Win64; x64) AppleWebKit/537.36 (KHTML, like Gecko) Chrome/78.0.3904.108 Safari/537.36"
108.162.227.57 - - [13/Oct/2025:09:38:49 +0700] "POST //xmlrpc.php HTTP/1.1" 200 413 "-" "Mozilla/5.0 (Windows NT 10.0; Win64; x64) AppleWebKit/537.36 (KHTML, like Gecko) Chrome/78.0.3904.108 Safari/537.36"
172.69.176.9 - - [13/Oct/2025:09:38:50 +0700] "POST //xmlrpc.php HTTP/1.1" 200 413 "-" "Mozilla/5.0 (Windows NT 10.0; Win64; x64) AppleWebKit/537.36 (KHTML, like Gecko) Chrome/78.0.3904.108 Safari/537.36"
172.68.164.37 - - [13/Oct/2025:09:38:52 +0700] "POST //xmlrpc.php HTTP/1.1" 200 413 "-" "Mozilla/5.0 (Windows NT 10.0; Win64; x64) AppleWebKit/537.36 (KHTML, like Gecko) Chrome/78.0.3904.108 Safari/537.36"
162.158.162.251 - - [13/Oct/2025:09:38:53 +0700] "POST //xmlrpc.php HTTP/1.1" 200 413 "-" "Mozilla/5.0 (Windows NT 10.0; Win64; x64) AppleWebKit/537.36 (KHTML, like Gecko) Chrome/78.0.3904.108 Safari/537.36"
162.158.88.66 - - [13/Oct/2025:09:39:05 +0700] "GET /robots.txt HTTP/1.1" 200 273 "-" "Mozilla/5.0 (compatible; AhrefsBot/7.0; +http://ahrefs.com/robot/)"
172.68.164.2 - - [13/Oct/2025:09:39:14 +0700] "GET /service/3d-modeling/ HTTP/1.1" 200 95313 "-" "Mozilla/5.0 (compatible; AhrefsBot/7.0; +http://ahrefs.com/robot/)"
172.70.142.128 - - [13/Oct/2025:09:42:33 +0700] "GET /wp-content/uploads/elementor/css/post-4788.css?ver=1760323154 HTTP/1.1" 200 11835 "-" "Mozilla/5.0 (compatible; AhrefsBot/7.0; +http://ahrefs.com/robot/)"
127.0.0.1 - - [13/Oct/2025:09:45:49 +0700] "POST /wp-cron.php?doing_wp_cron=1760323549.1395668983459472656250 HTTP/1.1" 200 5 "-" "WordPress/6.8.3; https://adila.co.id"
172.68.164.36 - - [13/Oct/2025:09:45:49 +0700] "POST /wp-login.php HTTP/1.1" 200 6907 "-" "Mozilla/5.0"
127.0.0.1 - - [13/Oct/2025:09:52:40 +0700] "POST /wp-cron.php?doing_wp_cron=1760323960.7213621139526367187500 HTTP/1.1" 200 5 "-" "WordPress/6.8.3; https://adila.co.id"
162.158.170.246 - - [13/Oct/2025:09:52:42 +0700] "GET /service/developing-solutions/ HTTP/1.1" 200 95443 "-" "Mozilla/5.0 (compatible; AhrefsBot/7.0; +http://ahrefs.com/robot/)"
172.69.176.9 - - [13/Oct/2025:09:52:59 +0700] "POST /wp-login.php HTTP/1.1" 200 6901 "-" "Mozilla/5.0"
172.70.93.108 - - [13/Oct/2025:09:57:31 +0700] "GET /wp-content/uploads/elementor/css/post-5054.css?ver=1760323962 HTTP/1.1" 200 11835 "-" "Mozilla/5.0 (compatible; AhrefsBot/7.0; +http://ahrefs.com/robot/)"
127.0.0.1 - - [13/Oct/2025:10:00:15 +0700] "POST /wp-cron.php?doing_wp_cron=1760324415.8558080196380615234375 HTTP/1.1" 200 5 "-" "WordPress/6.8.3; https://adila.co.id"
162.158.106.156 - - [13/Oct/2025:10:00:16 +0700] "POST /wp-login.php HTTP/1.1" 200 6901 "-" "Mozilla/5.0"
127.0.0.1 - - [13/Oct/2025:10:04:18 +0700] "POST /wp-cron.php?doing_wp_cron=1760324658.3207690715789794921875 HTTP/1.1" 200 5 "-" "WordPress/6.8.3; https://adila.co.id"
172.70.189.103 - - [13/Oct/2025:10:04:19 +0700] "GET /product/v20-new-cordless-heat-gun-with-battery/ HTTP/1.1" 200 91652 "-" "Mozilla/5.0 (compatible; AhrefsBot/7.0; +http://ahrefs.com/robot/)"
127.0.0.1 - - [13/Oct/2025:10:07:33 +0700] "POST /wp-cron.php?doing_wp_cron=1760324853.1305170059204101562500 HTTP/1.1" 200 5 "-" "WordPress/6.8.3; https://adila.co.id"
162.158.162.251 - - [13/Oct/2025:10:07:33 +0700] "POST /wp-login.php HTTP/1.1" 200 6907 "-" "Mozilla/5.0"
127.0.0.1 - - [13/Oct/2025:10:14:47 +0700] "POST /wp-cron.php?doing_wp_cron=1760325287.2614459991455078125000 HTTP/1.1" 200 5 "-" "WordPress/6.8.3; https://adila.co.id"
172.70.142.10 - - [13/Oct/2025:10:14:47 +0700] "POST /wp-login.php HTTP/1.1" 200 6901 "-" "Mozilla/5.0"
127.0.0.1 - - [13/Oct/2025:10:16:00 +0700] "POST /wp-cron.php?doing_wp_cron=1760325360.6217908859252929687500 HTTP/1.1" 200 5 "-" "WordPress/6.8.3; https://adila.co.id"
162.158.88.160 - - [13/Oct/2025:10:16:00 +0700] "GET /2023/09/14/concrete-blonde-house-by-carter-williamson-architects-2/feed/ HTTP/1.1" 304 0 "-" "Mozilla/5.0 (compatible; AhrefsBot/7.0; +http://ahrefs.com/robot/)"
127.0.0.1 - - [13/Oct/2025:10:22:07 +0700] "POST /wp-cron.php?doing_wp_cron=1760325727.7381689548492431640625 HTTP/1.1" 200 5 "-" "WordPress/6.8.3; https://adila.co.id"
172.70.142.11 - - [13/Oct/2025:10:22:08 +0700] "POST /wp-login.php HTTP/1.1" 200 6907 "-" "Mozilla/5.0"
127.0.0.1 - - [13/Oct/2025:10:27:18 +0700] "POST /wp-cron.php?doing_wp_cron=1760326038.0704178810119628906250 HTTP/1.1" 200 5 "-" "WordPress/6.8.3; https://adila.co.id"
108.162.227.43 - - [13/Oct/2025:10:27:21 +0700] "GET /service/exterior-design/ HTTP/1.1" 200 95373 "-" "Mozilla/5.0 (compatible; AhrefsBot/7.0; +http://ahrefs.com/robot/)"
162.158.88.85 - - [13/Oct/2025:10:27:55 +0700] "GET /wp-content/uploads/elementor/css/post-4779.css?ver=1759548064 HTTP/1.1" 200 11835 "-" "Mozilla/5.0 (compatible; AhrefsBot/7.0; +http://ahrefs.com/robot/)"
162.158.88.71 - - [13/Oct/2025:10:28:03 +0700] "GET /wp-content/uploads/2023/10/service-exterior-design.jpg HTTP/1.1" 200 55453 "-" "Mozilla/5.0 (compatible; AhrefsBot/7.0; +http://ahrefs.com/robot/)"
127.0.0.1 - - [13/Oct/2025:10:29:19 +0700] "POST /wp-cron.php?doing_wp_cron=1760326159.0137159824371337890625 HTTP/1.1" 200 5 "-" "WordPress/6.8.3; https://adila.co.id"
172.71.82.153 - - [13/Oct/2025:10:29:19 +0700] "POST /wp-login.php HTTP/1.1" 200 6907 "-" "Mozilla/5.0"
162.158.189.237 - - [13/Oct/2025:10:32:48 +0700] "GET / HTTP/1.1" 200 168851 "-" "Mozilla/5.0 (compatible; NetcraftSurveyAgent/1.0; [email protected])"
127.0.0.1 - - [13/Oct/2025:10:36:36 +0700] "POST /wp-cron.php?doing_wp_cron=1760326596.4034640789031982421875 HTTP/1.1" 200 5 "-" "WordPress/6.8.3; https://adila.co.id"
108.162.227.43 - - [13/Oct/2025:10:36:36 +0700] "POST /wp-login.php HTTP/1.1" 200 6907 "-" "Mozilla/5.0"
127.0.0.1 - - [13/Oct/2025:10:39:47 +0700] "POST /wp-cron.php?doing_wp_cron=1760326787.8483119010925292968750 HTTP/1.1" 200 5 "-" "WordPress/6.8.3; https://adila.co.id"
104.23.175.113 - - [13/Oct/2025:10:39:51 +0700] "GET /service/landscaping/ HTTP/1.1" 200 95309 "-" "Mozilla/5.0 (compatible; AhrefsBot/7.0; +http://ahrefs.com/robot/)"
172.70.208.59 - - [13/Oct/2025:10:42:47 +0700] "GET /wp-content/uploads/elementor/css/post-4767.css?ver=1760326790 HTTP/1.1" 200 11835 "-" "Mozilla/5.0 (compatible; AhrefsBot/7.0; +http://ahrefs.com/robot/)"
127.0.0.1 - - [13/Oct/2025:10:43:55 +0700] "POST /wp-cron.php?doing_wp_cron=1760327035.6408309936523437500000 HTTP/1.1" 200 5 "-" "WordPress/6.8.3; https://adila.co.id"
162.158.170.246 - - [13/Oct/2025:10:43:56 +0700] "POST /wp-login.php HTTP/1.1" 200 6907 "-" "Mozilla/5.0"
127.0.0.1 - - [13/Oct/2025:10:51:01 +0700] "POST /wp-cron.php?doing_wp_cron=1760327461.6030900478363037109375 HTTP/1.1" 200 5 "-" "WordPress/6.8.3; https://adila.co.id"
162.158.189.236 - - [13/Oct/2025:10:51:01 +0700] "GET /contact-us HTTP/1.1" 301 5 "-" "Mozilla/5.0 (compatible; AhrefsBot/7.0; +http://ahrefs.com/robot/)"
162.158.189.236 - - [13/Oct/2025:10:51:16 +0700] "POST /wp-login.php HTTP/1.1" 200 6907 "-" "Mozilla/5.0"
127.0.0.1 - - [13/Oct/2025:10:58:33 +0700] "POST /wp-cron.php?doing_wp_cron=1760327913.8047730922698974609375 HTTP/1.1" 200 5 "-" "WordPress/6.8.3; https://adila.co.id"
162.158.106.157 - - [13/Oct/2025:10:58:34 +0700] "POST /wp-login.php HTTP/1.1" 200 6901 "-" "Mozilla/5.0"
127.0.0.1 - - [13/Oct/2025:11:01:45 +0700] "POST /wp-cron.php?doing_wp_cron=1760328105.7406709194183349609375 HTTP/1.1" 200 5 "-" "WordPress/6.8.3; https://adila.co.id"
