179.63.242.125 - - [12/Oct/2025:07:01:52 +0700] "GET /?a=2912366243001&channel=1ae3cc&from=news.php?id%3D662430-1239%26name%3DMERACH%20%E8%85%B9%E7%AD%8B%E3%83%AD%E3%83%BC%E3%83%A9%E3%83%BC%20%E8%86%9D%E3%83%9E%E3%83%83%E3%83%88%E4%BB%98%E3%81%8D%20%E3%82%A2%E3%83%96%E3%83%9B%E3%82%A4%E3%83%BC%E3%83%AB%20%E9%9D%99%E9%9F%B3%20%E4%BA%8C%E8%BC%AA%20%E9%AB%98%E8%80%90%E4%B9%85%E6%80%A7%20%E8%85%B9%E7%AD%8B%20%E3%83%88%E3%83%AC%E3%83%BC%E3%83%8B%E3%83%B3%E3%82%B0%E5%99%A8%E5%85%B7%20%E3%82%A8%E3%82%AF%E3%82%B5%E3%82%B5%E3%82%A4%E3%82%BA%E3%83%AD%E3%83%BC%E3%83%A9%E3%83%BC%20%E3%82%B9%E3%83%88%E3%83%AC%E3%83%83%E3%83%81%20%E3%83%80%E3%82%A4%E3%82%A8%E3%83%83%E3%83%88%E5%99%A8%E5%85%B7%20%E7%94%B7%E6%80%A7/%E5%A5%B3%E6%80%A7%20%E5%88%9D%E5%BF%83%E8%80%85/%E4%B8%8A%E7%B4%9A%E8%80%85 HTTP/1.1" 301 5 "https://pausfood.co.id/" "Mozilla/5.0 (Macintosh; Intel Mac OS X 10_15_7) AppleWebKit/537.36 (KHTML, like Gecko) Chrome/133.0.0.0 Safari/537.36"
178.128.86.151 - - [12/Oct/2025:07:06:20 +0700] "POST /wp-cron.php?doing_wp_cron=1760227580.7585229873657226562500 HTTP/1.1" 200 5 "-" "WordPress/6.6.4; https://pausfood.co.id"
52.167.144.150 - - [12/Oct/2025:07:06:23 +0700] "GET /category/bread-bakery/ HTTP/1.1" 200 59219 "-" "Mozilla/5.0 AppleWebKit/537.36 (KHTML, like Gecko; compatible; bingbot/2.0; +http://www.bing.com/bingbot.htm) Chrome/116.0.1938.76 Safari/537.36"
178.128.86.151 - - [12/Oct/2025:07:09:12 +0700] "POST /wp-cron.php?doing_wp_cron=1760227752.9100620746612548828125 HTTP/1.1" 200 5 "-" "WordPress/6.6.4; https://pausfood.co.id"
77.237.247.195 - - [12/Oct/2025:07:09:13 +0700] "POST /wp-login.php HTTP/1.1" 200 7701 "-" "Mozilla/5.0"
178.128.86.151 - - [12/Oct/2025:07:11:11 +0700] "POST /wp-cron.php?doing_wp_cron=1760227871.0872340202331542968750 HTTP/1.1" 200 5 "-" "WordPress/6.6.4; https://pausfood.co.id"
66.249.66.200 - - [12/Oct/2025:07:11:11 +0700] "GET /robots.txt HTTP/1.1" 200 78 "-" "Mozilla/5.0 (compatible; Googlebot/2.1; +http://www.google.com/bot.html)"
66.249.66.200 - - [12/Oct/2025:07:11:27 +0700] "GET /%3Ccenter%3E%3Ch3%3E%E2%97%86%20%E7%8A%B6%E6%85%8B%E3%83%A9%E3%83%B3%E3%82%AF%3C/h3%3E%3Cp%3E//image.wowma.jp/40993151/images/item_rank/s.jpg HTTP/1.1" 301 5 "-" "Googlebot-Image/1.0"
178.128.86.151 - - [12/Oct/2025:07:11:37 +0700] "POST /wp-cron.php?doing_wp_cron=1760227897.3817389011383056640625 HTTP/1.1" 200 5 "-" "WordPress/6.6.4; https://pausfood.co.id"
66.249.66.200 - - [12/Oct/2025:07:11:39 +0700] "GET /%3Ccenter%3E%3Ch3%3E%E2%97%86%20%E7%8A%B6%E6%85%8B%E3%83%A9%E3%83%B3%E3%82%AF%3C/h3%3E%3Cp%3E/image.wowma.jp/40993151/images/item_rank/s.jpg HTTP/1.1" 404 48977 "-" "Googlebot-Image/1.0"
178.128.86.151 - - [12/Oct/2025:07:14:50 +0700] "POST /wp-cron.php?doing_wp_cron=1760228090.4106550216674804687500 HTTP/1.1" 200 5 "-" "WordPress/6.6.4; https://pausfood.co.id"
64.176.195.163 - - [12/Oct/2025:07:14:53 +0700] "GET /?check_plugin HTTP/1.1" 200 76303 "-" "Mozilla/5.0 (Windows NT 10.0; Win64; x64) AppleWebKit/537.36 (KHTML, like Gecko) Chrome/127.0.0.0 Safari/537.36"
18.139.143.38 - - [12/Oct/2025:07:41:08 +0700] "GET / HTTP/1.1" 499 0 "-" "synthetic-monitoring-agent/v0.14.3 (linux amd64; g64b8bab; +https://github.com/grafana/synthetic-monitoring-agent)"
16.78.0.23 - - [12/Oct/2025:07:41:09 +0700] "GET / HTTP/1.1" 499 0 "-" "synthetic-monitoring-agent/v0.14.3 (linux amd64; g64b8bab; +https://github.com/grafana/synthetic-monitoring-agent)"
178.128.86.151 - - [12/Oct/2025:07:41:16 +0700] "POST /wp-cron.php?doing_wp_cron=1760229676.7415699958801269531250 HTTP/1.1" 200 5 "-" "WordPress/6.6.4; https://pausfood.co.id"
178.128.86.151 - - [12/Oct/2025:07:44:13 +0700] "POST /wp-cron.php?doing_wp_cron=1760229853.7263491153717041015625 HTTP/1.1" 200 5 "-" "WordPress/6.6.4; https://pausfood.co.id"
77.237.247.195 - - [12/Oct/2025:07:44:14 +0700] "POST /wp-login.php HTTP/1.1" 200 7701 "-" "Mozilla/5.0"
178.128.86.151 - - [12/Oct/2025:07:44:56 +0700] "POST /wp-cron.php?doing_wp_cron=1760229896.7943880558013916015625 HTTP/1.1" 200 5 "-" "WordPress/6.6.4; https://pausfood.co.id"
34.206.212.24 - - [12/Oct/2025:07:44:58 +0700] "GET /contact/ HTTP/1.1" 200 51293 "-" "Mozilla/5.0 AppleWebKit/537.36 (KHTML, like Gecko; compatible; Amazonbot/0.1; +https://developer.amazon.com/support/amazonbot) Chrome/119.0.6045.214 Safari/537.36"
178.128.86.151 - - [12/Oct/2025:07:48:32 +0700] "POST /wp-cron.php?doing_wp_cron=1760230112.4720859527587890625000 HTTP/1.1" 200 5 "-" "WordPress/6.6.4; https://pausfood.co.id"
66.249.66.201 - - [12/Oct/2025:07:48:32 +0700] "GET /%3Ccenter%3E%20https://image.rakuten.co.jp/trunk-rental/cabinet/07280790/muryokaishu-03.jpg?202110291400 HTTP/1.1" 301 5 "-" "Googlebot-Image/1.0"
66.249.66.201 - - [12/Oct/2025:07:48:40 +0700] "GET /%3Ccenter%3E%20https:/image.rakuten.co.jp/trunk-rental/cabinet/07280790/muryokaishu-03.jpg?202110291400 HTTP/1.1" 404 48977 "-" "Googlebot-Image/1.0"
178.128.114.147 - - [12/Oct/2025:08:01:22 +0700] "GET //wp-includes/ID3/license.txt HTTP/1.1" 200 1396 "-" "Mozilla/5.0 (Windows NT 10.0; Win64; x64) AppleWebKit/537.36 (KHTML, like Gecko) Chrome/95.0.4638.69 Safari/537.36"
178.128.86.151 - - [12/Oct/2025:08:01:28 +0700] "POST /wp-cron.php?doing_wp_cron=1760230888.0480570793151855468750 HTTP/1.1" 200 5 "-" "WordPress/6.6.4; https://pausfood.co.id"
178.128.114.147 - - [12/Oct/2025:08:01:28 +0700] "GET //feed/ HTTP/1.1" 301 5 "-" "Mozilla/5.0 (Windows NT 10.0; Win64; x64) AppleWebKit/537.36 (KHTML, like Gecko) Chrome/95.0.4638.69 Safari/537.36"
178.128.114.147 - - [12/Oct/2025:08:01:37 +0700] "GET //xmlrpc.php?rsd HTTP/1.1" 200 810 "-" "Mozilla/5.0 (Windows NT 10.0; Win64; x64) AppleWebKit/537.36 (KHTML, like Gecko) Chrome/95.0.4638.69 Safari/537.36"
178.128.114.147 - - [12/Oct/2025:08:01:43 +0700] "GET //?author=1 HTTP/1.1" 503 5282 "-" "Mozilla/5.0 (Windows NT 10.0; Win64; x64) AppleWebKit/537.36 (KHTML, like Gecko) Chrome/95.0.4638.69 Safari/537.36"
178.128.86.151 - - [12/Oct/2025:08:01:50 +0700] "POST /wp-cron.php?doing_wp_cron=1760230910.3592040538787841796875 HTTP/1.1" 200 5 "-" "WordPress/6.6.4; https://pausfood.co.id"
178.128.114.147 - - [12/Oct/2025:08:01:52 +0700] "GET //wp-json/wp/v2/users/ HTTP/1.1" 200 1275 "-" "Mozilla/5.0 (Windows NT 10.0; Win64; x64) AppleWebKit/537.36 (KHTML, like Gecko) Chrome/95.0.4638.69 Safari/537.36"
178.128.114.147 - - [12/Oct/2025:08:02:01 +0700] "POST //xmlrpc.php HTTP/1.1" 200 413 "-" "Mozilla/5.0 (Windows NT 10.0; Win64; x64) AppleWebKit/537.36 (KHTML, like Gecko) Chrome/95.0.4638.69 Safari/537.36"
178.128.114.147 - - [12/Oct/2025:08:02:09 +0700] "POST //xmlrpc.php HTTP/1.1" 200 413 "-" "Mozilla/5.0 (Windows NT 10.0; Win64; x64) AppleWebKit/537.36 (KHTML, like Gecko) Chrome/95.0.4638.69 Safari/537.36"
178.128.114.147 - - [12/Oct/2025:08:02:17 +0700] "POST //xmlrpc.php HTTP/1.1" 200 413 "-" "Mozilla/5.0 (Windows NT 10.0; Win64; x64) AppleWebKit/537.36 (KHTML, like Gecko) Chrome/95.0.4638.69 Safari/537.36"
178.128.114.147 - - [12/Oct/2025:08:02:25 +0700] "POST //xmlrpc.php HTTP/1.1" 200 413 "-" "Mozilla/5.0 (Windows NT 10.0; Win64; x64) AppleWebKit/537.36 (KHTML, like Gecko) Chrome/95.0.4638.69 Safari/537.36"
178.128.114.147 - - [12/Oct/2025:08:02:32 +0700] "POST //xmlrpc.php HTTP/1.1" 200 413 "-" "Mozilla/5.0 (Windows NT 10.0; Win64; x64) AppleWebKit/537.36 (KHTML, like Gecko) Chrome/95.0.4638.69 Safari/537.36"
178.128.86.151 - - [12/Oct/2025:08:02:39 +0700] "POST /wp-cron.php?doing_wp_cron=1760230959.5190138816833496093750 HTTP/1.1" 200 5 "-" "WordPress/6.6.4; https://pausfood.co.id"
178.128.114.147 - - [12/Oct/2025:08:02:40 +0700] "POST //xmlrpc.php HTTP/1.1" 200 413 "-" "Mozilla/5.0 (Windows NT 10.0; Win64; x64) AppleWebKit/537.36 (KHTML, like Gecko) Chrome/95.0.4638.69 Safari/537.36"
178.128.114.147 - - [12/Oct/2025:08:02:49 +0700] "POST //xmlrpc.php HTTP/1.1" 200 413 "-" "Mozilla/5.0 (Windows NT 10.0; Win64; x64) AppleWebKit/537.36 (KHTML, like Gecko) Chrome/95.0.4638.69 Safari/537.36"
178.128.114.147 - - [12/Oct/2025:08:02:58 +0700] "POST //xmlrpc.php HTTP/1.1" 200 413 "-" "Mozilla/5.0 (Windows NT 10.0; Win64; x64) AppleWebKit/537.36 (KHTML, like Gecko) Chrome/95.0.4638.69 Safari/537.36"
66.249.66.200 - - [12/Oct/2025:08:03:06 +0700] "GET /p=1281938 HTTP/1.1" 404 48977 "-" "Mozilla/5.0 (Linux; Android 6.0.1; Nexus 5X Build/MMB29P) AppleWebKit/537.36 (KHTML, like Gecko) Chrome/140.0.7339.207 Mobile Safari/537.36 (compatible; Googlebot/2.1; +http://www.google.com/bot.html)"
178.128.114.147 - - [12/Oct/2025:08:03:08 +0700] "POST //xmlrpc.php HTTP/1.1" 200 413 "-" "Mozilla/5.0 (Windows NT 10.0; Win64; x64) AppleWebKit/537.36 (KHTML, like Gecko) Chrome/95.0.4638.69 Safari/537.36"
178.128.114.147 - - [12/Oct/2025:08:03:19 +0700] "POST //xmlrpc.php HTTP/1.1" 503 7341 "-" "Mozilla/5.0 (Windows NT 10.0; Win64; x64) AppleWebKit/537.36 (KHTML, like Gecko) Chrome/95.0.4638.69 Safari/537.36"
178.128.86.151 - - [12/Oct/2025:08:07:33 +0700] "POST /wp-cron.php?doing_wp_cron=1760231253.8347489833831787109375 HTTP/1.1" 200 5 "-" "WordPress/6.6.4; https://pausfood.co.id"
79.132.141.240 - - [12/Oct/2025:08:07:36 +0700] "GET / HTTP/1.1" 200 64849 "-" "Mozilla/5.0 (X11; Linux x86_64) AppleWebKit/537.36"
79.132.141.240 - - [12/Oct/2025:08:07:39 +0700] "GET / HTTP/1.1" 200 64849 "-" "Mozilla/5.0 (X11; Linux x86_64) AppleWebKit/537.36"
178.128.86.151 - - [12/Oct/2025:08:14:15 +0700] "POST /wp-cron.php?doing_wp_cron=1760231655.5550460815429687500000 HTTP/1.1" 200 5 "-" "WordPress/6.6.4; https://pausfood.co.id"
66.249.66.200 - - [12/Oct/2025:08:14:18 +0700] "GET /1438693 HTTP/1.1" 404 48977 "-" "Mozilla/5.0 (Linux; Android 6.0.1; Nexus 5X Build/MMB29P) AppleWebKit/537.36 (KHTML, like Gecko) Chrome/140.0.7339.207 Mobile Safari/537.36 (compatible; Googlebot/2.1; +http://www.google.com/bot.html)"
66.249.66.201 - - [12/Oct/2025:08:14:30 +0700] "GET /p=1282549 HTTP/1.1" 404 48977 "-" "Mozilla/5.0 (Linux; Android 6.0.1; Nexus 5X Build/MMB29P) AppleWebKit/537.36 (KHTML, like Gecko) Chrome/140.0.7339.207 Mobile Safari/537.36 (compatible; Googlebot/2.1; +http://www.google.com/bot.html)"
178.128.86.151 - - [12/Oct/2025:08:18:33 +0700] "POST /wp-cron.php?doing_wp_cron=1760231913.2450830936431884765625 HTTP/1.1" 200 5 "-" "WordPress/6.6.4; https://pausfood.co.id"
66.249.66.200 - - [12/Oct/2025:08:18:35 +0700] "GET /1bankanwebshop/cabinet/items4/500026382/500026382_02.jpg HTTP/1.1" 404 48977 "-" "Googlebot-Image/1.0"
77.237.247.195 - - [12/Oct/2025:08:19:23 +0700] "POST /wp-login.php HTTP/1.1" 200 7701 "-" "Mozilla/5.0"
18.139.143.38 - - [12/Oct/2025:08:21:08 +0700] "GET / HTTP/1.1" 499 0 "-" "synthetic-monitoring-agent/v0.14.3 (linux amd64; g64b8bab; +https://github.com/grafana/synthetic-monitoring-agent)"
16.78.0.23 - - [12/Oct/2025:08:21:09 +0700] "GET / HTTP/1.1" 499 0 "-" "synthetic-monitoring-agent/v0.14.3 (linux amd64; g64b8bab; +https://github.com/grafana/synthetic-monitoring-agent)"
178.128.86.151 - - [12/Oct/2025:08:21:14 +0700] "POST /wp-cron.php?doing_wp_cron=1760232074.7789599895477294921875 HTTP/1.1" 200 5 "-" "WordPress/6.6.4; https://pausfood.co.id"
18.139.143.38 - - [12/Oct/2025:08:26:08 +0700] "GET / HTTP/1.1" 499 0 "-" "synthetic-monitoring-agent/v0.14.3 (linux amd64; g64b8bab; +https://github.com/grafana/synthetic-monitoring-agent)"
178.128.86.151 - - [12/Oct/2025:08:26:15 +0700] "POST /wp-cron.php?doing_wp_cron=1760232375.0382790565490722656250 HTTP/1.1" 200 5 "-" "WordPress/6.6.4; https://pausfood.co.id"
178.128.86.151 - - [12/Oct/2025:08:48:38 +0700] "POST /wp-cron.php?doing_wp_cron=1760233718.7256739139556884765625 HTTP/1.1" 200 5 "-" "WordPress/6.6.4; https://pausfood.co.id"
66.249.66.202 - - [12/Oct/2025:08:48:41 +0700] "GET /1bankanwebshop/cabinet/items4/500026382/500026382_43.jpg HTTP/1.1" 404 48977 "-" "Googlebot-Image/1.0"
178.128.86.151 - - [12/Oct/2025:08:48:47 +0700] "POST /wp-cron.php HTTP/1.1" 200 5 "-" "WordPress/6.6.4; https://pausfood.co.id"
178.128.86.151 - - [12/Oct/2025:08:48:48 +0700] "POST /wp-admin/admin-ajax.php?action=apto_shield_scanqbuild&nonce=f8f3777967 HTTP/1.1" 499 0 "-" "WordPress/6.6.4; https://pausfood.co.id"
178.128.86.151 - - [12/Oct/2025:08:48:55 +0700] "POST /wp-cron.php HTTP/1.1" 200 5 "-" "WordPress/6.6.4; https://pausfood.co.id"
178.128.86.151 - - [12/Oct/2025:08:48:58 +0700] "POST /wp-admin/admin-ajax.php?action=apto_shield_scanq&nonce=aa5d2abd66 HTTP/1.1" 499 0 "-" "WordPress/6.6.4; https://pausfood.co.id"
178.128.86.151 - - [12/Oct/2025:08:49:00 +0700] "GET / HTTP/1.1" 499 0 "-" "WordPress/6.6.4; https://pausfood.co.id"
178.128.86.151 - - [12/Oct/2025:08:49:05 +0700] "GET / HTTP/1.1" 499 0 "-" "WordPress/6.6.4; https://pausfood.co.id"
178.128.86.151 - - [12/Oct/2025:08:49:10 +0700] "GET / HTTP/1.1" 499 0 "-" "WordPress/6.6.4; https://pausfood.co.id"
178.128.86.151 - - [12/Oct/2025:08:54:36 +0700] "POST /wp-cron.php?doing_wp_cron=1760234076.7873210906982421875000 HTTP/1.1" 200 5 "-" "WordPress/6.6.4; https://pausfood.co.id"
77.237.247.195 - - [12/Oct/2025:08:54:37 +0700] "POST /wp-login.php HTTP/1.1" 200 7701 "-" "Mozilla/5.0"
178.128.86.151 - - [12/Oct/2025:08:54:47 +0700] "POST /wp-cron.php HTTP/1.1" 200 5 "-" "WordPress/6.6.4; https://pausfood.co.id"
178.128.86.151 - - [12/Oct/2025:08:54:52 +0700] "GET / HTTP/1.1" 499 0 "-" "WordPress/6.6.4; https://pausfood.co.id"
178.128.86.151 - - [12/Oct/2025:08:54:57 +0700] "GET / HTTP/1.1" 499 0 "-" "WordPress/6.6.4; https://pausfood.co.id"
178.128.86.151 - - [12/Oct/2025:08:55:02 +0700] "GET / HTTP/1.1" 499 0 "-" "WordPress/6.6.4; https://pausfood.co.id"
206.206.93.184 - - [12/Oct/2025:08:57:01 +0700] "POST /wp-content/plugins/wp-peripheral-desk/index.php HTTP/1.1" 404 27 "https://pausfood.co.id" "Mozilla/5.0 (Windows NT 6.3; Win64; x64) AppleWebKit/537.36 (KHTML, like Gecko) Chrome/66.0.3409.162 Safari/537.36"
178.128.86.151 - - [12/Oct/2025:09:11:06 +0700] "POST /wp-cron.php?doing_wp_cron=1760235066.6734371185302734375000 HTTP/1.1" 200 5 "-" "WordPress/6.6.4; https://pausfood.co.id"
178.128.86.151 - - [12/Oct/2025:09:11:07 +0700] "POST /wp-cron.php?doing_wp_cron=1760235066.6734640598297119140625 HTTP/1.1" 499 0 "-" "WordPress/6.6.4; https://pausfood.co.id"
16.78.0.23 - - [12/Oct/2025:09:11:08 +0700] "GET / HTTP/1.1" 200 76297 "-" "synthetic-monitoring-agent/v0.14.3 (linux amd64; g64b8bab; +https://github.com/grafana/synthetic-monitoring-agent)"
18.139.143.38 - - [12/Oct/2025:09:11:08 +0700] "GET / HTTP/1.1" 200 15697 "-" "synthetic-monitoring-agent/v0.14.3 (linux amd64; g64b8bab; +https://github.com/grafana/synthetic-monitoring-agent)"
178.128.86.151 - - [12/Oct/2025:09:11:14 +0700] "POST /wp-admin/admin-ajax.php?action=wp_1_wc_privacy_cleanup&nonce=27e14a4dbf HTTP/1.1" 499 0 "-" "WordPress/6.6.4; https://pausfood.co.id"
178.128.86.151 - - [12/Oct/2025:09:16:07 +0700] "POST /wp-cron.php?doing_wp_cron=1760235367.8024170398712158203125 HTTP/1.1" 200 5 "-" "WordPress/6.6.4; https://pausfood.co.id"
18.139.143.38 - - [12/Oct/2025:09:16:08 +0700] "GET / HTTP/1.1" 200 15697 "-" "synthetic-monitoring-agent/v0.14.3 (linux amd64; g64b8bab; +https://github.com/grafana/synthetic-monitoring-agent)"
16.78.0.23 - - [12/Oct/2025:09:16:09 +0700] "GET / HTTP/1.1" 499 0 "-" "synthetic-monitoring-agent/v0.14.3 (linux amd64; g64b8bab; +https://github.com/grafana/synthetic-monitoring-agent)"
178.128.86.151 - - [12/Oct/2025:09:18:32 +0700] "POST /wp-cron.php?doing_wp_cron=1760235512.4467909336090087890625 HTTP/1.1" 200 5 "-" "WordPress/6.6.4; https://pausfood.co.id"
66.249.66.202 - - [12/Oct/2025:09:18:33 +0700] "GET /1bankanwebshop/cabinet/items4/500026382/500026382_19.jpg HTTP/1.1" 404 48977 "-" "Googlebot-Image/1.0"
178.128.86.151 - - [12/Oct/2025:09:21:08 +0700] "POST /wp-cron.php?doing_wp_cron=1760235667.9536430835723876953125 HTTP/1.1" 200 5 "-" "WordPress/6.6.4; https://pausfood.co.id"
18.139.143.38 - - [12/Oct/2025:09:21:08 +0700] "GET / HTTP/1.1" 499 0 "-" "synthetic-monitoring-agent/v0.14.3 (linux amd64; g64b8bab; +https://github.com/grafana/synthetic-monitoring-agent)"
16.78.0.23 - - [12/Oct/2025:09:21:09 +0700] "GET / HTTP/1.1" 499 0 "-" "synthetic-monitoring-agent/v0.14.3 (linux amd64; g64b8bab; +https://github.com/grafana/synthetic-monitoring-agent)"
178.128.86.151 - - [12/Oct/2025:09:26:05 +0700] "POST /wp-cron.php?doing_wp_cron=1760235965.5600750446319580078125 HTTP/1.1" 200 5 "-" "WordPress/6.6.4; https://pausfood.co.id"
18.139.143.38 - - [12/Oct/2025:09:26:07 +0700] "GET / HTTP/1.1" 200 76297 "-" "synthetic-monitoring-agent/v0.14.3 (linux amd64; g64b8bab; +https://github.com/grafana/synthetic-monitoring-agent)"
16.78.0.23 - - [12/Oct/2025:09:26:07 +0700] "GET / HTTP/1.1" 200 76297 "-" "synthetic-monitoring-agent/v0.14.3 (linux amd64; g64b8bab; +https://github.com/grafana/synthetic-monitoring-agent)"
178.128.86.151 - - [12/Oct/2025:09:30:19 +0700] "POST /wp-cron.php?doing_wp_cron=1760236219.1272890567779541015625 HTTP/1.1" 200 5 "-" "WordPress/6.6.4; https://pausfood.co.id"
77.237.247.195 - - [12/Oct/2025:09:30:19 +0700] "POST /wp-login.php HTTP/1.1" 200 7701 "-" "Mozilla/5.0"
178.128.86.151 - - [12/Oct/2025:09:30:33 +0700] "POST /wp-cron.php?doing_wp_cron=1760236233.0388350486755371093750 HTTP/1.1" 200 5 "-" "WordPress/6.6.4; https://pausfood.co.id"
51.68.111.202 - - [12/Oct/2025:09:30:33 +0700] "GET /robots.txt HTTP/1.1" 200 78 "-" "Mozilla/5.0 (compatible; MJ12bot/v2.0.4; http://mj12bot.com/)"
51.68.111.202 - - [12/Oct/2025:09:30:37 +0700] "GET / HTTP/1.1" 200 76303 "-" "Mozilla/5.0 (compatible; MJ12bot/v2.0.4; http://mj12bot.com/)"
18.139.143.38 - - [12/Oct/2025:09:31:08 +0700] "GET / HTTP/1.1" 499 0 "-" "synthetic-monitoring-agent/v0.14.3 (linux amd64; g64b8bab; +https://github.com/grafana/synthetic-monitoring-agent)"
16.78.0.23 - - [12/Oct/2025:09:31:09 +0700] "GET / HTTP/1.1" 499 0 "-" "synthetic-monitoring-agent/v0.14.3 (linux amd64; g64b8bab; +https://github.com/grafana/synthetic-monitoring-agent)"
178.128.86.151 - - [12/Oct/2025:09:32:56 +0700] "POST /wp-cron.php?doing_wp_cron=1760236376.4906609058380126953125 HTTP/1.1" 200 5 "-" "WordPress/6.6.4; https://pausfood.co.id"
66.249.66.202 - - [12/Oct/2025:09:32:57 +0700] "GET /p=1461080 HTTP/1.1" 404 48977 "-" "Mozilla/5.0 (Linux; Android 6.0.1; Nexus 5X Build/MMB29P) AppleWebKit/537.36 (KHTML, like Gecko) Chrome/140.0.7339.207 Mobile Safari/537.36 (compatible; Googlebot/2.1; +http://www.google.com/bot.html)"
178.128.86.151 - - [12/Oct/2025:09:36:04 +0700] "POST /wp-cron.php?doing_wp_cron=1760236564.7655909061431884765625 HTTP/1.1" 200 5 "-" "WordPress/6.6.4; https://pausfood.co.id"
18.139.143.38 - - [12/Oct/2025:09:36:06 +0700] "GET / HTTP/1.1" 200 76297 "-" "synthetic-monitoring-agent/v0.14.3 (linux amd64; g64b8bab; +https://github.com/grafana/synthetic-monitoring-agent)"
16.78.0.23 - - [12/Oct/2025:09:36:07 +0700] "GET / HTTP/1.1" 200 76303 "-" "synthetic-monitoring-agent/v0.14.3 (linux amd64; g64b8bab; +https://github.com/grafana/synthetic-monitoring-agent)"
178.128.86.151 - - [12/Oct/2025:09:41:06 +0700] "POST /wp-cron.php?doing_wp_cron=1760236866.5595679283142089843750 HTTP/1.1" 200 5 "-" "WordPress/6.6.4; https://pausfood.co.id"
16.78.0.23 - - [12/Oct/2025:09:41:08 +0700] "GET / HTTP/1.1" 200 76303 "-" "synthetic-monitoring-agent/v0.14.3 (linux amd64; g64b8bab; +https://github.com/grafana/synthetic-monitoring-agent)"
18.139.143.38 - - [12/Oct/2025:09:41:08 +0700] "GET / HTTP/1.1" 200 76303 "-" "synthetic-monitoring-agent/v0.14.3 (linux amd64; g64b8bab; +https://github.com/grafana/synthetic-monitoring-agent)"
178.128.86.151 - - [12/Oct/2025:09:46:06 +0700] "POST /wp-cron.php?doing_wp_cron=1760237166.0264639854431152343750 HTTP/1.1" 200 5 "-" "WordPress/6.6.4; https://pausfood.co.id"
18.139.143.38 - - [12/Oct/2025:09:46:07 +0700] "GET / HTTP/1.1" 200 76303 "-" "synthetic-monitoring-agent/v0.14.3 (linux amd64; g64b8bab; +https://github.com/grafana/synthetic-monitoring-agent)"
16.78.0.23 - - [12/Oct/2025:09:46:08 +0700] "GET / HTTP/1.1" 200 76297 "-" "synthetic-monitoring-agent/v0.14.3 (linux amd64; g64b8bab; +https://github.com/grafana/synthetic-monitoring-agent)"
178.128.86.151 - - [12/Oct/2025:09:48:30 +0700] "POST /wp-cron.php?doing_wp_cron=1760237310.1474320888519287109375 HTTP/1.1" 200 5 "-" "WordPress/6.6.4; https://pausfood.co.id"
66.249.66.201 - - [12/Oct/2025:09:48:31 +0700] "GET /1bankanwebshop/cabinet/items4/500026382/500026382_33.jpg HTTP/1.1" 404 48977 "-" "Googlebot-Image/1.0"
178.128.86.151 - - [12/Oct/2025:09:51:07 +0700] "POST /wp-cron.php?doing_wp_cron=1760237467.1934669017791748046875 HTTP/1.1" 200 5 "-" "WordPress/6.6.4; https://pausfood.co.id"
18.139.143.38 - - [12/Oct/2025:09:51:08 +0700] "GET / HTTP/1.1" 200 48465 "-" "synthetic-monitoring-agent/v0.14.3 (linux amd64; g64b8bab; +https://github.com/grafana/synthetic-monitoring-agent)"
16.78.0.23 - - [12/Oct/2025:09:51:09 +0700] "GET / HTTP/1.1" 499 0 "-" "synthetic-monitoring-agent/v0.14.3 (linux amd64; g64b8bab; +https://github.com/grafana/synthetic-monitoring-agent)"
178.128.86.151 - - [12/Oct/2025:09:56:04 +0700] "POST /wp-cron.php?doing_wp_cron=1760237764.5629000663757324218750 HTTP/1.1" 200 5 "-" "WordPress/6.6.4; https://pausfood.co.id"
18.139.143.38 - - [12/Oct/2025:09:56:06 +0700] "GET / HTTP/1.1" 200 76297 "-" "synthetic-monitoring-agent/v0.14.3 (linux amd64; g64b8bab; +https://github.com/grafana/synthetic-monitoring-agent)"
16.78.0.23 - - [12/Oct/2025:09:56:06 +0700] "GET / HTTP/1.1" 200 76297 "-" "synthetic-monitoring-agent/v0.14.3 (linux amd64; g64b8bab; +https://github.com/grafana/synthetic-monitoring-agent)"
178.128.86.151 - - [12/Oct/2025:10:01:07 +0700] "POST /wp-cron.php?doing_wp_cron=1760238067.8910229206085205078125 HTTP/1.1" 200 5 "-" "WordPress/6.6.4; https://pausfood.co.id"
18.139.143.38 - - [12/Oct/2025:10:01:08 +0700] "GET / HTTP/1.1" 499 0 "-" "synthetic-monitoring-agent/v0.14.3 (linux amd64; g64b8bab; +https://github.com/grafana/synthetic-monitoring-agent)"
16.78.0.23 - - [12/Oct/2025:10:01:09 +0700] "GET / HTTP/1.1" 499 0 "-" "synthetic-monitoring-agent/v0.14.3 (linux amd64; g64b8bab; +https://github.com/grafana/synthetic-monitoring-agent)"
43.157.95.239 - - [12/Oct/2025:10:01:24 +0700] "GET / HTTP/1.1" 200 76297 "http://pausfood.co.id" "Mozilla/5.0 (iPhone; CPU iPhone OS 13_2_3 like Mac OS X) AppleWebKit/605.1.15 (KHTML, like Gecko) Version/13.0.3 Mobile/15E148 Safari/604.1"
178.128.86.151 - - [12/Oct/2025:10:06:00 +0700] "POST /wp-cron.php?doing_wp_cron=1760238360.1236460208892822265625 HTTP/1.1" 200 5 "-" "WordPress/6.6.4; https://pausfood.co.id"
66.249.66.201 - - [12/Oct/2025:10:06:01 +0700] "GET /1bankanwebshop/cabinet/items4/500026382/500026382_16.jpg HTTP/1.1" 404 48977 "-" "Googlebot-Image/1.0"
77.237.247.195 - - [12/Oct/2025:10:06:03 +0700] "POST /wp-login.php HTTP/1.1" 200 7701 "-" "Mozilla/5.0"
18.139.143.38 - - [12/Oct/2025:10:06:08 +0700] "GET / HTTP/1.1" 499 0 "-" "synthetic-monitoring-agent/v0.14.3 (linux amd64; g64b8bab; +https://github.com/grafana/synthetic-monitoring-agent)"
16.78.0.23 - - [12/Oct/2025:10:06:09 +0700] "GET / HTTP/1.1" 499 0 "-" "synthetic-monitoring-agent/v0.14.3 (linux amd64; g64b8bab; +https://github.com/grafana/synthetic-monitoring-agent)"
178.128.86.151 - - [12/Oct/2025:10:11:05 +0700] "POST /wp-cron.php?doing_wp_cron=1760238665.4745900630950927734375 HTTP/1.1" 200 5 "-" "WordPress/6.6.4; https://pausfood.co.id"
18.139.143.38 - - [12/Oct/2025:10:11:06 +0700] "GET / HTTP/1.1" 200 76297 "-" "synthetic-monitoring-agent/v0.14.3 (linux amd64; g64b8bab; +https://github.com/grafana/synthetic-monitoring-agent)"
16.78.0.23 - - [12/Oct/2025:10:11:07 +0700] "GET / HTTP/1.1" 200 76297 "-" "synthetic-monitoring-agent/v0.14.3 (linux amd64; g64b8bab; +https://github.com/grafana/synthetic-monitoring-agent)"
178.128.86.151 - - [12/Oct/2025:10:16:06 +0700] "POST /wp-cron.php?doing_wp_cron=1760238966.0608971118927001953125 HTTP/1.1" 200 5 "-" "WordPress/6.6.4; https://pausfood.co.id"
18.139.143.38 - - [12/Oct/2025:10:16:07 +0700] "GET / HTTP/1.1" 200 76297 "-" "synthetic-monitoring-agent/v0.14.3 (linux amd64; g64b8bab; +https://github.com/grafana/synthetic-monitoring-agent)"
16.78.0.23 - - [12/Oct/2025:10:16:09 +0700] "GET / HTTP/1.1" 200 15697 "-" "synthetic-monitoring-agent/v0.14.3 (linux amd64; g64b8bab; +https://github.com/grafana/synthetic-monitoring-agent)"
178.128.86.151 - - [12/Oct/2025:10:18:06 +0700] "POST /wp-cron.php?doing_wp_cron=1760239086.2277250289916992187500 HTTP/1.1" 200 5 "-" "WordPress/6.6.4; https://pausfood.co.id"
182.42.105.144 - - [12/Oct/2025:10:18:07 +0700] "GET / HTTP/1.1" 200 76297 "http://pausfood.co.id" "Mozilla/5.0 (iPhone; CPU iPhone OS 13_2_3 like Mac OS X) AppleWebKit/605.1.15 (KHTML, like Gecko) Version/13.0.3 Mobile/15E148 Safari/604.1"
178.128.86.151 - - [12/Oct/2025:10:20:58 +0700] "POST /wp-cron.php?doing_wp_cron=1760239257.9756269454956054687500 HTTP/1.1" 200 5 "-" "WordPress/6.6.4; https://pausfood.co.id"
168.121.178.32 - - [12/Oct/2025:10:20:58 +0700] "GET /?a=93567118176903&channel=f6b52b&from=blog.php?id%3D1181769-15535%26name%3D%E3%83%A1%E3%82%BF%E3%83%AB%E3%83%9E%E3%83%AB28+g+%E3%83%92%E3%83%A9%E3%83%A1%E3%82%AD%E3%82%B8%E3%82%B030g+%E3%83%96%E3%83%AA%E3%83%BC%E3%83%87%E3%83%B3+%E3%82%B8%E3%83%A3%E3%83%B3%E3%83%97%E3%83%A9%E3%82%A4%E3%82%BA+%E3%83%AB%E3%82%A2%E3%83%BC HTTP/1.1" 301 5 "https://pausfood.co.id/" "Mozilla/5.0 (Windows NT 10.0; Win64; x64) AppleWebKit/537.36 (KHTML, like Gecko) Chrome/134.0.0.0 Safari/537.36"
18.139.143.38 - - [12/Oct/2025:10:21:08 +0700] "GET / HTTP/1.1" 499 0 "-" "synthetic-monitoring-agent/v0.14.3 (linux amd64; g64b8bab; +https://github.com/grafana/synthetic-monitoring-agent)"
16.78.0.23 - - [12/Oct/2025:10:21:09 +0700] "GET / HTTP/1.1" 499 0 "-" "synthetic-monitoring-agent/v0.14.3 (linux amd64; g64b8bab; +https://github.com/grafana/synthetic-monitoring-agent)"
18.139.143.38 - - [12/Oct/2025:10:26:08 +0700] "GET / HTTP/1.1" 499 0 "-" "synthetic-monitoring-agent/v0.14.3 (linux amd64; g64b8bab; +https://github.com/grafana/synthetic-monitoring-agent)"
16.78.0.23 - - [12/Oct/2025:10:26:09 +0700] "GET / HTTP/1.1" 499 0 "-" "synthetic-monitoring-agent/v0.14.3 (linux amd64; g64b8bab; +https://github.com/grafana/synthetic-monitoring-agent)"
178.128.86.151 - - [12/Oct/2025:10:26:10 +0700] "POST /wp-cron.php?doing_wp_cron=1760239570.5989120006561279296875 HTTP/1.1" 200 5 "-" "WordPress/6.6.4; https://pausfood.co.id"
178.128.86.151 - - [12/Oct/2025:10:31:05 +0700] "POST /wp-cron.php?doing_wp_cron=1760239865.3826739788055419921875 HTTP/1.1" 200 5 "-" "WordPress/6.6.4; https://pausfood.co.id"
18.139.143.38 - - [12/Oct/2025:10:31:06 +0700] "GET / HTTP/1.1" 200 76297 "-" "synthetic-monitoring-agent/v0.14.3 (linux amd64; g64b8bab; +https://github.com/grafana/synthetic-monitoring-agent)"
16.78.0.23 - - [12/Oct/2025:10:31:07 +0700] "GET / HTTP/1.1" 200 76297 "-" "synthetic-monitoring-agent/v0.14.3 (linux amd64; g64b8bab; +https://github.com/grafana/synthetic-monitoring-agent)"
178.128.86.151 - - [12/Oct/2025:10:33:29 +0700] "POST /wp-cron.php?doing_wp_cron=1760240009.7664310932159423828125 HTTP/1.1" 200 5 "-" "WordPress/6.6.4; https://pausfood.co.id"
66.249.66.202 - - [12/Oct/2025:10:33:30 +0700] "GET /1bankanwebshop/cabinet/items4/500026382/500026382_27.jpg HTTP/1.1" 404 48977 "-" "Googlebot-Image/1.0"
178.128.86.151 - - [12/Oct/2025:10:36:04 +0700] "POST /wp-cron.php?doing_wp_cron=1760240164.6120998859405517578125 HTTP/1.1" 200 5 "-" "WordPress/6.6.4; https://pausfood.co.id"
18.139.143.38 - - [12/Oct/2025:10:36:06 +0700] "GET / HTTP/1.1" 200 76303 "-" "synthetic-monitoring-agent/v0.14.3 (linux amd64; g64b8bab; +https://github.com/grafana/synthetic-monitoring-agent)"
16.78.0.23 - - [12/Oct/2025:10:36:07 +0700] "GET / HTTP/1.1" 200 76297 "-" "synthetic-monitoring-agent/v0.14.3 (linux amd64; g64b8bab; +https://github.com/grafana/synthetic-monitoring-agent)"
178.128.86.151 - - [12/Oct/2025:10:41:07 +0700] "POST /wp-cron.php?doing_wp_cron=1760240467.8917970657348632812500 HTTP/1.1" 200 5 "-" "WordPress/6.6.4; https://pausfood.co.id"
18.139.143.38 - - [12/Oct/2025:10:41:08 +0700] "GET / HTTP/1.1" 200 15697 "-" "synthetic-monitoring-agent/v0.14.3 (linux amd64; g64b8bab; +https://github.com/grafana/synthetic-monitoring-agent)"
16.78.0.23 - - [12/Oct/2025:10:41:09 +0700] "GET / HTTP/1.1" 499 0 "-" "synthetic-monitoring-agent/v0.14.3 (linux amd64; g64b8bab; +https://github.com/grafana/synthetic-monitoring-agent)"
77.237.247.195 - - [12/Oct/2025:10:41:20 +0700] "POST /wp-login.php HTTP/1.1" 200 7701 "-" "Mozilla/5.0"
178.128.86.151 - - [12/Oct/2025:10:46:02 +0700] "POST /wp-cron.php?doing_wp_cron=1760240762.5938460826873779296875 HTTP/1.1" 200 5 "-" "WordPress/6.6.4; https://pausfood.co.id"
18.139.143.38 - - [12/Oct/2025:10:46:03 +0700] "GET / HTTP/1.1" 200 76303 "-" "synthetic-monitoring-agent/v0.14.3 (linux amd64; g64b8bab; +https://github.com/grafana/synthetic-monitoring-agent)"
16.78.0.23 - - [12/Oct/2025:10:46:04 +0700] "GET / HTTP/1.1" 200 76303 "-" "synthetic-monitoring-agent/v0.14.3 (linux amd64; g64b8bab; +https://github.com/grafana/synthetic-monitoring-agent)"
178.128.86.151 - - [12/Oct/2025:10:48:29 +0700] "POST /wp-cron.php?doing_wp_cron=1760240909.0320999622344970703125 HTTP/1.1" 200 5 "-" "WordPress/6.6.4; https://pausfood.co.id"
66.249.66.201 - - [12/Oct/2025:10:48:29 +0700] "GET /1bankanwebshop/cabinet/items4/500026382/500026382_40.jpg HTTP/1.1" 404 48977 "-" "Googlebot-Image/1.0"
178.128.86.151 - - [12/Oct/2025:10:51:04 +0700] "POST /wp-cron.php?doing_wp_cron=1760241064.4879610538482666015625 HTTP/1.1" 200 5 "-" "WordPress/6.6.4; https://pausfood.co.id"
18.139.143.38 - - [12/Oct/2025:10:51:05 +0700] "GET / HTTP/1.1" 200 76297 "-" "synthetic-monitoring-agent/v0.14.3 (linux amd64; g64b8bab; +https://github.com/grafana/synthetic-monitoring-agent)"
16.78.0.23 - - [12/Oct/2025:10:51:06 +0700] "GET / HTTP/1.1" 200 76297 "-" "synthetic-monitoring-agent/v0.14.3 (linux amd64; g64b8bab; +https://github.com/grafana/synthetic-monitoring-agent)"
178.128.86.151 - - [12/Oct/2025:10:56:04 +0700] "POST /wp-cron.php?doing_wp_cron=1760241364.7690370082855224609375 HTTP/1.1" 200 5 "-" "WordPress/6.6.4; https://pausfood.co.id"
18.139.143.38 - - [12/Oct/2025:10:56:06 +0700] "GET / HTTP/1.1" 200 76297 "-" "synthetic-monitoring-agent/v0.14.3 (linux amd64; g64b8bab; +https://github.com/grafana/synthetic-monitoring-agent)"
16.78.0.23 - - [12/Oct/2025:10:56:07 +0700] "GET / HTTP/1.1" 200 76297 "-" "synthetic-monitoring-agent/v0.14.3 (linux amd64; g64b8bab; +https://github.com/grafana/synthetic-monitoring-agent)"
178.128.86.151 - - [12/Oct/2025:11:01:06 +0700] "POST /wp-cron.php?doing_wp_cron=1760241665.9988899230957031250000 HTTP/1.1" 200 5 "-" "WordPress/6.6.4; https://pausfood.co.id"
18.139.143.38 - - [12/Oct/2025:11:01:07 +0700] "GET / HTTP/1.1" 200 76303 "-" "synthetic-monitoring-agent/v0.14.3 (linux amd64; g64b8bab; +https://github.com/grafana/synthetic-monitoring-agent)"
16.78.0.23 - - [12/Oct/2025:11:01:08 +0700] "GET / HTTP/1.1" 200 76297 "-" "synthetic-monitoring-agent/v0.14.3 (linux amd64; g64b8bab; +https://github.com/grafana/synthetic-monitoring-agent)"
178.128.86.151 - - [12/Oct/2025:11:01:41 +0700] "POST /wp-cron.php?doing_wp_cron=1760241701.4823520183563232421875 HTTP/1.1" 200 5 "-" "WordPress/6.6.4; https://pausfood.co.id"
177.184.151.157 - - [12/Oct/2025:11:01:41 +0700] "GET /?a=5383236203200&channel=11ef54&from=article.php?id%3D362032-5964%26name%3D%5B4%E7%AE%B1%5D+%E3%83%95%E3%82%A7%E3%83%AC%E3%83%AD+%E3%83%AD%E3%82%B7%E3%82%A7(FERRERO+ROCHER)+T-30+%E3%83%81%E3%83%A7%E3%82%B3%E3%83%AC%E3%83%BC%E3%83%88+30%E7%B2%92 HTTP/1.1" 301 5 "https://pausfood.co.id/" "Mozilla/5.0 (Windows NT 10.0; Win64; x64) AppleWebKit/537.36 (KHTML, like Gecko) Chrome/135.0.0.0 Safari/537.36"
177.148.252.67 - - [12/Oct/2025:11:01:49 +0700] "GET /?a=5383236203200&channel=11ef54&from=article.php?id%3D362032-5964%26name%3D%5B4%E7%AE%B1%5D%20%E3%83%95%E3%82%A7%E3%83%AC%E3%83%AD%20%E3%83%AD%E3%82%B7%E3%82%A7(FERRERO%20ROCHER)%20T-30%20%E3%83%81%E3%83%A7%E3%82%B3%E3%83%AC%E3%83%BC%E3%83%88%2030%E7%B2%92 HTTP/1.1" 301 5 "https://pausfood.co.id/" "Mozilla/5.0 (Windows NT 10.0; Win64; x64) AppleWebKit/537.36 (KHTML, like Gecko) Chrome/135.0.0.0 Safari/537.36"
178.128.86.151 - - [12/Oct/2025:11:04:00 +0700] "POST /wp-cron.php?doing_wp_cron=1760241840.7489719390869140625000 HTTP/1.1" 200 5 "-" "WordPress/6.6.4; https://pausfood.co.id"
66.249.66.201 - - [12/Oct/2025:11:04:01 +0700] "GET /1bankanwebshop/cabinet/items4/500026382/500026382_17.jpg HTTP/1.1" 404 48977 "-" "Googlebot-Image/1.0"
66.249.66.201 - - [12/Oct/2025:11:04:30 +0700] "GET /1bankanwebshop/cabinet/items4/500026382/500026382_25.jpg HTTP/1.1" 404 48977 "-" "Googlebot-Image/1.0"
178.128.86.151 - - [12/Oct/2025:11:06:07 +0700] "POST /wp-cron.php?doing_wp_cron=1760241967.7364990711212158203125 HTTP/1.1" 200 5 "-" "WordPress/6.6.4; https://pausfood.co.id"
18.139.143.38 - - [12/Oct/2025:11:06:08 +0700] "GET / HTTP/1.1" 499 0 "-" "synthetic-monitoring-agent/v0.14.3 (linux amd64; g64b8bab; +https://github.com/grafana/synthetic-monitoring-agent)"
16.78.0.23 - - [12/Oct/2025:11:06:09 +0700] "GET / HTTP/1.1" 499 0 "-" "synthetic-monitoring-agent/v0.14.3 (linux amd64; g64b8bab; +https://github.com/grafana/synthetic-monitoring-agent)"
178.128.86.151 - - [12/Oct/2025:11:11:07 +0700] "POST /wp-cron.php?doing_wp_cron=1760242267.1218829154968261718750 HTTP/1.1" 200 5 "-" "WordPress/6.6.4; https://pausfood.co.id"
18.139.143.38 - - [12/Oct/2025:11:11:08 +0700] "GET / HTTP/1.1" 200 76303 "-" "synthetic-monitoring-agent/v0.14.3 (linux amd64; g64b8bab; +https://github.com/grafana/synthetic-monitoring-agent)"
16.78.0.23 - - [12/Oct/2025:11:11:09 +0700] "GET / HTTP/1.1" 499 0 "-" "synthetic-monitoring-agent/v0.14.3 (linux amd64; g64b8bab; +https://github.com/grafana/synthetic-monitoring-agent)"
178.128.86.151 - - [12/Oct/2025:11:14:22 +0700] "POST /wp-cron.php?doing_wp_cron=1760242461.9654870033264160156250 HTTP/1.1" 200 5 "-" "WordPress/6.6.4; https://pausfood.co.id"
40.77.167.17 - - [12/Oct/2025:11:14:22 +0700] "GET /team/ HTTP/1.1" 200 52516 "-" "Mozilla/5.0 AppleWebKit/537.36 (KHTML, like Gecko; compatible; bingbot/2.0; +http://www.bing.com/bingbot.htm) Chrome/116.0.1938.76 Safari/537.36"
178.128.86.151 - - [12/Oct/2025:11:16:07 +0700] "POST /wp-cron.php?doing_wp_cron=1760242567.2139170169830322265625 HTTP/1.1" 200 5 "-" "WordPress/6.6.4; https://pausfood.co.id"
18.139.143.38 - - [12/Oct/2025:11:16:08 +0700] "GET / HTTP/1.1" 200 64849 "-" "synthetic-monitoring-agent/v0.14.3 (linux amd64; g64b8bab; +https://github.com/grafana/synthetic-monitoring-agent)"
16.78.0.23 - - [12/Oct/2025:11:16:09 +0700] "GET / HTTP/1.1" 499 0 "-" "synthetic-monitoring-agent/v0.14.3 (linux amd64; g64b8bab; +https://github.com/grafana/synthetic-monitoring-agent)"
178.128.86.151 - - [12/Oct/2025:11:17:18 +0700] "POST /wp-cron.php?doing_wp_cron=1760242638.0268828868865966796875 HTTP/1.1" 200 5 "-" "WordPress/6.6.4; https://pausfood.co.id"
77.237.247.195 - - [12/Oct/2025:11:17:18 +0700] "POST /wp-login.php HTTP/1.1" 200 7701 "-" "Mozilla/5.0"
178.128.86.151 - - [12/Oct/2025:11:18:59 +0700] "POST /wp-cron.php?doing_wp_cron=1760242739.9067740440368652343750 HTTP/1.1" 200 5 "-" "WordPress/6.6.4; https://pausfood.co.id"
66.249.66.202 - - [12/Oct/2025:11:19:00 +0700] "GET /1bankanwebshop/cabinet/items4/500026382/500026382_26.jpg HTTP/1.1" 404 48977 "-" "Googlebot-Image/1.0"
178.128.86.151 - - [12/Oct/2025:11:21:04 +0700] "POST /wp-cron.php?doing_wp_cron=1760242864.7113969326019287109375 HTTP/1.1" 200 5 "-" "WordPress/6.6.4; https://pausfood.co.id"
18.139.143.38 - - [12/Oct/2025:11:21:06 +0700] "GET / HTTP/1.1" 200 76297 "-" "synthetic-monitoring-agent/v0.14.3 (linux amd64; g64b8bab; +https://github.com/grafana/synthetic-monitoring-agent)"
16.78.0.23 - - [12/Oct/2025:11:21:08 +0700] "GET / HTTP/1.1" 200 76297 "-" "synthetic-monitoring-agent/v0.14.3 (linux amd64; g64b8bab; +https://github.com/grafana/synthetic-monitoring-agent)"
178.128.86.151 - - [12/Oct/2025:11:26:03 +0700] "POST /wp-cron.php?doing_wp_cron=1760243163.7256739139556884765625 HTTP/1.1" 200 5 "-" "WordPress/6.6.4; https://pausfood.co.id"
18.139.143.38 - - [12/Oct/2025:11:26:05 +0700] "GET / HTTP/1.1" 200 76297 "-" "synthetic-monitoring-agent/v0.14.3 (linux amd64; g64b8bab; +https://github.com/grafana/synthetic-monitoring-agent)"
16.78.0.23 - - [12/Oct/2025:11:26:06 +0700] "GET / HTTP/1.1" 200 76297 "-" "synthetic-monitoring-agent/v0.14.3 (linux amd64; g64b8bab; +https://github.com/grafana/synthetic-monitoring-agent)"
178.128.86.151 - - [12/Oct/2025:11:31:08 +0700] "POST /wp-cron.php?doing_wp_cron=1760243468.2064759731292724609375 HTTP/1.1" 200 5 "-" "WordPress/6.6.4; https://pausfood.co.id"
18.139.143.38 - - [12/Oct/2025:11:31:08 +0700] "GET / HTTP/1.1" 499 0 "-" "synthetic-monitoring-agent/v0.14.3 (linux amd64; g64b8bab; +https://github.com/grafana/synthetic-monitoring-agent)"
16.78.0.23 - - [12/Oct/2025:11:31:09 +0700] "GET / HTTP/1.1" 499 0 "-" "synthetic-monitoring-agent/v0.14.3 (linux amd64; g64b8bab; +https://github.com/grafana/synthetic-monitoring-agent)"
178.128.86.151 - - [12/Oct/2025:11:33:29 +0700] "POST /wp-cron.php?doing_wp_cron=1760243609.6298880577087402343750 HTTP/1.1" 200 5 "-" "WordPress/6.6.4; https://pausfood.co.id"
66.249.66.200 - - [12/Oct/2025:11:33:30 +0700] "GET /1bankanwebshop/cabinet/items4/500026382/500026382_14.jpg HTTP/1.1" 404 48977 "-" "Googlebot-Image/1.0"
178.128.86.151 - - [12/Oct/2025:11:36:05 +0700] "POST /wp-cron.php?doing_wp_cron=1760243765.5119750499725341796875 HTTP/1.1" 200 5 "-" "WordPress/6.6.4; https://pausfood.co.id"
18.139.143.38 - - [12/Oct/2025:11:36:07 +0700] "GET / HTTP/1.1" 200 76297 "-" "synthetic-monitoring-agent/v0.14.3 (linux amd64; g64b8bab; +https://github.com/grafana/synthetic-monitoring-agent)"
16.78.0.23 - - [12/Oct/2025:11:36:07 +0700] "GET / HTTP/1.1" 200 76297 "-" "synthetic-monitoring-agent/v0.14.3 (linux amd64; g64b8bab; +https://github.com/grafana/synthetic-monitoring-agent)"
178.128.86.151 - - [12/Oct/2025:11:41:02 +0700] "POST /wp-cron.php?doing_wp_cron=1760244062.5243620872497558593750 HTTP/1.1" 200 5 "-" "WordPress/6.6.4; https://pausfood.co.id"
18.139.143.38 - - [12/Oct/2025:11:41:03 +0700] "GET / HTTP/1.1" 200 76297 "-" "synthetic-monitoring-agent/v0.14.3 (linux amd64; g64b8bab; +https://github.com/grafana/synthetic-monitoring-agent)"
16.78.0.23 - - [12/Oct/2025:11:41:04 +0700] "GET / HTTP/1.1" 200 76297 "-" "synthetic-monitoring-agent/v0.14.3 (linux amd64; g64b8bab; +https://github.com/grafana/synthetic-monitoring-agent)"
178.128.86.151 - - [12/Oct/2025:11:42:13 +0700] "POST /wp-cron.php?doing_wp_cron=1760244133.4729769229888916015625 HTTP/1.1" 200 5 "-" "WordPress/6.6.4; https://pausfood.co.id"
201.11.235.54 - - [12/Oct/2025:11:42:13 +0700] "GET /?a=94010144626003&channel=bff9df&from=pin.php?id%3D1446260-17384%26name%3D%E3%81%94%E5%AE%B6%E5%BA%AD%E3%81%A7%E6%9C%AC%E6%A0%BC%E7%9A%84%E3%81%AA%E3%81%8A%E5%BA%97%E3%81%AE%E5%91%B3+%E6%97%A5%E7%94%B0%E3%82%84%E3%81%8D%E3%81%9D%E3%81%B0+2%E9%A3%9F%E5%85%A5%E3%82%8A(%E9%BA%BA100g%C3%972/%E3%82%BD%E3%83%BC%E3%82%B980ml)+%E4%BA%8C%E4%BA%BA%E5%89%8D%C3%973%E5%80%8B%E3%82%BB%E3%83%83%E3%83%88+%E8%87%AA%E5%AE%B6%E8%A3%BD%E3%82%BD%E3%83%BC%E3%82%B9%E4%BB%98%E3%81%8D+%E3%83%9E%E3%83%AB%E3%83%8A%E3%82%AB%E3%83%BB%E3%83%95%E3%83%BC%E3%82%BA HTTP/1.1" 301 5 "https://pausfood.co.id/" "Mozilla/5.0 (Macintosh; Intel Mac OS X 10_15_7) AppleWebKit/605.1.15 (KHTML, like Gecko) Version/18.1.1 Safari/605.1.15"
54.39.210.81 - - [12/Oct/2025:11:42:18 +0700] "GET /robots.txt HTTP/1.1" 200 78 "-" "Mozilla/5.0 (compatible; AhrefsBot/7.0; +http://ahrefs.com/robot/)"
198.244.242.11 - - [12/Oct/2025:11:42:22 +0700] "GET /?frutin_header=header-three HTTP/1.1" 200 59727 "-" "Mozilla/5.0 (compatible; AhrefsBot/7.0; +http://ahrefs.com/robot/)"
189.84.176.179 - - [12/Oct/2025:11:42:23 +0700] "GET /?a=94010144626003&channel=bff9df&from=pin.php?id%3D1446260-17384%26name%3D%E3%81%94%E5%AE%B6%E5%BA%AD%E3%81%A7%E6%9C%AC%E6%A0%BC%E7%9A%84%E3%81%AA%E3%81%8A%E5%BA%97%E3%81%AE%E5%91%B3%20%E6%97%A5%E7%94%B0%E3%82%84%E3%81%8D%E3%81%9D%E3%81%B0%202%E9%A3%9F%E5%85%A5%E3%82%8A(%E9%BA%BA100g%C3%972/%E3%82%BD%E3%83%BC%E3%82%B980ml)%20%E4%BA%8C%E4%BA%BA%E5%89%8D%C3%973%E5%80%8B%E3%82%BB%E3%83%83%E3%83%88%20%E8%87%AA%E5%AE%B6%E8%A3%BD%E3%82%BD%E3%83%BC%E3%82%B9%E4%BB%98%E3%81%8D%20%E3%83%9E%E3%83%AB%E3%83%8A%E3%82%AB%E3%83%BB%E3%83%95%E3%83%BC%E3%82%BA HTTP/1.1" 301 5 "https://pausfood.co.id/" "Mozilla/5.0 (Macintosh; Intel Mac OS X 10_15_7) AppleWebKit/605.1.15 (KHTML, like Gecko) Version/18.1.1 Safari/605.1.15"
178.128.86.151 - - [12/Oct/2025:11:46:00 +0700] "POST /wp-cron.php?doing_wp_cron=1760244360.1913640499114990234375 HTTP/1.1" 200 5 "-" "WordPress/6.6.4; https://pausfood.co.id"
18.139.143.38 - - [12/Oct/2025:11:46:01 +0700] "GET / HTTP/1.1" 200 76303 "-" "synthetic-monitoring-agent/v0.14.3 (linux amd64; g64b8bab; +https://github.com/grafana/synthetic-monitoring-agent)"
16.78.0.23 - - [12/Oct/2025:11:46:01 +0700] "GET / HTTP/1.1" 200 76303 "-" "synthetic-monitoring-agent/v0.14.3 (linux amd64; g64b8bab; +https://github.com/grafana/synthetic-monitoring-agent)"
178.128.86.151 - - [12/Oct/2025:11:48:29 +0700] "POST /wp-cron.php?doing_wp_cron=1760244509.3572859764099121093750 HTTP/1.1" 200 5 "-" "WordPress/6.6.4; https://pausfood.co.id"
66.249.66.202 - - [12/Oct/2025:11:48:30 +0700] "GET /1bankanwebshop/cabinet/items4/500026382/500026382_20.jpg HTTP/1.1" 404 48977 "-" "Googlebot-Image/1.0"
178.128.86.151 - - [12/Oct/2025:11:49:58 +0700] "POST /wp-cron.php?doing_wp_cron=1760244598.7803630828857421875000 HTTP/1.1" 200 5 "-" "WordPress/6.6.4; https://pausfood.co.id"
66.249.66.200 - - [12/Oct/2025:11:50:00 +0700] "GET /1bankanwebshop/cabinet/items4/500026382/500026382_13.jpg HTTP/1.1" 404 48977 "-" "Googlebot-Image/1.0"
178.128.86.151 - - [12/Oct/2025:11:51:01 +0700] "POST /wp-cron.php?doing_wp_cron=1760244661.1265559196472167968750 HTTP/1.1" 200 5 "-" "WordPress/6.6.4; https://pausfood.co.id"
18.139.143.38 - - [12/Oct/2025:11:51:02 +0700] "GET / HTTP/1.1" 200 76303 "-" "synthetic-monitoring-agent/v0.14.3 (linux amd64; g64b8bab; +https://github.com/grafana/synthetic-monitoring-agent)"
16.78.0.23 - - [12/Oct/2025:11:51:02 +0700] "GET / HTTP/1.1" 200 76303 "-" "synthetic-monitoring-agent/v0.14.3 (linux amd64; g64b8bab; +https://github.com/grafana/synthetic-monitoring-agent)"
178.128.86.151 - - [12/Oct/2025:11:53:31 +0700] "POST /wp-cron.php?doing_wp_cron=1760244811.3541209697723388671875 HTTP/1.1" 200 5 "-" "WordPress/6.6.4; https://pausfood.co.id"
77.237.247.195 - - [12/Oct/2025:11:53:31 +0700] "POST /wp-login.php HTTP/1.1" 200 7701 "-" "Mozilla/5.0"
178.128.86.151 - - [12/Oct/2025:11:56:03 +0700] "POST /wp-cron.php?doing_wp_cron=1760244963.9147820472717285156250 HTTP/1.1" 200 5 "-" "WordPress/6.6.4; https://pausfood.co.id"
18.139.143.38 - - [12/Oct/2025:11:56:04 +0700] "GET / HTTP/1.1" 200 76303 "-" "synthetic-monitoring-agent/v0.14.3 (linux amd64; g64b8bab; +https://github.com/grafana/synthetic-monitoring-agent)"
16.78.0.23 - - [12/Oct/2025:11:56:05 +0700] "GET / HTTP/1.1" 200 76303 "-" "synthetic-monitoring-agent/v0.14.3 (linux amd64; g64b8bab; +https://github.com/grafana/synthetic-monitoring-agent)"
178.128.86.151 - - [12/Oct/2025:11:56:13 +0700] "POST /wp-cron.php?doing_wp_cron=1760244973.7664449214935302734375 HTTP/1.1" 200 5 "-" "WordPress/6.6.4; https://pausfood.co.id"
66.249.66.202 - - [12/Oct/2025:11:56:14 +0700] "GET /1bankanwebshop/cabinet/items4/500026382/500026382_38.jpg HTTP/1.1" 404 48977 "-" "Googlebot-Image/1.0"
178.128.86.151 - - [12/Oct/2025:12:01:00 +0700] "POST /wp-cron.php?doing_wp_cron=1760245260.9259328842163085937500 HTTP/1.1" 200 5 "-" "WordPress/6.6.4; https://pausfood.co.id"
66.249.66.202 - - [12/Oct/2025:12:01:02 +0700] "GET /1bankanwebshop/cabinet/items4/500026382/500026382_36.jpg HTTP/1.1" 404 48977 "-" "Googlebot-Image/1.0"
18.139.143.38 - - [12/Oct/2025:12:01:04 +0700] "GET / HTTP/1.1" 200 76303 "-" "synthetic-monitoring-agent/v0.14.3 (linux amd64; g64b8bab; +https://github.com/grafana/synthetic-monitoring-agent)"
16.78.0.23 - - [12/Oct/2025:12:01:06 +0700] "GET / HTTP/1.1" 200 76303 "-" "synthetic-monitoring-agent/v0.14.3 (linux amd64; g64b8bab; +https://github.com/grafana/synthetic-monitoring-agent)"
18.139.143.38 - - [12/Oct/2025:12:06:08 +0700] "GET / HTTP/1.1" 499 0 "-" "synthetic-monitoring-agent/v0.14.3 (linux amd64; g64b8bab; +https://github.com/grafana/synthetic-monitoring-agent)"
16.78.0.23 - - [12/Oct/2025:12:06:09 +0700] "GET / HTTP/1.1" 499 0 "-" "synthetic-monitoring-agent/v0.14.3 (linux amd64; g64b8bab; +https://github.com/grafana/synthetic-monitoring-agent)"
178.128.86.151 - - [12/Oct/2025:12:06:09 +0700] "POST /wp-cron.php?doing_wp_cron=1760245569.7604439258575439453125 HTTP/1.1" 200 5 "-" "WordPress/6.6.4; https://pausfood.co.id"
178.128.86.151 - - [12/Oct/2025:12:09:59 +0700] "POST /wp-cron.php?doing_wp_cron=1760245798.9615581035614013671875 HTTP/1.1" 200 5 "-" "WordPress/6.6.4; https://pausfood.co.id"
193.202.10.38 - - [12/Oct/2025:12:09:59 +0700] "POST /xmlrpc.php HTTP/1.1" 200 415 "-" "Mozilla/5.0 (Linux; Android 10; RMX1921) AppleWebKit/537.36 (KHTML, like Gecko) Chrome/84.0.4147.125 Mobile Safari/537.36"
18.139.143.38 - - [12/Oct/2025:12:11:08 +0700] "GET / HTTP/1.1" 499 0 "-" "synthetic-monitoring-agent/v0.14.3 (linux amd64; g64b8bab; +https://github.com/grafana/synthetic-monitoring-agent)"
178.128.86.151 - - [12/Oct/2025:12:11:08 +0700] "POST /wp-cron.php?doing_wp_cron=1760245868.7989289760589599609375 HTTP/1.1" 200 5 "-" "WordPress/6.6.4; https://pausfood.co.id"
16.78.0.23 - - [12/Oct/2025:12:11:09 +0700] "GET / HTTP/1.1" 499 0 "-" "synthetic-monitoring-agent/v0.14.3 (linux amd64; g64b8bab; +https://github.com/grafana/synthetic-monitoring-agent)"
178.128.86.151 - - [12/Oct/2025:12:13:29 +0700] "POST /wp-cron.php?doing_wp_cron=1760246009.4231150150299072265625 HTTP/1.1" 200 5 "-" "WordPress/6.6.4; https://pausfood.co.id"
66.249.66.200 - - [12/Oct/2025:12:13:30 +0700] "GET /1bankanwebshop/cabinet/items4/500026382/500026382_11.jpg HTTP/1.1" 404 48977 "-" "Googlebot-Image/1.0"
178.128.86.151 - - [12/Oct/2025:12:16:05 +0700] "POST /wp-cron.php?doing_wp_cron=1760246165.1834340095520019531250 HTTP/1.1" 200 5 "-" "WordPress/6.6.4; https://pausfood.co.id"
16.78.0.23 - - [12/Oct/2025:12:16:06 +0700] "GET / HTTP/1.1" 200 76297 "-" "synthetic-monitoring-agent/v0.14.3 (linux amd64; g64b8bab; +https://github.com/grafana/synthetic-monitoring-agent)"
18.139.143.38 - - [12/Oct/2025:12:16:06 +0700] "GET / HTTP/1.1" 200 76297 "-" "synthetic-monitoring-agent/v0.14.3 (linux amd64; g64b8bab; +https://github.com/grafana/synthetic-monitoring-agent)"
178.128.86.151 - - [12/Oct/2025:12:21:04 +0700] "POST /wp-cron.php?doing_wp_cron=1760246464.8849759101867675781250 HTTP/1.1" 200 5 "-" "WordPress/6.6.4; https://pausfood.co.id"
18.139.143.38 - - [12/Oct/2025:12:21:06 +0700] "GET / HTTP/1.1" 200 76303 "-" "synthetic-monitoring-agent/v0.14.3 (linux amd64; g64b8bab; +https://github.com/grafana/synthetic-monitoring-agent)"
16.78.0.23 - - [12/Oct/2025:12:21:07 +0700] "GET / HTTP/1.1" 200 76297 "-" "synthetic-monitoring-agent/v0.14.3 (linux amd64; g64b8bab; +https://github.com/grafana/synthetic-monitoring-agent)"
178.128.86.151 - - [12/Oct/2025:12:26:02 +0700] "POST /wp-cron.php?doing_wp_cron=1760246762.7585239410400390625000 HTTP/1.1" 200 5 "-" "WordPress/6.6.4; https://pausfood.co.id"
66.249.66.200 - - [12/Oct/2025:12:26:04 +0700] "GET /1bankanwebshop/cabinet/items4/500026382/500026382_44.jpg HTTP/1.1" 404 48977 "-" "Googlebot-Image/1.0"
18.139.143.38 - - [12/Oct/2025:12:26:08 +0700] "GET / HTTP/1.1" 499 0 "-" "synthetic-monitoring-agent/v0.14.3 (linux amd64; g64b8bab; +https://github.com/grafana/synthetic-monitoring-agent)"
16.78.0.23 - - [12/Oct/2025:12:26:09 +0700] "GET / HTTP/1.1" 499 0 "-" "synthetic-monitoring-agent/v0.14.3 (linux amd64; g64b8bab; +https://github.com/grafana/synthetic-monitoring-agent)"
178.128.86.151 - - [12/Oct/2025:12:29:43 +0700] "POST /wp-cron.php?doing_wp_cron=1760246983.9574189186096191406250 HTTP/1.1" 200 5 "-" "WordPress/6.6.4; https://pausfood.co.id"
77.237.247.195 - - [12/Oct/2025:12:29:44 +0700] "POST /wp-login.php HTTP/1.1" 200 7701 "-" "Mozilla/5.0"
178.128.86.151 - - [12/Oct/2025:12:31:04 +0700] "POST /wp-cron.php?doing_wp_cron=1760247064.0591340065002441406250 HTTP/1.1" 200 5 "-" "WordPress/6.6.4; https://pausfood.co.id"
18.139.143.38 - - [12/Oct/2025:12:31:05 +0700] "GET / HTTP/1.1" 200 76297 "-" "synthetic-monitoring-agent/v0.14.3 (linux amd64; g64b8bab; +https://github.com/grafana/synthetic-monitoring-agent)"
16.78.0.23 - - [12/Oct/2025:12:31:07 +0700] "GET / HTTP/1.1" 200 76303 "-" "synthetic-monitoring-agent/v0.14.3 (linux amd64; g64b8bab; +https://github.com/grafana/synthetic-monitoring-agent)"
178.128.86.151 - - [12/Oct/2025:12:31:57 +0700] "POST /wp-cron.php?doing_wp_cron=1760247117.2190580368041992187500 HTTP/1.1" 200 5 "-" "WordPress/6.6.4; https://pausfood.co.id"
66.249.66.201 - - [12/Oct/2025:12:31:57 +0700] "GET /p=205256 HTTP/1.1" 404 48977 "-" "Mozilla/5.0 (Linux; Android 6.0.1; Nexus 5X Build/MMB29P) AppleWebKit/537.36 (KHTML, like Gecko) Chrome/140.0.7339.207 Mobile Safari/537.36 (compatible; Googlebot/2.1; +http://www.google.com/bot.html)"
18.139.143.38 - - [12/Oct/2025:12:36:08 +0700] "GET / HTTP/1.1" 499 0 "-" "synthetic-monitoring-agent/v0.14.3 (linux amd64; g64b8bab; +https://github.com/grafana/synthetic-monitoring-agent)"
178.128.86.151 - - [12/Oct/2025:12:36:10 +0700] "POST /wp-cron.php?doing_wp_cron=1760247370.6074368953704833984375 HTTP/1.1" 200 5 "-" "WordPress/6.6.4; https://pausfood.co.id"
178.128.86.151 - - [12/Oct/2025:12:38:29 +0700] "POST /wp-cron.php?doing_wp_cron=1760247509.4101738929748535156250 HTTP/1.1" 200 5 "-" "WordPress/6.6.4; https://pausfood.co.id"
66.249.66.201 - - [12/Oct/2025:12:38:30 +0700] "GET /1bankanwebshop/cabinet/items4/500026382/500026382_18.jpg HTTP/1.1" 404 48977 "-" "Googlebot-Image/1.0"
178.128.86.151 - - [12/Oct/2025:12:41:08 +0700] "POST /wp-cron.php?doing_wp_cron=1760247668.1192820072174072265625 HTTP/1.1" 200 5 "-" "WordPress/6.6.4; https://pausfood.co.id"
