HEX
Server: nginx/1.26.1
System: Linux main-vm 5.15.0-153-generic #163-Ubuntu SMP Thu Aug 7 16:37:18 UTC 2025 x86_64
User: root (0)
PHP: 8.2.19
Disabled: NONE
Upload Files
File: /var/log/nginx/pausefood.log
178.128.86.151 - - [12/Oct/2025:00:09:47 +0700] "POST /wp-cron.php?doing_wp_cron=1760202587.3308889865875244140625 HTTP/1.1" 200 5 "-" "WordPress/6.6.4; https://pausfood.co.id"
199.244.88.230 - - [12/Oct/2025:00:09:48 +0700] "GET / HTTP/1.1" 499 0 "http://pausfood.co.id" "Mozilla/5.0 (X11; Linux x86_64) AppleWebKit/537.36 (KHTML, like Gecko) Chrome/105.0.0.0 Safari/537.36"
178.128.86.151 - - [12/Oct/2025:00:11:03 +0700] "POST /wp-cron.php?doing_wp_cron=1760202663.5518929958343505859375 HTTP/1.1" 200 5 "-" "WordPress/6.6.4; https://pausfood.co.id"
199.244.88.228 - - [12/Oct/2025:00:11:05 +0700] "GET / HTTP/1.1" 200 76303 "http://pausfood.co.id" "Mozilla/5.0 (X11; Linux x86_64) AppleWebKit/537.36 (KHTML, like Gecko) Chrome/105.0.0.0 Safari/537.36"
18.139.143.38 - - [12/Oct/2025:00:21:08 +0700] "GET / HTTP/1.1" 499 0 "-" "synthetic-monitoring-agent/v0.14.3 (linux amd64; g64b8bab; +https://github.com/grafana/synthetic-monitoring-agent)"
16.78.0.23 - - [12/Oct/2025:00:21:09 +0700] "GET / HTTP/1.1" 499 0 "-" "synthetic-monitoring-agent/v0.14.3 (linux amd64; g64b8bab; +https://github.com/grafana/synthetic-monitoring-agent)"
178.128.86.151 - - [12/Oct/2025:00:21:12 +0700] "POST /wp-cron.php?doing_wp_cron=1760203272.7665541172027587890625 HTTP/1.1" 200 5 "-" "WordPress/6.6.4; https://pausfood.co.id"
178.128.86.151 - - [12/Oct/2025:00:23:32 +0700] "POST /wp-cron.php?doing_wp_cron=1760203412.4082779884338378906250 HTTP/1.1" 200 5 "-" "WordPress/6.6.4; https://pausfood.co.id"
66.249.66.201 - - [12/Oct/2025:00:23:33 +0700] "GET /1bankanwebshop/cabinet/items4/500026382/500026382_42.jpg HTTP/1.1" 404 48977 "-" "Googlebot-Image/1.0"
178.128.86.151 - - [12/Oct/2025:00:26:34 +0700] "POST /wp-cron.php?doing_wp_cron=1760203594.9187769889831542968750 HTTP/1.1" 200 5 "-" "WordPress/6.6.4; https://pausfood.co.id"
66.249.66.200 - - [12/Oct/2025:00:26:35 +0700] "GET /?a=5150660417808&channel=f50518&from=info.php%3Fid%3D604178-1534%26name%3D%E3%82%AF%E3%83%AD%E3%82%B3%E3%83%80%E3%82%A4%E3%83%AB+%E9%95%B7%E8%B2%A1%E5%B8%83+%E3%82%B7%E3%83%A3%E3%82%A4%E3%83%8B%E3%83%B3%E3%82%B0%E5%8A%A0%E5%B7%A5 HTTP/1.1" 301 5 "-" "Mozilla/5.0 (Linux; Android 6.0.1; Nexus 5X Build/MMB29P) AppleWebKit/537.36 (KHTML, like Gecko) Chrome/140.0.7339.207 Mobile Safari/537.36 (compatible; Googlebot/2.1; +http://www.google.com/bot.html)"
66.249.66.200 - - [12/Oct/2025:00:26:42 +0700] "GET /?a=5150660417808&channel=f50518&from=info.php%3Fid%3D604178-1534%26name%3D%E3%82%AF%E3%83%AD%E3%82%B3%E3%83%80%E3%82%A4%E3%83%AB%20%E9%95%B7%E8%B2%A1%E5%B8%83%20%E3%82%B7%E3%83%A3%E3%82%A4%E3%83%8B%E3%83%B3%E3%82%B0%E5%8A%A0%E5%B7%A5 HTTP/1.1" 200 76303 "-" "Mozilla/5.0 (Linux; Android 6.0.1; Nexus 5X Build/MMB29P) AppleWebKit/537.36 (KHTML, like Gecko) Chrome/140.0.7339.207 Mobile Safari/537.36 (compatible; Googlebot/2.1; +http://www.google.com/bot.html)"
178.128.86.151 - - [12/Oct/2025:00:32:42 +0700] "POST /wp-cron.php?doing_wp_cron=1760203962.7589349746704101562500 HTTP/1.1" 200 5 "-" "WordPress/6.6.4; https://pausfood.co.id"
20.27.94.134 - - [12/Oct/2025:00:32:44 +0700] "GET /about-us/ HTTP/1.1" 200 74813 "-" "Mozilla/5.0 AppleWebKit/537.36 (KHTML, like Gecko); compatible; ChatGPT-User/1.0; +https://openai.com/bot"
77.237.247.195 - - [12/Oct/2025:00:33:24 +0700] "POST /wp-login.php HTTP/1.1" 200 7701 "-" "Mozilla/5.0"
178.128.86.151 - - [12/Oct/2025:00:33:56 +0700] "POST /wp-cron.php?doing_wp_cron=1760204036.4692931175231933593750 HTTP/1.1" 200 5 "-" "WordPress/6.6.4; https://pausfood.co.id"
172.182.224.6 - - [12/Oct/2025:00:33:58 +0700] "GET /about-us/ HTTP/1.1" 200 74813 "-" "Mozilla/5.0 (Macintosh; Intel Mac OS X 10_15_7) AppleWebKit/537.36 (KHTML, like Gecko) Chrome/131.0.0.0 Safari/537.36; compatible; OAI-SearchBot/1.0; +https://openai.com/searchbot"
172.182.224.6 - - [12/Oct/2025:00:34:05 +0700] "GET /wp-content/plugins/wp-simple-firewall/assets/dist/shield-notbot.bundle.js?mtime=1758727356&ver=19.1.19 HTTP/1.1" 200 21199 "-" "Mozilla/5.0 (Macintosh; Intel Mac OS X 10_15_7) AppleWebKit/537.36 (KHTML, like Gecko) Chrome/131.0.0.0 Safari/537.36; compatible; OAI-SearchBot/1.0; +https://openai.com/searchbot"
20.168.18.34 - - [12/Oct/2025:00:34:08 +0700] "GET /wp-content/plugins/wp-whatsapp/assets/dist/css/style.css?ver=6.6.4 HTTP/1.1" 200 42486 "-" "Mozilla/5.0 (Macintosh; Intel Mac OS X 10_15_7) AppleWebKit/537.36 (KHTML, like Gecko) Chrome/131.0.0.0 Safari/537.36; compatible; OAI-SearchBot/1.0; +https://openai.com/searchbot"
20.168.18.36 - - [12/Oct/2025:00:34:11 +0700] "GET /wp-content/themes/frutin/assets/css/color.schemes.css?ver=6.6.4 HTTP/1.1" 200 0 "-" "Mozilla/5.0 (Macintosh; Intel Mac OS X 10_15_7) AppleWebKit/537.36 (KHTML, like Gecko) Chrome/131.0.0.0 Safari/537.36; compatible; OAI-SearchBot/1.0; +https://openai.com/searchbot"
20.171.207.198 - - [12/Oct/2025:00:34:14 +0700] "GET / HTTP/1.1" 503 8788 "-" "Mozilla/5.0 AppleWebKit/537.36 (KHTML, like Gecko; compatible; GPTBot/1.2; +https://openai.com/gptbot)"
20.171.207.198 - - [12/Oct/2025:00:34:15 +0700] "GET /wp-content/plugins/wp-whatsapp/assets/dist/css/style.css?ver=6.6.4 HTTP/1.1" 200 42486 "-" "Mozilla/5.0 AppleWebKit/537.36 (KHTML, like Gecko; compatible; GPTBot/1.2; +https://openai.com/gptbot)"
20.168.18.34 - - [12/Oct/2025:00:34:24 +0700] "GET /?p=63 HTTP/1.1" 301 5 "-" "Mozilla/5.0 (Macintosh; Intel Mac OS X 10_15_7) AppleWebKit/537.36 (KHTML, like Gecko) Chrome/131.0.0.0 Safari/537.36; compatible; OAI-SearchBot/1.0; +https://openai.com/searchbot"
20.171.207.198 - - [12/Oct/2025:00:34:25 +0700] "GET /wp-includes/js/wp-emoji-release.min.js?ver=6.6.4 HTTP/1.1" 200 18726 "-" "Mozilla/5.0 AppleWebKit/537.36 (KHTML, like Gecko; compatible; GPTBot/1.2; +https://openai.com/gptbot)"
20.168.18.34 - - [12/Oct/2025:00:34:31 +0700] "GET /about-us/ HTTP/1.1" 200 74819 "-" "Mozilla/5.0 (Macintosh; Intel Mac OS X 10_15_7) AppleWebKit/537.36 (KHTML, like Gecko) Chrome/131.0.0.0 Safari/537.36; compatible; OAI-SearchBot/1.0; +https://openai.com/searchbot"
20.171.207.198 - - [12/Oct/2025:00:34:40 +0700] "GET /contact/ HTTP/1.1" 503 8788 "-" "Mozilla/5.0 AppleWebKit/537.36 (KHTML, like Gecko; compatible; GPTBot/1.2; +https://openai.com/gptbot)"
20.171.207.198 - - [12/Oct/2025:00:34:49 +0700] "GET /?p=63 HTTP/1.1" 503 8788 "-" "Mozilla/5.0 AppleWebKit/537.36 (KHTML, like Gecko; compatible; GPTBot/1.2; +https://openai.com/gptbot)"
20.171.207.198 - - [12/Oct/2025:00:35:04 +0700] "GET /wp-content/plugins/wp-simple-firewall/assets/dist/shield-notbot.bundle.js?mtime=1758727356&ver=19.1.19 HTTP/1.1" 200 21199 "-" "Mozilla/5.0 AppleWebKit/537.36 (KHTML, like Gecko; compatible; GPTBot/1.2; +https://openai.com/gptbot)"
20.171.207.198 - - [12/Oct/2025:00:36:08 +0700] "GET /wp-content/plugins/wp-whatsapp/assets/img/whatsapp_logo.svg HTTP/1.1" 200 1853 "-" "Mozilla/5.0 AppleWebKit/537.36 (KHTML, like Gecko; compatible; GPTBot/1.2; +https://openai.com/gptbot)"
20.171.207.198 - - [12/Oct/2025:00:37:04 +0700] "GET /wp-content/themes/frutin/assets/css/color.schemes.css?ver=6.6.4 HTTP/1.1" 200 0 "-" "Mozilla/5.0 AppleWebKit/537.36 (KHTML, like Gecko; compatible; GPTBot/1.2; +https://openai.com/gptbot)"
20.171.207.198 - - [12/Oct/2025:00:38:01 +0700] "GET / HTTP/1.1" 503 8788 "-" "Mozilla/5.0 AppleWebKit/537.36 (KHTML, like Gecko; compatible; GPTBot/1.2; +https://openai.com/gptbot)"
20.171.207.198 - - [12/Oct/2025:00:38:44 +0700] "GET /wp-includes/js/',b,' HTTP/1.1" 503 8788 "-" "Mozilla/5.0 AppleWebKit/537.36 (KHTML, like Gecko; compatible; GPTBot/1.2; +https://openai.com/gptbot)"
18.139.143.38 - - [12/Oct/2025:00:41:08 +0700] "GET / HTTP/1.1" 499 0 "-" "synthetic-monitoring-agent/v0.14.3 (linux amd64; g64b8bab; +https://github.com/grafana/synthetic-monitoring-agent)"
178.128.86.151 - - [12/Oct/2025:00:41:14 +0700] "POST /wp-cron.php?doing_wp_cron=1760204474.0625090599060058593750 HTTP/1.1" 200 5 "-" "WordPress/6.6.4; https://pausfood.co.id"
216.244.66.195 - - [12/Oct/2025:00:41:56 +0700] "GET /robots.txt HTTP/1.1" 503 8788 "-" "Mozilla/5.0 (compatible; DotBot/1.2; +https://opensiteexplorer.org/dotbot; [email protected])"
18.139.143.38 - - [12/Oct/2025:00:46:08 +0700] "GET / HTTP/1.1" 499 0 "-" "synthetic-monitoring-agent/v0.14.3 (linux amd64; g64b8bab; +https://github.com/grafana/synthetic-monitoring-agent)"
178.128.86.151 - - [12/Oct/2025:00:46:10 +0700] "POST /wp-cron.php?doing_wp_cron=1760204770.8374710083007812500000 HTTP/1.1" 200 5 "-" "WordPress/6.6.4; https://pausfood.co.id"
18.139.143.38 - - [12/Oct/2025:00:51:08 +0700] "GET / HTTP/1.1" 499 0 "-" "synthetic-monitoring-agent/v0.14.3 (linux amd64; g64b8bab; +https://github.com/grafana/synthetic-monitoring-agent)"
178.128.86.151 - - [12/Oct/2025:00:51:10 +0700] "POST /wp-cron.php?doing_wp_cron=1760205070.3519089221954345703125 HTTP/1.1" 200 5 "-" "WordPress/6.6.4; https://pausfood.co.id"
178.128.86.151 - - [12/Oct/2025:00:52:51 +0700] "POST /wp-cron.php?doing_wp_cron=1760205171.0043120384216308593750 HTTP/1.1" 200 5 "-" "WordPress/6.6.4; https://pausfood.co.id"
52.87.232.13 - - [12/Oct/2025:00:52:51 +0700] "GET / HTTP/1.1" 499 0 "-" "Mozilla/5.0 (X11; U; Linux i686; en-US; rv:1.9.0.11) Gecko/2009060309 Ubuntu/9.10 (karmic) Firefox/3.0.11"
52.87.232.13 - - [12/Oct/2025:00:52:56 +0700] "GET / HTTP/1.1" 499 0 "-" "Mozilla/5.0 (Windows NT 6.1; WOW64) AppleWebKit/537.36 (KHTML, like Gecko) Maxthon/4.4.6.1000 Chrome/30.0.1599.101 Safari/537.36"
18.139.143.38 - - [12/Oct/2025:00:56:08 +0700] "GET / HTTP/1.1" 499 0 "-" "synthetic-monitoring-agent/v0.14.3 (linux amd64; g64b8bab; +https://github.com/grafana/synthetic-monitoring-agent)"
178.128.86.151 - - [12/Oct/2025:00:56:14 +0700] "POST /wp-cron.php?doing_wp_cron=1760205374.4058880805969238281250 HTTP/1.1" 200 5 "-" "WordPress/6.6.4; https://pausfood.co.id"
178.128.86.151 - - [12/Oct/2025:01:01:01 +0700] "POST /wp-cron.php?doing_wp_cron=1760205661.4119939804077148437500 HTTP/1.1" 200 5 "-" "WordPress/6.6.4; https://pausfood.co.id"
18.139.143.38 - - [12/Oct/2025:01:01:02 +0700] "GET / HTTP/1.1" 200 76303 "-" "synthetic-monitoring-agent/v0.14.3 (linux amd64; g64b8bab; +https://github.com/grafana/synthetic-monitoring-agent)"
16.78.0.23 - - [12/Oct/2025:01:01:03 +0700] "GET / HTTP/1.1" 200 76297 "-" "synthetic-monitoring-agent/v0.14.3 (linux amd64; g64b8bab; +https://github.com/grafana/synthetic-monitoring-agent)"
178.128.86.151 - - [12/Oct/2025:01:06:07 +0700] "POST /wp-cron.php?doing_wp_cron=1760205967.7358601093292236328125 HTTP/1.1" 200 5 "-" "WordPress/6.6.4; https://pausfood.co.id"
18.139.143.38 - - [12/Oct/2025:01:06:08 +0700] "GET / HTTP/1.1" 200 76297 "-" "synthetic-monitoring-agent/v0.14.3 (linux amd64; g64b8bab; +https://github.com/grafana/synthetic-monitoring-agent)"
16.78.0.23 - - [12/Oct/2025:01:06:09 +0700] "GET / HTTP/1.1" 499 0 "-" "synthetic-monitoring-agent/v0.14.3 (linux amd64; g64b8bab; +https://github.com/grafana/synthetic-monitoring-agent)"
178.128.86.151 - - [12/Oct/2025:01:09:32 +0700] "POST /wp-cron.php?doing_wp_cron=1760206172.3797600269317626953125 HTTP/1.1" 200 5 "-" "WordPress/6.6.4; https://pausfood.co.id"
77.237.247.195 - - [12/Oct/2025:01:09:32 +0700] "POST /wp-login.php HTTP/1.1" 200 7701 "-" "Mozilla/5.0"
178.128.86.151 - - [12/Oct/2025:01:11:03 +0700] "POST /wp-cron.php?doing_wp_cron=1760206263.8162000179290771484375 HTTP/1.1" 200 5 "-" "WordPress/6.6.4; https://pausfood.co.id"
18.139.143.38 - - [12/Oct/2025:01:11:05 +0700] "GET / HTTP/1.1" 200 76303 "-" "synthetic-monitoring-agent/v0.14.3 (linux amd64; g64b8bab; +https://github.com/grafana/synthetic-monitoring-agent)"
16.78.0.23 - - [12/Oct/2025:01:11:05 +0700] "GET / HTTP/1.1" 200 76297 "-" "synthetic-monitoring-agent/v0.14.3 (linux amd64; g64b8bab; +https://github.com/grafana/synthetic-monitoring-agent)"
178.128.86.151 - - [12/Oct/2025:01:16:00 +0700] "POST /wp-cron.php?doing_wp_cron=1760206560.4139161109924316406250 HTTP/1.1" 200 5 "-" "WordPress/6.6.4; https://pausfood.co.id"
18.139.143.38 - - [12/Oct/2025:01:16:01 +0700] "GET / HTTP/1.1" 200 76297 "-" "synthetic-monitoring-agent/v0.14.3 (linux amd64; g64b8bab; +https://github.com/grafana/synthetic-monitoring-agent)"
16.78.0.23 - - [12/Oct/2025:01:16:02 +0700] "GET / HTTP/1.1" 200 76297 "-" "synthetic-monitoring-agent/v0.14.3 (linux amd64; g64b8bab; +https://github.com/grafana/synthetic-monitoring-agent)"
66.249.66.200 - - [12/Oct/2025:01:16:27 +0700] "GET /?a=6893737731501&channel=0e9442&from=category-info.php%3Fid%3D377315-5599%26name%3D%E5%8D%B3%E6%B1%BA+%E4%B8%AD%E5%8F%A4+RMX%28%E3%83%AA%E3%83%9F%E3%83%83%E3%82%AF%E3%82%B9%29+%E3%83%A6%E3%83%BC%E3%83%86%E3%82%A3%E3%83%AA%E3%83%86%E3%82%A3+2018+U+Motore+Speeder+%E3%82%A8%E3%83%9C%E3%83%AA%E3%83%A5%E3%83%BC%E3%82%B7%E3%83%A7%E3%83%B35+FW60+25+S HTTP/1.1" 301 5 "-" "Mozilla/5.0 (Linux; Android 6.0.1; Nexus 5X Build/MMB29P) AppleWebKit/537.36 (KHTML, like Gecko) Chrome/140.0.7339.207 Mobile Safari/537.36 (compatible; Googlebot/2.1; +http://www.google.com/bot.html)"
66.249.66.202 - - [12/Oct/2025:01:16:30 +0700] "GET /?a=6893737731501&channel=0e9442&from=category-info.php%3Fid%3D377315-5599%26name%3D%E5%8D%B3%E6%B1%BA%20%E4%B8%AD%E5%8F%A4%20RMX%28%E3%83%AA%E3%83%9F%E3%83%83%E3%82%AF%E3%82%B9%29%20%E3%83%A6%E3%83%BC%E3%83%86%E3%82%A3%E3%83%AA%E3%83%86%E3%82%A3%202018%20U%20Motore%20Speeder%20%E3%82%A8%E3%83%9C%E3%83%AA%E3%83%A5%E3%83%BC%E3%82%B7%E3%83%A7%E3%83%B35%20FW60%2025%20S HTTP/1.1" 200 76303 "-" "Mozilla/5.0 (Linux; Android 6.0.1; Nexus 5X Build/MMB29P) AppleWebKit/537.36 (KHTML, like Gecko) Chrome/140.0.7339.207 Mobile Safari/537.36 (compatible; Googlebot/2.1; +http://www.google.com/bot.html)"
178.128.86.151 - - [12/Oct/2025:01:21:05 +0700] "POST /wp-cron.php?doing_wp_cron=1760206865.6467700004577636718750 HTTP/1.1" 200 5 "-" "WordPress/6.6.4; https://pausfood.co.id"
18.139.143.38 - - [12/Oct/2025:01:21:07 +0700] "GET / HTTP/1.1" 200 76297 "-" "synthetic-monitoring-agent/v0.14.3 (linux amd64; g64b8bab; +https://github.com/grafana/synthetic-monitoring-agent)"
16.78.0.23 - - [12/Oct/2025:01:21:08 +0700] "GET / HTTP/1.1" 200 76297 "-" "synthetic-monitoring-agent/v0.14.3 (linux amd64; g64b8bab; +https://github.com/grafana/synthetic-monitoring-agent)"
178.128.86.151 - - [12/Oct/2025:01:26:00 +0700] "POST /wp-cron.php?doing_wp_cron=1760207160.4995350837707519531250 HTTP/1.1" 200 5 "-" "WordPress/6.6.4; https://pausfood.co.id"
18.139.143.38 - - [12/Oct/2025:01:26:01 +0700] "GET / HTTP/1.1" 200 76303 "-" "synthetic-monitoring-agent/v0.14.3 (linux amd64; g64b8bab; +https://github.com/grafana/synthetic-monitoring-agent)"
16.78.0.23 - - [12/Oct/2025:01:26:02 +0700] "GET / HTTP/1.1" 200 76303 "-" "synthetic-monitoring-agent/v0.14.3 (linux amd64; g64b8bab; +https://github.com/grafana/synthetic-monitoring-agent)"
178.128.86.151 - - [12/Oct/2025:01:31:01 +0700] "POST /wp-cron.php?doing_wp_cron=1760207461.7912240028381347656250 HTTP/1.1" 200 5 "-" "WordPress/6.6.4; https://pausfood.co.id"
18.139.143.38 - - [12/Oct/2025:01:31:02 +0700] "GET / HTTP/1.1" 200 76297 "-" "synthetic-monitoring-agent/v0.14.3 (linux amd64; g64b8bab; +https://github.com/grafana/synthetic-monitoring-agent)"
16.78.0.23 - - [12/Oct/2025:01:31:03 +0700] "GET / HTTP/1.1" 200 76303 "-" "synthetic-monitoring-agent/v0.14.3 (linux amd64; g64b8bab; +https://github.com/grafana/synthetic-monitoring-agent)"
178.128.86.151 - - [12/Oct/2025:01:36:00 +0700] "POST /wp-cron.php?doing_wp_cron=1760207760.9029319286346435546875 HTTP/1.1" 200 5 "-" "WordPress/6.6.4; https://pausfood.co.id"
18.139.143.38 - - [12/Oct/2025:01:36:01 +0700] "GET / HTTP/1.1" 200 76303 "-" "synthetic-monitoring-agent/v0.14.3 (linux amd64; g64b8bab; +https://github.com/grafana/synthetic-monitoring-agent)"
16.78.0.23 - - [12/Oct/2025:01:36:02 +0700] "GET / HTTP/1.1" 200 76297 "-" "synthetic-monitoring-agent/v0.14.3 (linux amd64; g64b8bab; +https://github.com/grafana/synthetic-monitoring-agent)"
178.128.86.151 - - [12/Oct/2025:01:41:01 +0700] "POST /wp-cron.php?doing_wp_cron=1760208061.6654579639434814453125 HTTP/1.1" 200 5 "-" "WordPress/6.6.4; https://pausfood.co.id"
18.139.143.38 - - [12/Oct/2025:01:41:02 +0700] "GET / HTTP/1.1" 200 76297 "-" "synthetic-monitoring-agent/v0.14.3 (linux amd64; g64b8bab; +https://github.com/grafana/synthetic-monitoring-agent)"
16.78.0.23 - - [12/Oct/2025:01:41:03 +0700] "GET / HTTP/1.1" 200 76297 "-" "synthetic-monitoring-agent/v0.14.3 (linux amd64; g64b8bab; +https://github.com/grafana/synthetic-monitoring-agent)"
178.128.86.151 - - [12/Oct/2025:01:45:35 +0700] "POST /wp-cron.php?doing_wp_cron=1760208335.6856279373168945312500 HTTP/1.1" 200 5 "-" "WordPress/6.6.4; https://pausfood.co.id"
77.237.247.195 - - [12/Oct/2025:01:45:35 +0700] "POST /wp-login.php HTTP/1.1" 200 7701 "-" "Mozilla/5.0"
18.139.143.38 - - [12/Oct/2025:01:46:02 +0700] "GET / HTTP/1.1" 200 76303 "-" "synthetic-monitoring-agent/v0.14.3 (linux amd64; g64b8bab; +https://github.com/grafana/synthetic-monitoring-agent)"
178.128.86.151 - - [12/Oct/2025:01:46:03 +0700] "POST /wp-cron.php?doing_wp_cron=1760208363.4035298824310302734375 HTTP/1.1" 200 5 "-" "WordPress/6.6.4; https://pausfood.co.id"
16.78.0.23 - - [12/Oct/2025:01:46:04 +0700] "GET / HTTP/1.1" 200 76303 "-" "synthetic-monitoring-agent/v0.14.3 (linux amd64; g64b8bab; +https://github.com/grafana/synthetic-monitoring-agent)"
178.128.86.151 - - [12/Oct/2025:01:51:00 +0700] "POST /wp-cron.php?doing_wp_cron=1760208660.6520578861236572265625 HTTP/1.1" 200 5 "-" "WordPress/6.6.4; https://pausfood.co.id"
18.139.143.38 - - [12/Oct/2025:01:51:01 +0700] "GET / HTTP/1.1" 200 76303 "-" "synthetic-monitoring-agent/v0.14.3 (linux amd64; g64b8bab; +https://github.com/grafana/synthetic-monitoring-agent)"
16.78.0.23 - - [12/Oct/2025:01:51:01 +0700] "GET / HTTP/1.1" 200 76297 "-" "synthetic-monitoring-agent/v0.14.3 (linux amd64; g64b8bab; +https://github.com/grafana/synthetic-monitoring-agent)"
178.128.86.151 - - [12/Oct/2025:01:56:01 +0700] "POST /wp-cron.php?doing_wp_cron=1760208961.8787889480590820312500 HTTP/1.1" 200 5 "-" "WordPress/6.6.4; https://pausfood.co.id"
18.139.143.38 - - [12/Oct/2025:01:56:03 +0700] "GET / HTTP/1.1" 200 76303 "-" "synthetic-monitoring-agent/v0.14.3 (linux amd64; g64b8bab; +https://github.com/grafana/synthetic-monitoring-agent)"
16.78.0.23 - - [12/Oct/2025:01:56:05 +0700] "GET / HTTP/1.1" 200 76303 "-" "synthetic-monitoring-agent/v0.14.3 (linux amd64; g64b8bab; +https://github.com/grafana/synthetic-monitoring-agent)"
178.128.86.151 - - [12/Oct/2025:01:58:52 +0700] "POST /wp-cron.php?doing_wp_cron=1760209132.8863730430603027343750 HTTP/1.1" 200 5 "-" "WordPress/6.6.4; https://pausfood.co.id"
66.249.66.201 - - [12/Oct/2025:01:58:53 +0700] "GET /p=2367615 HTTP/1.1" 404 48977 "-" "Mozilla/5.0 (Linux; Android 6.0.1; Nexus 5X Build/MMB29P) AppleWebKit/537.36 (KHTML, like Gecko) Chrome/140.0.7339.207 Mobile Safari/537.36 (compatible; Googlebot/2.1; +http://www.google.com/bot.html)"
178.128.86.151 - - [12/Oct/2025:02:01:01 +0700] "POST /wp-cron.php?doing_wp_cron=1760209261.5604810714721679687500 HTTP/1.1" 200 5 "-" "WordPress/6.6.4; https://pausfood.co.id"
18.139.143.38 - - [12/Oct/2025:02:01:02 +0700] "GET / HTTP/1.1" 200 76297 "-" "synthetic-monitoring-agent/v0.14.3 (linux amd64; g64b8bab; +https://github.com/grafana/synthetic-monitoring-agent)"
16.78.0.23 - - [12/Oct/2025:02:01:03 +0700] "GET / HTTP/1.1" 200 76303 "-" "synthetic-monitoring-agent/v0.14.3 (linux amd64; g64b8bab; +https://github.com/grafana/synthetic-monitoring-agent)"
178.128.86.151 - - [12/Oct/2025:02:03:29 +0700] "POST /wp-cron.php?doing_wp_cron=1760209409.1470720767974853515625 HTTP/1.1" 200 5 "-" "WordPress/6.6.4; https://pausfood.co.id"
66.249.66.202 - - [12/Oct/2025:02:03:29 +0700] "GET /1bankanwebshop/cabinet/items4/500026382/500026382_34.jpg HTTP/1.1" 404 48977 "-" "Googlebot-Image/1.0"
178.128.86.151 - - [12/Oct/2025:02:06:01 +0700] "POST /wp-cron.php?doing_wp_cron=1760209561.5412909984588623046875 HTTP/1.1" 200 5 "-" "WordPress/6.6.4; https://pausfood.co.id"
16.78.0.23 - - [12/Oct/2025:02:06:02 +0700] "GET / HTTP/1.1" 200 76303 "-" "synthetic-monitoring-agent/v0.14.3 (linux amd64; g64b8bab; +https://github.com/grafana/synthetic-monitoring-agent)"
18.139.143.38 - - [12/Oct/2025:02:06:02 +0700] "GET / HTTP/1.1" 200 76297 "-" "synthetic-monitoring-agent/v0.14.3 (linux amd64; g64b8bab; +https://github.com/grafana/synthetic-monitoring-agent)"
178.128.86.151 - - [12/Oct/2025:02:11:00 +0700] "POST /wp-cron.php?doing_wp_cron=1760209860.5858259201049804687500 HTTP/1.1" 200 5 "-" "WordPress/6.6.4; https://pausfood.co.id"
18.139.143.38 - - [12/Oct/2025:02:11:01 +0700] "GET / HTTP/1.1" 200 76297 "-" "synthetic-monitoring-agent/v0.14.3 (linux amd64; g64b8bab; +https://github.com/grafana/synthetic-monitoring-agent)"
16.78.0.23 - - [12/Oct/2025:02:11:01 +0700] "GET / HTTP/1.1" 200 76297 "-" "synthetic-monitoring-agent/v0.14.3 (linux amd64; g64b8bab; +https://github.com/grafana/synthetic-monitoring-agent)"
178.128.86.151 - - [12/Oct/2025:02:16:01 +0700] "POST /wp-cron.php?doing_wp_cron=1760210161.4549388885498046875000 HTTP/1.1" 200 5 "-" "WordPress/6.6.4; https://pausfood.co.id"
18.139.143.38 - - [12/Oct/2025:02:16:02 +0700] "GET / HTTP/1.1" 200 76297 "-" "synthetic-monitoring-agent/v0.14.3 (linux amd64; g64b8bab; +https://github.com/grafana/synthetic-monitoring-agent)"
16.78.0.23 - - [12/Oct/2025:02:16:03 +0700] "GET / HTTP/1.1" 200 76303 "-" "synthetic-monitoring-agent/v0.14.3 (linux amd64; g64b8bab; +https://github.com/grafana/synthetic-monitoring-agent)"
178.128.86.151 - - [12/Oct/2025:02:20:54 +0700] "POST /wp-cron.php?doing_wp_cron=1760210454.4251730442047119140625 HTTP/1.1" 200 5 "-" "WordPress/6.6.4; https://pausfood.co.id"
77.237.247.195 - - [12/Oct/2025:02:20:54 +0700] "POST /wp-login.php HTTP/1.1" 200 7701 "-" "Mozilla/5.0"
18.139.143.38 - - [12/Oct/2025:02:21:01 +0700] "GET / HTTP/1.1" 200 76303 "-" "synthetic-monitoring-agent/v0.14.3 (linux amd64; g64b8bab; +https://github.com/grafana/synthetic-monitoring-agent)"
16.78.0.23 - - [12/Oct/2025:02:21:02 +0700] "GET / HTTP/1.1" 200 76303 "-" "synthetic-monitoring-agent/v0.14.3 (linux amd64; g64b8bab; +https://github.com/grafana/synthetic-monitoring-agent)"
18.139.143.38 - - [12/Oct/2025:02:26:08 +0700] "GET / HTTP/1.1" 499 0 "-" "synthetic-monitoring-agent/v0.14.3 (linux amd64; g64b8bab; +https://github.com/grafana/synthetic-monitoring-agent)"
16.78.0.23 - - [12/Oct/2025:02:26:09 +0700] "GET / HTTP/1.1" 499 0 "-" "synthetic-monitoring-agent/v0.14.3 (linux amd64; g64b8bab; +https://github.com/grafana/synthetic-monitoring-agent)"
178.128.86.151 - - [12/Oct/2025:02:26:10 +0700] "POST /wp-cron.php?doing_wp_cron=1760210770.6716969013214111328125 HTTP/1.1" 200 5 "-" "WordPress/6.6.4; https://pausfood.co.id"
178.128.86.151 - - [12/Oct/2025:02:31:07 +0700] "POST /wp-cron.php?doing_wp_cron=1760211067.0426681041717529296875 HTTP/1.1" 200 5 "-" "WordPress/6.6.4; https://pausfood.co.id"
18.139.143.38 - - [12/Oct/2025:02:31:08 +0700] "GET / HTTP/1.1" 200 76303 "-" "synthetic-monitoring-agent/v0.14.3 (linux amd64; g64b8bab; +https://github.com/grafana/synthetic-monitoring-agent)"
16.78.0.23 - - [12/Oct/2025:02:31:09 +0700] "GET / HTTP/1.1" 499 0 "-" "synthetic-monitoring-agent/v0.14.3 (linux amd64; g64b8bab; +https://github.com/grafana/synthetic-monitoring-agent)"
178.128.86.151 - - [12/Oct/2025:02:34:47 +0700] "POST /wp-cron.php?doing_wp_cron=1760211287.6934549808502197265625 HTTP/1.1" 200 5 "-" "WordPress/6.6.4; https://pausfood.co.id"
217.113.194.232 - - [12/Oct/2025:02:34:48 +0700] "GET /robots.txt HTTP/1.1" 200 78 "-" "Mozilla/5.0 (compatible; Barkrowler/0.9; +https://babbar.tech/crawler)"
217.113.194.152 - - [12/Oct/2025:02:35:14 +0700] "GET /feed/ HTTP/1.1" 200 64603 "-" "Mozilla/5.0 (compatible; Barkrowler/0.9; +https://babbar.tech/crawler)"
178.128.86.151 - - [12/Oct/2025:02:35:44 +0700] "POST /wp-cron.php?doing_wp_cron=1760211344.2309110164642333984375 HTTP/1.1" 200 5 "-" "WordPress/6.6.4; https://pausfood.co.id"
217.113.194.156 - - [12/Oct/2025:02:35:44 +0700] "GET /comments/feed/ HTTP/1.1" 200 6646 "-" "Mozilla/5.0 (compatible; Barkrowler/0.9; +https://babbar.tech/crawler)"
18.139.143.38 - - [12/Oct/2025:02:36:07 +0700] "GET / HTTP/1.1" 200 76303 "-" "synthetic-monitoring-agent/v0.14.3 (linux amd64; g64b8bab; +https://github.com/grafana/synthetic-monitoring-agent)"
16.78.0.23 - - [12/Oct/2025:02:36:08 +0700] "GET / HTTP/1.1" 200 76303 "-" "synthetic-monitoring-agent/v0.14.3 (linux amd64; g64b8bab; +https://github.com/grafana/synthetic-monitoring-agent)"
178.128.86.151 - - [12/Oct/2025:02:41:06 +0700] "POST /wp-cron.php?doing_wp_cron=1760211666.6670460700988769531250 HTTP/1.1" 200 5 "-" "WordPress/6.6.4; https://pausfood.co.id"
18.139.143.38 - - [12/Oct/2025:02:41:08 +0700] "GET / HTTP/1.1" 200 76297 "-" "synthetic-monitoring-agent/v0.14.3 (linux amd64; g64b8bab; +https://github.com/grafana/synthetic-monitoring-agent)"
16.78.0.23 - - [12/Oct/2025:02:41:09 +0700] "GET / HTTP/1.1" 499 0 "-" "synthetic-monitoring-agent/v0.14.3 (linux amd64; g64b8bab; +https://github.com/grafana/synthetic-monitoring-agent)"
178.128.86.151 - - [12/Oct/2025:02:42:52 +0700] "POST /wp-cron.php?doing_wp_cron=1760211772.5246689319610595703125 HTTP/1.1" 200 5 "-" "WordPress/6.6.4; https://pausfood.co.id"
216.73.216.31 - - [12/Oct/2025:02:42:52 +0700] "GET /robots.txt HTTP/1.1" 200 78 "-" "Mozilla/5.0 AppleWebKit/537.36 (KHTML, like Gecko; compatible; ClaudeBot/1.0; [email protected])"
216.73.216.31 - - [12/Oct/2025:02:42:55 +0700] "GET / HTTP/1.1" 200 76303 "-" "Mozilla/5.0 AppleWebKit/537.36 (KHTML, like Gecko; compatible; ClaudeBot/1.0; [email protected])"
178.128.86.151 - - [12/Oct/2025:02:43:50 +0700] "POST /wp-cron.php?doing_wp_cron=1760211830.1148810386657714843750 HTTP/1.1" 200 5 "-" "WordPress/6.6.4; https://pausfood.co.id"
182.42.104.32 - - [12/Oct/2025:02:43:51 +0700] "GET / HTTP/1.1" 200 76303 "http://pausfood.co.id" "Mozilla/5.0 (iPhone; CPU iPhone OS 13_2_3 like Mac OS X) AppleWebKit/605.1.15 (KHTML, like Gecko) Version/13.0.3 Mobile/15E148 Safari/604.1"
178.128.86.151 - - [12/Oct/2025:02:44:50 +0700] "POST /wp-cron.php?doing_wp_cron=1760211890.7845189571380615234375 HTTP/1.1" 200 5 "-" "WordPress/6.6.4; https://pausfood.co.id"
66.249.66.200 - - [12/Oct/2025:02:44:51 +0700] "GET /1bankanwebshop/cabinet/items4/500026382/500026382_22.jpg HTTP/1.1" 404 48977 "-" "Googlebot-Image/1.0"
178.128.86.151 - - [12/Oct/2025:02:46:05 +0700] "POST /wp-cron.php?doing_wp_cron=1760211965.3280179500579833984375 HTTP/1.1" 200 5 "-" "WordPress/6.6.4; https://pausfood.co.id"
66.249.66.200 - - [12/Oct/2025:02:46:06 +0700] "GET /wp-sitemap-posts-frutin_header-1.xml HTTP/1.1" 404 48977 "-" "Mozilla/5.0 (compatible; Googlebot/2.1; +http://www.google.com/bot.html)"
18.139.143.38 - - [12/Oct/2025:02:46:08 +0700] "GET / HTTP/1.1" 499 0 "-" "synthetic-monitoring-agent/v0.14.3 (linux amd64; g64b8bab; +https://github.com/grafana/synthetic-monitoring-agent)"
16.78.0.23 - - [12/Oct/2025:02:46:09 +0700] "GET / HTTP/1.1" 499 0 "-" "synthetic-monitoring-agent/v0.14.3 (linux amd64; g64b8bab; +https://github.com/grafana/synthetic-monitoring-agent)"
178.128.86.151 - - [12/Oct/2025:02:48:50 +0700] "POST /wp-cron.php?doing_wp_cron=1760212130.2902081012725830078125 HTTP/1.1" 200 5 "-" "WordPress/6.6.4; https://pausfood.co.id"
66.249.66.202 - - [12/Oct/2025:02:48:51 +0700] "GET /2155554 HTTP/1.1" 404 48977 "-" "Mozilla/5.0 (Linux; Android 6.0.1; Nexus 5X Build/MMB29P) AppleWebKit/537.36 (KHTML, like Gecko) Chrome/140.0.7339.207 Mobile Safari/537.36 (compatible; Googlebot/2.1; +http://www.google.com/bot.html)"
178.128.86.151 - - [12/Oct/2025:02:51:08 +0700] "POST /wp-cron.php?doing_wp_cron=1760212268.0210928916931152343750 HTTP/1.1" 200 5 "-" "WordPress/6.6.4; https://pausfood.co.id"
18.139.143.38 - - [12/Oct/2025:02:51:08 +0700] "GET / HTTP/1.1" 499 0 "-" "synthetic-monitoring-agent/v0.14.3 (linux amd64; g64b8bab; +https://github.com/grafana/synthetic-monitoring-agent)"
16.78.0.23 - - [12/Oct/2025:02:51:09 +0700] "GET / HTTP/1.1" 499 0 "-" "synthetic-monitoring-agent/v0.14.3 (linux amd64; g64b8bab; +https://github.com/grafana/synthetic-monitoring-agent)"
178.128.86.151 - - [12/Oct/2025:02:56:07 +0700] "POST /wp-cron.php?doing_wp_cron=1760212567.6089589595794677734375 HTTP/1.1" 200 5 "-" "WordPress/6.6.4; https://pausfood.co.id"
18.139.143.38 - - [12/Oct/2025:02:56:08 +0700] "GET / HTTP/1.1" 499 0 "-" "synthetic-monitoring-agent/v0.14.3 (linux amd64; g64b8bab; +https://github.com/grafana/synthetic-monitoring-agent)"
16.78.0.23 - - [12/Oct/2025:02:56:09 +0700] "GET / HTTP/1.1" 499 0 "-" "synthetic-monitoring-agent/v0.14.3 (linux amd64; g64b8bab; +https://github.com/grafana/synthetic-monitoring-agent)"
178.128.86.151 - - [12/Oct/2025:02:56:41 +0700] "POST /wp-cron.php?doing_wp_cron=1760212601.3856289386749267578125 HTTP/1.1" 200 5 "-" "WordPress/6.6.4; https://pausfood.co.id"
77.237.247.195 - - [12/Oct/2025:02:56:41 +0700] "POST /wp-login.php HTTP/1.1" 200 7701 "-" "Mozilla/5.0"
178.128.86.151 - - [12/Oct/2025:03:01:07 +0700] "POST /wp-cron.php?doing_wp_cron=1760212867.2225420475006103515625 HTTP/1.1" 200 5 "-" "WordPress/6.6.4; https://pausfood.co.id"
18.139.143.38 - - [12/Oct/2025:03:01:08 +0700] "GET / HTTP/1.1" 200 64849 "-" "synthetic-monitoring-agent/v0.14.3 (linux amd64; g64b8bab; +https://github.com/grafana/synthetic-monitoring-agent)"
16.78.0.23 - - [12/Oct/2025:03:01:09 +0700] "GET / HTTP/1.1" 499 0 "-" "synthetic-monitoring-agent/v0.14.3 (linux amd64; g64b8bab; +https://github.com/grafana/synthetic-monitoring-agent)"
178.128.86.151 - - [12/Oct/2025:03:06:05 +0700] "POST /wp-cron.php?doing_wp_cron=1760213164.9588310718536376953125 HTTP/1.1" 200 5 "-" "WordPress/6.6.4; https://pausfood.co.id"
18.139.143.38 - - [12/Oct/2025:03:06:06 +0700] "GET / HTTP/1.1" 200 76303 "-" "synthetic-monitoring-agent/v0.14.3 (linux amd64; g64b8bab; +https://github.com/grafana/synthetic-monitoring-agent)"
16.78.0.23 - - [12/Oct/2025:03:06:07 +0700] "GET / HTTP/1.1" 200 76303 "-" "synthetic-monitoring-agent/v0.14.3 (linux amd64; g64b8bab; +https://github.com/grafana/synthetic-monitoring-agent)"
18.139.143.38 - - [12/Oct/2025:03:11:08 +0700] "GET / HTTP/1.1" 499 0 "-" "synthetic-monitoring-agent/v0.14.3 (linux amd64; g64b8bab; +https://github.com/grafana/synthetic-monitoring-agent)"
178.128.86.151 - - [12/Oct/2025:03:11:09 +0700] "POST /wp-cron.php?doing_wp_cron=1760213468.9727389812469482421875 HTTP/1.1" 200 5 "-" "WordPress/6.6.4; https://pausfood.co.id"
16.78.0.23 - - [12/Oct/2025:03:11:09 +0700] "GET / HTTP/1.1" 499 0 "-" "synthetic-monitoring-agent/v0.14.3 (linux amd64; g64b8bab; +https://github.com/grafana/synthetic-monitoring-agent)"
178.128.86.151 - - [12/Oct/2025:03:13:53 +0700] "POST /wp-cron.php?doing_wp_cron=1760213633.3795070648193359375000 HTTP/1.1" 200 5 "-" "WordPress/6.6.4; https://pausfood.co.id"
66.249.66.201 - - [12/Oct/2025:03:13:54 +0700] "GET /3270971 HTTP/1.1" 404 48977 "-" "Mozilla/5.0 (Linux; Android 6.0.1; Nexus 5X Build/MMB29P) AppleWebKit/537.36 (KHTML, like Gecko) Chrome/140.0.7339.207 Mobile Safari/537.36 (compatible; Googlebot/2.1; +http://www.google.com/bot.html)"
178.128.86.151 - - [12/Oct/2025:03:16:06 +0700] "POST /wp-cron.php?doing_wp_cron=1760213766.3010380268096923828125 HTTP/1.1" 200 5 "-" "WordPress/6.6.4; https://pausfood.co.id"
18.139.143.38 - - [12/Oct/2025:03:16:07 +0700] "GET / HTTP/1.1" 200 76303 "-" "synthetic-monitoring-agent/v0.14.3 (linux amd64; g64b8bab; +https://github.com/grafana/synthetic-monitoring-agent)"
16.78.0.23 - - [12/Oct/2025:03:16:08 +0700] "GET / HTTP/1.1" 200 76303 "-" "synthetic-monitoring-agent/v0.14.3 (linux amd64; g64b8bab; +https://github.com/grafana/synthetic-monitoring-agent)"
178.128.86.151 - - [12/Oct/2025:03:18:29 +0700] "POST /wp-cron.php?doing_wp_cron=1760213909.4519240856170654296875 HTTP/1.1" 200 5 "-" "WordPress/6.6.4; https://pausfood.co.id"
66.249.66.201 - - [12/Oct/2025:03:18:30 +0700] "GET /1bankanwebshop/cabinet/items4/500026382/500026382_04.jpg HTTP/1.1" 404 48977 "-" "Googlebot-Image/1.0"
178.128.86.151 - - [12/Oct/2025:03:21:07 +0700] "POST /wp-cron.php?doing_wp_cron=1760214067.7293899059295654296875 HTTP/1.1" 200 5 "-" "WordPress/6.6.4; https://pausfood.co.id"
18.139.143.38 - - [12/Oct/2025:03:21:08 +0700] "GET / HTTP/1.1" 200 15697 "-" "synthetic-monitoring-agent/v0.14.3 (linux amd64; g64b8bab; +https://github.com/grafana/synthetic-monitoring-agent)"
16.78.0.23 - - [12/Oct/2025:03:21:08 +0700] "GET / HTTP/1.1" 499 0 "-" "synthetic-monitoring-agent/v0.14.3 (linux amd64; g64b8bab; +https://github.com/grafana/synthetic-monitoring-agent)"
18.139.143.38 - - [12/Oct/2025:03:26:08 +0700] "GET / HTTP/1.1" 499 0 "-" "synthetic-monitoring-agent/v0.14.3 (linux amd64; g64b8bab; +https://github.com/grafana/synthetic-monitoring-agent)"
16.78.0.23 - - [12/Oct/2025:03:26:08 +0700] "GET / HTTP/1.1" 499 0 "-" "synthetic-monitoring-agent/v0.14.3 (linux amd64; g64b8bab; +https://github.com/grafana/synthetic-monitoring-agent)"
178.128.86.151 - - [12/Oct/2025:03:26:12 +0700] "POST /wp-cron.php?doing_wp_cron=1760214372.5831971168518066406250 HTTP/1.1" 200 5 "-" "WordPress/6.6.4; https://pausfood.co.id"
178.128.86.151 - - [12/Oct/2025:03:31:06 +0700] "POST /wp-cron.php?doing_wp_cron=1760214666.8622310161590576171875 HTTP/1.1" 200 5 "-" "WordPress/6.6.4; https://pausfood.co.id"
18.139.143.38 - - [12/Oct/2025:03:31:08 +0700] "GET / HTTP/1.1" 200 76297 "-" "synthetic-monitoring-agent/v0.14.3 (linux amd64; g64b8bab; +https://github.com/grafana/synthetic-monitoring-agent)"
16.78.0.23 - - [12/Oct/2025:03:31:09 +0700] "GET / HTTP/1.1" 499 0 "-" "synthetic-monitoring-agent/v0.14.3 (linux amd64; g64b8bab; +https://github.com/grafana/synthetic-monitoring-agent)"
178.128.86.151 - - [12/Oct/2025:03:32:52 +0700] "POST /wp-cron.php?doing_wp_cron=1760214772.8751659393310546875000 HTTP/1.1" 200 5 "-" "WordPress/6.6.4; https://pausfood.co.id"
77.237.247.195 - - [12/Oct/2025:03:32:53 +0700] "POST /wp-login.php HTTP/1.1" 200 7701 "-" "Mozilla/5.0"
178.128.86.151 - - [12/Oct/2025:03:41:06 +0700] "POST /wp-cron.php?doing_wp_cron=1760215266.2218780517578125000000 HTTP/1.1" 200 5 "-" "WordPress/6.6.4; https://pausfood.co.id"
16.78.0.23 - - [12/Oct/2025:03:41:07 +0700] "GET / HTTP/1.1" 200 76297 "-" "synthetic-monitoring-agent/v0.14.3 (linux amd64; g64b8bab; +https://github.com/grafana/synthetic-monitoring-agent)"
18.139.143.38 - - [12/Oct/2025:03:41:08 +0700] "GET / HTTP/1.1" 200 76297 "-" "synthetic-monitoring-agent/v0.14.3 (linux amd64; g64b8bab; +https://github.com/grafana/synthetic-monitoring-agent)"
178.128.86.151 - - [12/Oct/2025:03:44:51 +0700] "POST /wp-cron.php?doing_wp_cron=1760215491.1867859363555908203125 HTTP/1.1" 200 5 "-" "WordPress/6.6.4; https://pausfood.co.id"
66.249.66.202 - - [12/Oct/2025:03:44:51 +0700] "GET /p=2402836 HTTP/1.1" 404 48977 "-" "Mozilla/5.0 (Linux; Android 6.0.1; Nexus 5X Build/MMB29P) AppleWebKit/537.36 (KHTML, like Gecko) Chrome/140.0.7339.207 Mobile Safari/537.36 (compatible; Googlebot/2.1; +http://www.google.com/bot.html)"
178.128.86.151 - - [12/Oct/2025:03:46:07 +0700] "POST /wp-cron.php?doing_wp_cron=1760215567.3871850967407226562500 HTTP/1.1" 200 5 "-" "WordPress/6.6.4; https://pausfood.co.id"
18.139.143.38 - - [12/Oct/2025:03:46:08 +0700] "GET / HTTP/1.1" 200 64849 "-" "synthetic-monitoring-agent/v0.14.3 (linux amd64; g64b8bab; +https://github.com/grafana/synthetic-monitoring-agent)"
16.78.0.23 - - [12/Oct/2025:03:46:08 +0700] "GET / HTTP/1.1" 499 0 "-" "synthetic-monitoring-agent/v0.14.3 (linux amd64; g64b8bab; +https://github.com/grafana/synthetic-monitoring-agent)"
178.128.86.151 - - [12/Oct/2025:03:50:52 +0700] "POST /wp-cron.php?doing_wp_cron=1760215851.9964249134063720703125 HTTP/1.1" 200 5 "-" "WordPress/6.6.4; https://pausfood.co.id"
66.249.66.202 - - [12/Oct/2025:03:50:52 +0700] "GET /1bankanwebshop/cabinet/items4/500026382/500026382_06.jpg HTTP/1.1" 404 48977 "-" "Googlebot-Image/1.0"
18.139.143.38 - - [12/Oct/2025:03:51:08 +0700] "GET / HTTP/1.1" 499 0 "-" "synthetic-monitoring-agent/v0.14.3 (linux amd64; g64b8bab; +https://github.com/grafana/synthetic-monitoring-agent)"
16.78.0.23 - - [12/Oct/2025:03:51:09 +0700] "GET / HTTP/1.1" 499 0 "-" "synthetic-monitoring-agent/v0.14.3 (linux amd64; g64b8bab; +https://github.com/grafana/synthetic-monitoring-agent)"
178.128.86.151 - - [12/Oct/2025:03:56:04 +0700] "POST /wp-cron.php?doing_wp_cron=1760216164.7225849628448486328125 HTTP/1.1" 200 5 "-" "WordPress/6.6.4; https://pausfood.co.id"
66.249.66.202 - - [12/Oct/2025:03:56:07 +0700] "GET /1bankanwebshop/cabinet/items4/500026382/500026382_30.jpg HTTP/1.1" 404 48977 "-" "Googlebot-Image/1.0"
18.139.143.38 - - [12/Oct/2025:03:56:08 +0700] "GET / HTTP/1.1" 499 0 "-" "synthetic-monitoring-agent/v0.14.3 (linux amd64; g64b8bab; +https://github.com/grafana/synthetic-monitoring-agent)"
16.78.0.23 - - [12/Oct/2025:03:56:08 +0700] "GET / HTTP/1.1" 499 0 "-" "synthetic-monitoring-agent/v0.14.3 (linux amd64; g64b8bab; +https://github.com/grafana/synthetic-monitoring-agent)"
178.128.86.151 - - [12/Oct/2025:03:56:54 +0700] "POST /wp-cron.php?doing_wp_cron=1760216214.3337769508361816406250 HTTP/1.1" 200 5 "-" "WordPress/6.6.4; https://pausfood.co.id"
66.249.66.201 - - [12/Oct/2025:03:56:55 +0700] "GET /p=3183217 HTTP/1.1" 404 48977 "-" "Mozilla/5.0 (Linux; Android 6.0.1; Nexus 5X Build/MMB29P) AppleWebKit/537.36 (KHTML, like Gecko) Chrome/140.0.7339.207 Mobile Safari/537.36 (compatible; Googlebot/2.1; +http://www.google.com/bot.html)"
178.128.86.151 - - [12/Oct/2025:04:08:57 +0700] "POST /wp-cron.php?doing_wp_cron=1760216937.7452039718627929687500 HTTP/1.1" 200 5 "-" "WordPress/6.6.4; https://pausfood.co.id"
77.237.247.195 - - [12/Oct/2025:04:08:58 +0700] "POST /wp-login.php HTTP/1.1" 499 0 "-" "Mozilla/5.0"
178.128.86.151 - - [12/Oct/2025:04:13:26 +0700] "POST /wp-cron.php?doing_wp_cron=1760217206.6544859409332275390625 HTTP/1.1" 200 5 "-" "WordPress/6.6.4; https://pausfood.co.id"
40.77.167.16 - - [12/Oct/2025:04:13:29 +0700] "GET /faq-page/ HTTP/1.1" 200 59149 "-" "Mozilla/5.0 AppleWebKit/537.36 (KHTML, like Gecko; compatible; bingbot/2.0; +http://www.bing.com/bingbot.htm) Chrome/116.0.1938.76 Safari/537.36"
159.89.165.4 - - [12/Oct/2025:04:21:20 +0700] "GET /wp-admin/css/ HTTP/1.1" 403 555 "binance.com" "Mozilla/5.0 (Windows NT 10.0; Win64; x64) AppleWebKit/537.36 (KHTML, like Gecko) Chrome/90.0.4430.85 Safari/537.36"
178.128.86.151 - - [12/Oct/2025:04:32:58 +0700] "POST /wp-cron.php?doing_wp_cron=1760218378.3467760086059570312500 HTTP/1.1" 200 5 "-" "WordPress/6.6.4; https://pausfood.co.id"
66.249.66.202 - - [12/Oct/2025:04:33:01 +0700] "GET /3033107 HTTP/1.1" 404 48977 "-" "Mozilla/5.0 (Linux; Android 6.0.1; Nexus 5X Build/MMB29P) AppleWebKit/537.36 (KHTML, like Gecko) Chrome/140.0.7339.207 Mobile Safari/537.36 (compatible; Googlebot/2.1; +http://www.google.com/bot.html)"
178.128.86.151 - - [12/Oct/2025:04:33:36 +0700] "POST /wp-cron.php?doing_wp_cron=1760218416.5663940906524658203125 HTTP/1.1" 200 5 "-" "WordPress/6.6.4; https://pausfood.co.id"
66.249.66.200 - - [12/Oct/2025:04:33:39 +0700] "GET /1bankanwebshop/cabinet/items4/500026382/500026382_07.jpg HTTP/1.1" 404 48977 "-" "Googlebot-Image/1.0"
178.128.86.151 - - [12/Oct/2025:04:44:59 +0700] "POST /wp-cron.php?doing_wp_cron=1760219099.4755859375000000000000 HTTP/1.1" 200 5 "-" "WordPress/6.6.4; https://pausfood.co.id"
77.237.247.195 - - [12/Oct/2025:04:45:00 +0700] "POST /wp-login.php HTTP/1.1" 499 0 "-" "Mozilla/5.0"
178.128.86.151 - - [12/Oct/2025:05:03:35 +0700] "POST /wp-cron.php?doing_wp_cron=1760220215.1192710399627685546875 HTTP/1.1" 200 5 "-" "WordPress/6.6.4; https://pausfood.co.id"
66.249.66.200 - - [12/Oct/2025:05:03:37 +0700] "GET /1bankanwebshop/cabinet/items4/500026382/500026382_21.jpg HTTP/1.1" 404 48977 "-" "Googlebot-Image/1.0"
178.128.86.151 - - [12/Oct/2025:05:21:00 +0700] "POST /wp-cron.php?doing_wp_cron=1760221260.1829490661621093750000 HTTP/1.1" 200 5 "-" "WordPress/6.6.4; https://pausfood.co.id"
131.72.94.171 - - [12/Oct/2025:05:21:00 +0700] "GET /?a=0015739577801&channel=9eb6fb&from=blog.php?id%3D395778-7887%26name%3DTAMPS+ZOOTAMP(%E3%82%BA%E3%83%BC%E3%82%BF%E3%83%B3%E3%83%97)+%E3%82%B9%E3%82%BF%E3%83%B3%E3%83%97+%E6%B5%B8%E9%80%8F%E5%8D%B0+TA-ZT-14+%E3%83%94%E3%83%B3%E3%82%AF HTTP/1.1" 301 5 "https://pausfood.co.id/" "Mozilla/5.0 (Windows NT 10.0; Win64; x64) AppleWebKit/537.36 (KHTML, like Gecko) Chrome/110.0.5481.100 Safari/537.36"
77.237.247.195 - - [12/Oct/2025:05:21:08 +0700] "POST /wp-login.php HTTP/1.1" 499 0 "-" "Mozilla/5.0"
178.128.86.151 - - [12/Oct/2025:05:21:10 +0700] "POST /wp-cron.php?doing_wp_cron=1760221270.2222568988800048828125 HTTP/1.1" 200 5 "-" "WordPress/6.6.4; https://pausfood.co.id"
178.128.86.151 - - [12/Oct/2025:05:33:32 +0700] "POST /wp-cron.php?doing_wp_cron=1760222012.9163770675659179687500 HTTP/1.1" 200 5 "-" "WordPress/6.6.4; https://pausfood.co.id"
66.249.66.201 - - [12/Oct/2025:05:33:34 +0700] "GET /1bankanwebshop/cabinet/items4/500026382/500026382_08.jpg HTTP/1.1" 404 48977 "-" "Googlebot-Image/1.0"
178.128.86.151 - - [12/Oct/2025:05:57:30 +0700] "POST /wp-cron.php?doing_wp_cron=1760223449.9134290218353271484375 HTTP/1.1" 200 5 "-" "WordPress/6.6.4; https://pausfood.co.id"
77.237.247.195 - - [12/Oct/2025:05:57:30 +0700] "POST /wp-login.php HTTP/1.1" 200 7701 "-" "Mozilla/5.0"
18.139.143.38 - - [12/Oct/2025:06:01:08 +0700] "GET / HTTP/1.1" 499 0 "-" "synthetic-monitoring-agent/v0.14.3 (linux amd64; g64b8bab; +https://github.com/grafana/synthetic-monitoring-agent)"
178.128.86.151 - - [12/Oct/2025:06:01:16 +0700] "POST /wp-cron.php?doing_wp_cron=1760223676.2587759494781494140625 HTTP/1.1" 200 5 "-" "WordPress/6.6.4; https://pausfood.co.id"
178.128.86.151 - - [12/Oct/2025:06:03:33 +0700] "POST /wp-cron.php?doing_wp_cron=1760223813.0895218849182128906250 HTTP/1.1" 200 5 "-" "WordPress/6.6.4; https://pausfood.co.id"
66.249.66.202 - - [12/Oct/2025:06:03:34 +0700] "GET /1bankanwebshop/cabinet/items4/500026382/500026382_28.jpg HTTP/1.1" 404 48977 "-" "Googlebot-Image/1.0"
178.128.86.151 - - [12/Oct/2025:06:22:03 +0700] "POST /wp-cron.php?doing_wp_cron=1760224923.4104208946228027343750 HTTP/1.1" 200 5 "-" "WordPress/6.6.4; https://pausfood.co.id"
201.219.250.203 - - [12/Oct/2025:06:22:03 +0700] "GET /?a=8139719805105&channel=0dfae4&from=jp.php?id%3D198051-12142%26name%3D%E3%82%B5%E3%83%B3%E3%83%88%E3%83%AA%E3%83%BC+%E5%A4%A9%E7%84%B6%E6%B0%B4+SPARKLING+%E3%82%B9%E3%83%91%E3%83%BC%E3%82%AF%E3%83%AA%E3%83%B3%E3%82%B0+500ml+24%E6%9C%AC+%E5%BC%B7%E7%82%AD%E9%85%B8%E6%B0%B4+%E7%82%AD%E9%85%B8%E6%B0%B4+%E6%97%A7%E3%82%B6%E3%82%B9%E3%83%88%E3%83%AD%E3%83%B3%E3%82%B0+%E5%BC%B7%E5%88%BA%E6%BF%80+%E3%83%9F%E3%83%8D%E3%83%A9%E3%83%AB%E3%82%A6%E3%82%A9%E3%83%BC%E3%82%BF%E3%83%BC+%E3%83%9A%E3%83%83%E3%83%88%E3%83%9C%E3%83%88%E3%83%AB HTTP/1.1" 301 5 "https://pausfood.co.id/" "Mozilla/5.0 (Windows NT 10.0; Win64; x64; rv:137.0) Gecko/20100101 Firefox/137.0"
143.255.126.54 - - [12/Oct/2025:06:22:17 +0700] "GET /?a=8139719805105&channel=0dfae4&from=jp.php?id%3D198051-12142%26name%3D%E3%82%B5%E3%83%B3%E3%83%88%E3%83%AA%E3%83%BC%20%E5%A4%A9%E7%84%B6%E6%B0%B4%20SPARKLING%20%E3%82%B9%E3%83%91%E3%83%BC%E3%82%AF%E3%83%AA%E3%83%B3%E3%82%B0%20500ml%2024%E6%9C%AC%20%E5%BC%B7%E7%82%AD%E9%85%B8%E6%B0%B4%20%E7%82%AD%E9%85%B8%E6%B0%B4%20%E6%97%A7%E3%82%B6%E3%82%B9%E3%83%88%E3%83%AD%E3%83%B3%E3%82%B0%20%E5%BC%B7%E5%88%BA%E6%BF%80%20%E3%83%9F%E3%83%8D%E3%83%A9%E3%83%AB%E3%82%A6%E3%82%A9%E3%83%BC%E3%82%BF%E3%83%BC%20%E3%83%9A%E3%83%83%E3%83%88%E3%83%9C%E3%83%88%E3%83%AB HTTP/1.1" 301 5 "https://pausfood.co.id/" "Mozilla/5.0 (Windows NT 10.0; Win64; x64; rv:137.0) Gecko/20100101 Firefox/137.0"
178.128.86.151 - - [12/Oct/2025:06:26:27 +0700] "POST /wp-cron.php?doing_wp_cron=1760225187.1706180572509765625000 HTTP/1.1" 200 5 "-" "WordPress/6.6.4; https://pausfood.co.id"
45.88.13.77 - - [12/Oct/2025:06:26:27 +0700] "POST /xmlrpc.php HTTP/1.1" 200 415 "-" "Mozilla/5.0 (Linux; Android 7.1.2; Redmi 4X) AppleWebKit/537.36 (KHTML, like Gecko) Chrome/72.0.3626.121 Mobile Safari/537.36"
178.128.86.151 - - [12/Oct/2025:06:33:32 +0700] "POST /wp-cron.php?doing_wp_cron=1760225612.8270230293273925781250 HTTP/1.1" 200 5 "-" "WordPress/6.6.4; https://pausfood.co.id"
66.249.66.201 - - [12/Oct/2025:06:33:34 +0700] "GET /1bankanwebshop/cabinet/items4/500026382/500026382_24.jpg HTTP/1.1" 404 48977 "-" "Googlebot-Image/1.0"
77.237.247.195 - - [12/Oct/2025:06:33:55 +0700] "POST /wp-login.php HTTP/1.1" 200 7701 "-" "Mozilla/5.0"
178.128.86.151 - - [12/Oct/2025:06:40:41 +0700] "POST /wp-cron.php?doing_wp_cron=1760226041.3335490226745605468750 HTTP/1.1" 200 5 "-" "WordPress/6.6.4; https://pausfood.co.id"
216.73.216.31 - - [12/Oct/2025:06:40:41 +0700] "GET /robots.txt HTTP/1.1" 200 78 "-" "Mozilla/5.0 AppleWebKit/537.36 (KHTML, like Gecko; compatible; ClaudeBot/1.0; [email protected])"
216.73.216.31 - - [12/Oct/2025:06:40:42 +0700] "GET /wp-content/plugins/wp-simple-firewall/assets/dist/shield-notbot.bundle.js?mtime=1758727356 HTTP/1.1" 200 21199 "-" "Mozilla/5.0 AppleWebKit/537.36 (KHTML, like Gecko; compatible; ClaudeBot/1.0; [email protected])"
44.215.210.112 - - [12/Oct/2025:06:40:43 +0700] "GET /robots.txt HTTP/1.1" 499 0 "-" "Mozilla/5.0 AppleWebKit/537.36 (KHTML, like Gecko; compatible; Amazonbot/0.1; +https://developer.amazon.com/support/amazonbot) Chrome/119.0.6045.214 Safari/537.36"
44.206.65.8 - - [12/Oct/2025:06:40:53 +0700] "GET /about-us/ HTTP/1.1" 200 74819 "-" "Mozilla/5.0 AppleWebKit/537.36 (KHTML, like Gecko; compatible; Amazonbot/0.1; +https://developer.amazon.com/support/amazonbot) Chrome/119.0.6045.214 Safari/537.36"
216.73.216.31 - - [12/Oct/2025:06:41:22 +0700] "GET /xmlrpc.php HTTP/1.1" 499 0 "-" "Mozilla/5.0 AppleWebKit/537.36 (KHTML, like Gecko; compatible; ClaudeBot/1.0; [email protected])"
216.73.216.31 - - [12/Oct/2025:06:43:18 +0700] "GET /feed HTTP/1.1" 499 0 "-" "Mozilla/5.0 AppleWebKit/537.36 (KHTML, like Gecko; compatible; ClaudeBot/1.0; [email protected])"
178.128.86.151 - - [12/Oct/2025:06:43:23 +0700] "POST /wp-cron.php?doing_wp_cron=1760226203.2313148975372314453125 HTTP/1.1" 200 5 "-" "WordPress/6.6.4; https://pausfood.co.id"
216.73.216.31 - - [12/Oct/2025:06:47:07 +0700] "GET /wp-content/uploads/2024/06/Company-Profile-Cover-1.jpg HTTP/1.1" 200 902563 "-" "Mozilla/5.0 AppleWebKit/537.36 (KHTML, like Gecko; compatible; ClaudeBot/1.0; [email protected])"
216.73.216.31 - - [12/Oct/2025:06:48:43 +0700] "GET /wp-content/uploads/2025/02/about-us-homepage-1024x683.jpg HTTP/1.1" 200 59547 "-" "Mozilla/5.0 AppleWebKit/537.36 (KHTML, like Gecko; compatible; ClaudeBot/1.0; [email protected])"
216.73.216.31 - - [12/Oct/2025:06:50:03 +0700] "GET /comments/feed HTTP/1.1" 499 0 "-" "Mozilla/5.0 AppleWebKit/537.36 (KHTML, like Gecko; compatible; ClaudeBot/1.0; [email protected])"
178.128.86.151 - - [12/Oct/2025:06:50:16 +0700] "POST /wp-cron.php?doing_wp_cron=1760226615.8113350868225097656250 HTTP/1.1" 200 5 "-" "WordPress/6.6.4; https://pausfood.co.id"
178.128.86.151 - - [12/Oct/2025:06:55:42 +0700] "POST /wp-cron.php?doing_wp_cron=1760226942.8045849800109863281250 HTTP/1.1" 200 5 "-" "WordPress/6.6.4; https://pausfood.co.id"
216.73.216.31 - - [12/Oct/2025:06:55:43 +0700] "GET /contact HTTP/1.1" 301 5 "-" "Mozilla/5.0 AppleWebKit/537.36 (KHTML, like Gecko; compatible; ClaudeBot/1.0; [email protected])"
216.73.216.31 - - [12/Oct/2025:06:55:43 +0700] "GET /about-us HTTP/1.1" 301 5 "-" "Mozilla/5.0 AppleWebKit/537.36 (KHTML, like Gecko; compatible; ClaudeBot/1.0; [email protected])"
216.73.216.31 - - [12/Oct/2025:06:55:45 +0700] "GET /contact/ HTTP/1.1" 499 0 "https://pausfood.co.id/contact" "Mozilla/5.0 AppleWebKit/537.36 (KHTML, like Gecko; compatible; ClaudeBot/1.0; [email protected])"
216.73.216.31 - - [12/Oct/2025:06:55:45 +0700] "GET /about-us/ HTTP/1.1" 499 0 "https://pausfood.co.id/about-us" "Mozilla/5.0 AppleWebKit/537.36 (KHTML, like Gecko; compatible; ClaudeBot/1.0; [email protected])"
18.139.143.38 - - [12/Oct/2025:06:56:08 +0700] "GET / HTTP/1.1" 499 0 "-" "synthetic-monitoring-agent/v0.14.3 (linux amd64; g64b8bab; +https://github.com/grafana/synthetic-monitoring-agent)"
178.128.86.151 - - [12/Oct/2025:06:56:13 +0700] "POST /wp-cron.php?doing_wp_cron=1760226973.8476788997650146484375 HTTP/1.1" 200 5 "-" "WordPress/6.6.4; https://pausfood.co.id"
178.128.86.151 - - [12/Oct/2025:07:01:41 +0700] "POST /wp-cron.php?doing_wp_cron=1760227301.0969669818878173828125 HTTP/1.1" 200 5 "-" "WordPress/6.6.4; https://pausfood.co.id"
45.179.113.104 - - [12/Oct/2025:07:01:41 +0700] "GET /?a=2912366243001&channel=1ae3cc&from=news.php?id%3D662430-1239%26name%3DMERACH+%E8%85%B9%E7%AD%8B%E3%83%AD%E3%83%BC%E3%83%A9%E3%83%BC+%E8%86%9D%E3%83%9E%E3%83%83%E3%83%88%E4%BB%98%E3%81%8D+%E3%82%A2%E3%83%96%E3%83%9B%E3%82%A4%E3%83%BC%E3%83%AB+%E9%9D%99%E9%9F%B3+%E4%BA%8C%E8%BC%AA+%E9%AB%98%E8%80%90%E4%B9%85%E6%80%A7+%E8%85%B9%E7%AD%8B+%E3%83%88%E3%83%AC%E3%83%BC%E3%83%8B%E3%83%B3%E3%82%B0%E5%99%A8%E5%85%B7+%E3%82%A8%E3%82%AF%E3%82%B5%E3%82%B5%E3%82%A4%E3%82%BA%E3%83%AD%E3%83%BC%E3%83%A9%E3%83%BC+%E3%82%B9%E3%83%88%E3%83%AC%E3%83%83%E3%83%81+%E3%83%80%E3%82%A4%E3%82%A8%E3%83%83%E3%83%88%E5%99%A8%E5%85%B7+%E7%94%B7%E6%80%A7/%E5%A5%B3%E6%80%A7+%E5%88%9D%E5%BF%83%E8%80%85/%E4%B8%8A%E7%B4%9A%E8%80%85 HTTP/1.1" 301 5 "https://pausfood.co.id/" "Mozilla/5.0 (Macintosh; Intel Mac OS X 10_15_7) AppleWebKit/537.36 (KHTML, like Gecko) Chrome/133.0.0.0 Safari/537.36"
