18.139.143.38 - - [12/Oct/2025:12:41:08 +0700] "GET / HTTP/1.1" 499 0 "-" "synthetic-monitoring-agent/v0.14.3 (linux amd64; g64b8bab; +https://github.com/grafana/synthetic-monitoring-agent)"
16.78.0.23 - - [12/Oct/2025:12:41:09 +0700] "GET / HTTP/1.1" 499 0 "-" "synthetic-monitoring-agent/v0.14.3 (linux amd64; g64b8bab; +https://github.com/grafana/synthetic-monitoring-agent)"
178.128.86.151 - - [12/Oct/2025:12:41:33 +0700] "POST /wp-cron.php?doing_wp_cron=1760247693.3587419986724853515625 HTTP/1.1" 200 5 "-" "WordPress/6.6.4; https://pausfood.co.id"
167.250.201.110 - - [12/Oct/2025:12:41:33 +0700] "GET /?a=3962267639402&channel=2265b1&from=form.php?id%3D676394-603%26name%3DTaylorMade%E2%98%85SIM+DHY+%235+%E3%83%A6%E3%83%BC%E3%83%86%E3%82%A3%E3%83%AA%E3%83%86%E3%82%A3%E3%83%BC%E2%98%85%E3%83%A2%E3%83%BC%E3%83%80%E3%82%B9%E3%83%8F%E3%82%A4%E3%83%96%E3%83%AA%E3%83%83%E3%83%89+%E3%82%B4%E3%83%BC%E3%82%B9%E3%83%88+GOST(S)%E2%98%85 HTTP/1.1" 301 5 "https://pausfood.co.id/" "Mozilla/5.0 (Macintosh; Intel Mac OS X 10.15; rv:137.0) Gecko/20100101 Firefox/137.0"
186.209.173.0 - - [12/Oct/2025:12:41:38 +0700] "GET /?a=3962267639402&channel=2265b1&from=form.php?id%3D676394-603%26name%3DTaylorMade%E2%98%85SIM%20DHY%20%235%20%E3%83%A6%E3%83%BC%E3%83%86%E3%82%A3%E3%83%AA%E3%83%86%E3%82%A3%E3%83%BC%E2%98%85%E3%83%A2%E3%83%BC%E3%83%80%E3%82%B9%E3%83%8F%E3%82%A4%E3%83%96%E3%83%AA%E3%83%83%E3%83%89%20%E3%82%B4%E3%83%BC%E3%82%B9%E3%83%88%20GOST(S)%E2%98%85 HTTP/1.1" 301 5 "https://pausfood.co.id/" "Mozilla/5.0 (Macintosh; Intel Mac OS X 10.15; rv:137.0) Gecko/20100101 Firefox/137.0"
178.128.86.151 - - [12/Oct/2025:12:46:07 +0700] "POST /wp-cron.php?doing_wp_cron=1760247967.1469569206237792968750 HTTP/1.1" 200 5 "-" "WordPress/6.6.4; https://pausfood.co.id"
18.139.143.38 - - [12/Oct/2025:12:46:08 +0700] "GET / HTTP/1.1" 200 76303 "-" "synthetic-monitoring-agent/v0.14.3 (linux amd64; g64b8bab; +https://github.com/grafana/synthetic-monitoring-agent)"
16.78.0.23 - - [12/Oct/2025:12:46:09 +0700] "GET / HTTP/1.1" 200 15697 "-" "synthetic-monitoring-agent/v0.14.3 (linux amd64; g64b8bab; +https://github.com/grafana/synthetic-monitoring-agent)"
178.128.86.151 - - [12/Oct/2025:12:51:03 +0700] "POST /wp-cron.php?doing_wp_cron=1760248263.0110569000244140625000 HTTP/1.1" 200 5 "-" "WordPress/6.6.4; https://pausfood.co.id"
66.249.66.201 - - [12/Oct/2025:12:51:03 +0700] "GET /CHANEL%20%E3%82%B7%E3%83%A3%E3%83%8D%E3%83%AB%20%E3%82%A4%E3%82%BF%E3%83%AA%E3%82%A2%E8%A3%BD%203372%20%E3%82%B3%E3%82%B3%E3%83%9E%E3%83%BC%E3%82%AF%20%E3%83%A9%E3%82%A6%E3%83%B3%E3%83%89%20%E3%83%A1%E3%82%AC%E3%83%8D%E3%83%95%E3%83%AC%E3%83%BC%E3%83%A0%20%E3%83%A1%E3%82%AC%E3%83%8D%20%E4%BC%8A%E9%81%94%E3%82%81%E3%81%8C%E3%81%AD%20%E7%9C%BC%E9%8F%A1%20%E3%82%A2%E3%82%A4%E3%82%A6%E3%82%A7%E3%82%A2%200CH3372%20%E5%AE%9A3.9%E4%B8%87%20C942%E2%96%B2132%E2%96%BC20809m01%20https://image.rakuten.co.jp/crawlercrawler/cabinet/item/04624692/09287158/20809m01-1.jpg HTTP/1.1" 301 5 "-" "Googlebot-Image/1.0"
18.139.143.38 - - [12/Oct/2025:12:51:08 +0700] "GET / HTTP/1.1" 499 0 "-" "synthetic-monitoring-agent/v0.14.3 (linux amd64; g64b8bab; +https://github.com/grafana/synthetic-monitoring-agent)"
66.249.66.201 - - [12/Oct/2025:12:51:08 +0700] "GET /CHANEL%20%E3%82%B7%E3%83%A3%E3%83%8D%E3%83%AB%20%E3%82%A4%E3%82%BF%E3%83%AA%E3%82%A2%E8%A3%BD%203372%20%E3%82%B3%E3%82%B3%E3%83%9E%E3%83%BC%E3%82%AF%20%E3%83%A9%E3%82%A6%E3%83%B3%E3%83%89%20%E3%83%A1%E3%82%AC%E3%83%8D%E3%83%95%E3%83%AC%E3%83%BC%E3%83%A0%20%E3%83%A1%E3%82%AC%E3%83%8D%20%E4%BC%8A%E9%81%94%E3%82%81%E3%81%8C%E3%81%AD%20%E7%9C%BC%E9%8F%A1%20%E3%82%A2%E3%82%A4%E3%82%A6%E3%82%A7%E3%82%A2%200CH3372%20%E5%AE%9A3.9%E4%B8%87%20C942%E2%96%B2132%E2%96%BC20809m01%20https:/image.rakuten.co.jp/crawlercrawler/cabinet/item/04624692/09287158/20809m01-1.jpg HTTP/1.1" 404 48977 "-" "Googlebot-Image/1.0"
16.78.0.23 - - [12/Oct/2025:12:51:09 +0700] "GET / HTTP/1.1" 499 0 "-" "synthetic-monitoring-agent/v0.14.3 (linux amd64; g64b8bab; +https://github.com/grafana/synthetic-monitoring-agent)"
178.128.86.151 - - [12/Oct/2025:12:56:07 +0700] "POST /wp-cron.php?doing_wp_cron=1760248567.4535169601440429687500 HTTP/1.1" 200 5 "-" "WordPress/6.6.4; https://pausfood.co.id"
18.139.143.38 - - [12/Oct/2025:12:56:08 +0700] "GET / HTTP/1.1" 200 76297 "-" "synthetic-monitoring-agent/v0.14.3 (linux amd64; g64b8bab; +https://github.com/grafana/synthetic-monitoring-agent)"
16.78.0.23 - - [12/Oct/2025:12:56:09 +0700] "GET / HTTP/1.1" 499 0 "-" "synthetic-monitoring-agent/v0.14.3 (linux amd64; g64b8bab; +https://github.com/grafana/synthetic-monitoring-agent)"
178.128.86.151 - - [12/Oct/2025:13:01:08 +0700] "POST /wp-cron.php?doing_wp_cron=1760248868.7648460865020751953125 HTTP/1.1" 200 5 "-" "WordPress/6.6.4; https://pausfood.co.id"
18.139.143.38 - - [12/Oct/2025:13:01:08 +0700] "GET / HTTP/1.1" 499 0 "-" "synthetic-monitoring-agent/v0.14.3 (linux amd64; g64b8bab; +https://github.com/grafana/synthetic-monitoring-agent)"
16.78.0.23 - - [12/Oct/2025:13:01:09 +0700] "GET / HTTP/1.1" 499 0 "-" "synthetic-monitoring-agent/v0.14.3 (linux amd64; g64b8bab; +https://github.com/grafana/synthetic-monitoring-agent)"
178.128.86.151 - - [12/Oct/2025:13:03:29 +0700] "POST /wp-cron.php?doing_wp_cron=1760249009.5379049777984619140625 HTTP/1.1" 200 5 "-" "WordPress/6.6.4; https://pausfood.co.id"
66.249.66.201 - - [12/Oct/2025:13:03:30 +0700] "GET /1bankanwebshop/cabinet/items4/500026382/500026382_32.jpg HTTP/1.1" 404 48977 "-" "Googlebot-Image/1.0"
178.128.86.151 - - [12/Oct/2025:13:05:42 +0700] "POST /wp-cron.php?doing_wp_cron=1760249142.1411120891571044921875 HTTP/1.1" 200 5 "-" "WordPress/6.6.4; https://pausfood.co.id"
77.237.247.195 - - [12/Oct/2025:13:05:42 +0700] "POST /wp-login.php HTTP/1.1" 200 7701 "-" "Mozilla/5.0"
18.139.143.38 - - [12/Oct/2025:13:06:08 +0700] "GET / HTTP/1.1" 499 0 "-" "synthetic-monitoring-agent/v0.14.3 (linux amd64; g64b8bab; +https://github.com/grafana/synthetic-monitoring-agent)"
16.78.0.23 - - [12/Oct/2025:13:06:09 +0700] "GET / HTTP/1.1" 499 0 "-" "synthetic-monitoring-agent/v0.14.3 (linux amd64; g64b8bab; +https://github.com/grafana/synthetic-monitoring-agent)"
178.128.86.151 - - [12/Oct/2025:13:11:05 +0700] "POST /wp-cron.php?doing_wp_cron=1760249465.1363871097564697265625 HTTP/1.1" 200 5 "-" "WordPress/6.6.4; https://pausfood.co.id"
18.139.143.38 - - [12/Oct/2025:13:11:06 +0700] "GET / HTTP/1.1" 200 76303 "-" "synthetic-monitoring-agent/v0.14.3 (linux amd64; g64b8bab; +https://github.com/grafana/synthetic-monitoring-agent)"
16.78.0.23 - - [12/Oct/2025:13:11:07 +0700] "GET / HTTP/1.1" 200 76297 "-" "synthetic-monitoring-agent/v0.14.3 (linux amd64; g64b8bab; +https://github.com/grafana/synthetic-monitoring-agent)"
178.128.86.151 - - [12/Oct/2025:13:16:07 +0700] "POST /wp-cron.php?doing_wp_cron=1760249767.0146009922027587890625 HTTP/1.1" 200 5 "-" "WordPress/6.6.4; https://pausfood.co.id"
16.78.0.23 - - [12/Oct/2025:13:16:08 +0700] "GET / HTTP/1.1" 200 76303 "-" "synthetic-monitoring-agent/v0.14.3 (linux amd64; g64b8bab; +https://github.com/grafana/synthetic-monitoring-agent)"
18.139.143.38 - - [12/Oct/2025:13:16:08 +0700] "GET / HTTP/1.1" 200 76297 "-" "synthetic-monitoring-agent/v0.14.3 (linux amd64; g64b8bab; +https://github.com/grafana/synthetic-monitoring-agent)"
178.128.86.151 - - [12/Oct/2025:13:19:56 +0700] "POST /wp-cron.php?doing_wp_cron=1760249996.2153980731964111328125 HTTP/1.1" 200 5 "-" "WordPress/6.6.4; https://pausfood.co.id"
66.249.66.201 - - [12/Oct/2025:13:19:57 +0700] "GET /1bankanwebshop/cabinet/items4/500026382/500026382_10.jpg HTTP/1.1" 404 48977 "-" "Googlebot-Image/1.0"
178.128.86.151 - - [12/Oct/2025:13:21:04 +0700] "POST /wp-cron.php?doing_wp_cron=1760250064.5347979068756103515625 HTTP/1.1" 200 5 "-" "WordPress/6.6.4; https://pausfood.co.id"
16.78.0.23 - - [12/Oct/2025:13:21:05 +0700] "GET / HTTP/1.1" 200 76303 "-" "synthetic-monitoring-agent/v0.14.3 (linux amd64; g64b8bab; +https://github.com/grafana/synthetic-monitoring-agent)"
18.139.143.38 - - [12/Oct/2025:13:21:06 +0700] "GET / HTTP/1.1" 200 76297 "-" "synthetic-monitoring-agent/v0.14.3 (linux amd64; g64b8bab; +https://github.com/grafana/synthetic-monitoring-agent)"
178.128.86.151 - - [12/Oct/2025:13:26:07 +0700] "POST /wp-cron.php?doing_wp_cron=1760250367.0610580444335937500000 HTTP/1.1" 200 5 "-" "WordPress/6.6.4; https://pausfood.co.id"
18.139.143.38 - - [12/Oct/2025:13:26:08 +0700] "GET / HTTP/1.1" 200 76303 "-" "synthetic-monitoring-agent/v0.14.3 (linux amd64; g64b8bab; +https://github.com/grafana/synthetic-monitoring-agent)"
16.78.0.23 - - [12/Oct/2025:13:26:09 +0700] "GET / HTTP/1.1" 499 0 "-" "synthetic-monitoring-agent/v0.14.3 (linux amd64; g64b8bab; +https://github.com/grafana/synthetic-monitoring-agent)"
178.128.86.151 - - [12/Oct/2025:13:31:06 +0700] "POST /wp-cron.php?doing_wp_cron=1760250666.8376379013061523437500 HTTP/1.1" 200 5 "-" "WordPress/6.6.4; https://pausfood.co.id"
18.139.143.38 - - [12/Oct/2025:13:31:07 +0700] "GET / HTTP/1.1" 200 76297 "-" "synthetic-monitoring-agent/v0.14.3 (linux amd64; g64b8bab; +https://github.com/grafana/synthetic-monitoring-agent)"
16.78.0.23 - - [12/Oct/2025:13:31:08 +0700] "GET / HTTP/1.1" 200 76297 "-" "synthetic-monitoring-agent/v0.14.3 (linux amd64; g64b8bab; +https://github.com/grafana/synthetic-monitoring-agent)"
178.128.86.151 - - [12/Oct/2025:13:36:06 +0700] "POST /wp-cron.php?doing_wp_cron=1760250966.6093618869781494140625 HTTP/1.1" 200 5 "-" "WordPress/6.6.4; https://pausfood.co.id"
16.78.0.23 - - [12/Oct/2025:13:36:08 +0700] "GET / HTTP/1.1" 200 76297 "-" "synthetic-monitoring-agent/v0.14.3 (linux amd64; g64b8bab; +https://github.com/grafana/synthetic-monitoring-agent)"
18.139.143.38 - - [12/Oct/2025:13:36:08 +0700] "GET / HTTP/1.1" 200 48465 "-" "synthetic-monitoring-agent/v0.14.3 (linux amd64; g64b8bab; +https://github.com/grafana/synthetic-monitoring-agent)"
178.128.86.151 - - [12/Oct/2025:13:38:54 +0700] "POST /wp-cron.php?doing_wp_cron=1760251134.8120479583740234375000 HTTP/1.1" 200 5 "-" "WordPress/6.6.4; https://pausfood.co.id"
54.38.147.46 - - [12/Oct/2025:13:38:55 +0700] "GET /?frutin_header=header-two HTTP/1.1" 200 46465 "-" "Mozilla/5.0 (compatible; AhrefsBot/7.0; +http://ahrefs.com/robot/)"
51.195.215.78 - - [12/Oct/2025:13:40:54 +0700] "GET /wp-content/themes/frutin/style.css?ver=1.0.0 HTTP/1.1" 200 685 "-" "Mozilla/5.0 (compatible; AhrefsBot/7.0; +http://ahrefs.com/robot/)"
51.195.183.13 - - [12/Oct/2025:13:40:57 +0700] "GET /wp-content/plugins/woocommerce/assets/js/sourcebuster/sourcebuster.min.js?ver=8.9.3 HTTP/1.1" 200 14500 "-" "Mozilla/5.0 (compatible; AhrefsBot/7.0; +http://ahrefs.com/robot/)"
198.244.226.75 - - [12/Oct/2025:13:41:00 +0700] "GET /wp-content/themes/frutin/assets/css/fontawesome.min.css?ver=6.0.0 HTTP/1.1" 200 457437 "-" "Mozilla/5.0 (compatible; AhrefsBot/7.0; +http://ahrefs.com/robot/)"
198.244.240.243 - - [12/Oct/2025:13:41:04 +0700] "GET /wp-content/plugins/contact-form-7/includes/swv/js/index.js?ver=5.9.5 HTTP/1.1" 200 11513 "-" "Mozilla/5.0 (compatible; AhrefsBot/7.0; +http://ahrefs.com/robot/)"
198.244.168.47 - - [12/Oct/2025:13:41:06 +0700] "GET /wp-content/plugins/wp-whatsapp/assets/js/whatsapp-popup.js?ver=3.6.6 HTTP/1.1" 200 922 "-" "Mozilla/5.0 (compatible; AhrefsBot/7.0; +http://ahrefs.com/robot/)"
198.244.168.117 - - [12/Oct/2025:13:41:08 +0700] "GET /wp-content/plugins/ti-woocommerce-wishlist/assets/css/webfont.min.css?ver=2.8.2 HTTP/1.1" 200 3407 "-" "Mozilla/5.0 (compatible; AhrefsBot/7.0; +http://ahrefs.com/robot/)"
18.139.143.38 - - [12/Oct/2025:13:41:08 +0700] "GET / HTTP/1.1" 499 0 "-" "synthetic-monitoring-agent/v0.14.3 (linux amd64; g64b8bab; +https://github.com/grafana/synthetic-monitoring-agent)"
16.78.0.23 - - [12/Oct/2025:13:41:09 +0700] "GET / HTTP/1.1" 499 0 "-" "synthetic-monitoring-agent/v0.14.3 (linux amd64; g64b8bab; +https://github.com/grafana/synthetic-monitoring-agent)"
178.128.86.151 - - [12/Oct/2025:13:41:09 +0700] "POST /wp-cron.php?doing_wp_cron=1760251269.3740749359130859375000 HTTP/1.1" 200 5 "-" "WordPress/6.6.4; https://pausfood.co.id"
198.244.242.208 - - [12/Oct/2025:13:41:10 +0700] "GET /wp-content/themes/frutin/assets/js/jquery-ui.min.js?ver=1.12.1 HTTP/1.1" 200 21889 "-" "Mozilla/5.0 (compatible; AhrefsBot/7.0; +http://ahrefs.com/robot/)"
178.128.86.151 - - [12/Oct/2025:13:41:12 +0700] "POST /wp-cron.php?doing_wp_cron=1760251272.1154310703277587890625 HTTP/1.1" 200 5 "-" "WordPress/6.6.4; https://pausfood.co.id"
51.195.215.77 - - [12/Oct/2025:13:41:13 +0700] "GET /wp-content/plugins/ti-woocommerce-wishlist/assets/js/public.min.js?ver=2.8.2 HTTP/1.1" 200 27607 "-" "Mozilla/5.0 (compatible; AhrefsBot/7.0; +http://ahrefs.com/robot/)"
51.89.129.102 - - [12/Oct/2025:13:41:15 +0700] "GET /wp-content/uploads/elementor/css/global.css?ver=1717683251 HTTP/1.1" 200 9475 "-" "Mozilla/5.0 (compatible; AhrefsBot/7.0; +http://ahrefs.com/robot/)"
198.244.183.60 - - [12/Oct/2025:13:41:17 +0700] "GET /wp-content/plugins/woocommerce/assets/js/frontend/cart-fragments.min.js?ver=8.9.3 HTTP/1.1" 200 2939 "-" "Mozilla/5.0 (compatible; AhrefsBot/7.0; +http://ahrefs.com/robot/)"
54.38.147.216 - - [12/Oct/2025:13:41:19 +0700] "GET /wp-content/plugins/contact-form-7/includes/css/styles.css?ver=5.9.5 HTTP/1.1" 200 2894 "-" "Mozilla/5.0 (compatible; AhrefsBot/7.0; +http://ahrefs.com/robot/)"
198.244.240.73 - - [12/Oct/2025:13:41:20 +0700] "GET /wp-content/plugins/contact-form-7/includes/js/index.js?ver=5.9.5 HTTP/1.1" 200 13054 "-" "Mozilla/5.0 (compatible; AhrefsBot/7.0; +http://ahrefs.com/robot/)"
54.38.147.75 - - [12/Oct/2025:13:41:24 +0700] "GET /wp-content/plugins/elementor/assets/js/frontend.min.js?ver=3.21.8 HTTP/1.1" 200 39972 "-" "Mozilla/5.0 (compatible; AhrefsBot/7.0; +http://ahrefs.com/robot/)"
198.244.240.87 - - [12/Oct/2025:13:41:26 +0700] "GET /wp-content/plugins/woocommerce/assets/js/frontend/order-attribution.min.js?ver=8.9.3 HTTP/1.1" 200 2230 "-" "Mozilla/5.0 (compatible; AhrefsBot/7.0; +http://ahrefs.com/robot/)"
54.38.147.249 - - [12/Oct/2025:13:41:28 +0700] "GET /wp-content/themes/frutin/assets/css/magnific-popup.min.css?ver=1.0 HTTP/1.1" 200 5272 "-" "Mozilla/5.0 (compatible; AhrefsBot/7.0; +http://ahrefs.com/robot/)"
198.244.226.1 - - [12/Oct/2025:13:41:30 +0700] "GET /wp-content/plugins/woocommerce/assets/client/blocks/wc-blocks.css?ver=wc-8.9.3 HTTP/1.1" 200 12743 "-" "Mozilla/5.0 (compatible; AhrefsBot/7.0; +http://ahrefs.com/robot/)"
198.244.242.193 - - [12/Oct/2025:13:41:32 +0700] "GET /wp-includes/js/jquery/jquery-migrate.min.js?ver=3.4.1 HTTP/1.1" 200 13577 "-" "Mozilla/5.0 (compatible; AhrefsBot/7.0; +http://ahrefs.com/robot/)"
51.195.215.65 - - [12/Oct/2025:13:41:34 +0700] "GET /wp-content/uploads/2024/06/PAUSFOOD-FA-LOGO-e1717477512273.png HTTP/1.1" 200 3721 "-" "Mozilla/5.0 (compatible; AhrefsBot/7.0; +http://ahrefs.com/robot/)"
51.195.244.221 - - [12/Oct/2025:13:41:36 +0700] "GET /wp-content/plugins/wp-whatsapp/assets/dist/js/njt-whatsapp.js?ver=3.6.6 HTTP/1.1" 200 52734 "-" "Mozilla/5.0 (compatible; AhrefsBot/7.0; +http://ahrefs.com/robot/)"
54.38.147.171 - - [12/Oct/2025:13:41:38 +0700] "GET /wp-content/plugins/woocommerce/assets/js/frontend/add-to-cart.min.js?ver=8.9.3 HTTP/1.1" 200 3058 "-" "Mozilla/5.0 (compatible; AhrefsBot/7.0; +http://ahrefs.com/robot/)"
54.38.147.154 - - [12/Oct/2025:13:41:41 +0700] "GET /wp-content/plugins/elementor/assets/js/frontend-modules.min.js?ver=3.21.8 HTTP/1.1" 200 63275 "-" "Mozilla/5.0 (compatible; AhrefsBot/7.0; +http://ahrefs.com/robot/)"
54.38.147.16 - - [12/Oct/2025:13:41:44 +0700] "GET /wp-content/plugins/ti-woocommerce-wishlist/assets/css/public.min.css?ver=2.8.2 HTTP/1.1" 200 32758 "-" "Mozilla/5.0 (compatible; AhrefsBot/7.0; +http://ahrefs.com/robot/)"
77.237.247.195 - - [12/Oct/2025:13:41:45 +0700] "POST /wp-login.php HTTP/1.1" 200 7701 "-" "Mozilla/5.0"
20.171.207.198 - - [12/Oct/2025:13:42:51 +0700] "GET /wp-sitemap.xml HTTP/1.1" 503 8788 "-" "Mozilla/5.0 AppleWebKit/537.36 (KHTML, like Gecko; compatible; GPTBot/1.2; +https://openai.com/gptbot)"
178.128.86.151 - - [12/Oct/2025:13:46:08 +0700] "POST /wp-cron.php?doing_wp_cron=1760251568.5357229709625244140625 HTTP/1.1" 200 5 "-" "WordPress/6.6.4; https://pausfood.co.id"
18.139.143.38 - - [12/Oct/2025:13:46:08 +0700] "GET / HTTP/1.1" 499 0 "-" "synthetic-monitoring-agent/v0.14.3 (linux amd64; g64b8bab; +https://github.com/grafana/synthetic-monitoring-agent)"
16.78.0.23 - - [12/Oct/2025:13:46:09 +0700] "GET / HTTP/1.1" 499 0 "-" "synthetic-monitoring-agent/v0.14.3 (linux amd64; g64b8bab; +https://github.com/grafana/synthetic-monitoring-agent)"
178.128.86.151 - - [12/Oct/2025:13:46:11 +0700] "POST /wp-cron.php?doing_wp_cron=1760251571.1747519969940185546875 HTTP/1.1" 200 5 "-" "WordPress/6.6.4; https://pausfood.co.id"
178.128.86.151 - - [12/Oct/2025:13:51:06 +0700] "POST /wp-cron.php?doing_wp_cron=1760251866.7718260288238525390625 HTTP/1.1" 200 5 "-" "WordPress/6.6.4; https://pausfood.co.id"
18.139.143.38 - - [12/Oct/2025:13:51:07 +0700] "GET / HTTP/1.1" 200 76297 "-" "synthetic-monitoring-agent/v0.14.3 (linux amd64; g64b8bab; +https://github.com/grafana/synthetic-monitoring-agent)"
16.78.0.23 - - [12/Oct/2025:13:51:07 +0700] "GET / HTTP/1.1" 200 76303 "-" "synthetic-monitoring-agent/v0.14.3 (linux amd64; g64b8bab; +https://github.com/grafana/synthetic-monitoring-agent)"
178.128.86.151 - - [12/Oct/2025:13:56:08 +0700] "POST /wp-cron.php?doing_wp_cron=1760252168.4106979370117187500000 HTTP/1.1" 200 5 "-" "WordPress/6.6.4; https://pausfood.co.id"
18.139.143.38 - - [12/Oct/2025:13:56:08 +0700] "GET / HTTP/1.1" 499 0 "-" "synthetic-monitoring-agent/v0.14.3 (linux amd64; g64b8bab; +https://github.com/grafana/synthetic-monitoring-agent)"
16.78.0.23 - - [12/Oct/2025:13:56:09 +0700] "GET / HTTP/1.1" 499 0 "-" "synthetic-monitoring-agent/v0.14.3 (linux amd64; g64b8bab; +https://github.com/grafana/synthetic-monitoring-agent)"
178.128.86.151 - - [12/Oct/2025:13:56:32 +0700] "POST /wp-admin/admin-ajax.php?action=icwp-wpsf_snapshot_discovery&nonce=3c01feb29d HTTP/1.1" 499 0 "-" "WordPress/6.6.4; https://pausfood.co.id"
18.139.143.38 - - [12/Oct/2025:14:01:08 +0700] "GET / HTTP/1.1" 499 0 "-" "synthetic-monitoring-agent/v0.14.3 (linux amd64; g64b8bab; +https://github.com/grafana/synthetic-monitoring-agent)"
178.128.86.151 - - [12/Oct/2025:14:01:08 +0700] "POST /wp-cron.php?doing_wp_cron=1760252468.9146490097045898437500 HTTP/1.1" 200 5 "-" "WordPress/6.6.4; https://pausfood.co.id"
16.78.0.23 - - [12/Oct/2025:14:01:09 +0700] "GET / HTTP/1.1" 499 0 "-" "synthetic-monitoring-agent/v0.14.3 (linux amd64; g64b8bab; +https://github.com/grafana/synthetic-monitoring-agent)"
178.128.86.151 - - [12/Oct/2025:14:06:05 +0700] "POST /wp-cron.php?doing_wp_cron=1760252765.8282630443572998046875 HTTP/1.1" 200 5 "-" "WordPress/6.6.4; https://pausfood.co.id"
18.139.143.38 - - [12/Oct/2025:14:06:06 +0700] "GET / HTTP/1.1" 200 76297 "-" "synthetic-monitoring-agent/v0.14.3 (linux amd64; g64b8bab; +https://github.com/grafana/synthetic-monitoring-agent)"
16.78.0.23 - - [12/Oct/2025:14:06:08 +0700] "GET / HTTP/1.1" 200 76297 "-" "synthetic-monitoring-agent/v0.14.3 (linux amd64; g64b8bab; +https://github.com/grafana/synthetic-monitoring-agent)"
178.128.86.151 - - [12/Oct/2025:14:11:06 +0700] "POST /wp-cron.php?doing_wp_cron=1760253066.8525500297546386718750 HTTP/1.1" 200 5 "-" "WordPress/6.6.4; https://pausfood.co.id"
18.139.143.38 - - [12/Oct/2025:14:11:07 +0700] "GET / HTTP/1.1" 200 76303 "-" "synthetic-monitoring-agent/v0.14.3 (linux amd64; g64b8bab; +https://github.com/grafana/synthetic-monitoring-agent)"
16.78.0.23 - - [12/Oct/2025:14:11:09 +0700] "GET / HTTP/1.1" 200 15697 "-" "synthetic-monitoring-agent/v0.14.3 (linux amd64; g64b8bab; +https://github.com/grafana/synthetic-monitoring-agent)"
178.128.86.151 - - [12/Oct/2025:14:13:57 +0700] "POST /wp-cron.php?doing_wp_cron=1760253237.7198920249938964843750 HTTP/1.1" 200 5 "-" "WordPress/6.6.4; https://pausfood.co.id"
66.249.66.200 - - [12/Oct/2025:14:13:58 +0700] "GET /p=3117937 HTTP/1.1" 404 48977 "-" "Mozilla/5.0 (Linux; Android 6.0.1; Nexus 5X Build/MMB29P) AppleWebKit/537.36 (KHTML, like Gecko) Chrome/140.0.7339.207 Mobile Safari/537.36 (compatible; Googlebot/2.1; +http://www.google.com/bot.html)"
18.139.143.38 - - [12/Oct/2025:14:16:08 +0700] "GET / HTTP/1.1" 499 0 "-" "synthetic-monitoring-agent/v0.14.3 (linux amd64; g64b8bab; +https://github.com/grafana/synthetic-monitoring-agent)"
16.78.0.23 - - [12/Oct/2025:14:16:09 +0700] "GET / HTTP/1.1" 499 0 "-" "synthetic-monitoring-agent/v0.14.3 (linux amd64; g64b8bab; +https://github.com/grafana/synthetic-monitoring-agent)"
178.128.86.151 - - [12/Oct/2025:14:16:09 +0700] "POST /wp-cron.php?doing_wp_cron=1760253369.3342990875244140625000 HTTP/1.1" 200 5 "-" "WordPress/6.6.4; https://pausfood.co.id"
178.128.86.151 - - [12/Oct/2025:14:17:35 +0700] "POST /wp-cron.php?doing_wp_cron=1760253455.8073370456695556640625 HTTP/1.1" 200 5 "-" "WordPress/6.6.4; https://pausfood.co.id"
77.237.247.195 - - [12/Oct/2025:14:17:36 +0700] "POST /wp-login.php HTTP/1.1" 200 7701 "-" "Mozilla/5.0"
178.128.86.151 - - [12/Oct/2025:14:21:07 +0700] "POST /wp-cron.php?doing_wp_cron=1760253667.5034780502319335937500 HTTP/1.1" 200 5 "-" "WordPress/6.6.4; https://pausfood.co.id"
18.139.143.38 - - [12/Oct/2025:14:21:08 +0700] "GET / HTTP/1.1" 200 15697 "-" "synthetic-monitoring-agent/v0.14.3 (linux amd64; g64b8bab; +https://github.com/grafana/synthetic-monitoring-agent)"
16.78.0.23 - - [12/Oct/2025:14:21:08 +0700] "GET / HTTP/1.1" 499 0 "-" "synthetic-monitoring-agent/v0.14.3 (linux amd64; g64b8bab; +https://github.com/grafana/synthetic-monitoring-agent)"
178.128.86.151 - - [12/Oct/2025:14:25:00 +0700] "POST /wp-cron.php?doing_wp_cron=1760253900.4088950157165527343750 HTTP/1.1" 200 5 "-" "WordPress/6.6.4; https://pausfood.co.id"
223.15.245.170 - - [12/Oct/2025:14:25:02 +0700] "GET / HTTP/1.1" 200 76303 "http://www.pausfood.co.id" "Mozilla/5.0 (iPhone; CPU iPhone OS 13_2_3 like Mac OS X) AppleWebKit/605.1.15 (KHTML, like Gecko) Version/13.0.3 Mobile/15E148 Safari/604.1"
178.128.86.151 - - [12/Oct/2025:14:26:07 +0700] "POST /wp-cron.php?doing_wp_cron=1760253967.1710150241851806640625 HTTP/1.1" 200 5 "-" "WordPress/6.6.4; https://pausfood.co.id"
18.139.143.38 - - [12/Oct/2025:14:26:08 +0700] "GET / HTTP/1.1" 200 76297 "-" "synthetic-monitoring-agent/v0.14.3 (linux amd64; g64b8bab; +https://github.com/grafana/synthetic-monitoring-agent)"
16.78.0.23 - - [12/Oct/2025:14:26:08 +0700] "GET / HTTP/1.1" 499 0 "-" "synthetic-monitoring-agent/v0.14.3 (linux amd64; g64b8bab; +https://github.com/grafana/synthetic-monitoring-agent)"
178.128.86.151 - - [12/Oct/2025:14:31:06 +0700] "POST /wp-cron.php?doing_wp_cron=1760254265.9109609127044677734375 HTTP/1.1" 200 5 "-" "WordPress/6.6.4; https://pausfood.co.id"
18.139.143.38 - - [12/Oct/2025:14:31:07 +0700] "GET / HTTP/1.1" 200 76303 "-" "synthetic-monitoring-agent/v0.14.3 (linux amd64; g64b8bab; +https://github.com/grafana/synthetic-monitoring-agent)"
178.128.86.151 - - [12/Oct/2025:14:31:08 +0700] "POST /wp-cron.php?doing_wp_cron=1760254268.9433400630950927734375 HTTP/1.1" 200 5 "-" "WordPress/6.6.4; https://pausfood.co.id"
16.78.0.23 - - [12/Oct/2025:14:31:08 +0700] "GET / HTTP/1.1" 499 0 "-" "synthetic-monitoring-agent/v0.14.3 (linux amd64; g64b8bab; +https://github.com/grafana/synthetic-monitoring-agent)"
178.128.86.151 - - [12/Oct/2025:14:36:03 +0700] "POST /wp-cron.php?doing_wp_cron=1760254563.1782050132751464843750 HTTP/1.1" 200 5 "-" "WordPress/6.6.4; https://pausfood.co.id"
18.139.143.38 - - [12/Oct/2025:14:36:04 +0700] "GET / HTTP/1.1" 200 76303 "-" "synthetic-monitoring-agent/v0.14.3 (linux amd64; g64b8bab; +https://github.com/grafana/synthetic-monitoring-agent)"
178.128.86.151 - - [12/Oct/2025:14:36:06 +0700] "POST /wp-cron.php?doing_wp_cron=1760254566.7746651172637939453125 HTTP/1.1" 200 5 "-" "WordPress/6.6.4; https://pausfood.co.id"
16.78.0.23 - - [12/Oct/2025:14:36:07 +0700] "GET / HTTP/1.1" 200 76297 "-" "synthetic-monitoring-agent/v0.14.3 (linux amd64; g64b8bab; +https://github.com/grafana/synthetic-monitoring-agent)"
178.128.86.151 - - [12/Oct/2025:14:41:07 +0700] "POST /wp-cron.php?doing_wp_cron=1760254867.4998419284820556640625 HTTP/1.1" 200 5 "-" "WordPress/6.6.4; https://pausfood.co.id"
18.139.143.38 - - [12/Oct/2025:14:41:08 +0700] "GET / HTTP/1.1" 200 76297 "-" "synthetic-monitoring-agent/v0.14.3 (linux amd64; g64b8bab; +https://github.com/grafana/synthetic-monitoring-agent)"
16.78.0.23 - - [12/Oct/2025:14:41:08 +0700] "GET / HTTP/1.1" 499 0 "-" "synthetic-monitoring-agent/v0.14.3 (linux amd64; g64b8bab; +https://github.com/grafana/synthetic-monitoring-agent)"
178.128.86.151 - - [12/Oct/2025:14:42:04 +0700] "POST /wp-cron.php?doing_wp_cron=1760254924.2371459007263183593750 HTTP/1.1" 200 5 "-" "WordPress/6.6.4; https://pausfood.co.id"
66.249.66.200 - - [12/Oct/2025:14:42:04 +0700] "GET /1530959 HTTP/1.1" 404 48977 "-" "Mozilla/5.0 (Linux; Android 6.0.1; Nexus 5X Build/MMB29P) AppleWebKit/537.36 (KHTML, like Gecko) Chrome/140.0.7339.207 Mobile Safari/537.36 (compatible; Googlebot/2.1; +http://www.google.com/bot.html)"
18.139.143.38 - - [12/Oct/2025:14:46:08 +0700] "GET / HTTP/1.1" 499 0 "-" "synthetic-monitoring-agent/v0.14.3 (linux amd64; g64b8bab; +https://github.com/grafana/synthetic-monitoring-agent)"
16.78.0.23 - - [12/Oct/2025:14:46:08 +0700] "GET / HTTP/1.1" 499 0 "-" "synthetic-monitoring-agent/v0.14.3 (linux amd64; g64b8bab; +https://github.com/grafana/synthetic-monitoring-agent)"
178.128.86.151 - - [12/Oct/2025:14:46:12 +0700] "POST /wp-cron.php?doing_wp_cron=1760255172.4465820789337158203125 HTTP/1.1" 200 5 "-" "WordPress/6.6.4; https://pausfood.co.id"
178.128.86.151 - - [12/Oct/2025:14:47:48 +0700] "POST /wp-cron.php?doing_wp_cron=1760255268.6507170200347900390625 HTTP/1.1" 200 5 "-" "WordPress/6.6.4; https://pausfood.co.id"
103.133.24.223 - - [12/Oct/2025:14:47:48 +0700] "GET /wp-login.php HTTP/1.1" 200 7329 "-" "Mozilla/5.0 (Windows NT 10.0; Win64; x64; rv:127.0) Gecko/20100101 Firefox/127.0"
68.71.251.134 - - [12/Oct/2025:14:48:23 +0700] "GET /wp-login.php?wp_lang=en_US HTTP/1.1" 200 7329 "-" "Mozilla/5.0 (Windows NT 10.0; Win64; x64) AppleWebKit/537.36 (KHTML, like Gecko) Chrome/124.0.6367.207 Safari/537.36"
68.71.251.134 - - [12/Oct/2025:14:48:32 +0700] "POST /wp-login.php?wp_lang=en_US HTTP/1.1" 200 7868 "https://pausfood.co.id/wp-login.php?wp_lang=en_US" "Mozilla/5.0 (Windows NT 10.0; Win64; x64) AppleWebKit/537.36 (KHTML, like Gecko) Chrome/124.0.6367.207 Safari/537.36"
18.139.143.38 - - [12/Oct/2025:14:51:08 +0700] "GET / HTTP/1.1" 499 0 "-" "synthetic-monitoring-agent/v0.14.3 (linux amd64; g64b8bab; +https://github.com/grafana/synthetic-monitoring-agent)"
178.128.86.151 - - [12/Oct/2025:14:51:10 +0700] "POST /wp-cron.php?doing_wp_cron=1760255470.6089251041412353515625 HTTP/1.1" 200 5 "-" "WordPress/6.6.4; https://pausfood.co.id"
178.128.86.151 - - [12/Oct/2025:14:53:40 +0700] "POST /wp-cron.php?doing_wp_cron=1760255620.2595911026000976562500 HTTP/1.1" 200 5 "-" "WordPress/6.6.4; https://pausfood.co.id"
77.237.247.195 - - [12/Oct/2025:14:53:40 +0700] "POST /wp-login.php HTTP/1.1" 200 7701 "-" "Mozilla/5.0"
18.139.143.38 - - [12/Oct/2025:14:56:08 +0700] "GET / HTTP/1.1" 499 0 "-" "synthetic-monitoring-agent/v0.14.3 (linux amd64; g64b8bab; +https://github.com/grafana/synthetic-monitoring-agent)"
178.128.86.151 - - [12/Oct/2025:14:56:12 +0700] "POST /wp-cron.php?doing_wp_cron=1760255772.1589500904083251953125 HTTP/1.1" 200 5 "-" "WordPress/6.6.4; https://pausfood.co.id"
18.139.143.38 - - [12/Oct/2025:15:01:08 +0700] "GET / HTTP/1.1" 499 0 "-" "synthetic-monitoring-agent/v0.14.3 (linux amd64; g64b8bab; +https://github.com/grafana/synthetic-monitoring-agent)"
16.78.0.23 - - [12/Oct/2025:15:01:08 +0700] "GET / HTTP/1.1" 499 0 "-" "synthetic-monitoring-agent/v0.14.3 (linux amd64; g64b8bab; +https://github.com/grafana/synthetic-monitoring-agent)"
178.128.86.151 - - [12/Oct/2025:15:01:09 +0700] "POST /wp-cron.php?doing_wp_cron=1760256069.9247279167175292968750 HTTP/1.1" 200 5 "-" "WordPress/6.6.4; https://pausfood.co.id"
178.128.86.151 - - [12/Oct/2025:15:06:05 +0700] "POST /wp-cron.php?doing_wp_cron=1760256365.6536800861358642578125 HTTP/1.1" 200 5 "-" "WordPress/6.6.4; https://pausfood.co.id"
18.139.143.38 - - [12/Oct/2025:15:06:07 +0700] "GET / HTTP/1.1" 200 76303 "-" "synthetic-monitoring-agent/v0.14.3 (linux amd64; g64b8bab; +https://github.com/grafana/synthetic-monitoring-agent)"
16.78.0.23 - - [12/Oct/2025:15:06:07 +0700] "GET / HTTP/1.1" 200 76303 "-" "synthetic-monitoring-agent/v0.14.3 (linux amd64; g64b8bab; +https://github.com/grafana/synthetic-monitoring-agent)"
178.128.86.151 - - [12/Oct/2025:15:13:59 +0700] "POST /wp-cron.php?doing_wp_cron=1760256839.6629569530487060546875 HTTP/1.1" 200 5 "-" "WordPress/6.6.4; https://pausfood.co.id"
47.254.16.187 - - [12/Oct/2025:15:14:00 +0700] "GET / HTTP/1.1" 200 76303 "-" "Mozilla/5.0 (Linux; Android 11; M2004J15SC) AppleWebKit/537.36 (KHTML, like Gecko) Chrome/103.0.5060.114 Mobile Safari/537.36"
47.89.193.162 - - [12/Oct/2025:15:14:17 +0700] "GET / HTTP/1.1" 200 76297 "-" "Mozilla/5.0 (Linux; Android 11; M2004J15SC) AppleWebKit/537.36 (KHTML, like Gecko) Chrome/103.0.5060.114 Mobile Safari/537.36"
178.128.86.151 - - [12/Oct/2025:15:15:38 +0700] "POST /wp-cron.php?doing_wp_cron=1760256938.2341499328613281250000 HTTP/1.1" 200 5 "-" "WordPress/6.6.4; https://pausfood.co.id"
47.254.25.10 - - [12/Oct/2025:15:15:39 +0700] "GET /Public/home/js/check.js HTTP/1.1" 404 48977 "-" "Mozilla/5.0 (Linux; Android 11; M2004J15SC) AppleWebKit/537.36 (KHTML, like Gecko) Chrome/103.0.5060.114 Mobile Safari/537.36"
47.254.76.138 - - [12/Oct/2025:15:15:50 +0700] "GET /static/admin/javascript/hetong.js HTTP/1.1" 404 48977 "-" "Mozilla/5.0 (Linux; Android 11; M2004J15SC) AppleWebKit/537.36 (KHTML, like Gecko) Chrome/103.0.5060.114 Mobile Safari/537.36"
47.88.90.156 - - [12/Oct/2025:15:16:00 +0700] "GET /Public/home/js/check.js HTTP/1.1" 404 48977 "-" "Mozilla/5.0 (Linux; Android 11; M2004J15SC) AppleWebKit/537.36 (KHTML, like Gecko) Chrome/103.0.5060.114 Mobile Safari/537.36"
18.139.143.38 - - [12/Oct/2025:15:16:08 +0700] "GET / HTTP/1.1" 200 48465 "-" "synthetic-monitoring-agent/v0.14.3 (linux amd64; g64b8bab; +https://github.com/grafana/synthetic-monitoring-agent)"
16.78.0.23 - - [12/Oct/2025:15:16:09 +0700] "GET / HTTP/1.1" 499 0 "-" "synthetic-monitoring-agent/v0.14.3 (linux amd64; g64b8bab; +https://github.com/grafana/synthetic-monitoring-agent)"
178.128.86.151 - - [12/Oct/2025:15:17:13 +0700] "POST /wp-cron.php?doing_wp_cron=1760257033.2579720020294189453125 HTTP/1.1" 200 5 "-" "WordPress/6.6.4; https://pausfood.co.id"
47.88.5.56 - - [12/Oct/2025:15:17:13 +0700] "GET /static/admin/javascript/hetong.js HTTP/1.1" 404 48977 "-" "Mozilla/5.0 (Linux; Android 11; M2004J15SC) AppleWebKit/537.36 (KHTML, like Gecko) Chrome/103.0.5060.114 Mobile Safari/537.36"
178.128.86.151 - - [12/Oct/2025:15:20:58 +0700] "POST /wp-cron.php?doing_wp_cron=1760257258.9179561138153076171875 HTTP/1.1" 200 5 "-" "WordPress/6.6.4; https://pausfood.co.id"
66.249.66.201 - - [12/Oct/2025:15:21:00 +0700] "GET /p=1416087 HTTP/1.1" 404 48977 "-" "Mozilla/5.0 (Linux; Android 6.0.1; Nexus 5X Build/MMB29P) AppleWebKit/537.36 (KHTML, like Gecko) Chrome/140.0.7339.207 Mobile Safari/537.36 (compatible; Googlebot/2.1; +http://www.google.com/bot.html)"
18.139.143.38 - - [12/Oct/2025:15:21:08 +0700] "GET / HTTP/1.1" 499 0 "-" "synthetic-monitoring-agent/v0.14.3 (linux amd64; g64b8bab; +https://github.com/grafana/synthetic-monitoring-agent)"
16.78.0.23 - - [12/Oct/2025:15:21:09 +0700] "GET / HTTP/1.1" 499 0 "-" "synthetic-monitoring-agent/v0.14.3 (linux amd64; g64b8bab; +https://github.com/grafana/synthetic-monitoring-agent)"
178.128.86.151 - - [12/Oct/2025:15:22:03 +0700] "POST /wp-cron.php?doing_wp_cron=1760257323.6290469169616699218750 HTTP/1.1" 200 5 "-" "WordPress/6.6.4; https://pausfood.co.id"
66.249.66.200 - - [12/Oct/2025:15:22:04 +0700] "GET /p=305439 HTTP/1.1" 404 48977 "-" "Mozilla/5.0 (Linux; Android 6.0.1; Nexus 5X Build/MMB29P) AppleWebKit/537.36 (KHTML, like Gecko) Chrome/140.0.7339.207 Mobile Safari/537.36 (compatible; Googlebot/2.1; +http://www.google.com/bot.html)"
178.128.86.151 - - [12/Oct/2025:15:23:52 +0700] "POST /wp-cron.php?doing_wp_cron=1760257432.9112660884857177734375 HTTP/1.1" 200 5 "-" "WordPress/6.6.4; https://pausfood.co.id"
85.208.96.199 - - [12/Oct/2025:15:23:53 +0700] "GET /robots.txt HTTP/1.1" 200 78 "-" "Mozilla/5.0 (compatible; SemrushBot/7~bl; +http://www.semrush.com/bot.html)"
85.208.96.203 - - [12/Oct/2025:15:23:57 +0700] "GET /contact/ HTTP/1.1" 200 51293 "-" "Mozilla/5.0 (compatible; SemrushBot/7~bl; +http://www.semrush.com/bot.html)"
18.139.143.38 - - [12/Oct/2025:15:26:08 +0700] "GET / HTTP/1.1" 499 0 "-" "synthetic-monitoring-agent/v0.14.3 (linux amd64; g64b8bab; +https://github.com/grafana/synthetic-monitoring-agent)"
16.78.0.23 - - [12/Oct/2025:15:26:09 +0700] "GET / HTTP/1.1" 499 0 "-" "synthetic-monitoring-agent/v0.14.3 (linux amd64; g64b8bab; +https://github.com/grafana/synthetic-monitoring-agent)"
178.128.86.151 - - [12/Oct/2025:15:26:09 +0700] "POST /wp-cron.php?doing_wp_cron=1760257569.3197419643402099609375 HTTP/1.1" 200 5 "-" "WordPress/6.6.4; https://pausfood.co.id"
178.128.86.151 - - [12/Oct/2025:15:30:10 +0700] "POST /wp-cron.php?doing_wp_cron=1760257810.0958509445190429687500 HTTP/1.1" 200 5 "-" "WordPress/6.6.4; https://pausfood.co.id"
77.237.247.195 - - [12/Oct/2025:15:30:10 +0700] "POST /wp-login.php HTTP/1.1" 200 7701 "-" "Mozilla/5.0"
178.128.86.151 - - [12/Oct/2025:15:31:05 +0700] "POST /wp-cron.php?doing_wp_cron=1760257865.7248280048370361328125 HTTP/1.1" 200 5 "-" "WordPress/6.6.4; https://pausfood.co.id"
18.139.143.38 - - [12/Oct/2025:15:31:07 +0700] "GET / HTTP/1.1" 200 76303 "-" "synthetic-monitoring-agent/v0.14.3 (linux amd64; g64b8bab; +https://github.com/grafana/synthetic-monitoring-agent)"
16.78.0.23 - - [12/Oct/2025:15:31:07 +0700] "GET / HTTP/1.1" 200 76297 "-" "synthetic-monitoring-agent/v0.14.3 (linux amd64; g64b8bab; +https://github.com/grafana/synthetic-monitoring-agent)"
178.128.86.151 - - [12/Oct/2025:15:32:26 +0700] "POST /wp-cron.php?doing_wp_cron=1760257945.9812090396881103515625 HTTP/1.1" 200 5 "-" "WordPress/6.6.4; https://pausfood.co.id"
170.106.180.153 - - [12/Oct/2025:15:32:26 +0700] "GET / HTTP/1.1" 200 76297 "http://pausfood.co.id" "Mozilla/5.0 (iPhone; CPU iPhone OS 13_2_3 like Mac OS X) AppleWebKit/605.1.15 (KHTML, like Gecko) Version/13.0.3 Mobile/15E148 Safari/604.1"
178.128.86.151 - - [12/Oct/2025:15:36:04 +0700] "POST /wp-cron.php?doing_wp_cron=1760258164.4069530963897705078125 HTTP/1.1" 200 5 "-" "WordPress/6.6.4; https://pausfood.co.id"
18.139.143.38 - - [12/Oct/2025:15:36:05 +0700] "GET / HTTP/1.1" 200 76303 "-" "synthetic-monitoring-agent/v0.14.3 (linux amd64; g64b8bab; +https://github.com/grafana/synthetic-monitoring-agent)"
16.78.0.23 - - [12/Oct/2025:15:36:07 +0700] "GET / HTTP/1.1" 200 76303 "-" "synthetic-monitoring-agent/v0.14.3 (linux amd64; g64b8bab; +https://github.com/grafana/synthetic-monitoring-agent)"
178.128.86.151 - - [12/Oct/2025:15:41:06 +0700] "POST /wp-cron.php?doing_wp_cron=1760258466.6509990692138671875000 HTTP/1.1" 200 5 "-" "WordPress/6.6.4; https://pausfood.co.id"
18.139.143.38 - - [12/Oct/2025:15:41:08 +0700] "GET / HTTP/1.1" 200 76303 "-" "synthetic-monitoring-agent/v0.14.3 (linux amd64; g64b8bab; +https://github.com/grafana/synthetic-monitoring-agent)"
16.78.0.23 - - [12/Oct/2025:15:41:09 +0700] "GET / HTTP/1.1" 499 0 "-" "synthetic-monitoring-agent/v0.14.3 (linux amd64; g64b8bab; +https://github.com/grafana/synthetic-monitoring-agent)"
178.128.86.151 - - [12/Oct/2025:15:46:05 +0700] "POST /wp-cron.php?doing_wp_cron=1760258765.8429501056671142578125 HTTP/1.1" 200 5 "-" "WordPress/6.6.4; https://pausfood.co.id"
18.139.143.38 - - [12/Oct/2025:15:46:07 +0700] "GET / HTTP/1.1" 200 76297 "-" "synthetic-monitoring-agent/v0.14.3 (linux amd64; g64b8bab; +https://github.com/grafana/synthetic-monitoring-agent)"
16.78.0.23 - - [12/Oct/2025:15:46:07 +0700] "GET / HTTP/1.1" 200 76303 "-" "synthetic-monitoring-agent/v0.14.3 (linux amd64; g64b8bab; +https://github.com/grafana/synthetic-monitoring-agent)"
18.139.143.38 - - [12/Oct/2025:15:51:08 +0700] "GET / HTTP/1.1" 499 0 "-" "synthetic-monitoring-agent/v0.14.3 (linux amd64; g64b8bab; +https://github.com/grafana/synthetic-monitoring-agent)"
16.78.0.23 - - [12/Oct/2025:15:51:09 +0700] "GET / HTTP/1.1" 499 0 "-" "synthetic-monitoring-agent/v0.14.3 (linux amd64; g64b8bab; +https://github.com/grafana/synthetic-monitoring-agent)"
178.128.86.151 - - [12/Oct/2025:15:51:09 +0700] "POST /wp-cron.php?doing_wp_cron=1760259069.2572760581970214843750 HTTP/1.1" 200 5 "-" "WordPress/6.6.4; https://pausfood.co.id"
18.139.143.38 - - [12/Oct/2025:15:56:08 +0700] "GET / HTTP/1.1" 499 0 "-" "synthetic-monitoring-agent/v0.14.3 (linux amd64; g64b8bab; +https://github.com/grafana/synthetic-monitoring-agent)"
16.78.0.23 - - [12/Oct/2025:15:56:09 +0700] "GET / HTTP/1.1" 499 0 "-" "synthetic-monitoring-agent/v0.14.3 (linux amd64; g64b8bab; +https://github.com/grafana/synthetic-monitoring-agent)"
178.128.86.151 - - [12/Oct/2025:15:56:10 +0700] "POST /wp-cron.php?doing_wp_cron=1760259370.0629639625549316406250 HTTP/1.1" 200 5 "-" "WordPress/6.6.4; https://pausfood.co.id"
18.139.143.38 - - [12/Oct/2025:16:01:08 +0700] "GET / HTTP/1.1" 499 0 "-" "synthetic-monitoring-agent/v0.14.3 (linux amd64; g64b8bab; +https://github.com/grafana/synthetic-monitoring-agent)"
16.78.0.23 - - [12/Oct/2025:16:01:09 +0700] "GET / HTTP/1.1" 499 0 "-" "synthetic-monitoring-agent/v0.14.3 (linux amd64; g64b8bab; +https://github.com/grafana/synthetic-monitoring-agent)"
178.128.86.151 - - [12/Oct/2025:16:01:10 +0700] "POST /wp-cron.php?doing_wp_cron=1760259670.5152840614318847656250 HTTP/1.1" 200 5 "-" "WordPress/6.6.4; https://pausfood.co.id"
178.128.86.151 - - [12/Oct/2025:16:02:39 +0700] "POST /wp-cron.php?doing_wp_cron=1760259759.7609090805053710937500 HTTP/1.1" 200 5 "-" "WordPress/6.6.4; https://pausfood.co.id"
66.249.66.202 - - [12/Oct/2025:16:02:41 +0700] "GET /wp-sitemap.xml HTTP/1.1" 404 48977 "-" "Mozilla/5.0 (compatible; Googlebot/2.1; +http://www.google.com/bot.html)"
18.139.143.38 - - [12/Oct/2025:16:06:08 +0700] "GET / HTTP/1.1" 499 0 "-" "synthetic-monitoring-agent/v0.14.3 (linux amd64; g64b8bab; +https://github.com/grafana/synthetic-monitoring-agent)"
16.78.0.23 - - [12/Oct/2025:16:06:09 +0700] "GET / HTTP/1.1" 499 0 "-" "synthetic-monitoring-agent/v0.14.3 (linux amd64; g64b8bab; +https://github.com/grafana/synthetic-monitoring-agent)"
178.128.86.151 - - [12/Oct/2025:16:06:09 +0700] "POST /wp-cron.php?doing_wp_cron=1760259968.7349898815155029296875 HTTP/1.1" 499 0 "-" "WordPress/6.6.4; https://pausfood.co.id"
77.237.247.195 - - [12/Oct/2025:16:06:13 +0700] "POST /wp-login.php HTTP/1.1" 200 7701 "-" "Mozilla/5.0"
18.139.143.38 - - [12/Oct/2025:16:11:08 +0700] "GET / HTTP/1.1" 499 0 "-" "synthetic-monitoring-agent/v0.14.3 (linux amd64; g64b8bab; +https://github.com/grafana/synthetic-monitoring-agent)"
16.78.0.23 - - [12/Oct/2025:16:11:09 +0700] "GET / HTTP/1.1" 499 0 "-" "synthetic-monitoring-agent/v0.14.3 (linux amd64; g64b8bab; +https://github.com/grafana/synthetic-monitoring-agent)"
178.128.86.151 - - [12/Oct/2025:16:11:12 +0700] "POST /wp-cron.php?doing_wp_cron=1760260272.0745539665222167968750 HTTP/1.1" 200 5 "-" "WordPress/6.6.4; https://pausfood.co.id"
165.165.112.255 - - [12/Oct/2025:16:11:17 +0700] "GET /?a=82948143902900&channel=fa92bd&from=blog.php?id%3D1439029-1647%26name%3D%E3%82%B5%E3%83%B3%E3%82%BF%E3%82%AF%E3%83%AB%E3%83%BC%E3%82%BA%E3%83%99%E3%82%A2%E3%80%80%E3%83%87%E3%82%A3%E3%82%B9%E3%83%88%E3%83%AC%E3%82%B9%E3%83%A2%E3%83%98%E3%82%A2 HTTP/1.1" 301 5 "https://pausfood.co.id/" "Mozilla/5.0 (Macintosh; Intel Mac OS X 10_15_7) AppleWebKit/605.1.15 (KHTML, like Gecko) Version/17.5 Safari/605.1.15"
89.237.37.150 - - [12/Oct/2025:16:11:24 +0700] "GET /?a=82948143902900&channel=fa92bd&from=blog.php?id%3D1439029-1647%26name%3D%E3%82%B5%E3%83%B3%E3%82%BF%E3%82%AF%E3%83%AB%E3%83%BC%E3%82%BA%E3%83%99%E3%82%A2%E3%80%80%E3%83%87%E3%82%A3%E3%82%B9%E3%83%88%E3%83%AC%E3%82%B9%E3%83%A2%E3%83%98%E3%82%A2 HTTP/1.1" 301 5 "https://pausfood.co.id/" "Mozilla/5.0 (Macintosh; Intel Mac OS X 10_15_7) AppleWebKit/605.1.15 (KHTML, like Gecko) Version/17.5 Safari/605.1.15"
178.128.86.151 - - [12/Oct/2025:16:16:07 +0700] "POST /wp-cron.php?doing_wp_cron=1760260567.1781771183013916015625 HTTP/1.1" 200 5 "-" "WordPress/6.6.4; https://pausfood.co.id"
18.139.143.38 - - [12/Oct/2025:16:16:08 +0700] "GET / HTTP/1.1" 200 64849 "-" "synthetic-monitoring-agent/v0.14.3 (linux amd64; g64b8bab; +https://github.com/grafana/synthetic-monitoring-agent)"
16.78.0.23 - - [12/Oct/2025:16:16:09 +0700] "GET / HTTP/1.1" 499 0 "-" "synthetic-monitoring-agent/v0.14.3 (linux amd64; g64b8bab; +https://github.com/grafana/synthetic-monitoring-agent)"
18.139.143.38 - - [12/Oct/2025:16:21:08 +0700] "GET / HTTP/1.1" 499 0 "-" "synthetic-monitoring-agent/v0.14.3 (linux amd64; g64b8bab; +https://github.com/grafana/synthetic-monitoring-agent)"
178.128.86.151 - - [12/Oct/2025:16:21:08 +0700] "POST /wp-cron.php?doing_wp_cron=1760260868.7330930233001708984375 HTTP/1.1" 200 5 "-" "WordPress/6.6.4; https://pausfood.co.id"
16.78.0.23 - - [12/Oct/2025:16:21:09 +0700] "GET / HTTP/1.1" 499 0 "-" "synthetic-monitoring-agent/v0.14.3 (linux amd64; g64b8bab; +https://github.com/grafana/synthetic-monitoring-agent)"
178.128.86.151 - - [12/Oct/2025:16:24:07 +0700] "POST /wp-cron.php?doing_wp_cron=1760261047.0529949665069580078125 HTTP/1.1" 200 5 "-" "WordPress/6.6.4; https://pausfood.co.id"
66.249.66.200 - - [12/Oct/2025:16:24:07 +0700] "GET /wp-sitemap-posts-frutin_footerbuild-1.xml HTTP/1.1" 404 48977 "-" "Mozilla/5.0 (compatible; Googlebot/2.1; +http://www.google.com/bot.html)"
178.128.86.151 - - [12/Oct/2025:16:26:06 +0700] "POST /wp-cron.php?doing_wp_cron=1760261166.5785210132598876953125 HTTP/1.1" 200 5 "-" "WordPress/6.6.4; https://pausfood.co.id"
18.139.143.38 - - [12/Oct/2025:16:26:07 +0700] "GET / HTTP/1.1" 200 76303 "-" "synthetic-monitoring-agent/v0.14.3 (linux amd64; g64b8bab; +https://github.com/grafana/synthetic-monitoring-agent)"
16.78.0.23 - - [12/Oct/2025:16:26:09 +0700] "GET / HTTP/1.1" 200 15697 "-" "synthetic-monitoring-agent/v0.14.3 (linux amd64; g64b8bab; +https://github.com/grafana/synthetic-monitoring-agent)"
178.128.86.151 - - [12/Oct/2025:16:31:06 +0700] "POST /wp-cron.php?doing_wp_cron=1760261466.6829490661621093750000 HTTP/1.1" 200 5 "-" "WordPress/6.6.4; https://pausfood.co.id"
18.139.143.38 - - [12/Oct/2025:16:31:08 +0700] "GET / HTTP/1.1" 200 76297 "-" "synthetic-monitoring-agent/v0.14.3 (linux amd64; g64b8bab; +https://github.com/grafana/synthetic-monitoring-agent)"
16.78.0.23 - - [12/Oct/2025:16:31:08 +0700] "GET / HTTP/1.1" 200 76303 "-" "synthetic-monitoring-agent/v0.14.3 (linux amd64; g64b8bab; +https://github.com/grafana/synthetic-monitoring-agent)"
18.139.143.38 - - [12/Oct/2025:16:36:08 +0700] "GET / HTTP/1.1" 499 0 "-" "synthetic-monitoring-agent/v0.14.3 (linux amd64; g64b8bab; +https://github.com/grafana/synthetic-monitoring-agent)"
178.128.86.151 - - [12/Oct/2025:16:36:12 +0700] "POST /wp-cron.php?doing_wp_cron=1760261772.7254209518432617187500 HTTP/1.1" 200 5 "-" "WordPress/6.6.4; https://pausfood.co.id"
18.139.143.38 - - [12/Oct/2025:16:41:08 +0700] "GET / HTTP/1.1" 499 0 "-" "synthetic-monitoring-agent/v0.14.3 (linux amd64; g64b8bab; +https://github.com/grafana/synthetic-monitoring-agent)"
16.78.0.23 - - [12/Oct/2025:16:41:09 +0700] "GET / HTTP/1.1" 499 0 "-" "synthetic-monitoring-agent/v0.14.3 (linux amd64; g64b8bab; +https://github.com/grafana/synthetic-monitoring-agent)"
178.128.86.151 - - [12/Oct/2025:16:41:12 +0700] "POST /wp-cron.php?doing_wp_cron=1760262072.6309580802917480468750 HTTP/1.1" 200 5 "-" "WordPress/6.6.4; https://pausfood.co.id"
178.128.86.151 - - [12/Oct/2025:16:42:17 +0700] "POST /wp-cron.php?doing_wp_cron=1760262137.8387849330902099609375 HTTP/1.1" 200 5 "-" "WordPress/6.6.4; https://pausfood.co.id"
77.237.247.195 - - [12/Oct/2025:16:42:18 +0700] "POST /wp-login.php HTTP/1.1" 200 7701 "-" "Mozilla/5.0"
18.139.143.38 - - [12/Oct/2025:16:51:08 +0700] "GET / HTTP/1.1" 499 0 "-" "synthetic-monitoring-agent/v0.14.3 (linux amd64; g64b8bab; +https://github.com/grafana/synthetic-monitoring-agent)"
178.128.86.151 - - [12/Oct/2025:16:51:11 +0700] "POST /wp-cron.php?doing_wp_cron=1760262671.5718050003051757812500 HTTP/1.1" 200 5 "-" "WordPress/6.6.4; https://pausfood.co.id"
18.139.143.38 - - [12/Oct/2025:17:01:08 +0700] "GET / HTTP/1.1" 499 0 "-" "synthetic-monitoring-agent/v0.14.3 (linux amd64; g64b8bab; +https://github.com/grafana/synthetic-monitoring-agent)"
16.78.0.23 - - [12/Oct/2025:17:01:09 +0700] "GET / HTTP/1.1" 499 0 "-" "synthetic-monitoring-agent/v0.14.3 (linux amd64; g64b8bab; +https://github.com/grafana/synthetic-monitoring-agent)"
178.128.86.151 - - [12/Oct/2025:17:01:10 +0700] "POST /wp-cron.php?doing_wp_cron=1760263270.9373469352722167968750 HTTP/1.1" 200 5 "-" "WordPress/6.6.4; https://pausfood.co.id"
178.128.86.151 - - [12/Oct/2025:17:06:08 +0700] "POST /wp-cron.php?doing_wp_cron=1760263568.0434520244598388671875 HTTP/1.1" 200 5 "-" "WordPress/6.6.4; https://pausfood.co.id"
18.139.143.38 - - [12/Oct/2025:17:06:08 +0700] "GET / HTTP/1.1" 200 15697 "-" "synthetic-monitoring-agent/v0.14.3 (linux amd64; g64b8bab; +https://github.com/grafana/synthetic-monitoring-agent)"
16.78.0.23 - - [12/Oct/2025:17:06:09 +0700] "GET / HTTP/1.1" 499 0 "-" "synthetic-monitoring-agent/v0.14.3 (linux amd64; g64b8bab; +https://github.com/grafana/synthetic-monitoring-agent)"
18.139.143.38 - - [12/Oct/2025:17:11:08 +0700] "GET / HTTP/1.1" 499 0 "-" "synthetic-monitoring-agent/v0.14.3 (linux amd64; g64b8bab; +https://github.com/grafana/synthetic-monitoring-agent)"
16.78.0.23 - - [12/Oct/2025:17:11:09 +0700] "GET / HTTP/1.1" 499 0 "-" "synthetic-monitoring-agent/v0.14.3 (linux amd64; g64b8bab; +https://github.com/grafana/synthetic-monitoring-agent)"
178.128.86.151 - - [12/Oct/2025:17:11:09 +0700] "POST /wp-cron.php?doing_wp_cron=1760263869.1427040100097656250000 HTTP/1.1" 200 5 "-" "WordPress/6.6.4; https://pausfood.co.id"
178.128.86.151 - - [12/Oct/2025:17:16:06 +0700] "POST /wp-cron.php?doing_wp_cron=1760264166.8261840343475341796875 HTTP/1.1" 200 5 "-" "WordPress/6.6.4; https://pausfood.co.id"
18.139.143.38 - - [12/Oct/2025:17:16:08 +0700] "GET / HTTP/1.1" 200 76303 "-" "synthetic-monitoring-agent/v0.14.3 (linux amd64; g64b8bab; +https://github.com/grafana/synthetic-monitoring-agent)"
16.78.0.23 - - [12/Oct/2025:17:16:08 +0700] "GET / HTTP/1.1" 200 76297 "-" "synthetic-monitoring-agent/v0.14.3 (linux amd64; g64b8bab; +https://github.com/grafana/synthetic-monitoring-agent)"
178.128.86.151 - - [12/Oct/2025:17:18:39 +0700] "POST /wp-cron.php?doing_wp_cron=1760264319.0316419601440429687500 HTTP/1.1" 200 5 "-" "WordPress/6.6.4; https://pausfood.co.id"
77.237.247.195 - - [12/Oct/2025:17:18:39 +0700] "POST /wp-login.php HTTP/1.1" 200 7701 "-" "Mozilla/5.0"
216.244.66.195 - - [12/Oct/2025:17:19:43 +0700] "GET /robots.txt HTTP/1.1" 503 8789 "-" "Mozilla/5.0 (compatible; DotBot/1.2; +https://opensiteexplorer.org/dotbot; [email protected])"
178.128.86.151 - - [12/Oct/2025:17:21:02 +0700] "POST /wp-cron.php?doing_wp_cron=1760264462.0975780487060546875000 HTTP/1.1" 200 5 "-" "WordPress/6.6.4; https://pausfood.co.id"
18.139.143.38 - - [12/Oct/2025:17:21:02 +0700] "GET / HTTP/1.1" 200 76303 "-" "synthetic-monitoring-agent/v0.14.3 (linux amd64; g64b8bab; +https://github.com/grafana/synthetic-monitoring-agent)"
16.78.0.23 - - [12/Oct/2025:17:21:04 +0700] "GET / HTTP/1.1" 200 76297 "-" "synthetic-monitoring-agent/v0.14.3 (linux amd64; g64b8bab; +https://github.com/grafana/synthetic-monitoring-agent)"
178.128.86.151 - - [12/Oct/2025:17:26:02 +0700] "POST /wp-cron.php?doing_wp_cron=1760264762.7826669216156005859375 HTTP/1.1" 200 5 "-" "WordPress/6.6.4; https://pausfood.co.id"
16.78.0.23 - - [12/Oct/2025:17:26:03 +0700] "GET / HTTP/1.1" 200 76297 "-" "synthetic-monitoring-agent/v0.14.3 (linux amd64; g64b8bab; +https://github.com/grafana/synthetic-monitoring-agent)"
18.139.143.38 - - [12/Oct/2025:17:26:03 +0700] "GET / HTTP/1.1" 200 76303 "-" "synthetic-monitoring-agent/v0.14.3 (linux amd64; g64b8bab; +https://github.com/grafana/synthetic-monitoring-agent)"
178.128.86.151 - - [12/Oct/2025:17:27:51 +0700] "POST /wp-cron.php?doing_wp_cron=1760264871.8273189067840576171875 HTTP/1.1" 200 5 "-" "WordPress/6.6.4; https://pausfood.co.id"
66.249.66.201 - - [12/Oct/2025:17:27:52 +0700] "GET /911554 HTTP/1.1" 404 48977 "-" "Mozilla/5.0 (Linux; Android 6.0.1; Nexus 5X Build/MMB29P) AppleWebKit/537.36 (KHTML, like Gecko) Chrome/140.0.7339.207 Mobile Safari/537.36 (compatible; Googlebot/2.1; +http://www.google.com/bot.html)"
178.128.86.151 - - [12/Oct/2025:17:31:03 +0700] "POST /wp-cron.php?doing_wp_cron=1760265063.7238299846649169921875 HTTP/1.1" 200 5 "-" "WordPress/6.6.4; https://pausfood.co.id"
18.139.143.38 - - [12/Oct/2025:17:31:04 +0700] "GET / HTTP/1.1" 200 76297 "-" "synthetic-monitoring-agent/v0.14.3 (linux amd64; g64b8bab; +https://github.com/grafana/synthetic-monitoring-agent)"
16.78.0.23 - - [12/Oct/2025:17:31:05 +0700] "GET / HTTP/1.1" 200 76297 "-" "synthetic-monitoring-agent/v0.14.3 (linux amd64; g64b8bab; +https://github.com/grafana/synthetic-monitoring-agent)"
178.128.86.151 - - [12/Oct/2025:17:36:06 +0700] "POST /wp-cron.php?doing_wp_cron=1760265366.2264358997344970703125 HTTP/1.1" 200 5 "-" "WordPress/6.6.4; https://pausfood.co.id"
18.139.143.38 - - [12/Oct/2025:17:36:07 +0700] "GET / HTTP/1.1" 200 76297 "-" "synthetic-monitoring-agent/v0.14.3 (linux amd64; g64b8bab; +https://github.com/grafana/synthetic-monitoring-agent)"
16.78.0.23 - - [12/Oct/2025:17:36:09 +0700] "GET / HTTP/1.1" 499 0 "-" "synthetic-monitoring-agent/v0.14.3 (linux amd64; g64b8bab; +https://github.com/grafana/synthetic-monitoring-agent)"
