172.70.189.67 - - [11/Oct/2025:17:42:34 +0700] "POST //wp-login.php HTTP/1.1" 200 6524 "https://rocioprime.com//wp-login.php" "Mozilla/5.0 (Windows NT 10.0; Win64; x64) AppleWebKit/537.36 (KHTML, like Gecko) Chrome/88.0.4240.193 Safari/537.36"
172.70.189.67 - - [11/Oct/2025:17:42:36 +0700] "POST //wp-login.php HTTP/1.1" 200 6518 "https://rocioprime.com//wp-login.php" "Mozilla/5.0 (Windows NT 10.0; Win64; x64) AppleWebKit/537.36 (KHTML, like Gecko) Chrome/88.0.4240.193 Safari/537.36"
162.158.108.115 - - [11/Oct/2025:17:42:37 +0700] "POST //wp-login.php HTTP/1.1" 200 6518 "https://rocioprime.com//wp-login.php" "Mozilla/5.0 (Windows NT 10.0; Win64; x64) AppleWebKit/537.36 (KHTML, like Gecko) Chrome/88.0.4240.193 Safari/537.36"
172.70.208.170 - - [11/Oct/2025:17:42:39 +0700] "POST //wp-login.php HTTP/1.1" 200 6524 "https://rocioprime.com//wp-login.php" "Mozilla/5.0 (Windows NT 10.0; Win64; x64) AppleWebKit/537.36 (KHTML, like Gecko) Chrome/88.0.4240.193 Safari/537.36"
172.70.142.166 - - [11/Oct/2025:17:42:40 +0700] "POST //wp-login.php HTTP/1.1" 200 6518 "https://rocioprime.com//wp-login.php" "Mozilla/5.0 (Windows NT 10.0; Win64; x64) AppleWebKit/537.36 (KHTML, like Gecko) Chrome/88.0.4240.193 Safari/537.36"
172.71.124.170 - - [11/Oct/2025:17:42:42 +0700] "POST //wp-login.php HTTP/1.1" 200 6524 "https://rocioprime.com//wp-login.php" "Mozilla/5.0 (Windows NT 10.0; Win64; x64) AppleWebKit/537.36 (KHTML, like Gecko) Chrome/88.0.4240.193 Safari/537.36"
162.158.88.129 - - [11/Oct/2025:17:42:43 +0700] "POST //wp-login.php HTTP/1.1" 200 6524 "https://rocioprime.com//wp-login.php" "Mozilla/5.0 (Windows NT 10.0; Win64; x64) AppleWebKit/537.36 (KHTML, like Gecko) Chrome/88.0.4240.193 Safari/537.36"
172.71.81.171 - - [11/Oct/2025:17:42:45 +0700] "POST //wp-login.php HTTP/1.1" 200 6518 "https://rocioprime.com//wp-login.php" "Mozilla/5.0 (Windows NT 10.0; Win64; x64) AppleWebKit/537.36 (KHTML, like Gecko) Chrome/88.0.4240.193 Safari/537.36"
172.71.81.171 - - [11/Oct/2025:17:42:46 +0700] "POST //wp-login.php HTTP/1.1" 200 6524 "https://rocioprime.com//wp-login.php" "Mozilla/5.0 (Windows NT 10.0; Win64; x64) AppleWebKit/537.36 (KHTML, like Gecko) Chrome/88.0.4240.193 Safari/537.36"
172.70.189.67 - - [11/Oct/2025:17:42:47 +0700] "POST //wp-login.php HTTP/1.1" 200 6518 "https://rocioprime.com//wp-login.php" "Mozilla/5.0 (Windows NT 10.0; Win64; x64) AppleWebKit/537.36 (KHTML, like Gecko) Chrome/88.0.4240.193 Safari/537.36"
172.70.142.166 - - [11/Oct/2025:17:42:49 +0700] "POST //wp-login.php HTTP/1.1" 200 6524 "https://rocioprime.com//wp-login.php" "Mozilla/5.0 (Windows NT 10.0; Win64; x64) AppleWebKit/537.36 (KHTML, like Gecko) Chrome/88.0.4240.193 Safari/537.36"
162.158.88.129 - - [11/Oct/2025:17:42:50 +0700] "POST //wp-login.php HTTP/1.1" 200 6524 "https://rocioprime.com//wp-login.php" "Mozilla/5.0 (Windows NT 10.0; Win64; x64) AppleWebKit/537.36 (KHTML, like Gecko) Chrome/88.0.4240.193 Safari/537.36"
108.162.226.146 - - [11/Oct/2025:17:42:52 +0700] "POST //wp-login.php HTTP/1.1" 200 6524 "https://rocioprime.com//wp-login.php" "Mozilla/5.0 (Windows NT 10.0; Win64; x64) AppleWebKit/537.36 (KHTML, like Gecko) Chrome/88.0.4240.193 Safari/537.36"
162.158.170.9 - - [11/Oct/2025:17:42:54 +0700] "POST //wp-login.php HTTP/1.1" 200 6524 "https://rocioprime.com//wp-login.php" "Mozilla/5.0 (Windows NT 10.0; Win64; x64) AppleWebKit/537.36 (KHTML, like Gecko) Chrome/88.0.4240.193 Safari/537.36"
172.71.124.170 - - [11/Oct/2025:17:42:55 +0700] "POST //wp-login.php HTTP/1.1" 200 6518 "https://rocioprime.com//wp-login.php" "Mozilla/5.0 (Windows NT 10.0; Win64; x64) AppleWebKit/537.36 (KHTML, like Gecko) Chrome/88.0.4240.193 Safari/537.36"
104.23.175.124 - - [11/Oct/2025:17:42:57 +0700] "POST //wp-login.php HTTP/1.1" 200 6524 "https://rocioprime.com//wp-login.php" "Mozilla/5.0 (Windows NT 10.0; Win64; x64) AppleWebKit/537.36 (KHTML, like Gecko) Chrome/88.0.4240.193 Safari/537.36"
172.71.124.170 - - [11/Oct/2025:17:42:59 +0700] "POST //wp-login.php HTTP/1.1" 200 6524 "https://rocioprime.com//wp-login.php" "Mozilla/5.0 (Windows NT 10.0; Win64; x64) AppleWebKit/537.36 (KHTML, like Gecko) Chrome/88.0.4240.193 Safari/537.36"
162.158.189.204 - - [11/Oct/2025:17:43:00 +0700] "POST //wp-login.php HTTP/1.1" 200 6518 "https://rocioprime.com//wp-login.php" "Mozilla/5.0 (Windows NT 10.0; Win64; x64) AppleWebKit/537.36 (KHTML, like Gecko) Chrome/88.0.4240.193 Safari/537.36"
104.23.175.124 - - [11/Oct/2025:17:43:02 +0700] "POST //wp-login.php HTTP/1.1" 200 6518 "https://rocioprime.com//wp-login.php" "Mozilla/5.0 (Windows NT 10.0; Win64; x64) AppleWebKit/537.36 (KHTML, like Gecko) Chrome/88.0.4240.193 Safari/537.36"
108.162.226.146 - - [11/Oct/2025:17:43:04 +0700] "POST //wp-login.php HTTP/1.1" 200 6524 "https://rocioprime.com//wp-login.php" "Mozilla/5.0 (Windows NT 10.0; Win64; x64) AppleWebKit/537.36 (KHTML, like Gecko) Chrome/88.0.4240.193 Safari/537.36"
162.158.106.100 - - [11/Oct/2025:17:43:05 +0700] "GET /category/casinowazamba/page/49 HTTP/1.1" 301 5 "https://rocioprime.com/" "Mozilla/5.0 (Windows NT 10.0; Win64; x64) AppleWebKit/537.36 (KHTML, like Gecko) Chrome/135.0.0.0 Safari/537.36"
172.70.142.166 - - [11/Oct/2025:17:43:05 +0700] "POST //wp-login.php HTTP/1.1" 200 6524 "https://rocioprime.com//wp-login.php" "Mozilla/5.0 (Windows NT 10.0; Win64; x64) AppleWebKit/537.36 (KHTML, like Gecko) Chrome/88.0.4240.193 Safari/537.36"
162.158.106.100 - - [11/Oct/2025:17:43:06 +0700] "GET /category/casinowazamba/page/49/ HTTP/1.1" 200 185906 "https://rocioprime.com/" "Mozilla/5.0 (Windows NT 10.0; Win64; x64) AppleWebKit/537.36 (KHTML, like Gecko) Chrome/135.0.0.0 Safari/537.36"
162.158.162.51 - - [11/Oct/2025:17:43:07 +0700] "POST //wp-login.php HTTP/1.1" 200 6518 "https://rocioprime.com//wp-login.php" "Mozilla/5.0 (Windows NT 10.0; Win64; x64) AppleWebKit/537.36 (KHTML, like Gecko) Chrome/88.0.4240.193 Safari/537.36"
108.162.226.146 - - [11/Oct/2025:17:43:09 +0700] "POST //wp-login.php HTTP/1.1" 200 6518 "https://rocioprime.com//wp-login.php" "Mozilla/5.0 (Windows NT 10.0; Win64; x64) AppleWebKit/537.36 (KHTML, like Gecko) Chrome/88.0.4240.193 Safari/537.36"
162.158.162.51 - - [11/Oct/2025:17:43:11 +0700] "POST //wp-login.php HTTP/1.1" 200 6518 "https://rocioprime.com//wp-login.php" "Mozilla/5.0 (Windows NT 10.0; Win64; x64) AppleWebKit/537.36 (KHTML, like Gecko) Chrome/88.0.4240.193 Safari/537.36"
108.162.226.146 - - [11/Oct/2025:17:43:12 +0700] "POST //wp-login.php HTTP/1.1" 200 6524 "https://rocioprime.com//wp-login.php" "Mozilla/5.0 (Windows NT 10.0; Win64; x64) AppleWebKit/537.36 (KHTML, like Gecko) Chrome/88.0.4240.193 Safari/537.36"
162.158.88.129 - - [11/Oct/2025:17:43:14 +0700] "POST //wp-login.php HTTP/1.1" 200 6518 "https://rocioprime.com//wp-login.php" "Mozilla/5.0 (Windows NT 10.0; Win64; x64) AppleWebKit/537.36 (KHTML, like Gecko) Chrome/88.0.4240.193 Safari/537.36"
172.71.81.171 - - [11/Oct/2025:17:43:16 +0700] "POST //wp-login.php HTTP/1.1" 200 6518 "https://rocioprime.com//wp-login.php" "Mozilla/5.0 (Windows NT 10.0; Win64; x64) AppleWebKit/537.36 (KHTML, like Gecko) Chrome/88.0.4240.193 Safari/537.36"
172.70.142.166 - - [11/Oct/2025:17:43:17 +0700] "POST //wp-login.php HTTP/1.1" 200 6524 "https://rocioprime.com//wp-login.php" "Mozilla/5.0 (Windows NT 10.0; Win64; x64) AppleWebKit/537.36 (KHTML, like Gecko) Chrome/88.0.4240.193 Safari/537.36"
172.68.164.25 - - [11/Oct/2025:17:43:18 +0700] "POST //wp-login.php HTTP/1.1" 200 6518 "https://rocioprime.com//wp-login.php" "Mozilla/5.0 (Windows NT 10.0; Win64; x64) AppleWebKit/537.36 (KHTML, like Gecko) Chrome/88.0.4240.193 Safari/537.36"
162.158.162.51 - - [11/Oct/2025:17:43:20 +0700] "POST //wp-login.php HTTP/1.1" 200 6524 "https://rocioprime.com//wp-login.php" "Mozilla/5.0 (Windows NT 10.0; Win64; x64) AppleWebKit/537.36 (KHTML, like Gecko) Chrome/88.0.4240.193 Safari/537.36"
162.158.106.100 - - [11/Oct/2025:17:43:21 +0700] "POST //wp-login.php HTTP/1.1" 200 6518 "https://rocioprime.com//wp-login.php" "Mozilla/5.0 (Windows NT 10.0; Win64; x64) AppleWebKit/537.36 (KHTML, like Gecko) Chrome/88.0.4240.193 Safari/537.36"
172.70.142.166 - - [11/Oct/2025:17:43:23 +0700] "POST //wp-login.php HTTP/1.1" 200 6518 "https://rocioprime.com//wp-login.php" "Mozilla/5.0 (Windows NT 10.0; Win64; x64) AppleWebKit/537.36 (KHTML, like Gecko) Chrome/88.0.4240.193 Safari/537.36"
104.23.175.124 - - [11/Oct/2025:17:43:24 +0700] "POST //wp-login.php HTTP/1.1" 200 6524 "https://rocioprime.com//wp-login.php" "Mozilla/5.0 (Windows NT 10.0; Win64; x64) AppleWebKit/537.36 (KHTML, like Gecko) Chrome/88.0.4240.193 Safari/537.36"
172.69.176.118 - - [11/Oct/2025:17:43:24 +0700] "GET /2025/08/28/wahrscheinlichkeiten-strategisch-einsetzen-im-king-billy-casino/ HTTP/1.1" 200 181867 "-" "Mozilla/5.0 (compatible; AhrefsBot/7.0; +http://ahrefs.com/robot/)"
162.158.88.129 - - [11/Oct/2025:17:43:25 +0700] "POST //wp-login.php HTTP/1.1" 200 6524 "https://rocioprime.com//wp-login.php" "Mozilla/5.0 (Windows NT 10.0; Win64; x64) AppleWebKit/537.36 (KHTML, like Gecko) Chrome/88.0.4240.193 Safari/537.36"
162.158.189.203 - - [11/Oct/2025:17:43:26 +0700] "GET /wp-content/plugins/metform/public/assets/lib/cute-alert/style.css?ver=3.9.3 HTTP/1.1" 304 0 "https://rocioprime.com/2025/08/28/wahrscheinlichkeiten-strategisch-einsetzen-im-king-billy-casino/" "Mozilla/5.0 (compatible; AhrefsBot/7.0; +http://ahrefs.com/robot/)"
162.158.108.134 - - [11/Oct/2025:17:43:26 +0700] "GET /wp-includes/css/dist/block-library/style.min.css?ver=6.8.2 HTTP/1.1" 304 0 "https://rocioprime.com/2025/08/28/wahrscheinlichkeiten-strategisch-einsetzen-im-king-billy-casino/" "Mozilla/5.0 (compatible; AhrefsBot/7.0; +http://ahrefs.com/robot/)"
172.70.143.197 - - [11/Oct/2025:17:43:26 +0700] "GET /wp-content/plugins/bdthemes-element-pack-lite/assets/css/bdt-uikit.css?ver=3.21.7 HTTP/1.1" 304 0 "https://rocioprime.com/2025/08/28/wahrscheinlichkeiten-strategisch-einsetzen-im-king-billy-casino/" "Mozilla/5.0 (compatible; AhrefsBot/7.0; +http://ahrefs.com/robot/)"
172.68.242.68 - - [11/Oct/2025:17:43:26 +0700] "GET /wp-content/plugins/elementor/assets/lib/font-awesome/css/solid.css?ver=5.15.3 HTTP/1.1" 304 0 "https://rocioprime.com/2025/08/28/wahrscheinlichkeiten-strategisch-einsetzen-im-king-billy-casino/" "Mozilla/5.0 (compatible; AhrefsBot/7.0; +http://ahrefs.com/robot/)"
172.70.92.219 - - [11/Oct/2025:17:43:26 +0700] "GET /wp-content/plugins/elementor/assets/css/widget-heading.min.css?ver=3.27.3 HTTP/1.1" 304 0 "https://rocioprime.com/2025/08/28/wahrscheinlichkeiten-strategisch-einsetzen-im-king-billy-casino/" "Mozilla/5.0 (compatible; AhrefsBot/7.0; +http://ahrefs.com/robot/)"
172.71.124.139 - - [11/Oct/2025:17:43:27 +0700] "GET /wp-content/plugins/elementor/assets/css/widget-icon-list.min.css?ver=3.24.3 HTTP/1.1" 304 0 "https://rocioprime.com/2025/08/28/wahrscheinlichkeiten-strategisch-einsetzen-im-king-billy-casino/" "Mozilla/5.0 (compatible; AhrefsBot/7.0; +http://ahrefs.com/robot/)"
172.68.242.113 - - [11/Oct/2025:17:43:27 +0700] "GET /wp-content/plugins/elementor/assets/css/widget-image.min.css?ver=3.27.3 HTTP/1.1" 304 0 "https://rocioprime.com/2025/08/28/wahrscheinlichkeiten-strategisch-einsetzen-im-king-billy-casino/" "Mozilla/5.0 (compatible; AhrefsBot/7.0; +http://ahrefs.com/robot/)"
162.158.162.123 - - [11/Oct/2025:17:43:27 +0700] "GET /wp-content/plugins/woocommerce/assets/js/frontend/order-attribution.min.js?ver=9.6.1 HTTP/1.1" 304 0 "https://rocioprime.com/2025/08/28/wahrscheinlichkeiten-strategisch-einsetzen-im-king-billy-casino/" "Mozilla/5.0 (compatible; AhrefsBot/7.0; +http://ahrefs.com/robot/)"
172.70.208.45 - - [11/Oct/2025:17:43:27 +0700] "GET /wp-includes/js/comment-reply.min.js?ver=6.8.2 HTTP/1.1" 304 0 "https://rocioprime.com/2025/08/28/wahrscheinlichkeiten-strategisch-einsetzen-im-king-billy-casino/" "Mozilla/5.0 (compatible; AhrefsBot/7.0; +http://ahrefs.com/robot/)"
172.70.208.112 - - [11/Oct/2025:17:43:27 +0700] "GET /wp-content/plugins/woocommerce/assets/js/zoom/jquery.zoom.min.js?ver=1.7.21-wc.9.6.1 HTTP/1.1" 304 0 "https://rocioprime.com/2025/08/28/wahrscheinlichkeiten-strategisch-einsetzen-im-king-billy-casino/" "Mozilla/5.0 (compatible; AhrefsBot/7.0; +http://ahrefs.com/robot/)"
172.70.188.38 - - [11/Oct/2025:17:43:27 +0700] "GET /wp-content/plugins/woocommerce/assets/js/frontend/woocommerce.min.js?ver=9.6.1 HTTP/1.1" 304 0 "https://rocioprime.com/2025/08/28/wahrscheinlichkeiten-strategisch-einsetzen-im-king-billy-casino/" "Mozilla/5.0 (compatible; AhrefsBot/7.0; +http://ahrefs.com/robot/)"
172.70.189.67 - - [11/Oct/2025:17:43:27 +0700] "POST //wp-login.php HTTP/1.1" 200 6524 "https://rocioprime.com//wp-login.php" "Mozilla/5.0 (Windows NT 10.0; Win64; x64) AppleWebKit/537.36 (KHTML, like Gecko) Chrome/88.0.4240.193 Safari/537.36"
172.68.164.17 - - [11/Oct/2025:17:43:28 +0700] "GET /wp-content/plugins/elementor/assets/js/text-editor.c084ef86600b6f11690d.bundle.min.js HTTP/1.1" 304 0 "https://rocioprime.com/2025/08/28/wahrscheinlichkeiten-strategisch-einsetzen-im-king-billy-casino/" "Mozilla/5.0 (compatible; AhrefsBot/7.0; +http://ahrefs.com/robot/)"
162.158.106.100 - - [11/Oct/2025:17:43:29 +0700] "POST //wp-login.php HTTP/1.1" 200 6518 "https://rocioprime.com//wp-login.php" "Mozilla/5.0 (Windows NT 10.0; Win64; x64) AppleWebKit/537.36 (KHTML, like Gecko) Chrome/88.0.4240.193 Safari/537.36"
104.23.175.124 - - [11/Oct/2025:17:43:30 +0700] "POST /wp-cron.php?doing_wp_cron=1760179410.3981370925903320312500 HTTP/1.1" 200 5 "-" "WordPress/6.8.2; https://rocioprime.com"
162.158.170.9 - - [11/Oct/2025:17:43:30 +0700] "POST //wp-login.php HTTP/1.1" 200 6518 "https://rocioprime.com//wp-login.php" "Mozilla/5.0 (Windows NT 10.0; Win64; x64) AppleWebKit/537.36 (KHTML, like Gecko) Chrome/88.0.4240.193 Safari/537.36"
172.70.142.166 - - [11/Oct/2025:17:43:32 +0700] "POST //wp-login.php HTTP/1.1" 200 6524 "https://rocioprime.com//wp-login.php" "Mozilla/5.0 (Windows NT 10.0; Win64; x64) AppleWebKit/537.36 (KHTML, like Gecko) Chrome/88.0.4240.193 Safari/537.36"
172.70.92.162 - - [11/Oct/2025:17:43:33 +0700] "POST //wp-login.php HTTP/1.1" 200 6518 "https://rocioprime.com//wp-login.php" "Mozilla/5.0 (Windows NT 10.0; Win64; x64) AppleWebKit/537.36 (KHTML, like Gecko) Chrome/88.0.4240.193 Safari/537.36"
162.158.106.100 - - [11/Oct/2025:17:43:34 +0700] "POST //wp-login.php HTTP/1.1" 200 6524 "https://rocioprime.com//wp-login.php" "Mozilla/5.0 (Windows NT 10.0; Win64; x64) AppleWebKit/537.36 (KHTML, like Gecko) Chrome/88.0.4240.193 Safari/537.36"
162.158.106.100 - - [11/Oct/2025:17:43:36 +0700] "POST //wp-login.php HTTP/1.1" 200 6524 "https://rocioprime.com//wp-login.php" "Mozilla/5.0 (Windows NT 10.0; Win64; x64) AppleWebKit/537.36 (KHTML, like Gecko) Chrome/88.0.4240.193 Safari/537.36"
162.158.162.51 - - [11/Oct/2025:17:43:37 +0700] "POST //wp-login.php HTTP/1.1" 200 6518 "https://rocioprime.com//wp-login.php" "Mozilla/5.0 (Windows NT 10.0; Win64; x64) AppleWebKit/537.36 (KHTML, like Gecko) Chrome/88.0.4240.193 Safari/537.36"
162.158.170.9 - - [11/Oct/2025:17:43:38 +0700] "POST //wp-login.php HTTP/1.1" 200 6524 "https://rocioprime.com//wp-login.php" "Mozilla/5.0 (Windows NT 10.0; Win64; x64) AppleWebKit/537.36 (KHTML, like Gecko) Chrome/88.0.4240.193 Safari/537.36"
162.158.108.115 - - [11/Oct/2025:17:43:40 +0700] "POST //wp-login.php HTTP/1.1" 200 6524 "https://rocioprime.com//wp-login.php" "Mozilla/5.0 (Windows NT 10.0; Win64; x64) AppleWebKit/537.36 (KHTML, like Gecko) Chrome/88.0.4240.193 Safari/537.36"
162.158.170.9 - - [11/Oct/2025:17:43:41 +0700] "POST //wp-login.php HTTP/1.1" 200 6524 "https://rocioprime.com//wp-login.php" "Mozilla/5.0 (Windows NT 10.0; Win64; x64) AppleWebKit/537.36 (KHTML, like Gecko) Chrome/88.0.4240.193 Safari/537.36"
172.68.164.25 - - [11/Oct/2025:17:43:43 +0700] "POST //wp-login.php HTTP/1.1" 200 6518 "https://rocioprime.com//wp-login.php" "Mozilla/5.0 (Windows NT 10.0; Win64; x64) AppleWebKit/537.36 (KHTML, like Gecko) Chrome/88.0.4240.193 Safari/537.36"
104.23.175.124 - - [11/Oct/2025:17:43:44 +0700] "POST //wp-login.php HTTP/1.1" 200 6518 "https://rocioprime.com//wp-login.php" "Mozilla/5.0 (Windows NT 10.0; Win64; x64) AppleWebKit/537.36 (KHTML, like Gecko) Chrome/88.0.4240.193 Safari/537.36"
104.23.175.124 - - [11/Oct/2025:17:43:45 +0700] "POST //wp-login.php HTTP/1.1" 200 6518 "https://rocioprime.com//wp-login.php" "Mozilla/5.0 (Windows NT 10.0; Win64; x64) AppleWebKit/537.36 (KHTML, like Gecko) Chrome/88.0.4240.193 Safari/537.36"
162.158.162.51 - - [11/Oct/2025:17:43:47 +0700] "POST //wp-login.php HTTP/1.1" 200 6524 "https://rocioprime.com//wp-login.php" "Mozilla/5.0 (Windows NT 10.0; Win64; x64) AppleWebKit/537.36 (KHTML, like Gecko) Chrome/88.0.4240.193 Safari/537.36"
162.158.162.51 - - [11/Oct/2025:17:43:48 +0700] "POST //wp-login.php HTTP/1.1" 200 6518 "https://rocioprime.com//wp-login.php" "Mozilla/5.0 (Windows NT 10.0; Win64; x64) AppleWebKit/537.36 (KHTML, like Gecko) Chrome/88.0.4240.193 Safari/537.36"
162.158.106.100 - - [11/Oct/2025:17:43:50 +0700] "POST //wp-login.php HTTP/1.1" 200 6524 "https://rocioprime.com//wp-login.php" "Mozilla/5.0 (Windows NT 10.0; Win64; x64) AppleWebKit/537.36 (KHTML, like Gecko) Chrome/88.0.4240.193 Safari/537.36"
172.68.164.25 - - [11/Oct/2025:17:43:51 +0700] "POST //wp-login.php HTTP/1.1" 200 6518 "https://rocioprime.com//wp-login.php" "Mozilla/5.0 (Windows NT 10.0; Win64; x64) AppleWebKit/537.36 (KHTML, like Gecko) Chrome/88.0.4240.193 Safari/537.36"
172.68.164.25 - - [11/Oct/2025:17:43:52 +0700] "POST //wp-login.php HTTP/1.1" 200 6518 "https://rocioprime.com//wp-login.php" "Mozilla/5.0 (Windows NT 10.0; Win64; x64) AppleWebKit/537.36 (KHTML, like Gecko) Chrome/88.0.4240.193 Safari/537.36"
162.158.106.100 - - [11/Oct/2025:17:43:53 +0700] "GET /2025/09/11/comment-les-probabilites-transforment-votre-experience-au-rollbit-casino/ HTTP/1.1" 200 182124 "-" "Mozilla/5.0 (Windows NT 10.0; Win64; x64; rv:114.0) Gecko/20100101 Firefox/114.0"
172.68.164.25 - - [11/Oct/2025:17:43:54 +0700] "POST //wp-login.php HTTP/1.1" 200 6518 "https://rocioprime.com//wp-login.php" "Mozilla/5.0 (Windows NT 10.0; Win64; x64) AppleWebKit/537.36 (KHTML, like Gecko) Chrome/88.0.4240.193 Safari/537.36"
172.69.176.118 - - [11/Oct/2025:17:43:55 +0700] "POST //wp-login.php HTTP/1.1" 200 6524 "https://rocioprime.com//wp-login.php" "Mozilla/5.0 (Windows NT 10.0; Win64; x64) AppleWebKit/537.36 (KHTML, like Gecko) Chrome/88.0.4240.193 Safari/537.36"
172.68.164.25 - - [11/Oct/2025:17:43:56 +0700] "POST //wp-login.php HTTP/1.1" 200 6518 "https://rocioprime.com//wp-login.php" "Mozilla/5.0 (Windows NT 10.0; Win64; x64) AppleWebKit/537.36 (KHTML, like Gecko) Chrome/88.0.4240.193 Safari/537.36"
172.69.176.118 - - [11/Oct/2025:17:43:58 +0700] "POST //wp-login.php HTTP/1.1" 200 6524 "https://rocioprime.com//wp-login.php" "Mozilla/5.0 (Windows NT 10.0; Win64; x64) AppleWebKit/537.36 (KHTML, like Gecko) Chrome/88.0.4240.193 Safari/537.36"
162.158.170.9 - - [11/Oct/2025:17:43:59 +0700] "POST //wp-login.php HTTP/1.1" 200 6524 "https://rocioprime.com//wp-login.php" "Mozilla/5.0 (Windows NT 10.0; Win64; x64) AppleWebKit/537.36 (KHTML, like Gecko) Chrome/88.0.4240.193 Safari/537.36"
162.158.189.204 - - [11/Oct/2025:17:44:01 +0700] "POST //wp-login.php HTTP/1.1" 200 6518 "https://rocioprime.com//wp-login.php" "Mozilla/5.0 (Windows NT 10.0; Win64; x64) AppleWebKit/537.36 (KHTML, like Gecko) Chrome/88.0.4240.193 Safari/537.36"
162.158.88.129 - - [11/Oct/2025:17:44:02 +0700] "POST //wp-login.php HTTP/1.1" 200 6524 "https://rocioprime.com//wp-login.php" "Mozilla/5.0 (Windows NT 10.0; Win64; x64) AppleWebKit/537.36 (KHTML, like Gecko) Chrome/88.0.4240.193 Safari/537.36"
162.158.88.129 - - [11/Oct/2025:17:44:03 +0700] "POST //wp-login.php HTTP/1.1" 200 6524 "https://rocioprime.com//wp-login.php" "Mozilla/5.0 (Windows NT 10.0; Win64; x64) AppleWebKit/537.36 (KHTML, like Gecko) Chrome/88.0.4240.193 Safari/537.36"
172.71.124.170 - - [11/Oct/2025:17:44:05 +0700] "POST //wp-login.php HTTP/1.1" 200 6518 "https://rocioprime.com//wp-login.php" "Mozilla/5.0 (Windows NT 10.0; Win64; x64) AppleWebKit/537.36 (KHTML, like Gecko) Chrome/88.0.4240.193 Safari/537.36"
108.162.226.146 - - [11/Oct/2025:17:44:07 +0700] "POST //wp-login.php HTTP/1.1" 200 6518 "https://rocioprime.com//wp-login.php" "Mozilla/5.0 (Windows NT 10.0; Win64; x64) AppleWebKit/537.36 (KHTML, like Gecko) Chrome/88.0.4240.193 Safari/537.36"
172.68.164.25 - - [11/Oct/2025:17:44:09 +0700] "POST //wp-login.php HTTP/1.1" 200 6518 "https://rocioprime.com//wp-login.php" "Mozilla/5.0 (Windows NT 10.0; Win64; x64) AppleWebKit/537.36 (KHTML, like Gecko) Chrome/88.0.4240.193 Safari/537.36"
162.158.162.51 - - [11/Oct/2025:17:44:10 +0700] "POST //wp-login.php HTTP/1.1" 200 6518 "https://rocioprime.com//wp-login.php" "Mozilla/5.0 (Windows NT 10.0; Win64; x64) AppleWebKit/537.36 (KHTML, like Gecko) Chrome/88.0.4240.193 Safari/537.36"
162.158.170.9 - - [11/Oct/2025:17:44:11 +0700] "POST //wp-login.php HTTP/1.1" 200 6524 "https://rocioprime.com//wp-login.php" "Mozilla/5.0 (Windows NT 10.0; Win64; x64) AppleWebKit/537.36 (KHTML, like Gecko) Chrome/88.0.4240.193 Safari/537.36"
162.158.162.51 - - [11/Oct/2025:17:44:13 +0700] "POST //wp-login.php HTTP/1.1" 200 6524 "https://rocioprime.com//wp-login.php" "Mozilla/5.0 (Windows NT 10.0; Win64; x64) AppleWebKit/537.36 (KHTML, like Gecko) Chrome/88.0.4240.193 Safari/537.36"
172.68.164.25 - - [11/Oct/2025:17:44:14 +0700] "POST //wp-login.php HTTP/1.1" 200 6518 "https://rocioprime.com//wp-login.php" "Mozilla/5.0 (Windows NT 10.0; Win64; x64) AppleWebKit/537.36 (KHTML, like Gecko) Chrome/88.0.4240.193 Safari/537.36"
108.162.226.146 - - [11/Oct/2025:17:44:15 +0700] "POST //wp-login.php HTTP/1.1" 200 6518 "https://rocioprime.com//wp-login.php" "Mozilla/5.0 (Windows NT 10.0; Win64; x64) AppleWebKit/537.36 (KHTML, like Gecko) Chrome/88.0.4240.193 Safari/537.36"
172.70.142.166 - - [11/Oct/2025:17:44:17 +0700] "POST //wp-login.php HTTP/1.1" 200 6524 "https://rocioprime.com//wp-login.php" "Mozilla/5.0 (Windows NT 10.0; Win64; x64) AppleWebKit/537.36 (KHTML, like Gecko) Chrome/88.0.4240.193 Safari/537.36"
162.158.106.100 - - [11/Oct/2025:17:44:19 +0700] "POST //wp-login.php HTTP/1.1" 200 6518 "https://rocioprime.com//wp-login.php" "Mozilla/5.0 (Windows NT 10.0; Win64; x64) AppleWebKit/537.36 (KHTML, like Gecko) Chrome/88.0.4240.193 Safari/537.36"
172.69.176.118 - - [11/Oct/2025:17:44:20 +0700] "POST //wp-login.php HTTP/1.1" 200 6518 "https://rocioprime.com//wp-login.php" "Mozilla/5.0 (Windows NT 10.0; Win64; x64) AppleWebKit/537.36 (KHTML, like Gecko) Chrome/88.0.4240.193 Safari/537.36"
172.70.142.166 - - [11/Oct/2025:17:44:21 +0700] "POST //wp-login.php HTTP/1.1" 200 6524 "https://rocioprime.com//wp-login.php" "Mozilla/5.0 (Windows NT 10.0; Win64; x64) AppleWebKit/537.36 (KHTML, like Gecko) Chrome/88.0.4240.193 Safari/537.36"
172.70.142.166 - - [11/Oct/2025:17:44:23 +0700] "POST //wp-login.php HTTP/1.1" 200 6518 "https://rocioprime.com//wp-login.php" "Mozilla/5.0 (Windows NT 10.0; Win64; x64) AppleWebKit/537.36 (KHTML, like Gecko) Chrome/88.0.4240.193 Safari/537.36"
162.158.162.51 - - [11/Oct/2025:17:44:24 +0700] "GET /2025/08/27/strategische-spielzuge-im-richard-casino-meistern/ HTTP/1.1" 200 181830 "https://radiomarcavalladolid.com/" "Mozilla/5.0 (Windows NT 6.3; Win64; x64) AppleWebKit/537.36 (KHTML, like Gecko) Chrome/103.0.0.0 Safari/537.36"
108.162.226.146 - - [11/Oct/2025:17:44:25 +0700] "POST //wp-login.php HTTP/1.1" 200 6518 "https://rocioprime.com//wp-login.php" "Mozilla/5.0 (Windows NT 10.0; Win64; x64) AppleWebKit/537.36 (KHTML, like Gecko) Chrome/88.0.4240.193 Safari/537.36"
172.69.176.118 - - [11/Oct/2025:17:44:26 +0700] "POST //wp-login.php HTTP/1.1" 200 6524 "https://rocioprime.com//wp-login.php" "Mozilla/5.0 (Windows NT 10.0; Win64; x64) AppleWebKit/537.36 (KHTML, like Gecko) Chrome/88.0.4240.193 Safari/537.36"
172.70.189.67 - - [11/Oct/2025:17:44:27 +0700] "GET /2025/08/27/strategische-spielzuge-im-richard-casino-meistern/?action=register HTTP/1.1" 200 181838 "https://radiomarcavalladolid.com/" "Mozilla/5.0 (Windows NT 6.3; Win64; x64) AppleWebKit/537.36 (KHTML, like Gecko) Chrome/103.0.0.0 Safari/537.36"
162.158.88.129 - - [11/Oct/2025:17:44:28 +0700] "POST //wp-login.php HTTP/1.1" 200 6524 "https://rocioprime.com//wp-login.php" "Mozilla/5.0 (Windows NT 10.0; Win64; x64) AppleWebKit/537.36 (KHTML, like Gecko) Chrome/88.0.4240.193 Safari/537.36"
162.158.106.100 - - [11/Oct/2025:17:44:29 +0700] "POST //wp-login.php HTTP/1.1" 200 6518 "https://rocioprime.com//wp-login.php" "Mozilla/5.0 (Windows NT 10.0; Win64; x64) AppleWebKit/537.36 (KHTML, like Gecko) Chrome/88.0.4240.193 Safari/537.36"
172.70.208.171 - - [11/Oct/2025:17:44:30 +0700] "POST /wp-cron.php?doing_wp_cron=1760179470.5887939929962158203125 HTTP/1.1" 200 5 "-" "WordPress/6.8.2; https://rocioprime.com"
108.162.226.146 - - [11/Oct/2025:17:44:30 +0700] "POST //wp-login.php HTTP/1.1" 200 6524 "https://rocioprime.com//wp-login.php" "Mozilla/5.0 (Windows NT 10.0; Win64; x64) AppleWebKit/537.36 (KHTML, like Gecko) Chrome/88.0.4240.193 Safari/537.36"
172.70.208.171 - - [11/Oct/2025:17:44:32 +0700] "POST //wp-login.php HTTP/1.1" 200 6518 "https://rocioprime.com//wp-login.php" "Mozilla/5.0 (Windows NT 10.0; Win64; x64) AppleWebKit/537.36 (KHTML, like Gecko) Chrome/88.0.4240.193 Safari/537.36"
162.158.170.9 - - [11/Oct/2025:17:44:33 +0700] "POST //wp-login.php HTTP/1.1" 200 6518 "https://rocioprime.com//wp-login.php" "Mozilla/5.0 (Windows NT 10.0; Win64; x64) AppleWebKit/537.36 (KHTML, like Gecko) Chrome/88.0.4240.193 Safari/537.36"
172.68.164.25 - - [11/Oct/2025:17:44:34 +0700] "POST /wp-comments-post.php HTTP/1.1" 302 5 "https://rocioprime.com/2025/08/27/strategische-spielzuge-im-richard-casino-meistern/?action=register" "Mozilla/5.0 (Windows NT 6.3; Win64; x64) AppleWebKit/537.36 (KHTML, like Gecko) Chrome/103.0.0.0 Safari/537.36"
172.70.208.171 - - [11/Oct/2025:17:44:35 +0700] "POST //wp-login.php HTTP/1.1" 200 6518 "https://rocioprime.com//wp-login.php" "Mozilla/5.0 (Windows NT 10.0; Win64; x64) AppleWebKit/537.36 (KHTML, like Gecko) Chrome/88.0.4240.193 Safari/537.36"
172.70.142.166 - - [11/Oct/2025:17:44:37 +0700] "POST //wp-login.php HTTP/1.1" 200 6518 "https://rocioprime.com//wp-login.php" "Mozilla/5.0 (Windows NT 10.0; Win64; x64) AppleWebKit/537.36 (KHTML, like Gecko) Chrome/88.0.4240.193 Safari/537.36"
172.70.92.162 - - [11/Oct/2025:17:44:37 +0700] "GET /2025/08/27/strategische-spielzuge-im-richard-casino-meistern/?unapproved=10012&moderation-hash=3a44b372a77950002f63e964d648d96c HTTP/1.1" 200 184160 "https://rocioprime.com/wp-comments-post.php" "Mozilla/5.0 (Windows NT 6.3; Win64; x64) AppleWebKit/537.36 (KHTML, like Gecko) Chrome/103.0.0.0 Safari/537.36"
172.70.208.171 - - [11/Oct/2025:17:44:38 +0700] "POST //wp-login.php HTTP/1.1" 200 6518 "https://rocioprime.com//wp-login.php" "Mozilla/5.0 (Windows NT 10.0; Win64; x64) AppleWebKit/537.36 (KHTML, like Gecko) Chrome/88.0.4240.193 Safari/537.36"
162.158.108.115 - - [11/Oct/2025:17:44:39 +0700] "GET /2025/09/16/casombie-casino-boostez-vos-chances-avec-les-mathematiques/ HTTP/1.1" 200 182482 "https://rocioprime.com/" "Mozilla/5.0 (Windows NT 10.0) AppleWebKit/537.36 (KHTML, like Gecko) Chrome/114.0.0.0 Safari/537.36"
162.158.106.100 - - [11/Oct/2025:17:44:41 +0700] "POST //wp-login.php HTTP/1.1" 200 6524 "https://rocioprime.com//wp-login.php" "Mozilla/5.0 (Windows NT 10.0; Win64; x64) AppleWebKit/537.36 (KHTML, like Gecko) Chrome/88.0.4240.193 Safari/537.36"
162.158.170.9 - - [11/Oct/2025:17:44:42 +0700] "POST //wp-login.php HTTP/1.1" 200 6518 "https://rocioprime.com//wp-login.php" "Mozilla/5.0 (Windows NT 10.0; Win64; x64) AppleWebKit/537.36 (KHTML, like Gecko) Chrome/88.0.4240.193 Safari/537.36"
172.70.208.171 - - [11/Oct/2025:17:44:44 +0700] "GET /2025/08/27/strategische-spielzuge-im-richard-casino-meistern/ HTTP/1.1" 200 181815 "https://radiomarcavalladolid.com/" "Mozilla/5.0 (Windows NT 6.3; Win64; x64) AppleWebKit/537.36 (KHTML, like Gecko) Chrome/103.0.0.0 Safari/537.36"
172.71.124.170 - - [11/Oct/2025:17:44:44 +0700] "GET /2025/08/27/strategische-spielzuge-im-richard-casino-meistern/?action=register HTTP/1.1" 200 181831 "https://radiomarcavalladolid.com/" "Mozilla/5.0 (Windows NT 6.3; Win64; x64) AppleWebKit/537.36 (KHTML, like Gecko) Chrome/103.0.0.0 Safari/537.36"
108.162.226.146 - - [11/Oct/2025:17:44:44 +0700] "POST //wp-login.php HTTP/1.1" 200 6524 "https://rocioprime.com//wp-login.php" "Mozilla/5.0 (Windows NT 10.0; Win64; x64) AppleWebKit/537.36 (KHTML, like Gecko) Chrome/88.0.4240.193 Safari/537.36"
172.70.142.166 - - [11/Oct/2025:17:44:45 +0700] "GET /wp-login.php?action=register HTTP/1.1" 302 5 "https://rocioprime.com/2025/09/16/casombie-casino-boostez-vos-chances-avec-les-mathematiques/" "Mozilla/5.0 (Windows NT 6.3; Win64; x64) AppleWebKit/537.36 (KHTML, like Gecko) Chrome/103.0.0.0 Safari/537.36"
172.68.164.25 - - [11/Oct/2025:17:44:46 +0700] "POST //wp-login.php HTTP/1.1" 200 6524 "https://rocioprime.com//wp-login.php" "Mozilla/5.0 (Windows NT 10.0; Win64; x64) AppleWebKit/537.36 (KHTML, like Gecko) Chrome/88.0.4240.193 Safari/537.36"
172.69.176.118 - - [11/Oct/2025:17:44:47 +0700] "GET /wp-login.php?registration=disabled HTTP/1.1" 200 6288 "https://rocioprime.com/wp-login.php?action=register" "Mozilla/5.0 (Windows NT 6.3; Win64; x64) AppleWebKit/537.36 (KHTML, like Gecko) Chrome/103.0.0.0 Safari/537.36"
108.162.226.146 - - [11/Oct/2025:17:44:47 +0700] "POST //wp-login.php HTTP/1.1" 200 6518 "https://rocioprime.com//wp-login.php" "Mozilla/5.0 (Windows NT 10.0; Win64; x64) AppleWebKit/537.36 (KHTML, like Gecko) Chrome/88.0.4240.193 Safari/537.36"
108.162.226.146 - - [11/Oct/2025:17:44:49 +0700] "POST //wp-login.php HTTP/1.1" 200 6518 "https://rocioprime.com//wp-login.php" "Mozilla/5.0 (Windows NT 10.0; Win64; x64) AppleWebKit/537.36 (KHTML, like Gecko) Chrome/88.0.4240.193 Safari/537.36"
108.162.226.146 - - [11/Oct/2025:17:44:50 +0700] "POST //wp-login.php HTTP/1.1" 200 6518 "https://rocioprime.com//wp-login.php" "Mozilla/5.0 (Windows NT 10.0; Win64; x64) AppleWebKit/537.36 (KHTML, like Gecko) Chrome/88.0.4240.193 Safari/537.36"
162.158.170.9 - - [11/Oct/2025:17:44:51 +0700] "POST //wp-login.php HTTP/1.1" 200 6518 "https://rocioprime.com//wp-login.php" "Mozilla/5.0 (Windows NT 10.0; Win64; x64) AppleWebKit/537.36 (KHTML, like Gecko) Chrome/88.0.4240.193 Safari/537.36"
172.70.208.171 - - [11/Oct/2025:17:44:53 +0700] "POST //wp-login.php HTTP/1.1" 200 6518 "https://rocioprime.com//wp-login.php" "Mozilla/5.0 (Windows NT 10.0; Win64; x64) AppleWebKit/537.36 (KHTML, like Gecko) Chrome/88.0.4240.193 Safari/537.36"
104.23.175.187 - - [11/Oct/2025:17:44:54 +0700] "POST //wp-login.php HTTP/1.1" 200 6518 "https://rocioprime.com//wp-login.php" "Mozilla/5.0 (Windows NT 10.0; Win64; x64) AppleWebKit/537.36 (KHTML, like Gecko) Chrome/88.0.4240.193 Safari/537.36"
172.70.189.67 - - [11/Oct/2025:17:44:55 +0700] "POST /wp-comments-post.php HTTP/1.1" 302 5 "https://rocioprime.com/2025/08/27/strategische-spielzuge-im-richard-casino-meistern/?action=register" "Mozilla/5.0 (Windows NT 6.3; Win64; x64) AppleWebKit/537.36 (KHTML, like Gecko) Chrome/103.0.0.0 Safari/537.36"
162.158.88.129 - - [11/Oct/2025:17:44:56 +0700] "POST //wp-login.php HTTP/1.1" 200 6518 "https://rocioprime.com//wp-login.php" "Mozilla/5.0 (Windows NT 10.0; Win64; x64) AppleWebKit/537.36 (KHTML, like Gecko) Chrome/88.0.4240.193 Safari/537.36"
162.158.106.100 - - [11/Oct/2025:17:44:57 +0700] "GET /2025/08/27/strategische-spielzuge-im-richard-casino-meistern/?unapproved=10013&moderation-hash=02094e224718f2a82a50e9f4f210573e HTTP/1.1" 200 184074 "https://rocioprime.com/wp-comments-post.php" "Mozilla/5.0 (Windows NT 6.3; Win64; x64) AppleWebKit/537.36 (KHTML, like Gecko) Chrome/103.0.0.0 Safari/537.36"
162.158.106.101 - - [11/Oct/2025:17:44:57 +0700] "POST //wp-login.php HTTP/1.1" 200 6524 "https://rocioprime.com//wp-login.php" "Mozilla/5.0 (Windows NT 10.0; Win64; x64) AppleWebKit/537.36 (KHTML, like Gecko) Chrome/88.0.4240.193 Safari/537.36"
172.71.124.170 - - [11/Oct/2025:17:44:59 +0700] "POST //wp-login.php HTTP/1.1" 200 6524 "https://rocioprime.com//wp-login.php" "Mozilla/5.0 (Windows NT 10.0; Win64; x64) AppleWebKit/537.36 (KHTML, like Gecko) Chrome/88.0.4240.193 Safari/537.36"
172.70.92.162 - - [11/Oct/2025:17:45:01 +0700] "POST //wp-login.php HTTP/1.1" 200 6524 "https://rocioprime.com//wp-login.php" "Mozilla/5.0 (Windows NT 10.0; Win64; x64) AppleWebKit/537.36 (KHTML, like Gecko) Chrome/88.0.4240.193 Safari/537.36"
172.71.81.172 - - [11/Oct/2025:17:45:03 +0700] "POST //wp-login.php HTTP/1.1" 200 6524 "https://rocioprime.com//wp-login.php" "Mozilla/5.0 (Windows NT 10.0; Win64; x64) AppleWebKit/537.36 (KHTML, like Gecko) Chrome/88.0.4240.193 Safari/537.36"
104.23.175.187 - - [11/Oct/2025:17:45:06 +0700] "POST //wp-login.php HTTP/1.1" 200 6518 "https://rocioprime.com//wp-login.php" "Mozilla/5.0 (Windows NT 10.0; Win64; x64) AppleWebKit/537.36 (KHTML, like Gecko) Chrome/88.0.4240.193 Safari/537.36"
162.158.189.205 - - [11/Oct/2025:17:45:07 +0700] "POST //wp-login.php HTTP/1.1" 200 6518 "https://rocioprime.com//wp-login.php" "Mozilla/5.0 (Windows NT 10.0; Win64; x64) AppleWebKit/537.36 (KHTML, like Gecko) Chrome/88.0.4240.193 Safari/537.36"
108.162.226.146 - - [11/Oct/2025:17:45:09 +0700] "POST //wp-login.php HTTP/1.1" 200 6518 "https://rocioprime.com//wp-login.php" "Mozilla/5.0 (Windows NT 10.0; Win64; x64) AppleWebKit/537.36 (KHTML, like Gecko) Chrome/88.0.4240.193 Safari/537.36"
172.70.189.67 - - [11/Oct/2025:17:45:10 +0700] "POST //wp-login.php HTTP/1.1" 200 6524 "https://rocioprime.com//wp-login.php" "Mozilla/5.0 (Windows NT 10.0; Win64; x64) AppleWebKit/537.36 (KHTML, like Gecko) Chrome/88.0.4240.193 Safari/537.36"
104.23.175.187 - - [11/Oct/2025:17:45:12 +0700] "POST //wp-login.php HTTP/1.1" 200 6524 "https://rocioprime.com//wp-login.php" "Mozilla/5.0 (Windows NT 10.0; Win64; x64) AppleWebKit/537.36 (KHTML, like Gecko) Chrome/88.0.4240.193 Safari/537.36"
172.68.164.25 - - [11/Oct/2025:17:45:13 +0700] "POST //wp-login.php HTTP/1.1" 200 6524 "https://rocioprime.com//wp-login.php" "Mozilla/5.0 (Windows NT 10.0; Win64; x64) AppleWebKit/537.36 (KHTML, like Gecko) Chrome/88.0.4240.193 Safari/537.36"
104.23.175.187 - - [11/Oct/2025:17:45:15 +0700] "GET /2025/09/25/bank-reviews-september-2025-bekijk-reviews-van-allemaal-nederlands-casinos HTTP/1.1" 301 5 "https://rocioprime.com/" "Mozilla/5.0 (Windows NT 10.0; Win64; x64) AppleWebKit/537.36 (KHTML, like Gecko) Chrome/134.0.0.0 Safari/537.36 Edg/134.0.0.0"
162.158.170.9 - - [11/Oct/2025:17:45:15 +0700] "POST //wp-login.php HTTP/1.1" 200 6524 "https://rocioprime.com//wp-login.php" "Mozilla/5.0 (Windows NT 10.0; Win64; x64) AppleWebKit/537.36 (KHTML, like Gecko) Chrome/88.0.4240.193 Safari/537.36"
104.23.175.187 - - [11/Oct/2025:17:45:16 +0700] "GET /2025/09/25/bank-reviews-september-2025-bekijk-reviews-van-allemaal-nederlands-casinos/ HTTP/1.1" 200 175416 "https://rocioprime.com/" "Mozilla/5.0 (Windows NT 10.0; Win64; x64) AppleWebKit/537.36 (KHTML, like Gecko) Chrome/134.0.0.0 Safari/537.36 Edg/134.0.0.0"
162.158.162.51 - - [11/Oct/2025:17:45:17 +0700] "POST //wp-login.php HTTP/1.1" 200 6524 "https://rocioprime.com//wp-login.php" "Mozilla/5.0 (Windows NT 10.0; Win64; x64) AppleWebKit/537.36 (KHTML, like Gecko) Chrome/88.0.4240.193 Safari/537.36"
172.69.176.118 - - [11/Oct/2025:17:45:19 +0700] "POST //wp-login.php HTTP/1.1" 200 6518 "https://rocioprime.com//wp-login.php" "Mozilla/5.0 (Windows NT 10.0; Win64; x64) AppleWebKit/537.36 (KHTML, like Gecko) Chrome/88.0.4240.193 Safari/537.36"
172.70.92.162 - - [11/Oct/2025:17:45:20 +0700] "POST //wp-login.php HTTP/1.1" 200 6524 "https://rocioprime.com//wp-login.php" "Mozilla/5.0 (Windows NT 10.0; Win64; x64) AppleWebKit/537.36 (KHTML, like Gecko) Chrome/88.0.4240.193 Safari/537.36"
172.70.208.171 - - [11/Oct/2025:17:45:22 +0700] "POST //wp-login.php HTTP/1.1" 200 6524 "https://rocioprime.com//wp-login.php" "Mozilla/5.0 (Windows NT 10.0; Win64; x64) AppleWebKit/537.36 (KHTML, like Gecko) Chrome/88.0.4240.193 Safari/537.36"
172.70.189.67 - - [11/Oct/2025:17:45:23 +0700] "POST //wp-login.php HTTP/1.1" 200 6524 "https://rocioprime.com//wp-login.php" "Mozilla/5.0 (Windows NT 10.0; Win64; x64) AppleWebKit/537.36 (KHTML, like Gecko) Chrome/88.0.4240.193 Safari/537.36"
172.69.176.118 - - [11/Oct/2025:17:45:25 +0700] "POST //wp-login.php HTTP/1.1" 200 6518 "https://rocioprime.com//wp-login.php" "Mozilla/5.0 (Windows NT 10.0; Win64; x64) AppleWebKit/537.36 (KHTML, like Gecko) Chrome/88.0.4240.193 Safari/537.36"
172.70.92.162 - - [11/Oct/2025:17:45:26 +0700] "POST //wp-login.php HTTP/1.1" 200 6524 "https://rocioprime.com//wp-login.php" "Mozilla/5.0 (Windows NT 10.0; Win64; x64) AppleWebKit/537.36 (KHTML, like Gecko) Chrome/88.0.4240.193 Safari/537.36"
172.71.124.170 - - [11/Oct/2025:17:45:28 +0700] "POST //wp-login.php HTTP/1.1" 200 6518 "https://rocioprime.com//wp-login.php" "Mozilla/5.0 (Windows NT 10.0; Win64; x64) AppleWebKit/537.36 (KHTML, like Gecko) Chrome/88.0.4240.193 Safari/537.36"
108.162.226.146 - - [11/Oct/2025:17:45:29 +0700] "POST //wp-login.php HTTP/1.1" 200 6518 "https://rocioprime.com//wp-login.php" "Mozilla/5.0 (Windows NT 10.0; Win64; x64) AppleWebKit/537.36 (KHTML, like Gecko) Chrome/88.0.4240.193 Safari/537.36"
172.71.124.170 - - [11/Oct/2025:17:45:31 +0700] "POST /wp-cron.php?doing_wp_cron=1760179531.3629748821258544921875 HTTP/1.1" 200 5 "-" "WordPress/6.8.2; https://rocioprime.com"
162.158.189.205 - - [11/Oct/2025:17:45:31 +0700] "POST //wp-login.php HTTP/1.1" 200 6524 "https://rocioprime.com//wp-login.php" "Mozilla/5.0 (Windows NT 10.0; Win64; x64) AppleWebKit/537.36 (KHTML, like Gecko) Chrome/88.0.4240.193 Safari/537.36"
162.158.88.129 - - [11/Oct/2025:17:45:33 +0700] "POST /xmlrpc.php HTTP/1.1" 200 8090 "-" "Mozilla/5.0 (Macintosh; Intel Mac OS X 10_15_3) AppleWebKit/537.36 (KHTML, like Gecko) Chrome/80.0.3987.87 Safari/537.36"
162.158.88.129 - - [11/Oct/2025:17:45:33 +0700] "POST //wp-login.php HTTP/1.1" 200 6518 "https://rocioprime.com//wp-login.php" "Mozilla/5.0 (Windows NT 10.0; Win64; x64) AppleWebKit/537.36 (KHTML, like Gecko) Chrome/88.0.4240.193 Safari/537.36"
162.158.189.205 - - [11/Oct/2025:17:45:35 +0700] "POST //wp-login.php HTTP/1.1" 200 6524 "https://rocioprime.com//wp-login.php" "Mozilla/5.0 (Windows NT 10.0; Win64; x64) AppleWebKit/537.36 (KHTML, like Gecko) Chrome/88.0.4240.193 Safari/537.36"
172.69.176.118 - - [11/Oct/2025:17:45:36 +0700] "POST //wp-login.php HTTP/1.1" 200 6524 "https://rocioprime.com//wp-login.php" "Mozilla/5.0 (Windows NT 10.0; Win64; x64) AppleWebKit/537.36 (KHTML, like Gecko) Chrome/88.0.4240.193 Safari/537.36"
172.71.81.172 - - [11/Oct/2025:17:45:38 +0700] "POST //wp-login.php HTTP/1.1" 200 6518 "https://rocioprime.com//wp-login.php" "Mozilla/5.0 (Windows NT 10.0; Win64; x64) AppleWebKit/537.36 (KHTML, like Gecko) Chrome/88.0.4240.193 Safari/537.36"
172.70.142.166 - - [11/Oct/2025:17:45:39 +0700] "POST //wp-login.php HTTP/1.1" 200 6524 "https://rocioprime.com//wp-login.php" "Mozilla/5.0 (Windows NT 10.0; Win64; x64) AppleWebKit/537.36 (KHTML, like Gecko) Chrome/88.0.4240.193 Safari/537.36"
172.70.189.67 - - [11/Oct/2025:17:45:40 +0700] "POST /xmlrpc.php HTTP/1.1" 200 190 "-" "Mozilla/5.0 (Macintosh; Intel Mac OS X 10_15_3) AppleWebKit/537.36 (KHTML, like Gecko) Chrome/80.0.3987.87 Safari/537.36"
172.68.164.25 - - [11/Oct/2025:17:45:41 +0700] "POST //wp-login.php HTTP/1.1" 200 6518 "https://rocioprime.com//wp-login.php" "Mozilla/5.0 (Windows NT 10.0; Win64; x64) AppleWebKit/537.36 (KHTML, like Gecko) Chrome/88.0.4240.193 Safari/537.36"
162.158.88.129 - - [11/Oct/2025:17:45:43 +0700] "POST /wp-cron.php?doing_wp_cron=1760179542.7567889690399169921875 HTTP/1.1" 200 5 "-" "WordPress/6.8.2; https://rocioprime.com"
162.158.88.129 - - [11/Oct/2025:17:45:43 +0700] "POST //wp-login.php HTTP/1.1" 200 6524 "https://rocioprime.com//wp-login.php" "Mozilla/5.0 (Windows NT 10.0; Win64; x64) AppleWebKit/537.36 (KHTML, like Gecko) Chrome/88.0.4240.193 Safari/537.36"
104.23.175.187 - - [11/Oct/2025:17:45:45 +0700] "POST //wp-login.php HTTP/1.1" 200 6518 "https://rocioprime.com//wp-login.php" "Mozilla/5.0 (Windows NT 10.0; Win64; x64) AppleWebKit/537.36 (KHTML, like Gecko) Chrome/88.0.4240.193 Safari/537.36"
104.23.175.187 - - [11/Oct/2025:17:45:46 +0700] "POST //wp-login.php HTTP/1.1" 200 6524 "https://rocioprime.com//wp-login.php" "Mozilla/5.0 (Windows NT 10.0; Win64; x64) AppleWebKit/537.36 (KHTML, like Gecko) Chrome/88.0.4240.193 Safari/537.36"
104.23.175.187 - - [11/Oct/2025:17:45:47 +0700] "POST /xmlrpc.php HTTP/1.1" 200 21165 "-" "Mozilla/5.0 (Macintosh; Intel Mac OS X 10_15_3) AppleWebKit/537.36 (KHTML, like Gecko) Chrome/80.0.3987.87 Safari/537.36"
172.70.142.166 - - [11/Oct/2025:17:45:48 +0700] "POST //wp-login.php HTTP/1.1" 200 6524 "https://rocioprime.com//wp-login.php" "Mozilla/5.0 (Windows NT 10.0; Win64; x64) AppleWebKit/537.36 (KHTML, like Gecko) Chrome/88.0.4240.193 Safari/537.36"
162.158.170.9 - - [11/Oct/2025:17:45:49 +0700] "POST //wp-login.php HTTP/1.1" 200 6524 "https://rocioprime.com//wp-login.php" "Mozilla/5.0 (Windows NT 10.0; Win64; x64) AppleWebKit/537.36 (KHTML, like Gecko) Chrome/88.0.4240.193 Safari/537.36"
172.71.81.172 - - [11/Oct/2025:17:45:51 +0700] "POST //wp-login.php HTTP/1.1" 200 6518 "https://rocioprime.com//wp-login.php" "Mozilla/5.0 (Windows NT 10.0; Win64; x64) AppleWebKit/537.36 (KHTML, like Gecko) Chrome/88.0.4240.193 Safari/537.36"
108.162.226.146 - - [11/Oct/2025:17:45:52 +0700] "POST //wp-login.php HTTP/1.1" 200 6524 "https://rocioprime.com//wp-login.php" "Mozilla/5.0 (Windows NT 10.0; Win64; x64) AppleWebKit/537.36 (KHTML, like Gecko) Chrome/88.0.4240.193 Safari/537.36"
172.70.92.162 - - [11/Oct/2025:17:45:54 +0700] "GET / HTTP/1.1" 200 275163 "-" "synthetic-monitoring-agent/v0.14.3 (linux amd64; g64b8bab; +https://github.com/grafana/synthetic-monitoring-agent)"
162.158.108.114 - - [11/Oct/2025:17:45:54 +0700] "POST //wp-login.php HTTP/1.1" 200 6524 "https://rocioprime.com//wp-login.php" "Mozilla/5.0 (Windows NT 10.0; Win64; x64) AppleWebKit/537.36 (KHTML, like Gecko) Chrome/88.0.4240.193 Safari/537.36"
162.158.170.9 - - [11/Oct/2025:17:45:54 +0700] "GET / HTTP/1.1" 200 275163 "-" "synthetic-monitoring-agent/v0.14.3 (linux amd64; g64b8bab; +https://github.com/grafana/synthetic-monitoring-agent)"
162.158.189.205 - - [11/Oct/2025:17:45:56 +0700] "POST //wp-login.php HTTP/1.1" 200 6518 "https://rocioprime.com//wp-login.php" "Mozilla/5.0 (Windows NT 10.0; Win64; x64) AppleWebKit/537.36 (KHTML, like Gecko) Chrome/88.0.4240.193 Safari/537.36"
172.71.124.170 - - [11/Oct/2025:17:45:57 +0700] "POST //wp-login.php HTTP/1.1" 200 6524 "https://rocioprime.com//wp-login.php" "Mozilla/5.0 (Windows NT 10.0; Win64; x64) AppleWebKit/537.36 (KHTML, like Gecko) Chrome/88.0.4240.193 Safari/537.36"
162.158.88.129 - - [11/Oct/2025:17:45:59 +0700] "POST //wp-login.php HTTP/1.1" 200 6524 "https://rocioprime.com//wp-login.php" "Mozilla/5.0 (Windows NT 10.0; Win64; x64) AppleWebKit/537.36 (KHTML, like Gecko) Chrome/88.0.4240.193 Safari/537.36"
104.23.175.187 - - [11/Oct/2025:17:46:00 +0700] "POST //wp-login.php HTTP/1.1" 200 6518 "https://rocioprime.com//wp-login.php" "Mozilla/5.0 (Windows NT 10.0; Win64; x64) AppleWebKit/537.36 (KHTML, like Gecko) Chrome/88.0.4240.193 Safari/537.36"
162.158.162.51 - - [11/Oct/2025:17:46:01 +0700] "POST //wp-login.php HTTP/1.1" 200 6524 "https://rocioprime.com//wp-login.php" "Mozilla/5.0 (Windows NT 10.0; Win64; x64) AppleWebKit/537.36 (KHTML, like Gecko) Chrome/88.0.4240.193 Safari/537.36"
104.23.175.187 - - [11/Oct/2025:17:46:03 +0700] "POST //wp-login.php HTTP/1.1" 200 6518 "https://rocioprime.com//wp-login.php" "Mozilla/5.0 (Windows NT 10.0; Win64; x64) AppleWebKit/537.36 (KHTML, like Gecko) Chrome/88.0.4240.193 Safari/537.36"
108.162.226.146 - - [11/Oct/2025:17:46:04 +0700] "POST //wp-login.php HTTP/1.1" 200 6524 "https://rocioprime.com//wp-login.php" "Mozilla/5.0 (Windows NT 10.0; Win64; x64) AppleWebKit/537.36 (KHTML, like Gecko) Chrome/88.0.4240.193 Safari/537.36"
104.23.175.187 - - [11/Oct/2025:17:46:06 +0700] "POST //wp-login.php HTTP/1.1" 200 6518 "https://rocioprime.com//wp-login.php" "Mozilla/5.0 (Windows NT 10.0; Win64; x64) AppleWebKit/537.36 (KHTML, like Gecko) Chrome/88.0.4240.193 Safari/537.36"
162.158.162.51 - - [11/Oct/2025:17:46:07 +0700] "POST //wp-login.php HTTP/1.1" 200 6524 "https://rocioprime.com//wp-login.php" "Mozilla/5.0 (Windows NT 10.0; Win64; x64) AppleWebKit/537.36 (KHTML, like Gecko) Chrome/88.0.4240.193 Safari/537.36"
172.70.142.166 - - [11/Oct/2025:17:46:09 +0700] "POST //wp-login.php HTTP/1.1" 200 6524 "https://rocioprime.com//wp-login.php" "Mozilla/5.0 (Windows NT 10.0; Win64; x64) AppleWebKit/537.36 (KHTML, like Gecko) Chrome/88.0.4240.193 Safari/537.36"
172.69.176.118 - - [11/Oct/2025:17:46:11 +0700] "POST //wp-login.php HTTP/1.1" 200 6524 "https://rocioprime.com//wp-login.php" "Mozilla/5.0 (Windows NT 10.0; Win64; x64) AppleWebKit/537.36 (KHTML, like Gecko) Chrome/88.0.4240.193 Safari/537.36"
104.23.175.187 - - [11/Oct/2025:17:46:13 +0700] "POST //wp-login.php HTTP/1.1" 200 6524 "https://rocioprime.com//wp-login.php" "Mozilla/5.0 (Windows NT 10.0; Win64; x64) AppleWebKit/537.36 (KHTML, like Gecko) Chrome/88.0.4240.193 Safari/537.36"
172.71.81.172 - - [11/Oct/2025:17:46:14 +0700] "POST //wp-login.php HTTP/1.1" 200 6524 "https://rocioprime.com//wp-login.php" "Mozilla/5.0 (Windows NT 10.0; Win64; x64) AppleWebKit/537.36 (KHTML, like Gecko) Chrome/88.0.4240.193 Safari/537.36"
162.158.88.129 - - [11/Oct/2025:17:46:16 +0700] "POST //wp-login.php HTTP/1.1" 200 6518 "https://rocioprime.com//wp-login.php" "Mozilla/5.0 (Windows NT 10.0; Win64; x64) AppleWebKit/537.36 (KHTML, like Gecko) Chrome/88.0.4240.193 Safari/537.36"
162.158.162.51 - - [11/Oct/2025:17:46:17 +0700] "POST //wp-login.php HTTP/1.1" 200 6518 "https://rocioprime.com//wp-login.php" "Mozilla/5.0 (Windows NT 10.0; Win64; x64) AppleWebKit/537.36 (KHTML, like Gecko) Chrome/88.0.4240.193 Safari/537.36"
172.70.208.171 - - [11/Oct/2025:17:46:19 +0700] "POST //wp-login.php HTTP/1.1" 200 6524 "https://rocioprime.com//wp-login.php" "Mozilla/5.0 (Windows NT 10.0; Win64; x64) AppleWebKit/537.36 (KHTML, like Gecko) Chrome/88.0.4240.193 Safari/537.36"
172.70.142.166 - - [11/Oct/2025:17:46:20 +0700] "POST //wp-login.php HTTP/1.1" 200 6524 "https://rocioprime.com//wp-login.php" "Mozilla/5.0 (Windows NT 10.0; Win64; x64) AppleWebKit/537.36 (KHTML, like Gecko) Chrome/88.0.4240.193 Safari/537.36"
162.158.170.9 - - [11/Oct/2025:17:46:22 +0700] "POST //wp-login.php HTTP/1.1" 200 6524 "https://rocioprime.com//wp-login.php" "Mozilla/5.0 (Windows NT 10.0; Win64; x64) AppleWebKit/537.36 (KHTML, like Gecko) Chrome/88.0.4240.193 Safari/537.36"
172.71.81.172 - - [11/Oct/2025:17:46:23 +0700] "POST //wp-login.php HTTP/1.1" 200 6524 "https://rocioprime.com//wp-login.php" "Mozilla/5.0 (Windows NT 10.0; Win64; x64) AppleWebKit/537.36 (KHTML, like Gecko) Chrome/88.0.4240.193 Safari/537.36"
108.162.226.146 - - [11/Oct/2025:17:46:25 +0700] "POST //wp-login.php HTTP/1.1" 200 6524 "https://rocioprime.com//wp-login.php" "Mozilla/5.0 (Windows NT 10.0; Win64; x64) AppleWebKit/537.36 (KHTML, like Gecko) Chrome/88.0.4240.193 Safari/537.36"
172.70.142.166 - - [11/Oct/2025:17:46:26 +0700] "POST //wp-login.php HTTP/1.1" 200 6524 "https://rocioprime.com//wp-login.php" "Mozilla/5.0 (Windows NT 10.0; Win64; x64) AppleWebKit/537.36 (KHTML, like Gecko) Chrome/88.0.4240.193 Safari/537.36"
172.70.189.67 - - [11/Oct/2025:17:46:28 +0700] "POST //wp-login.php HTTP/1.1" 200 6518 "https://rocioprime.com//wp-login.php" "Mozilla/5.0 (Windows NT 10.0; Win64; x64) AppleWebKit/537.36 (KHTML, like Gecko) Chrome/88.0.4240.193 Safari/537.36"
172.69.176.118 - - [11/Oct/2025:17:46:29 +0700] "POST //wp-login.php HTTP/1.1" 200 6518 "https://rocioprime.com//wp-login.php" "Mozilla/5.0 (Windows NT 10.0; Win64; x64) AppleWebKit/537.36 (KHTML, like Gecko) Chrome/88.0.4240.193 Safari/537.36"
162.158.170.9 - - [11/Oct/2025:17:46:31 +0700] "POST /wp-cron.php?doing_wp_cron=1760179591.1647889614105224609375 HTTP/1.1" 200 5 "-" "WordPress/6.8.2; https://rocioprime.com"
172.70.208.171 - - [11/Oct/2025:17:46:31 +0700] "POST //wp-login.php HTTP/1.1" 200 6524 "https://rocioprime.com//wp-login.php" "Mozilla/5.0 (Windows NT 10.0; Win64; x64) AppleWebKit/537.36 (KHTML, like Gecko) Chrome/88.0.4240.193 Safari/537.36"
172.71.124.170 - - [11/Oct/2025:17:46:33 +0700] "POST //wp-login.php HTTP/1.1" 200 6518 "https://rocioprime.com//wp-login.php" "Mozilla/5.0 (Windows NT 10.0; Win64; x64) AppleWebKit/537.36 (KHTML, like Gecko) Chrome/88.0.4240.193 Safari/537.36"
172.70.208.171 - - [11/Oct/2025:17:46:34 +0700] "POST //wp-login.php HTTP/1.1" 200 6524 "https://rocioprime.com//wp-login.php" "Mozilla/5.0 (Windows NT 10.0; Win64; x64) AppleWebKit/537.36 (KHTML, like Gecko) Chrome/88.0.4240.193 Safari/537.36"
162.158.170.9 - - [11/Oct/2025:17:46:36 +0700] "POST //wp-login.php HTTP/1.1" 200 6524 "https://rocioprime.com//wp-login.php" "Mozilla/5.0 (Windows NT 10.0; Win64; x64) AppleWebKit/537.36 (KHTML, like Gecko) Chrome/88.0.4240.193 Safari/537.36"
172.71.124.170 - - [11/Oct/2025:17:46:37 +0700] "POST //wp-login.php HTTP/1.1" 200 6518 "https://rocioprime.com//wp-login.php" "Mozilla/5.0 (Windows NT 10.0; Win64; x64) AppleWebKit/537.36 (KHTML, like Gecko) Chrome/88.0.4240.193 Safari/537.36"
162.158.106.100 - - [11/Oct/2025:17:46:39 +0700] "POST //wp-login.php HTTP/1.1" 200 6518 "https://rocioprime.com//wp-login.php" "Mozilla/5.0 (Windows NT 10.0; Win64; x64) AppleWebKit/537.36 (KHTML, like Gecko) Chrome/88.0.4240.193 Safari/537.36"
172.70.208.171 - - [11/Oct/2025:17:46:40 +0700] "POST //wp-login.php HTTP/1.1" 200 6524 "https://rocioprime.com//wp-login.php" "Mozilla/5.0 (Windows NT 10.0; Win64; x64) AppleWebKit/537.36 (KHTML, like Gecko) Chrome/88.0.4240.193 Safari/537.36"
