172.71.82.72 - - [11/Oct/2025:05:51:42 +0700] "GET /2025/08/25/azur-casino-decouvrez-un-univers-de-jeux-ou-les-probabilites-sont-cles/ HTTP/1.1" 200 182563 "-" "Mozilla/5.0 (Windows NT 10.0; Win64; x64; rv:114.0) Gecko/20100101 Firefox/114.0"
162.158.189.199 - - [11/Oct/2025:05:51:42 +0700] "GET /2025/08/27/strategische-spielzuge-im-richard-casino-meistern/?action=register HTTP/1.1" 200 181831 "https://radiomarcavalladolid.com/" "Mozilla/5.0 (Windows NT 6.3; Win64; x64) AppleWebKit/537.36 (KHTML, like Gecko) Chrome/103.0.0.0 Safari/537.36"
172.70.142.154 - - [11/Oct/2025:05:51:51 +0700] "POST /wp-cron.php?doing_wp_cron=1760136711.2500419616699218750000 HTTP/1.1" 200 5 "-" "WordPress/6.8.2; https://rocioprime.com"
104.23.175.246 - - [11/Oct/2025:05:51:51 +0700] "POST /wp-comments-post.php HTTP/1.1" 302 5 "https://rocioprime.com/2025/08/27/strategische-spielzuge-im-richard-casino-meistern/?action=register" "Mozilla/5.0 (Windows NT 6.3; Win64; x64) AppleWebKit/537.36 (KHTML, like Gecko) Chrome/103.0.0.0 Safari/537.36"
162.158.88.128 - - [11/Oct/2025:05:51:55 +0700] "GET /2025/08/27/strategische-spielzuge-im-richard-casino-meistern/?unapproved=9877&moderation-hash=8e2abf0129ec5a4a93c2e471b5458bad HTTP/1.1" 200 185372 "https://rocioprime.com/wp-comments-post.php" "Mozilla/5.0 (Windows NT 6.3; Win64; x64) AppleWebKit/537.36 (KHTML, like Gecko) Chrome/103.0.0.0 Safari/537.36"
162.158.88.128 - - [11/Oct/2025:05:52:34 +0700] "GET /2025/08/27/ihr-erfolgsweg-im-pledoo-casino/ HTTP/1.1" 200 181605 "-" "Mozilla/5.0 (compatible; AhrefsBot/7.0; +http://ahrefs.com/robot/)"
172.68.164.24 - - [11/Oct/2025:05:52:47 +0700] "POST /wp-cron.php?doing_wp_cron=1760136767.5192599296569824218750 HTTP/1.1" 200 5 "-" "WordPress/6.8.2; https://rocioprime.com"
104.23.175.246 - - [11/Oct/2025:05:52:48 +0700] "GET /2025/10/02/pinco-casino-turkiyede-mobil-uygulama-ve-eriim-577/ HTTP/1.1" 200 187142 "-" "Mozilla/5.0 (Linux; Android 6.0.1; Nexus 5X Build/MMB29P) AppleWebKit/537.36 (KHTML, like Gecko) Chrome/140.0.7339.207 Mobile Safari/537.36 (compatible; Googlebot/2.1; +http://www.google.com/bot.html)"
172.70.93.6 - - [11/Oct/2025:05:54:26 +0700] "GET /2025/08/27/ihr-erfolgsweg-im-pledoo-casino/ HTTP/1.1" 200 181605 "https://rocioprime.com/" "Mozilla/5.0 (Windows NT 10.0; WOW64) AppleWebKit/537.36 (KHTML, like Gecko) Chrome/114.0.0.0 YaBrowser/22.7.0 Yowser/2.5 Safari/537.36"
162.158.108.114 - - [11/Oct/2025:05:54:31 +0700] "GET /wp-login.php?action=register HTTP/1.1" 302 5 "https://rocioprime.com/2025/08/27/ihr-erfolgsweg-im-pledoo-casino/" "Mozilla/5.0 (Windows NT 6.3; Win64; x64) AppleWebKit/537.36 (KHTML, like Gecko) Chrome/103.0.0.0 Safari/537.36"
162.158.108.114 - - [11/Oct/2025:05:54:32 +0700] "GET /wp-login.php?registration=disabled HTTP/1.1" 200 6282 "https://rocioprime.com/wp-login.php?action=register" "Mozilla/5.0 (Windows NT 6.3; Win64; x64) AppleWebKit/537.36 (KHTML, like Gecko) Chrome/103.0.0.0 Safari/537.36"
104.23.175.246 - - [11/Oct/2025:05:54:38 +0700] "POST /wp-cron.php?doing_wp_cron=1760136878.0273559093475341796875 HTTP/1.1" 200 5 "-" "WordPress/6.8.2; https://rocioprime.com"
172.71.81.52 - - [11/Oct/2025:05:54:38 +0700] "GET /2025/09/18/mrpacho-casino-decouvrez-les-cles-des-probabilites-pour-gagner/ HTTP/1.1" 200 182918 "-" "Mozilla/5.0 (Windows NT 10.0; Win64; x64; rv:114.0) Gecko/20100101 Firefox/114.0"
104.23.175.246 - - [11/Oct/2025:05:55:10 +0700] "GET /2025/09/15/guia-pratico-para-usar-probabilidades-no-ijogo-casino/ HTTP/1.1" 200 181653 "-" "Mozilla/5.0 (compatible; DotBot/1.2; +https://opensiteexplorer.org/dotbot; [email protected])"
172.69.176.119 - - [11/Oct/2025:05:55:53 +0700] "GET / HTTP/1.1" 200 275156 "-" "synthetic-monitoring-agent/v0.14.3 (linux amd64; g64b8bab; +https://github.com/grafana/synthetic-monitoring-agent)"
162.158.88.128 - - [11/Oct/2025:05:55:54 +0700] "GET / HTTP/1.1" 200 275156 "-" "synthetic-monitoring-agent/v0.14.3 (linux amd64; g64b8bab; +https://github.com/grafana/synthetic-monitoring-agent)"
108.162.227.30 - - [11/Oct/2025:05:56:11 +0700] "POST /wp-cron.php?doing_wp_cron=1760136971.7847619056701660156250 HTTP/1.1" 200 5 "-" "WordPress/6.8.2; https://rocioprime.com"
172.68.164.25 - - [11/Oct/2025:05:56:12 +0700] "GET /2025/08/26/comment-optimiser-ses-gains-sur-casino-action-grace-aux-probabilites/ HTTP/1.1" 200 183125 "-" "Mozilla/5.0 (compatible; AhrefsBot/7.0; +http://ahrefs.com/robot/)"
162.158.88.128 - - [11/Oct/2025:05:56:44 +0700] "POST /wp-cron.php?doing_wp_cron=1760137004.4794418811798095703125 HTTP/1.1" 200 5 "-" "WordPress/6.8.2; https://rocioprime.com"
172.71.124.170 - - [11/Oct/2025:05:56:45 +0700] "GET /2025/09/16/how-self-esteem-impacts-hand-fetish-porn-consumption/ HTTP/1.1" 200 187520 "-" "Mozilla/5.0 AppleWebKit/537.36 (KHTML, like Gecko; compatible; bingbot/2.0; +http://www.bing.com/bingbot.htm) Chrome/116.0.1938.76 Safari/537.36"
162.158.190.86 - - [11/Oct/2025:05:56:50 +0700] "GET /2025/08/30/matematica-e-emocao-o-nucleo-do-betorspin/ HTTP/1.1" 200 181720 "-" "Mozilla/5.0 (Windows NT 10.0; Win64; x64; rv:114.0) Gecko/20100101 Firefox/114.0"
172.70.93.6 - - [11/Oct/2025:05:57:38 +0700] "POST /wp-cron.php?doing_wp_cron=1760137058.7411611080169677734375 HTTP/1.1" 200 5 "-" "WordPress/6.8.2; https://rocioprime.com"
162.158.88.128 - - [11/Oct/2025:05:57:39 +0700] "GET /2025/09/03/les-probabilites-au-coeur-du-amunra-casino-guide-pour-joueurs-avises/ HTTP/1.1" 200 182352 "-" "Mozilla/5.0 (Windows NT 10.0; Win64; x64; rv:114.0) Gecko/20100101 Firefox/114.0"
104.23.175.246 - - [11/Oct/2025:05:58:12 +0700] "GET /2025/09/15/better-cellular-poker-applications-the-real-deal-money-on-apples-ios-android-os-in-the-2025/ HTTP/1.1" 200 180103 "-" "Mozilla/5.0 (Linux; Android 6.0.1; Nexus 5X Build/MMB29P) AppleWebKit/537.36 (KHTML, like Gecko) Chrome/140.0.7339.207 Mobile Safari/537.36 (compatible; Googlebot/2.1; +http://www.google.com/bot.html)"
162.158.108.114 - - [11/Oct/2025:05:58:56 +0700] "POST /wp-cron.php?doing_wp_cron=1760137136.2065680027008056640625 HTTP/1.1" 200 5 "-" "WordPress/6.8.2; https://rocioprime.com"
162.158.190.32 - - [11/Oct/2025:05:58:57 +0700] "GET /2025/08/31/presentation-experte-de-impressario-casino/ HTTP/1.1" 200 180211 "-" "Mozilla/5.0 (Windows NT 10.0; Win64; x64) AppleWebKit/537.36 (KHTML, like Gecko) Chrome/114.0.0.0 Safari/537.36"
104.23.175.247 - - [11/Oct/2025:05:59:55 +0700] "POST /wp-cron.php?doing_wp_cron=1760137195.8530790805816650390625 HTTP/1.1" 200 5 "-" "WordPress/6.8.2; https://rocioprime.com"
172.68.164.25 - - [11/Oct/2025:05:59:56 +0700] "GET /2025/08/30/a-dinamica-das-chances-no-dazardbet-casino/ HTTP/1.1" 200 181699 "-" "Mozilla/5.0 (compatible; AhrefsBot/7.0; +http://ahrefs.com/robot/)"
172.70.208.171 - - [11/Oct/2025:06:00:14 +0700] "GET /2025/10/05/promokod-1xbet-na-segodnya-neoplachivaemyy-skidka-adres-cherez-1khbet-vo-vremya-registrirovaniya-2025/ HTTP/1.1" 200 179941 "-" "Mozilla/5.0 AppleWebKit/537.36 (KHTML, like Gecko; compatible; bingbot/2.0; +http://www.bing.com/bingbot.htm) Chrome/116.0.1938.76 Safari/537.36"
172.70.142.155 - - [11/Oct/2025:06:00:24 +0700] "GET /2025/10/07/conquer-the-court-elevate-your-game-with-cutting/ HTTP/1.1" 200 183206 "-" "Mozilla/5.0 AppleWebKit/537.36 (KHTML, like Gecko; compatible; bingbot/2.0; +http://www.bing.com/bingbot.htm) Chrome/116.0.1938.76 Safari/537.36"
172.71.124.170 - - [11/Oct/2025:06:00:54 +0700] "GET / HTTP/1.1" 200 275156 "-" "synthetic-monitoring-agent/v0.14.3 (linux amd64; g64b8bab; +https://github.com/grafana/synthetic-monitoring-agent)"
162.158.106.100 - - [11/Oct/2025:06:00:54 +0700] "GET / HTTP/1.1" 200 275156 "-" "synthetic-monitoring-agent/v0.14.3 (linux amd64; g64b8bab; +https://github.com/grafana/synthetic-monitoring-agent)"
172.71.124.170 - - [11/Oct/2025:06:02:27 +0700] "POST /wp-cron.php?doing_wp_cron=1760137347.1166450977325439453125 HTTP/1.1" 200 5 "-" "WordPress/6.8.2; https://rocioprime.com"
162.158.106.100 - - [11/Oct/2025:06:02:27 +0700] "GET /2025/09/27/guide-essentiel-des-probabilites-pour-performer-au-sushi-casino/ HTTP/1.1" 200 182022 "-" "Mozilla/5.0 AppleWebKit/537.36 (KHTML, like Gecko; compatible; bingbot/2.0; +http://www.bing.com/bingbot.htm) Chrome/116.0.1938.76 Safari/537.36"
172.69.176.118 - - [11/Oct/2025:06:03:23 +0700] "POST /wp-cron.php?doing_wp_cron=1760137402.6822159290313720703125 HTTP/1.1" 200 5 "-" "WordPress/6.8.2; https://rocioprime.com"
172.70.188.39 - - [11/Oct/2025:06:03:23 +0700] "GET /2025/08/26/chancen-strategisch-nutzen-im-wunderino-casino/ HTTP/1.1" 200 182001 "-" "Mozilla/5.0 (compatible; AhrefsBot/7.0; +http://ahrefs.com/robot/)"
162.158.108.114 - - [11/Oct/2025:06:03:48 +0700] "GET /2025/08/25/azur-casino-decouvrez-un-univers-de-jeux-ou-les-probabilites-sont-cles/ HTTP/1.1" 200 182563 "-" "Mozilla/5.0 (Windows NT 10.0; Win64; x64; rv:114.0) Gecko/20100101 Firefox/114.0"
172.68.164.24 - - [11/Oct/2025:06:04:45 +0700] "POST /wp-cron.php?doing_wp_cron=1760137485.1647500991821289062500 HTTP/1.1" 200 5 "-" "WordPress/6.8.2; https://rocioprime.com"
162.158.162.50 - - [11/Oct/2025:06:04:45 +0700] "GET /2025/09/06/theorie-des-probabilites-au-ruby-vegas-casino-pour-des-gains-accrus/ HTTP/1.1" 200 182327 "-" "Mozilla/5.0 (compatible; SemrushBot/7~bl; +http://www.semrush.com/bot.html)"
162.158.88.128 - - [11/Oct/2025:06:05:07 +0700] "HEAD /2025/10/10/maitrise-evaluee-au-god-of-casino/ HTTP/1.1" 200 0 "-" "WordPress/6.8.3; https://www.staizmojosari.ac.id"
104.23.175.247 - - [11/Oct/2025:06:05:28 +0700] "GET /2025/08/26/chancen-strategisch-nutzen-im-wunderino-casino/ HTTP/1.1" 200 181987 "https://rocioprime.com/" "Mozilla/5.0 (X11; Linux i686) AppleWebKit/537.36 (KHTML, like Gecko) Chrome/114.0.0.0 Safari/537.36 Vivaldi/5.3.2679.68"
172.70.142.154 - - [11/Oct/2025:06:05:33 +0700] "POST /wp-cron.php?doing_wp_cron=1760137532.8847839832305908203125 HTTP/1.1" 200 5 "-" "WordPress/6.8.2; https://rocioprime.com"
172.70.208.171 - - [11/Oct/2025:06:05:33 +0700] "POST /wp-comments-post.php HTTP/1.1" 302 5 "https://rocioprime.com/2025/08/26/chancen-strategisch-nutzen-im-wunderino-casino/" "Mozilla/5.0 (X11; Linux i686) AppleWebKit/537.36 (KHTML, like Gecko) Chrome/114.0.0.0 Safari/537.36 Vivaldi/5.3.2679.68"
162.158.88.128 - - [11/Oct/2025:06:05:34 +0700] "GET /2025/08/26/chancen-strategisch-nutzen-im-wunderino-casino/?unapproved=9878&moderation-hash=b7a63ec5ffe1299a87c25f57a8eeb59d HTTP/1.1" 200 184425 "https://rocioprime.com/wp-comments-post.php" "Mozilla/5.0 (X11; Linux i686) AppleWebKit/537.36 (KHTML, like Gecko) Chrome/114.0.0.0 Safari/537.36 Vivaldi/5.3.2679.68"
108.162.227.77 - - [11/Oct/2025:06:05:35 +0700] "GET /2025/08/26/chancen-strategisch-nutzen-im-wunderino-casino/ HTTP/1.1" 200 181987 "-" "Mozilla/5.0 (X11; Linux i686) AppleWebKit/537.36 (KHTML, like Gecko) Chrome/114.0.0.0 Safari/537.36 Vivaldi/5.3.2679.68"
172.70.92.162 - - [11/Oct/2025:06:05:53 +0700] "GET / HTTP/1.1" 200 275156 "-" "synthetic-monitoring-agent/v0.14.3 (linux amd64; g64b8bab; +https://github.com/grafana/synthetic-monitoring-agent)"
162.158.108.114 - - [11/Oct/2025:06:05:54 +0700] "GET / HTTP/1.1" 200 275156 "-" "synthetic-monitoring-agent/v0.14.3 (linux amd64; g64b8bab; +https://github.com/grafana/synthetic-monitoring-agent)"
172.68.164.25 - - [11/Oct/2025:06:07:14 +0700] "POST /wp-cron.php?doing_wp_cron=1760137633.6887159347534179687500 HTTP/1.1" 200 5 "-" "WordPress/6.8.2; https://rocioprime.com"
162.158.162.51 - - [11/Oct/2025:06:07:14 +0700] "GET /2025/09/02/maitriser-les-chances-au-casino-and-friends/ HTTP/1.1" 200 181818 "-" "Mozilla/5.0 (compatible; AhrefsBot/7.0; +http://ahrefs.com/robot/)"
162.158.106.101 - - [11/Oct/2025:06:07:46 +0700] "GET /2025/08/29/jogue-com-confianca-no-888-casino-o-melhor-do-igaming-brasileiro/ HTTP/1.1" 200 182462 "-" "Mozilla/5.0 (Windows NT 10.0; Win64; x64; rv:114.0) Gecko/20100101 Firefox/114.0"
172.70.188.39 - - [11/Oct/2025:06:08:53 +0700] "GET /2025/09/03/descobrindo-as-probabilidades-no-leaowin02/ HTTP/1.1" 200 181465 "-" "Mozilla/5.0 (Windows NT 10.0; Win64; x64) AppleWebKit/537.36 (KHTML, like Gecko) Chrome/114.0.0.0 Safari/537.36"
172.71.124.170 - - [11/Oct/2025:06:09:14 +0700] "POST /wp-cron.php?doing_wp_cron=1760137753.9232299327850341796875 HTTP/1.1" 200 5 "-" "WordPress/6.8.2; https://rocioprime.com"
162.158.108.115 - - [11/Oct/2025:06:09:15 +0700] "GET /2025/09/02/pariez-avec-confiance-au-betfury-casino-emotion-et-recompenses-uniques/ HTTP/1.1" 200 182569 "https://rocioprime.com/" "Mozilla/5.0 (Windows NT 10.0; WOW64) AppleWebKit/537.36 (KHTML, like Gecko) Chrome/114.0.0.0 YaBrowser/22.7.0 Yowser/2.5 Safari/537.36"
172.71.81.52 - - [11/Oct/2025:06:09:16 +0700] "POST /wp-comments-post.php HTTP/1.1" 302 5 "https://rocioprime.com/2025/09/02/pariez-avec-confiance-au-betfury-casino-emotion-et-recompenses-uniques/" "Mozilla/5.0 (Windows NT 10.0; WOW64) AppleWebKit/537.36 (KHTML, like Gecko) Chrome/114.0.0.0 YaBrowser/22.7.0 Yowser/2.5 Safari/537.36"
172.70.188.39 - - [11/Oct/2025:06:09:18 +0700] "GET /2025/09/02/pariez-avec-confiance-au-betfury-casino-emotion-et-recompenses-uniques/?unapproved=9879&moderation-hash=bf4232b733111967789f0952bbbc5b77 HTTP/1.1" 200 184992 "https://rocioprime.com/wp-comments-post.php" "Mozilla/5.0 (Windows NT 10.0; WOW64) AppleWebKit/537.36 (KHTML, like Gecko) Chrome/114.0.0.0 YaBrowser/22.7.0 Yowser/2.5 Safari/537.36"
108.162.226.100 - - [11/Oct/2025:06:09:19 +0700] "GET /2025/09/02/pariez-avec-confiance-au-betfury-casino-emotion-et-recompenses-uniques/ HTTP/1.1" 200 182562 "-" "Mozilla/5.0 (Windows NT 10.0; WOW64) AppleWebKit/537.36 (KHTML, like Gecko) Chrome/114.0.0.0 YaBrowser/22.7.0 Yowser/2.5 Safari/537.36"
104.23.175.246 - - [11/Oct/2025:06:09:51 +0700] "POST /wp-cron.php?doing_wp_cron=1760137791.3966999053955078125000 HTTP/1.1" 200 5 "-" "WordPress/6.8.2; https://rocioprime.com"
162.158.106.101 - - [11/Oct/2025:06:09:52 +0700] "GET /2025/08/26/gamdom-casino-decouvrez-un-univers-ou-les-probabilites-guident-vos-gains/ HTTP/1.1" 200 182074 "https://rocioprime.com/" "Mozilla/5.0 (X11; Ubuntu; Linux x86_64; rv:114.0) Gecko/20100101 Firefox/114.0"
172.71.81.52 - - [11/Oct/2025:06:09:59 +0700] "GET /wp-login.php?action=register HTTP/1.1" 302 5 "https://rocioprime.com/2025/08/26/gamdom-casino-decouvrez-un-univers-ou-les-probabilites-guident-vos-gains/" "Mozilla/5.0 (Windows NT 6.3; Win64; x64) AppleWebKit/537.36 (KHTML, like Gecko) Chrome/103.0.0.0 Safari/537.36"
172.70.208.171 - - [11/Oct/2025:06:10:00 +0700] "GET /wp-login.php?registration=disabled HTTP/1.1" 200 6282 "https://rocioprime.com/wp-login.php?action=register" "Mozilla/5.0 (Windows NT 6.3; Win64; x64) AppleWebKit/537.36 (KHTML, like Gecko) Chrome/103.0.0.0 Safari/537.36"
172.71.81.52 - - [11/Oct/2025:06:10:24 +0700] "GET /wp-json/wp/v2/users HTTP/1.1" 200 1534 "-" "Mozilla/4.0 (compatible; Win32; WinHttp.WinHttpRequest.5)"
172.70.188.39 - - [11/Oct/2025:06:10:44 +0700] "GET /2025/09/02/decrypter-les-probabilites-et-jackpots-au-mrplay-casino/ HTTP/1.1" 200 182183 "https://rocioprime.com/2025/09/02/decrypter-les-probabilites-et-jackpots-au-mrplay-casino/" "Mozilla/5.0 (Windows NT 6.1; WOW64) AppleWebKit/537.36 (KHTML, like Gecko) Chrome/30.0.2603.693 Safari/537.36"
172.71.124.171 - - [11/Oct/2025:06:10:54 +0700] "GET / HTTP/1.1" 200 275156 "-" "synthetic-monitoring-agent/v0.14.3 (linux amd64; g64b8bab; +https://github.com/grafana/synthetic-monitoring-agent)"
162.158.162.50 - - [11/Oct/2025:06:10:54 +0700] "GET / HTTP/1.1" 200 275156 "-" "synthetic-monitoring-agent/v0.14.3 (linux amd64; g64b8bab; +https://github.com/grafana/synthetic-monitoring-agent)"
162.158.108.115 - - [11/Oct/2025:06:10:55 +0700] "POST /wp-cron.php?doing_wp_cron=1760137855.9364609718322753906250 HTTP/1.1" 200 5 "-" "WordPress/6.8.2; https://rocioprime.com"
162.158.88.128 - - [11/Oct/2025:06:10:56 +0700] "GET /2025/09/14/maximizando-ganhos-no-4playbet-casino-com-estrategias-probabilisticas/ HTTP/1.1" 200 181975 "-" "Mozilla/5.0 (compatible; AhrefsBot/7.0; +http://ahrefs.com/robot/)"
162.158.108.115 - - [11/Oct/2025:06:11:46 +0700] "POST /wp-cron.php?doing_wp_cron=1760137906.1188740730285644531250 HTTP/1.1" 200 5 "-" "WordPress/6.8.2; https://rocioprime.com"
162.158.106.100 - - [11/Oct/2025:06:11:46 +0700] "POST /xmlrpc.php HTTP/1.1" 200 415 "-" "Mozilla/5.0 (X11; Ubuntu; Linux x86_64; arm64) AppleWebKit/537.36 (KHTML, like Gecko) Firefox/85.0.0.0 Safari/537.36"
172.71.124.171 - - [11/Oct/2025:06:12:03 +0700] "GET /2025/08/30/matematica-e-emocao-o-nucleo-do-betorspin/ HTTP/1.1" 200 181720 "-" "Mozilla/5.0 (Windows NT 10.0; Win64; x64; rv:114.0) Gecko/20100101 Firefox/114.0"
172.71.81.51 - - [11/Oct/2025:06:12:30 +0700] "GET /2025/09/02/pariez-avec-confiance-au-betfury-casino-emotion-et-recompenses-uniques/ HTTP/1.1" 200 182562 "-" "Mozilla/5.0 (Windows NT 10.0; Win64; x64; rv:114.0) Gecko/20100101 Firefox/114.0"
172.68.164.24 - - [11/Oct/2025:06:12:55 +0700] "POST /wp-cron.php?doing_wp_cron=1760137975.8967430591583251953125 HTTP/1.1" 200 5 "-" "WordPress/6.8.2; https://rocioprime.com"
172.71.81.51 - - [11/Oct/2025:06:12:56 +0700] "POST /xmlrpc.php HTTP/1.1" 200 415 "-" "Mozilla/5.0 (Macintosh; Intel Mac OS X 10_15_7; x86) AppleWebKit/537.36 (KHTML, like Gecko) Safari/10.0.0.0 Safari/537.36"
172.71.124.170 - - [11/Oct/2025:06:13:11 +0700] "GET /2025/09/15/como-as-odds-moldam-sua-experiencia-no-verabet-casino/ HTTP/1.1" 200 181681 "-" "Mozilla/5.0 (compatible; DotBot/1.2; +https://opensiteexplorer.org/dotbot; [email protected])"
162.158.106.101 - - [11/Oct/2025:06:13:46 +0700] "POST /wp-cron.php?doing_wp_cron=1760138026.8414499759674072265625 HTTP/1.1" 200 5 "-" "WordPress/6.8.2; https://rocioprime.com"
172.70.92.213 - - [11/Oct/2025:06:13:47 +0700] "POST /xmlrpc.php HTTP/1.1" 200 415 "-" "Mozilla/5.0 (Linux; Android 10; x86) AppleWebKit/537.36 (KHTML, like Gecko) Firefox/82.0.0.0 Safari/537.36"
172.69.176.119 - - [11/Oct/2025:06:14:00 +0700] "GET /2025/08/26/chancen-strategisch-nutzen-im-wunderino-casino/ HTTP/1.1" 200 181987 "-" "Mozilla/5.0 (Windows NT 10.0; Win64; x64) AppleWebKit/537.36 (KHTML, like Gecko) Chrome/114.0.0.0 Safari/537.36"
172.71.81.52 - - [11/Oct/2025:06:14:21 +0700] "GET /2025/09/04/maitriser-les-chances-pour-des-victoires-chanceuses-au-luckster-casino/ HTTP/1.1" 200 182961 "-" "Mozilla/5.0 (compatible; AhrefsBot/7.0; +http://ahrefs.com/robot/)"
172.70.142.154 - - [11/Oct/2025:06:14:24 +0700] "GET /2025/10/03/probabilites-et-discipline-financiere-pour-reussir-au-roby-casino HTTP/1.1" 301 5 "https://rocioprime.com/" "Mozilla/5.0 (Windows NT 10.0; Win64; x64) AppleWebKit/537.36 (KHTML, like Gecko) Chrome/135.0.0.0 Safari/537.36 Edg/135.0.0.0"
172.70.142.154 - - [11/Oct/2025:06:14:24 +0700] "GET /2025/10/03/probabilites-et-discipline-financiere-pour-reussir-au-roby-casino/ HTTP/1.1" 200 181592 "https://rocioprime.com/" "Mozilla/5.0 (Windows NT 10.0; Win64; x64) AppleWebKit/537.36 (KHTML, like Gecko) Chrome/135.0.0.0 Safari/537.36 Edg/135.0.0.0"
162.158.162.51 - - [11/Oct/2025:06:14:50 +0700] "POST /wp-cron.php?doing_wp_cron=1760138090.6527578830718994140625 HTTP/1.1" 200 5 "-" "WordPress/6.8.2; https://rocioprime.com"
162.158.88.128 - - [11/Oct/2025:06:14:50 +0700] "POST /xmlrpc.php HTTP/1.1" 200 415 "-" "Mozilla/5.0 (Windows NT 10.0; x86) AppleWebKit/537.36 (KHTML, like Gecko) Chrome/115.0.0.0 Safari/537.36"
172.70.142.154 - - [11/Oct/2025:06:15:08 +0700] "GET /2025/08/25/azur-casino-decouvrez-un-univers-de-jeux-ou-les-probabilites-sont-cles/ HTTP/1.1" 200 182563 "-" "Mozilla/5.0 (Windows NT 10.0; Win64; x64; rv:114.0) Gecko/20100101 Firefox/114.0"
162.158.189.139 - - [11/Oct/2025:06:15:28 +0700] "GET /2025/08/31/decouvrez-lunivers-unique-de-gamdom-casino-probabilites-et-sensations-fortes/ HTTP/1.1" 200 182356 "https://rocioprime.com/" "Mozilla/5.0 (Windows NT 10.0; WOW64) AppleWebKit/537.36 (KHTML, like Gecko) Chrome/114.0.0.0 Safari/537.36"
104.23.175.247 - - [11/Oct/2025:06:15:30 +0700] "POST /wp-cron.php?doing_wp_cron=1760138130.6800200939178466796875 HTTP/1.1" 200 5 "-" "WordPress/6.8.2; https://rocioprime.com"
162.158.189.139 - - [11/Oct/2025:06:15:30 +0700] "POST /wp-comments-post.php HTTP/1.1" 302 5 "https://rocioprime.com/2025/08/31/decouvrez-lunivers-unique-de-gamdom-casino-probabilites-et-sensations-fortes/" "Mozilla/5.0 (Windows NT 10.0; WOW64) AppleWebKit/537.36 (KHTML, like Gecko) Chrome/114.0.0.0 Safari/537.36"
172.70.208.171 - - [11/Oct/2025:06:15:32 +0700] "GET /2025/08/31/decouvrez-lunivers-unique-de-gamdom-casino-probabilites-et-sensations-fortes/?unapproved=9880&moderation-hash=15373adade51d5c93a86501006d2fcd4 HTTP/1.1" 200 185447 "https://rocioprime.com/wp-comments-post.php" "Mozilla/5.0 (Windows NT 10.0; WOW64) AppleWebKit/537.36 (KHTML, like Gecko) Chrome/114.0.0.0 Safari/537.36"
172.68.164.24 - - [11/Oct/2025:06:15:33 +0700] "GET /2025/08/31/decouvrez-lunivers-unique-de-gamdom-casino-probabilites-et-sensations-fortes/ HTTP/1.1" 200 182349 "-" "Mozilla/5.0 (Windows NT 10.0; WOW64) AppleWebKit/537.36 (KHTML, like Gecko) Chrome/114.0.0.0 Safari/537.36"
172.71.124.171 - - [11/Oct/2025:06:15:44 +0700] "GET /2025/09/13/como-a-ciencia-da-probabilidade-potencializa-ganhos-no-brazino777-casino/ HTTP/1.1" 200 181930 "-" "Mozilla/5.0 (Windows NT 10.0; Win64; x64; rv:114.0) Gecko/20100101 Firefox/114.0"
172.71.82.74 - - [11/Oct/2025:06:15:47 +0700] "GET /2025/09/20/rabona-casino-les-calculs-mathematiques-pour-un-jeu-reussi/ HTTP/1.1" 200 182786 "-" "Mozilla/5.0 AppleWebKit/537.36 (KHTML, like Gecko; compatible; bingbot/2.0; +http://www.bing.com/bingbot.htm) Chrome/116.0.1938.76 Safari/537.36"
162.158.162.51 - - [11/Oct/2025:06:15:48 +0700] "POST /xmlrpc.php HTTP/1.1" 200 415 "-" "Mozilla/5.0 (Macintosh; Intel Mac OS X 10_15_7; x64) AppleWebKit/537.36 (KHTML, like Gecko) Chrome/96.0.0.0 Safari/537.36"
162.158.88.128 - - [11/Oct/2025:06:15:55 +0700] "GET / HTTP/1.1" 200 275170 "-" "synthetic-monitoring-agent/v0.14.3 (linux amd64; g64b8bab; +https://github.com/grafana/synthetic-monitoring-agent)"
172.70.142.154 - - [11/Oct/2025:06:15:56 +0700] "GET / HTTP/1.1" 200 275178 "-" "synthetic-monitoring-agent/v0.14.3 (linux amd64; g64b8bab; +https://github.com/grafana/synthetic-monitoring-agent)"
172.71.82.74 - - [11/Oct/2025:06:15:57 +0700] "GET /2025/09/03/como-a-probabilidade-define-o-bet4slot-casino/ HTTP/1.1" 200 182096 "-" "Mozilla/5.0 (Windows NT 10.0; WOW64) AppleWebKit/537.36 (KHTML, like Gecko) Chrome/114.0.0.0 YaBrowser/22.7.0 Yowser/2.5 Safari/537.36"
162.158.171.5 - - [11/Oct/2025:06:15:58 +0700] "POST /wp-comments-post.php HTTP/1.1" 302 5 "https://rocioprime.com/2025/09/03/como-a-probabilidade-define-o-bet4slot-casino/" "Mozilla/5.0 (Windows NT 10.0; WOW64) AppleWebKit/537.36 (KHTML, like Gecko) Chrome/114.0.0.0 YaBrowser/22.7.0 Yowser/2.5 Safari/537.36"
162.158.170.245 - - [11/Oct/2025:06:15:59 +0700] "GET /2025/09/03/como-a-probabilidade-define-o-bet4slot-casino/?unapproved=9881&moderation-hash=589f151922f31dbf88285c9cb7aaf608 HTTP/1.1" 200 184548 "https://rocioprime.com/wp-comments-post.php" "Mozilla/5.0 (Windows NT 10.0; WOW64) AppleWebKit/537.36 (KHTML, like Gecko) Chrome/114.0.0.0 YaBrowser/22.7.0 Yowser/2.5 Safari/537.36"
172.69.176.119 - - [11/Oct/2025:06:16:00 +0700] "GET /2025/09/03/como-a-probabilidade-define-o-bet4slot-casino/ HTTP/1.1" 200 182068 "-" "Mozilla/5.0 (Windows NT 10.0; WOW64) AppleWebKit/537.36 (KHTML, like Gecko) Chrome/114.0.0.0 YaBrowser/22.7.0 Yowser/2.5 Safari/537.36"
162.158.88.128 - - [11/Oct/2025:06:16:35 +0700] "POST /wp-cron.php?doing_wp_cron=1760138195.6830620765686035156250 HTTP/1.1" 200 5 "-" "WordPress/6.8.2; https://rocioprime.com"
162.158.189.139 - - [11/Oct/2025:06:16:36 +0700] "GET /2025/09/08/entendendo-as-chances-de-ganhar-no-oshcasino/ HTTP/1.1" 200 181582 "-" "Mozilla/5.0 (compatible; SemrushBot/7~bl; +http://www.semrush.com/bot.html)"
162.158.106.100 - - [11/Oct/2025:06:16:53 +0700] "POST /xmlrpc.php HTTP/1.1" 200 415 "-" "Mozilla/5.0 (X11; Ubuntu; Linux x86_64; arm64) AppleWebKit/537.36 (KHTML, like Gecko) Safari/10.0.0.0 Safari/537.36"
162.158.171.6 - - [11/Oct/2025:06:17:23 +0700] "GET /2025/09/03/como-a-probabilidade-define-o-bet4slot-casino/ HTTP/1.1" 200 182068 "-" "Mozilla/5.0 (Windows NT 10.0; Win64; x64; rv:114.0) Gecko/20100101 Firefox/114.0"
104.23.175.247 - - [11/Oct/2025:06:17:31 +0700] "POST /wp-cron.php?doing_wp_cron=1760138251.7144598960876464843750 HTTP/1.1" 200 5 "-" "WordPress/6.8.2; https://rocioprime.com"
108.162.226.100 - - [11/Oct/2025:06:17:32 +0700] "GET /2025/08/27/wahrscheinlichkeiten-fur-erfolg-im-slotclub-casino/ HTTP/1.1" 200 182354 "https://rocioprime.com/" "Mozilla/5.0 (Windows NT 10.0; WOW64) AppleWebKit/537.36 (KHTML, like Gecko) Chrome/114.0.0.0 Safari/537.36"
172.70.188.38 - - [11/Oct/2025:06:17:37 +0700] "GET /wp-login.php?action=register HTTP/1.1" 302 5 "https://rocioprime.com/2025/08/27/wahrscheinlichkeiten-fur-erfolg-im-slotclub-casino/" "Mozilla/5.0 (Windows NT 6.3; Win64; x64) AppleWebKit/537.36 (KHTML, like Gecko) Chrome/103.0.0.0 Safari/537.36"
172.70.92.162 - - [11/Oct/2025:06:17:50 +0700] "GET /2025/08/30/spellwin-casino-o-destino-encantado-para-uma-experiencia-de-igaming-inesquecivel HTTP/1.1" 301 5 "-" "Mozilla/5.0 (compatible; DotBot/1.2; +https://opensiteexplorer.org/dotbot; [email protected])"
172.71.124.170 - - [11/Oct/2025:06:17:51 +0700] "POST /xmlrpc.php HTTP/1.1" 200 415 "-" "Mozilla/5.0 (Linux; Android 10; arm64) AppleWebKit/537.36 (KHTML, like Gecko) Safari/11.0.0.0 Safari/537.36"
172.71.124.171 - - [11/Oct/2025:06:17:52 +0700] "GET /2025/08/25/ihr-schlussel-zu-triumphen-im-jokerstar-casino/ HTTP/1.1" 200 182358 "https://rocioprime.com/" "Mozilla/5.0 (X11; Linux i686) AppleWebKit/537.36 (KHTML, like Gecko) Chrome/114.0.0.0 Safari/537.36 Vivaldi/5.3.2679.68"
162.158.162.51 - - [11/Oct/2025:06:17:53 +0700] "GET /2025/09/07/mergulhe-no-universo-do-paramigobet-casino-probabilidades-e-entretenimento-sem-limites/ HTTP/1.1" 200 182530 "-" "Mozilla/5.0 (compatible; AhrefsBot/7.0; +http://ahrefs.com/robot/)"
104.23.175.247 - - [11/Oct/2025:06:17:54 +0700] "POST /wp-comments-post.php HTTP/1.1" 302 5 "https://rocioprime.com/2025/08/25/ihr-schlussel-zu-triumphen-im-jokerstar-casino/" "Mozilla/5.0 (X11; Linux i686) AppleWebKit/537.36 (KHTML, like Gecko) Chrome/114.0.0.0 Safari/537.36 Vivaldi/5.3.2679.68"
162.158.108.114 - - [11/Oct/2025:06:17:55 +0700] "GET /2025/08/25/ihr-schlussel-zu-triumphen-im-jokerstar-casino/?unapproved=9882&moderation-hash=9a1db291549e9c5d7fd5b3e5260af19f HTTP/1.1" 200 184806 "https://rocioprime.com/wp-comments-post.php" "Mozilla/5.0 (X11; Linux i686) AppleWebKit/537.36 (KHTML, like Gecko) Chrome/114.0.0.0 Safari/537.36 Vivaldi/5.3.2679.68"
162.158.162.51 - - [11/Oct/2025:06:17:56 +0700] "GET /2025/08/25/ihr-schlussel-zu-triumphen-im-jokerstar-casino/ HTTP/1.1" 200 182330 "-" "Mozilla/5.0 (X11; Linux i686) AppleWebKit/537.36 (KHTML, like Gecko) Chrome/114.0.0.0 Safari/537.36 Vivaldi/5.3.2679.68"
172.70.208.170 - - [11/Oct/2025:06:18:27 +0700] "POST /wp-cron.php?doing_wp_cron=1760138307.3480169773101806640625 HTTP/1.1" 200 5 "-" "WordPress/6.8.2; https://rocioprime.com"
162.158.108.114 - - [11/Oct/2025:06:18:27 +0700] "GET /2025/09/01/gewinne-maximieren-mit-wahrscheinlichkeiten-im-wheelz-casino/ HTTP/1.1" 200 182003 "https://rocioprime.com/" "Mozilla/5.0 (Windows NT 10.0; Win64; x64) AppleWebKit/537.36 (KHTML, like Gecko) Chrome/114.0.0.0 Safari/537.36"
104.23.175.247 - - [11/Oct/2025:06:18:33 +0700] "GET /wp-login.php?action=register HTTP/1.1" 302 5 "https://rocioprime.com/2025/09/01/gewinne-maximieren-mit-wahrscheinlichkeiten-im-wheelz-casino/" "Mozilla/5.0 (Windows NT 6.3; Win64; x64) AppleWebKit/537.36 (KHTML, like Gecko) Chrome/103.0.0.0 Safari/537.36"
162.158.88.128 - - [11/Oct/2025:06:18:34 +0700] "POST /wp-cron.php?doing_wp_cron=1760138314.6778080463409423828125 HTTP/1.1" 200 5 "-" "WordPress/6.8.2; https://rocioprime.com"
172.70.92.162 - - [11/Oct/2025:06:18:34 +0700] "GET /wp-login.php?registration=disabled HTTP/1.1" 200 6282 "https://rocioprime.com/wp-login.php?action=register" "Mozilla/5.0 (Windows NT 6.3; Win64; x64) AppleWebKit/537.36 (KHTML, like Gecko) Chrome/103.0.0.0 Safari/537.36"
162.158.108.114 - - [11/Oct/2025:06:18:37 +0700] "GET /2025/09/14/maximizando-ganhos-no-4playbet-casino-com-estrategias-probabilisticas/ HTTP/1.1" 200 181968 "-" "Mozilla/5.0 (Windows NT 10.0; Win64; x64; rv:114.0) Gecko/20100101 Firefox/114.0"
172.70.188.38 - - [11/Oct/2025:06:18:41 +0700] "GET /2025/08/31/decouvrez-lunivers-unique-de-gamdom-casino-probabilites-et-sensations-fortes/ HTTP/1.1" 200 182349 "-" "Mozilla/5.0 (Windows NT 10.0; Win64; x64; rv:114.0) Gecko/20100101 Firefox/114.0"
162.158.88.128 - - [11/Oct/2025:06:18:53 +0700] "POST /xmlrpc.php HTTP/1.1" 200 415 "-" "Mozilla/5.0 (Windows NT 6.2; arm64) AppleWebKit/537.36 (KHTML, like Gecko) Edge/99.0.0.0 Safari/537.36"
162.158.106.101 - - [11/Oct/2025:06:19:08 +0700] "GET /2025/09/01/gewinne-maximieren-mit-wahrscheinlichkeiten-im-wheelz-casino/ HTTP/1.1" 200 181989 "-" "Mozilla/5.0 (Windows NT 10.0; WOW64) AppleWebKit/537.36 (KHTML, like Gecko) Chrome/114.0.0.0 Safari/537.36"
172.70.188.38 - - [11/Oct/2025:06:19:09 +0700] "POST /wp-comments-post.php HTTP/1.1" 302 5 "https://rocioprime.com/2025/09/01/gewinne-maximieren-mit-wahrscheinlichkeiten-im-wheelz-casino/" "Mozilla/5.0 (Windows NT 10.0; WOW64) AppleWebKit/537.36 (KHTML, like Gecko) Chrome/114.0.0.0 Safari/537.36"
172.70.188.38 - - [11/Oct/2025:06:19:10 +0700] "GET /2025/09/01/gewinne-maximieren-mit-wahrscheinlichkeiten-im-wheelz-casino/?unapproved=9883&moderation-hash=260274e6772b5a1aa07ebe61202f26d7 HTTP/1.1" 200 184457 "https://rocioprime.com/wp-comments-post.php" "Mozilla/5.0 (Windows NT 10.0; WOW64) AppleWebKit/537.36 (KHTML, like Gecko) Chrome/114.0.0.0 Safari/537.36"
162.158.108.114 - - [11/Oct/2025:06:19:10 +0700] "GET /2025/09/01/gewinne-maximieren-mit-wahrscheinlichkeiten-im-wheelz-casino/ HTTP/1.1" 200 181989 "-" "Mozilla/5.0 (Windows NT 10.0; WOW64) AppleWebKit/537.36 (KHTML, like Gecko) Chrome/114.0.0.0 Safari/537.36"
172.68.164.25 - - [11/Oct/2025:06:19:47 +0700] "POST /wp-cron.php?doing_wp_cron=1760138387.3056020736694335937500 HTTP/1.1" 200 5 "-" "WordPress/6.8.2; https://rocioprime.com"
172.70.92.162 - - [11/Oct/2025:06:19:47 +0700] "GET /2025/09/05/explorez-ladrenaline-du-luckyblock-casino-paris-avec-strategie-et-plaisir/ HTTP/1.1" 200 182344 "https://rocioprime.com/" "Mozilla/5.0 (X11; Ubuntu; Linux i686; rv:114.0) Gecko/20100101 Firefox/114.0"
162.158.106.101 - - [11/Oct/2025:06:19:51 +0700] "POST /xmlrpc.php HTTP/1.1" 200 415 "-" "Mozilla/5.0 (Linux; Android 10; x86) AppleWebKit/537.36 (KHTML, like Gecko) Opera/63.0.0.0 Safari/537.36"
172.70.142.177 - - [11/Oct/2025:06:19:56 +0700] "GET /wp-login.php?action=register HTTP/1.1" 302 5 "https://rocioprime.com/2025/09/05/explorez-ladrenaline-du-luckyblock-casino-paris-avec-strategie-et-plaisir/" "Mozilla/5.0 (Windows NT 6.3; Win64; x64) AppleWebKit/537.36 (KHTML, like Gecko) Chrome/103.0.0.0 Safari/537.36"
172.71.124.170 - - [11/Oct/2025:06:19:57 +0700] "GET /2025/09/12/como-a-probabilidade-transforma-sua-jornada-no-jonbet-casino/ HTTP/1.1" 200 182713 "-" "Mozilla/5.0 (Windows NT 10.0; Win64; x64; rv:114.0) Gecko/20100101 Firefox/114.0"
162.158.88.129 - - [11/Oct/2025:06:19:59 +0700] "GET /wp-login.php?registration=disabled HTTP/1.1" 200 6282 "https://rocioprime.com/wp-login.php?action=register" "Mozilla/5.0 (Windows NT 6.3; Win64; x64) AppleWebKit/537.36 (KHTML, like Gecko) Chrome/103.0.0.0 Safari/537.36"
162.158.171.6 - - [11/Oct/2025:06:20:01 +0700] "GET /2025/09/08/analyse-complete-de-tortuga-en-ligne-tortuga-fa58e/ HTTP/1.1" 200 180414 "-" "Mozilla/5.0 (Windows NT 10.0; Win64; x64; rv:114.0) Gecko/20100101 Firefox/114.0"
172.71.124.170 - - [11/Oct/2025:06:20:28 +0700] "GET /2025/09/15/dominando-as-odds-para-vencer-no-donaldbet-casino/ HTTP/1.1" 200 181739 "-" "Mozilla/5.0 (Windows NT 10.0; Win64; x64; rv:114.0) Gecko/20100101 Firefox/114.0"
172.70.188.38 - - [11/Oct/2025:06:20:28 +0700] "GET /2025/08/25/ihr-schlussel-zu-triumphen-im-jokerstar-casino/ HTTP/1.1" 200 182330 "-" "Mozilla/5.0 (Windows NT 10.0; Win64; x64; rv:114.0) Gecko/20100101 Firefox/114.0"
172.70.142.177 - - [11/Oct/2025:06:20:53 +0700] "POST /wp-cron.php?doing_wp_cron=1760138452.8646070957183837890625 HTTP/1.1" 200 5 "-" "WordPress/6.8.2; https://rocioprime.com"
162.158.162.51 - - [11/Oct/2025:06:20:53 +0700] "POST /xmlrpc.php HTTP/1.1" 200 415 "-" "Mozilla/5.0 (X11; Ubuntu; Linux x86_64; x86) AppleWebKit/537.36 (KHTML, like Gecko) Opera/64.0.0.0 Safari/537.36"
172.71.82.74 - - [11/Oct/2025:06:20:54 +0700] "GET / HTTP/1.1" 200 275156 "-" "synthetic-monitoring-agent/v0.14.3 (linux amd64; g64b8bab; +https://github.com/grafana/synthetic-monitoring-agent)"
172.68.164.25 - - [11/Oct/2025:06:20:54 +0700] "GET / HTTP/1.1" 200 275156 "-" "synthetic-monitoring-agent/v0.14.3 (linux amd64; g64b8bab; +https://github.com/grafana/synthetic-monitoring-agent)"
108.162.226.101 - - [11/Oct/2025:06:21:22 +0700] "GET /wp-login.php HTTP/1.1" 200 6090 "-" "Mozilla/5.0 (Windows NT 6.1; WOW64; rv:24.0) Gecko/20100101 Firefox/24.0"
104.23.175.247 - - [11/Oct/2025:06:21:32 +0700] "POST /wp-cron.php?doing_wp_cron=1760138492.5817840099334716796875 HTTP/1.1" 200 5 "-" "WordPress/6.8.2; https://rocioprime.com"
162.158.189.138 - - [11/Oct/2025:06:21:33 +0700] "GET /2025/09/07/tout-sur-les-probabilites-et-les-recompenses-au-plaza-royal-casino/ HTTP/1.1" 200 182176 "-" "Mozilla/5.0 (compatible; AhrefsBot/7.0; +http://ahrefs.com/robot/)"
162.158.162.51 - - [11/Oct/2025:06:21:44 +0700] "GET /2025/09/01/gewinne-maximieren-mit-wahrscheinlichkeiten-im-wheelz-casino/ HTTP/1.1" 200 181989 "-" "Mozilla/5.0 (Windows NT 10.0; Win64; x64) AppleWebKit/537.36 (KHTML, like Gecko) Chrome/114.0.0.0 Safari/537.36"
162.158.189.138 - - [11/Oct/2025:06:21:57 +0700] "POST /xmlrpc.php HTTP/1.1" 200 415 "-" "Mozilla/5.0 (Windows NT 10.0; x64) AppleWebKit/537.36 (KHTML, like Gecko) Chrome/82.0.0.0 Safari/537.36"
172.70.142.176 - - [11/Oct/2025:06:22:45 +0700] "POST /wp-cron.php?doing_wp_cron=1760138564.7437779903411865234375 HTTP/1.1" 200 5 "-" "WordPress/6.8.2; https://rocioprime.com"
162.158.108.114 - - [11/Oct/2025:06:22:45 +0700] "GET /2025/09/03/descobrindo-as-probabilidades-no-leaowin02/ HTTP/1.1" 200 181472 "https://rocioprime.com/" "Mozilla/5.0 (X11; Fedora; Linux x86_64; rv:114.0) Gecko/20100101 Firefox/114.0"
104.23.175.247 - - [11/Oct/2025:06:22:51 +0700] "GET /2025/10/07/casino-ohne-deutsche-lizenz-deutschland-mit-445/ HTTP/1.1" 200 192300 "-" "Mozilla/5.0 (Linux; Android 6.0.1; Nexus 5X Build/MMB29P) AppleWebKit/537.36 (KHTML, like Gecko) Chrome/140.0.7339.207 Mobile Safari/537.36 (compatible; Googlebot/2.1; +http://www.google.com/bot.html)"
172.70.142.176 - - [11/Oct/2025:06:22:51 +0700] "GET /wp-login.php?action=register HTTP/1.1" 302 5 "https://rocioprime.com/2025/09/03/descobrindo-as-probabilidades-no-leaowin02/" "Mozilla/5.0 (Windows NT 6.3; Win64; x64) AppleWebKit/537.36 (KHTML, like Gecko) Chrome/103.0.0.0 Safari/537.36"
172.70.142.176 - - [11/Oct/2025:06:22:51 +0700] "GET /wp-login.php?registration=disabled HTTP/1.1" 200 6282 "https://rocioprime.com/wp-login.php?action=register" "Mozilla/5.0 (Windows NT 6.3; Win64; x64) AppleWebKit/537.36 (KHTML, like Gecko) Chrome/103.0.0.0 Safari/537.36"
172.71.124.171 - - [11/Oct/2025:06:22:55 +0700] "GET /2025/10/08/%CF%80%CE%B1%CE%AF%CE%BE%CF%84%CE%B5-%CF%84%CE%BF-%CE%BA%CE%B1%CE%BB%CF%8D%CF%84%CE%B5%CF%81%CE%BF-%CF%80%CE%B1%CE%B9%CF%87%CE%BD%CE%AF%CE%B4%CE%B9-crash-online-%CF%87%CE%AC%CF%81%CE%B7-%CF%83%CF%84/ HTTP/1.1" 200 190156 "-" "Mozilla/5.0 (compatible; MJ12bot/v1.4.8; http://mj12bot.com/)"
162.158.171.5 - - [11/Oct/2025:06:22:57 +0700] "GET /2025/10/08/dobro-pozhalovat-vo-mir-tvoikh-pobed/feed/ HTTP/1.1" 200 867 "-" "Mozilla/5.0 (compatible; MJ12bot/v1.4.8; http://mj12bot.com/)"
172.71.124.171 - - [11/Oct/2025:06:23:00 +0700] "POST /xmlrpc.php HTTP/1.1" 200 415 "-" "Mozilla/5.0 (X11; Ubuntu; Linux x86_64; x64) AppleWebKit/537.36 (KHTML, like Gecko) Opera/79.0.0.0 Safari/537.36"
172.70.92.162 - - [11/Oct/2025:06:23:01 +0700] "GET /2025/10/08/why-structured-personalities-prefer-organized-hand-porn-content/ HTTP/1.1" 200 187360 "-" "Mozilla/5.0 (compatible; MJ12bot/v1.4.8; http://mj12bot.com/)"
172.70.208.170 - - [11/Oct/2025:06:23:04 +0700] "GET /wazamba-casino-%CF%80%CE%BB%CE%B5%CE%BF%CE%BD%CE%B5%CE%BA%CF%84%CE%AE%CE%BC%CE%B1%CF%84%CE%B1-%CE%BA%CE%B1%CE%B9-%CE%BC%CE%B5%CE%B9%CE%BF%CE%BD%CE%B5%CE%BA%CF%84%CE%AE%CE%BC%CE%B1%CF%84%CE%B1/feed/ HTTP/1.1" 200 896 "-" "Mozilla/5.0 (compatible; MJ12bot/v1.4.8; http://mj12bot.com/)"
172.70.188.38 - - [11/Oct/2025:06:23:07 +0700] "GET /wazamba-casino-%CF%80%CE%BB%CE%B5%CE%BF%CE%BD%CE%B5%CE%BA%CF%84%CE%AE%CE%BC%CE%B1%CF%84%CE%B1-%CE%BA%CE%B1%CE%B9-%CE%BC%CE%B5%CE%B9%CE%BF%CE%BD%CE%B5%CE%BA%CF%84%CE%AE%CE%BC%CE%B1%CF%84%CE%B1/ HTTP/1.1" 404 160612 "-" "Mozilla/5.0 (compatible; MJ12bot/v1.4.8; http://mj12bot.com/)"
172.70.208.170 - - [11/Oct/2025:06:23:09 +0700] "GET /wazamba-live-chat-%CE%BA%CE%B1%CE%B9-%CF%85%CF%80%CE%BF%CF%83%CF%84%CE%AE%CF%81%CE%B9%CE%BE%CE%B7-74b488e2/ HTTP/1.1" 404 160612 "-" "Mozilla/5.0 (compatible; MJ12bot/v1.4.8; http://mj12bot.com/)"
172.71.124.171 - - [11/Oct/2025:06:23:12 +0700] "GET /2025/10/08/interaktivnyy-kazino-melbet-280-fs-igrovye-sloty-2025/feed/ HTTP/1.1" 200 921 "-" "Mozilla/5.0 (compatible; MJ12bot/v1.4.8; http://mj12bot.com/)"
172.71.124.171 - - [11/Oct/2025:06:23:56 +0700] "POST /wp-cron.php?doing_wp_cron=1760138636.0832970142364501953125 HTTP/1.1" 200 5 "-" "WordPress/6.8.2; https://rocioprime.com"
162.158.108.115 - - [11/Oct/2025:06:23:56 +0700] "POST /xmlrpc.php HTTP/1.1" 200 415 "-" "Mozilla/5.0 (Windows NT 10.0; arm64) AppleWebKit/537.36 (KHTML, like Gecko) Chrome/88.0.0.0 Safari/537.36"
162.158.106.100 - - [11/Oct/2025:06:24:44 +0700] "GET /2025/09/07/mergulhe-no-universo-do-paramigobet-casino-probabilidades-e-entretenimento-sem-limites/ HTTP/1.1" 200 182502 "https://rocioprime.com/" "Mozilla/5.0 (Macintosh; Intel Mac OS X 12_5) AppleWebKit/537.36 (KHTML, like Gecko) Chrome/114.0.0.0 YaBrowser/22.7.0 Yowser/2.5 Safari/537.36"
172.68.164.24 - - [11/Oct/2025:06:24:48 +0700] "GET /wp-login.php?action=register HTTP/1.1" 302 5 "https://rocioprime.com/2025/09/07/mergulhe-no-universo-do-paramigobet-casino-probabilidades-e-entretenimento-sem-limites/" "Mozilla/5.0 (Windows NT 6.3; Win64; x64) AppleWebKit/537.36 (KHTML, like Gecko) Chrome/103.0.0.0 Safari/537.36"
162.158.162.50 - - [11/Oct/2025:06:24:49 +0700] "GET /wp-login.php?registration=disabled HTTP/1.1" 200 6282 "https://rocioprime.com/wp-login.php?action=register" "Mozilla/5.0 (Windows NT 6.3; Win64; x64) AppleWebKit/537.36 (KHTML, like Gecko) Chrome/103.0.0.0 Safari/537.36"
172.71.82.75 - - [11/Oct/2025:06:24:59 +0700] "POST /wp-cron.php?doing_wp_cron=1760138699.5083699226379394531250 HTTP/1.1" 200 5 "-" "WordPress/6.8.2; https://rocioprime.com"
172.69.176.118 - - [11/Oct/2025:06:24:59 +0700] "POST /xmlrpc.php HTTP/1.1" 200 415 "-" "Mozilla/5.0 (Windows NT 6.3; arm64) AppleWebKit/537.36 (KHTML, like Gecko) Opera/69.0.0.0 Safari/537.36"
162.158.171.6 - - [11/Oct/2025:06:25:01 +0700] "GET /2025/08/30/matematica-e-emocao-o-nucleo-do-betorspin/ HTTP/1.1" 200 181720 "-" "Mozilla/5.0 (Windows NT 10.0; Win64; x64; rv:114.0) Gecko/20100101 Firefox/114.0"
162.158.108.114 - - [11/Oct/2025:06:25:30 +0700] "GET /2025/09/16/casombie-casino-maitrisez-les-chances-pour-le-triomphe/ HTTP/1.1" 200 182696 "-" "Mozilla/5.0 (compatible; AhrefsBot/7.0; +http://ahrefs.com/robot/)"
172.71.152.30 - - [11/Oct/2025:06:25:54 +0700] "GET / HTTP/1.1" 200 275156 "-" "synthetic-monitoring-agent/v0.14.3 (linux amd64; g64b8bab; +https://github.com/grafana/synthetic-monitoring-agent)"
172.71.152.30 - - [11/Oct/2025:06:25:54 +0700] "GET / HTTP/1.1" 200 275163 "-" "synthetic-monitoring-agent/v0.14.3 (linux amd64; g64b8bab; +https://github.com/grafana/synthetic-monitoring-agent)"
162.158.171.5 - - [11/Oct/2025:06:25:55 +0700] "POST /wp-cron.php?doing_wp_cron=1760138755.4609808921813964843750 HTTP/1.1" 200 5 "-" "WordPress/6.8.2; https://rocioprime.com"
162.158.171.6 - - [11/Oct/2025:06:25:55 +0700] "POST /xmlrpc.php HTTP/1.1" 200 415 "-" "Mozilla/5.0 (Windows NT 6.2; x86) AppleWebKit/537.36 (KHTML, like Gecko) Edge/80.0.0.0 Safari/537.36"
172.71.82.74 - - [11/Oct/2025:06:26:47 +0700] "POST /wp-cron.php?doing_wp_cron=1760138807.0803179740905761718750 HTTP/1.1" 200 5 "-" "WordPress/6.8.2; https://rocioprime.com"
172.68.164.24 - - [11/Oct/2025:06:26:47 +0700] "GET /2025/08/25/azur-casino-decouvrez-un-univers-de-jeux-ou-les-probabilites-sont-cles/ HTTP/1.1" 200 182591 "-" "Mozilla/5.0 (Windows NT 10.0; Win64; x64; rv:114.0) Gecko/20100101 Firefox/114.0"
162.158.171.6 - - [11/Oct/2025:06:27:01 +0700] "POST /xmlrpc.php HTTP/1.1" 200 415 "-" "Mozilla/5.0 (Macintosh; Intel Mac OS X 10_15_7; x64) AppleWebKit/537.36 (KHTML, like Gecko) Firefox/82.0.0.0 Safari/537.36"
162.158.162.51 - - [11/Oct/2025:06:27:13 +0700] "GET /2025/09/08/spinfest-onde-a-sorte-encontra-a-matematica/ HTTP/1.1" 200 182007 "-" "Mozilla/5.0 (Windows NT 10.0; Win64; x64) AppleWebKit/537.36 (KHTML, like Gecko) Chrome/114.0.0.0 Safari/537.36"
162.158.88.129 - - [11/Oct/2025:06:27:21 +0700] "GET /sitemap.xml HTTP/1.1" 200 204 "-" "Mozilla/5.0 AppleWebKit/537.36 (KHTML, like Gecko; compatible; ClaudeBot/1.0; [email protected])"
172.71.124.110 - - [11/Oct/2025:06:27:55 +0700] "POST /wp-cron.php?doing_wp_cron=1760138875.6959829330444335937500 HTTP/1.1" 200 5 "-" "WordPress/6.8.2; https://rocioprime.com"
162.158.108.115 - - [11/Oct/2025:06:27:56 +0700] "POST /xmlrpc.php HTTP/1.1" 200 415 "-" "Mozilla/5.0 (Linux; Android 10; x64) AppleWebKit/537.36 (KHTML, like Gecko) Chrome/87.0.0.0 Safari/537.36"
172.69.176.118 - - [11/Oct/2025:06:28:32 +0700] "POST /wp-cron.php?doing_wp_cron=1760138912.3697869777679443359375 HTTP/1.1" 200 5 "-" "WordPress/6.8.2; https://rocioprime.com"
172.68.164.24 - - [11/Oct/2025:06:28:32 +0700] "GET /2025/08/27/ihr-erfolgsweg-im-pledoo-casino/ HTTP/1.1" 200 181619 "https://rocioprime.com/" "Mozilla/5.0 (Macintosh; Intel Mac OS X 12_5) AppleWebKit/537.36 (KHTML, like Gecko) Chrome/114.0.0.0 Safari/537.36 Edg/114.0.1264.71"
162.158.171.5 - - [11/Oct/2025:06:28:33 +0700] "POST /wp-comments-post.php HTTP/1.1" 302 5 "https://rocioprime.com/2025/08/27/ihr-erfolgsweg-im-pledoo-casino/" "Mozilla/5.0 (Macintosh; Intel Mac OS X 12_5) AppleWebKit/537.36 (KHTML, like Gecko) Chrome/114.0.0.0 Safari/537.36 Edg/114.0.1264.71"
162.158.108.115 - - [11/Oct/2025:06:28:34 +0700] "GET /2025/08/27/ihr-erfolgsweg-im-pledoo-casino/?unapproved=9884&moderation-hash=9ee21e993816771ad3dda08da9750534 HTTP/1.1" 200 184044 "https://rocioprime.com/wp-comments-post.php" "Mozilla/5.0 (Macintosh; Intel Mac OS X 12_5) AppleWebKit/537.36 (KHTML, like Gecko) Chrome/114.0.0.0 Safari/537.36 Edg/114.0.1264.71"
172.68.164.24 - - [11/Oct/2025:06:28:35 +0700] "GET /2025/08/27/ihr-erfolgsweg-im-pledoo-casino/ HTTP/1.1" 200 181605 "-" "Mozilla/5.0 (Macintosh; Intel Mac OS X 12_5) AppleWebKit/537.36 (KHTML, like Gecko) Chrome/114.0.0.0 Safari/537.36 Edg/114.0.1264.71"
162.158.171.5 - - [11/Oct/2025:06:28:57 +0700] "POST /xmlrpc.php HTTP/1.1" 200 415 "-" "Mozilla/5.0 (Windows NT 10.0; arm64) AppleWebKit/537.36 (KHTML, like Gecko) Chrome/103.0.0.0 Safari/537.36"
162.158.108.115 - - [11/Oct/2025:06:29:16 +0700] "GET /2025/09/08/spinfest-onde-a-sorte-encontra-a-matematica/ HTTP/1.1" 200 181979 "-" "Mozilla/5.0 (compatible; AhrefsBot/7.0; +http://ahrefs.com/robot/)"
108.162.227.25 - - [11/Oct/2025:06:29:46 +0700] "POST /wp-cron.php?doing_wp_cron=1760138986.4158499240875244140625 HTTP/1.1" 200 5 "-" "WordPress/6.8.2; https://rocioprime.com"
172.70.208.170 - - [11/Oct/2025:06:29:47 +0700] "GET /2025/09/02/roobet-casino-la-destination-ideale-pour-une-experience-de-jeu-inoubliable/ HTTP/1.1" 200 182914 "https://chikyu-kankyo.com/" "Mozilla/5.0 (Windows NT 6.3; Win64; x64) AppleWebKit/537.36 (KHTML, like Gecko) Chrome/103.0.0.0 Safari/537.36"
172.71.152.29 - - [11/Oct/2025:06:29:48 +0700] "GET /2025/09/02/roobet-casino-la-destination-ideale-pour-une-experience-de-jeu-inoubliable/?action=register HTTP/1.1" 200 182916 "https://chikyu-kankyo.com/" "Mozilla/5.0 (Windows NT 6.3; Win64; x64) AppleWebKit/537.36 (KHTML, like Gecko) Chrome/103.0.0.0 Safari/537.36"
162.158.171.5 - - [11/Oct/2025:06:29:58 +0700] "POST /wp-comments-post.php HTTP/1.1" 302 5 "https://rocioprime.com/2025/09/02/roobet-casino-la-destination-ideale-pour-une-experience-de-jeu-inoubliable/?action=register" "Mozilla/5.0 (Windows NT 6.3; Win64; x64) AppleWebKit/537.36 (KHTML, like Gecko) Chrome/103.0.0.0 Safari/537.36"
162.158.171.5 - - [11/Oct/2025:06:29:59 +0700] "GET /2025/09/02/roobet-casino-la-destination-ideale-pour-une-experience-de-jeu-inoubliable/?unapproved=9885&moderation-hash=62acc1abb72248e040d077253984f1a9 HTTP/1.1" 200 185354 "https://rocioprime.com/wp-comments-post.php" "Mozilla/5.0 (Windows NT 6.3; Win64; x64) AppleWebKit/537.36 (KHTML, like Gecko) Chrome/103.0.0.0 Safari/537.36"
172.71.124.110 - - [11/Oct/2025:06:30:02 +0700] "POST /xmlrpc.php HTTP/1.1" 200 415 "-" "Mozilla/5.0 (Macintosh; Intel Mac OS X 10_15_7; x64) AppleWebKit/537.36 (KHTML, like Gecko) Chrome/88.0.0.0 Safari/537.36"
172.71.152.29 - - [11/Oct/2025:06:30:04 +0700] "GET /2025/10/05/controle-habile-des-variations-grace-aux-probabilites-au-bonusbet-casino/ HTTP/1.1" 200 181997 "-" "Mozilla/5.0 AppleWebKit/537.36 (KHTML, like Gecko; compatible; Amazonbot/0.1; +https://developer.amazon.com/support/amazonbot) Chrome/119.0.6045.214 Safari/537.36"
172.69.176.118 - - [11/Oct/2025:06:30:42 +0700] "POST /wp-cron.php?doing_wp_cron=1760139042.7238891124725341796875 HTTP/1.1" 200 5 "-" "WordPress/6.8.2; https://rocioprime.com"
172.71.152.29 - - [11/Oct/2025:06:30:43 +0700] "GET /2025/10/09/elevation-des-probabilites-au-morospin-casino/ HTTP/1.1" 200 182347 "-" "Mozilla/5.0 AppleWebKit/537.36 (KHTML, like Gecko; compatible; bingbot/2.0; +http://www.bing.com/bingbot.htm) Chrome/116.0.1938.76 Safari/537.36"
162.158.162.50 - - [11/Oct/2025:06:30:44 +0700] "GET /2025/08/27/zoom-sur-cresus-casino-avec-un-avis-expert/ HTTP/1.1" 200 180054 "-" "Mozilla/5.0 (Windows NT 10.0; Win64; x64) AppleWebKit/537.36 (KHTML, like Gecko) Chrome/114.0.0.0 Safari/537.36"
172.71.124.110 - - [11/Oct/2025:06:30:54 +0700] "GET / HTTP/1.1" 200 275148 "-" "synthetic-monitoring-agent/v0.14.3 (linux amd64; g64b8bab; +https://github.com/grafana/synthetic-monitoring-agent)"
172.69.176.118 - - [11/Oct/2025:06:30:54 +0700] "GET / HTTP/1.1" 200 275156 "-" "synthetic-monitoring-agent/v0.14.3 (linux amd64; g64b8bab; +https://github.com/grafana/synthetic-monitoring-agent)"
172.71.82.75 - - [11/Oct/2025:06:30:56 +0700] "POST /xmlrpc.php HTTP/1.1" 200 415 "-" "Mozilla/5.0 (Linux; Android 10; arm64) AppleWebKit/537.36 (KHTML, like Gecko) Safari/13.0.0.0 Safari/537.36"
172.71.82.75 - - [11/Oct/2025:06:31:07 +0700] "GET /2025/09/16/casombie-casino-boostez-vos-chances-avec-les-mathematiques/ HTTP/1.1" 200 182480 "-" "Mozilla/5.0 (Windows NT 10.0; Win64; x64; rv:114.0) Gecko/20100101 Firefox/114.0"
172.70.92.163 - - [11/Oct/2025:06:31:22 +0700] "GET /2025/08/27/ihr-erfolgsweg-im-pledoo-casino/ HTTP/1.1" 200 181605 "-" "Mozilla/5.0 (Windows NT 10.0; Win64; x64) AppleWebKit/537.36 (KHTML, like Gecko) Chrome/114.0.0.0 Safari/537.36"
172.70.188.39 - - [11/Oct/2025:06:31:29 +0700] "POST /xmlrpc.php HTTP/1.1" 200 8090 "-" "Mozilla/5.0 (Macintosh; Intel Mac OS X 12_5) AppleWebKit/537.36 (KHTML, like Gecko) Chrome/114.0.0.0 YaBrowser/22.7.0 Yowser/2.5 Safari/537.36"
172.71.124.110 - - [11/Oct/2025:06:31:31 +0700] "POST /wp-cron.php?doing_wp_cron=1760139091.1006679534912109375000 HTTP/1.1" 200 5 "-" "WordPress/6.8.2; https://rocioprime.com"
162.158.171.6 - - [11/Oct/2025:06:31:31 +0700] "POST /xmlrpc.php HTTP/1.1" 200 190 "-" "Mozilla/5.0 (Macintosh; Intel Mac OS X 12_5) AppleWebKit/537.36 (KHTML, like Gecko) Chrome/114.0.0.0 YaBrowser/22.7.0 Yowser/2.5 Safari/537.36"
162.158.88.128 - - [11/Oct/2025:06:31:34 +0700] "POST /xmlrpc.php HTTP/1.1" 200 11386 "-" "Mozilla/5.0 (Macintosh; Intel Mac OS X 12_5) AppleWebKit/537.36 (KHTML, like Gecko) Chrome/114.0.0.0 YaBrowser/22.7.0 Yowser/2.5 Safari/537.36"
172.70.92.163 - - [11/Oct/2025:06:31:57 +0700] "GET /2025/08/26/alles-uber-chancen-im-7bitcasino/ HTTP/1.1" 200 182023 "https://rocioprime.com/" "Mozilla/5.0 (Windows NT 10.0; Win64; x64) AppleWebKit/537.36 (KHTML, like Gecko) Chrome/114.0.0.0 Safari/537.36 OPR/89.0.4447.51"
172.68.164.24 - - [11/Oct/2025:06:31:58 +0700] "POST /wp-comments-post.php HTTP/1.1" 302 5 "https://rocioprime.com/2025/08/26/alles-uber-chancen-im-7bitcasino/" "Mozilla/5.0 (Windows NT 10.0; Win64; x64) AppleWebKit/537.36 (KHTML, like Gecko) Chrome/114.0.0.0 Safari/537.36 OPR/89.0.4447.51"
104.23.175.246 - - [11/Oct/2025:06:31:59 +0700] "GET /2025/08/26/alles-uber-chancen-im-7bitcasino/?unapproved=9886&moderation-hash=dfd3295c2038e598c185ca09092b0c1b HTTP/1.1" 200 184433 "https://rocioprime.com/wp-comments-post.php" "Mozilla/5.0 (Windows NT 10.0; Win64; x64) AppleWebKit/537.36 (KHTML, like Gecko) Chrome/114.0.0.0 Safari/537.36 OPR/89.0.4447.51"
162.158.189.139 - - [11/Oct/2025:06:32:00 +0700] "GET /2025/08/26/alles-uber-chancen-im-7bitcasino/ HTTP/1.1" 200 181995 "-" "Mozilla/5.0 (Windows NT 10.0; Win64; x64) AppleWebKit/537.36 (KHTML, like Gecko) Chrome/114.0.0.0 Safari/537.36 OPR/89.0.4447.51"
162.158.189.138 - - [11/Oct/2025:06:32:00 +0700] "POST /xmlrpc.php HTTP/1.1" 200 415 "-" "Mozilla/5.0 (Windows NT 10.0; x86) AppleWebKit/537.36 (KHTML, like Gecko) Firefox/79.0.0.0 Safari/537.36"
172.70.188.38 - - [11/Oct/2025:06:32:48 +0700] "GET /2025/08/26/alles-uber-chancen-im-7bitcasino/ HTTP/1.1" 200 181995 "-" "Mozilla/5.0 (Windows NT 10.0; Win64; x64; rv:114.0) Gecko/20100101 Firefox/114.0"
172.69.176.119 - - [11/Oct/2025:06:32:56 +0700] "POST /wp-cron.php?doing_wp_cron=1760139176.8167769908905029296875 HTTP/1.1" 200 5 "-" "WordPress/6.8.2; https://rocioprime.com"
