172.70.93.6 - - [11/Oct/2025:02:23:06 +0700] "GET /2025/10/08/r%C9%99smi-aviator-online-oyun-telegram-daxilind%C9%99-gost%C9%99ricil%C9%99r/feed/ HTTP/1.1" 200 945 "-" "Mozilla/5.0 (Linux; Android 6.0.1; Nexus 5X Build/MMB29P) AppleWebKit/537.36 (KHTML, like Gecko) Chrome/140.0.7339.207 Mobile Safari/537.36 (compatible; Googlebot/2.1; +http://www.google.com/bot.html)"
108.162.227.28 - - [11/Oct/2025:02:24:43 +0700] "GET /2025/10/05/1xbet-dolzhnostnoy-zhurnal-bk-registratsiya-1khbet-luchnik-rabochee/ HTTP/1.1" 200 188488 "-" "Mozilla/5.0 (compatible; MJ12bot/v2.0.4; http://mj12bot.com/)"
162.158.108.115 - - [11/Oct/2025:02:24:44 +0700] "POST /wp-cron.php?doing_wp_cron=1760124284.4261479377746582031250 HTTP/1.1" 200 5 "-" "WordPress/6.8.2; https://rocioprime.com"
162.158.88.129 - - [11/Oct/2025:02:24:45 +0700] "GET /2025/10/08/%E0%B8%A3%E0%B8%AB%E0%B8%B1%E0%B8%AA%E0%B8%9C%E0%B9%88%E0%B8%B2%E0%B8%99%E0%B9%82%E0%B8%9B%E0%B8%A3%E0%B9%82%E0%B8%A1%E0%B8%8A%E0%B8%B1%E0%B9%88%E0%B8%99-1xbet-%E0%B8%A1%E0%B8%B2%E0%B9%80%E0%B8%A5/ HTTP/1.1" 200 193106 "-" "Mozilla/5.0 (compatible; MJ12bot/v2.0.4; http://mj12bot.com/)"
172.70.208.171 - - [11/Oct/2025:02:24:49 +0700] "GET /2025/10/08/online-casino-dunyasnda-kazanmann-nce-sanatlar/feed/ HTTP/1.1" 200 876 "-" "Mozilla/5.0 (compatible; MJ12bot/v2.0.4; http://mj12bot.com/)"
172.71.81.213 - - [11/Oct/2025:02:24:52 +0700] "GET /2025/09/08/les-probabilites-au-coeur-des-jeux-de-pokerstars-casino/ HTTP/1.1" 200 182146 "-" "Mozilla/5.0 (Macintosh; Intel Mac OS X 12_5) AppleWebKit/605.1.15 (KHTML, like Gecko) Version/15.4 Safari/605.1.15"
162.158.189.204 - - [11/Oct/2025:02:24:52 +0700] "POST /wp-comments-post.php HTTP/1.1" 302 5 "https://rocioprime.com/2025/09/08/les-probabilites-au-coeur-des-jeux-de-pokerstars-casino/" "Mozilla/5.0 (Macintosh; Intel Mac OS X 12_5) AppleWebKit/605.1.15 (KHTML, like Gecko) Version/15.4 Safari/605.1.15"
162.158.88.129 - - [11/Oct/2025:02:24:53 +0700] "GET /2025/10/08/r%C9%99smi-aviator-online-oyun-telegram-daxilind%C9%99-gost%C9%99ricil%C9%99r/ HTTP/1.1" 200 177456 "-" "Mozilla/5.0 (compatible; MJ12bot/v2.0.4; http://mj12bot.com/)"
162.158.189.204 - - [11/Oct/2025:02:24:53 +0700] "GET /2025/09/08/les-probabilites-au-coeur-des-jeux-de-pokerstars-casino/?unapproved=9840&moderation-hash=508d313a17630553325ea7500aad169d HTTP/1.1" 200 184764 "https://rocioprime.com/wp-comments-post.php" "Mozilla/5.0 (Macintosh; Intel Mac OS X 12_5) AppleWebKit/605.1.15 (KHTML, like Gecko) Version/15.4 Safari/605.1.15"
172.71.81.213 - - [11/Oct/2025:02:24:54 +0700] "GET /2025/09/08/les-probabilites-au-coeur-des-jeux-de-pokerstars-casino/ HTTP/1.1" 200 182139 "-" "Mozilla/5.0 (Macintosh; Intel Mac OS X 12_5) AppleWebKit/605.1.15 (KHTML, like Gecko) Version/15.4 Safari/605.1.15"
172.69.166.100 - - [11/Oct/2025:02:25:09 +0700] "GET /2025/10/08/sekrety-azartnyh-igr-kak-uvelichit-shansy-na/feed/ HTTP/1.1" 200 927 "-" "Mozilla/5.0 (compatible; MJ12bot/v2.0.4; http://mj12bot.com/)"
162.158.170.9 - - [11/Oct/2025:02:25:10 +0700] "GET /2025/10/08/turniry-istorii-vdobavok-sploshnoy-veb-obozrenie-onlayn-kazino-v-kazakhstane/feed/ HTTP/1.1" 200 1021 "-" "Mozilla/5.0 (compatible; MJ12bot/v2.0.4; http://mj12bot.com/)"
172.70.208.171 - - [11/Oct/2025:02:25:14 +0700] "GET /2025/10/08/tut-zavyazyvayutsya-astronomicheskie-vyigryshi/ HTTP/1.1" 200 182742 "-" "Mozilla/5.0 (compatible; MJ12bot/v2.0.4; http://mj12bot.com/)"
172.70.142.167 - - [11/Oct/2025:02:25:16 +0700] "GET /2025/09/13/guia-completo-para-maximizar-ganhos-no-marjosports-casino-com-probabilidade/ HTTP/1.1" 200 182532 "https://rocioprime.com/" "Mozilla/5.0 (Windows NT 10.0; Win64; x64) AppleWebKit/537.36 (KHTML, like Gecko) Chrome/114.0.0.0 Safari/537.36"
172.70.189.67 - - [11/Oct/2025:02:25:17 +0700] "GET /2025/09/05/a-fascinante-matematica-dos-jogos-no-br77-casino/ HTTP/1.1" 200 182029 "-" "Mozilla/5.0 (Windows NT 10.0; Win64; x64) AppleWebKit/537.36 (KHTML, like Gecko) Chrome/114.0.0.0 Safari/537.36"
172.71.124.171 - - [11/Oct/2025:02:25:20 +0700] "POST /wp-comments-post.php HTTP/1.1" 302 5 "https://rocioprime.com/2025/09/13/guia-completo-para-maximizar-ganhos-no-marjosports-casino-com-probabilidade/" "Mozilla/5.0 (Windows NT 10.0; Win64; x64) AppleWebKit/537.36 (KHTML, like Gecko) Chrome/114.0.0.0 Safari/537.36"
162.158.108.115 - - [11/Oct/2025:02:25:20 +0700] "GET /2025/08/26/comment-optimiser-ses-gains-sur-casino-action-grace-aux-probabilites/ HTTP/1.1" 200 183118 "-" "Mozilla/5.0 (Windows NT 10.0; Win64; x64) AppleWebKit/537.36 (KHTML, like Gecko) Chrome/114.0.0.0 Safari/537.36"
172.71.81.213 - - [11/Oct/2025:02:25:20 +0700] "GET /2025/09/13/guia-completo-para-maximizar-ganhos-no-marjosports-casino-com-probabilidade/?unapproved=9841&moderation-hash=0afca21a887c56e3c5881c79c162f3b2 HTTP/1.1" 200 185017 "https://rocioprime.com/wp-comments-post.php" "Mozilla/5.0 (Windows NT 10.0; Win64; x64) AppleWebKit/537.36 (KHTML, like Gecko) Chrome/114.0.0.0 Safari/537.36"
172.69.176.119 - - [11/Oct/2025:02:25:21 +0700] "GET /2025/09/13/guia-completo-para-maximizar-ganhos-no-marjosports-casino-com-probabilidade/ HTTP/1.1" 200 182525 "-" "Mozilla/5.0 (Windows NT 10.0; Win64; x64) AppleWebKit/537.36 (KHTML, like Gecko) Chrome/114.0.0.0 Safari/537.36"
172.71.124.171 - - [11/Oct/2025:02:25:38 +0700] "POST /wp-cron.php?doing_wp_cron=1760124338.0237889289855957031250 HTTP/1.1" 200 5 "-" "WordPress/6.8.2; https://rocioprime.com"
172.68.164.25 - - [11/Oct/2025:02:25:38 +0700] "POST /xmlrpc.php HTTP/1.1" 200 190 "-" "Mozilla/5.0 (Windows NT 10.0; Win64; x64) AppleWebKit/537.36 (KHTML, like Gecko) Chrome/114.0.0.0 Safari/537.36"
162.158.162.26 - - [11/Oct/2025:02:25:44 +0700] "POST /wp-cron.php?doing_wp_cron=1760124344.1807188987731933593750 HTTP/1.1" 200 5 "-" "WordPress/6.8.2; https://rocioprime.com"
162.158.106.72 - - [11/Oct/2025:02:25:44 +0700] "POST /xmlrpc.php HTTP/1.1" 200 10474 "-" "Mozilla/5.0 (Windows NT 10.0; Win64; x64) AppleWebKit/537.36 (KHTML, like Gecko) Chrome/114.0.0.0 Safari/537.36"
162.158.88.129 - - [11/Oct/2025:02:25:46 +0700] "GET /2025/10/07/60-funniest-as-to-the-reasons-performed-the-fresh-poultry-cross-the-road-laughs/ HTTP/1.1" 200 176219 "-" "Mozilla/5.0 (Windows NT 10.0; Win64; x64) AppleWebKit/537.36 (KHTML, like Gecko) Chrome/123.0.0.0 Safari/537.36 OPR/109.0.0.0"
162.158.170.9 - - [11/Oct/2025:02:25:47 +0700] "GET /2025/09/11/les-cles-des-probabilites-pour-briller-au-bankonbet-casino/ HTTP/1.1" 200 181964 "-" "Mozilla/5.0 (compatible; AhrefsBot/7.0; +http://ahrefs.com/robot/)"
172.70.208.171 - - [11/Oct/2025:02:25:53 +0700] "GET / HTTP/1.1" 200 275163 "-" "synthetic-monitoring-agent/v0.14.3 (linux amd64; g64b8bab; +https://github.com/grafana/synthetic-monitoring-agent)"
172.70.189.67 - - [11/Oct/2025:02:25:54 +0700] "GET / HTTP/1.1" 200 275163 "-" "synthetic-monitoring-agent/v0.14.3 (linux amd64; g64b8bab; +https://github.com/grafana/synthetic-monitoring-agent)"
172.68.164.25 - - [11/Oct/2025:02:26:32 +0700] "POST /wp-cron.php?doing_wp_cron=1760124391.9867269992828369140625 HTTP/1.1" 200 5 "-" "WordPress/6.8.2; https://rocioprime.com"
172.70.142.167 - - [11/Oct/2025:02:26:32 +0700] "GET /2025/08/30/spellwin-casino-o-destino-encantado-para-uma-experiencia-de-igaming-inesquecivel/ HTTP/1.1" 200 182430 "https://rocioprime.com/" "Mozilla/5.0 (Windows NT 10.0) AppleWebKit/537.36 (KHTML, like Gecko) Chrome/114.0.0.0 Safari/537.36"
162.158.106.72 - - [11/Oct/2025:02:26:34 +0700] "GET /2025/09/08/les-probabilites-au-coeur-des-jeux-de-pokerstars-casino/ HTTP/1.1" 200 182139 "-" "Mozilla/5.0 (Windows NT 10.0; Win64; x64) AppleWebKit/537.36 (KHTML, like Gecko) Chrome/114.0.0.0 Safari/537.36"
172.69.176.119 - - [11/Oct/2025:02:26:34 +0700] "GET /wp-login.php?action=register HTTP/1.1" 302 5 "https://rocioprime.com/2025/08/30/spellwin-casino-o-destino-encantado-para-uma-experiencia-de-igaming-inesquecivel/" "Mozilla/5.0 (Windows NT 6.3; Win64; x64) AppleWebKit/537.36 (KHTML, like Gecko) Chrome/103.0.0.0 Safari/537.36"
172.68.164.25 - - [11/Oct/2025:02:26:35 +0700] "GET /wp-login.php?registration=disabled HTTP/1.1" 200 6288 "https://rocioprime.com/wp-login.php?action=register" "Mozilla/5.0 (Windows NT 6.3; Win64; x64) AppleWebKit/537.36 (KHTML, like Gecko) Chrome/103.0.0.0 Safari/537.36"
162.158.170.8 - - [11/Oct/2025:02:27:04 +0700] "GET /2025/08/26/chancen-strategisch-nutzen-im-wunderino-casino/ HTTP/1.1" 200 182027 "https://rocioprime.com/" "Mozilla/5.0 (Windows NT 10.0; Win64; x64) AppleWebKit/537.36 (KHTML, like Gecko) Chrome/114.0.0.0 Safari/537.36 Edg/114.0.1264.71"
172.68.164.25 - - [11/Oct/2025:02:27:06 +0700] "GET /wp-login.php?action=register HTTP/1.1" 302 5 "https://rocioprime.com/2025/08/26/chancen-strategisch-nutzen-im-wunderino-casino/" "Mozilla/5.0 (Windows NT 6.3; Win64; x64) AppleWebKit/537.36 (KHTML, like Gecko) Chrome/103.0.0.0 Safari/537.36"
172.70.142.167 - - [11/Oct/2025:02:27:07 +0700] "GET /wp-login.php?registration=disabled HTTP/1.1" 200 6282 "https://rocioprime.com/wp-login.php?action=register" "Mozilla/5.0 (Windows NT 6.3; Win64; x64) AppleWebKit/537.36 (KHTML, like Gecko) Chrome/103.0.0.0 Safari/537.36"
162.158.88.129 - - [11/Oct/2025:02:27:07 +0700] "GET /2025/08/26/ihr-weg-zu-gewinnen-im-luckyniki-casino/ HTTP/1.1" 200 182646 "https://rocioprime.com/" "Mozilla/5.0 (X11; Linux x86_64) AppleWebKit/537.36 (KHTML, like Gecko) Chrome/114.0.0.0 Safari/537.36"
172.68.164.25 - - [11/Oct/2025:02:27:25 +0700] "POST /wp-comments-post.php HTTP/1.1" 302 5 "https://rocioprime.com/2025/08/26/ihr-weg-zu-gewinnen-im-luckyniki-casino/" "Mozilla/5.0 (X11; Linux x86_64) AppleWebKit/537.36 (KHTML, like Gecko) Chrome/114.0.0.0 Safari/537.36"
172.69.176.119 - - [11/Oct/2025:02:27:37 +0700] "POST /wp-cron.php?doing_wp_cron=1760124457.7319960594177246093750 HTTP/1.1" 200 5 "-" "WordPress/6.8.2; https://rocioprime.com"
172.68.164.25 - - [11/Oct/2025:02:27:38 +0700] "GET /sitemap.xml HTTP/1.1" 200 204 "-" "Mozilla/5.0 AppleWebKit/537.36 (KHTML, like Gecko; compatible; ClaudeBot/1.0; [email protected])"
172.70.208.171 - - [11/Oct/2025:02:27:38 +0700] "GET /2025/08/26/ihr-weg-zu-gewinnen-im-luckyniki-casino/?unapproved=9842&moderation-hash=7694aaf116b529b0b917398fb22fbafb HTTP/1.1" 200 185092 "https://rocioprime.com/wp-comments-post.php" "Mozilla/5.0 (X11; Linux x86_64) AppleWebKit/537.36 (KHTML, like Gecko) Chrome/114.0.0.0 Safari/537.36"
162.158.170.8 - - [11/Oct/2025:02:28:06 +0700] "GET /2025/09/15/dominando-as-odds-para-vencer-no-donaldbet-casino/ HTTP/1.1" 200 181718 "-" "Mozilla/5.0 (Windows NT 10.0; Win64; x64; rv:114.0) Gecko/20100101 Firefox/114.0"
162.158.162.50 - - [11/Oct/2025:02:29:06 +0700] "GET /2025/09/08/les-probabilites-au-coeur-des-jeux-de-pokerstars-casino/ HTTP/1.1" 200 182139 "-" "Mozilla/5.0 (Linux; Android 6.0.1; Nexus 5X Build/MMB29P) AppleWebKit/537.36 (KHTML, like Gecko) Chrome/140.0.7339.207 Mobile Safari/537.36 (compatible; Googlebot/2.1; +http://www.google.com/bot.html)"
172.71.81.190 - - [11/Oct/2025:02:29:10 +0700] "POST /wp-cron.php?doing_wp_cron=1760124549.4723529815673828125000 HTTP/1.1" 200 5 "-" "WordPress/6.8.2; https://rocioprime.com"
172.70.93.7 - - [11/Oct/2025:02:29:10 +0700] "GET /2025/10/07/voile-doux-exclusive/ HTTP/1.1" 200 181737 "-" "Mozilla/5.0 AppleWebKit/537.36 (KHTML, like Gecko; compatible; bingbot/2.0; +http://www.bing.com/bingbot.htm) Chrome/116.0.1938.76 Safari/537.36"
104.23.175.127 - - [11/Oct/2025:02:29:11 +0700] "GET /2025/09/03/les-fondements-des-probabilites-au-casinoclic-comment-anticiper-les-resultats/ HTTP/1.1" 200 182822 "https://www.nor36.dk/" "Mozilla/5.0 (Windows NT 6.3; Win64; x64) AppleWebKit/537.36 (KHTML, like Gecko) Chrome/103.0.0.0 Safari/537.36"
172.69.176.119 - - [11/Oct/2025:02:29:15 +0700] "GET /2025/09/03/les-fondements-des-probabilites-au-casinoclic-comment-anticiper-les-resultats/?action=register HTTP/1.1" 200 182887 "https://www.nor36.dk/" "Mozilla/5.0 (Windows NT 6.3; Win64; x64) AppleWebKit/537.36 (KHTML, like Gecko) Chrome/103.0.0.0 Safari/537.36"
162.158.162.50 - - [11/Oct/2025:02:29:25 +0700] "POST /wp-comments-post.php HTTP/1.1" 302 5 "https://rocioprime.com/2025/09/03/les-fondements-des-probabilites-au-casinoclic-comment-anticiper-les-resultats/?action=register" "Mozilla/5.0 (Windows NT 6.3; Win64; x64) AppleWebKit/537.36 (KHTML, like Gecko) Chrome/103.0.0.0 Safari/537.36"
172.71.124.171 - - [11/Oct/2025:02:29:26 +0700] "GET /2025/09/03/les-fondements-des-probabilites-au-casinoclic-comment-anticiper-les-resultats/?unapproved=9843&moderation-hash=2c0818721341bdcb42b6b7d71e53f0ae HTTP/1.1" 200 185298 "https://rocioprime.com/wp-comments-post.php" "Mozilla/5.0 (Windows NT 6.3; Win64; x64) AppleWebKit/537.36 (KHTML, like Gecko) Chrome/103.0.0.0 Safari/537.36"
162.158.108.114 - - [11/Oct/2025:02:29:37 +0700] "POST /wp-cron.php?doing_wp_cron=1760124577.2218189239501953125000 HTTP/1.1" 200 5 "-" "WordPress/6.8.2; https://rocioprime.com"
108.162.226.101 - - [11/Oct/2025:02:29:37 +0700] "GET /2025/09/20/shuffle-casino-comment-les-probabilites-menent-au-succes/ HTTP/1.1" 200 182762 "-" "Mozilla/5.0 (compatible; AhrefsBot/7.0; +http://ahrefs.com/robot/)"
162.158.170.8 - - [11/Oct/2025:02:29:52 +0700] "GET /2025/09/08/les-probabilites-au-coeur-des-jeux-de-pokerstars-casino/ HTTP/1.1" 200 182139 "-" "Mozilla/5.0 (Windows NT 10.0; Win64; x64; rv:114.0) Gecko/20100101 Firefox/114.0"
162.158.189.204 - - [11/Oct/2025:02:30:09 +0700] "GET /2025/09/13/guia-completo-para-maximizar-ganhos-no-marjosports-casino-com-probabilidade/ HTTP/1.1" 200 182525 "-" "Mozilla/5.0 (Windows NT 10.0; Win64; x64) AppleWebKit/537.36 (KHTML, like Gecko) Chrome/114.0.0.0 Safari/537.36"
172.71.124.171 - - [11/Oct/2025:02:30:39 +0700] "POST /wp-cron.php?doing_wp_cron=1760124638.4747200012207031250000 HTTP/1.1" 200 5 "-" "WordPress/6.8.2; https://rocioprime.com"
172.70.142.166 - - [11/Oct/2025:02:30:39 +0700] "GET /2025/09/07/probabilidade-e-emocao-no-playuzu-uma-visao-matematica/ HTTP/1.1" 200 182512 "-" "Mozilla/5.0 (compatible; SemrushBot/7~bl; +http://www.semrush.com/bot.html)"
172.69.176.119 - - [11/Oct/2025:02:30:54 +0700] "GET / HTTP/1.1" 200 275156 "-" "synthetic-monitoring-agent/v0.14.3 (linux amd64; g64b8bab; +https://github.com/grafana/synthetic-monitoring-agent)"
172.70.142.166 - - [11/Oct/2025:02:30:54 +0700] "GET / HTTP/1.1" 200 275163 "-" "synthetic-monitoring-agent/v0.14.3 (linux amd64; g64b8bab; +https://github.com/grafana/synthetic-monitoring-agent)"
162.158.189.204 - - [11/Oct/2025:02:30:56 +0700] "GET /2025/10/07/gelecee-yatrm-akll-secimler-ve-yeni-frsatlar/ HTTP/1.1" 200 0 "-" "Mozilla/5.0 (Macintosh; Intel Mac OS X 10_15_7) AppleWebKit/537.36 (KHTML, like Gecko) Chrome/129.0.0.0 Safari/537.36 SpeedyIndexBot"
104.23.175.126 - - [11/Oct/2025:02:30:57 +0700] "GET /2025/10/07/gelecee-yatrm-akll-secimler-ve-yeni-frsatlar/ HTTP/1.1" 200 0 "-" "Mozilla/5.0 (Macintosh; Intel Mac OS X 10_15_7) AppleWebKit/537.36 (KHTML, like Gecko) Chrome/129.0.0.0 Safari/537.36 SpeedyIndexBot"
162.158.162.51 - - [11/Oct/2025:02:30:58 +0700] "GET /2025/10/07/gelecee-yatrm-akll-secimler-ve-yeni-frsatlar/ HTTP/1.1" 200 184517 "-" "Mozilla/5.0 (Macintosh; Intel Mac OS X 10_15_7) AppleWebKit/537.36 (KHTML, like Gecko) Chrome/129.0.0.0 Safari/537.36 SpeedyIndexBot"
172.69.176.119 - - [11/Oct/2025:02:31:39 +0700] "POST /wp-cron.php?doing_wp_cron=1760124699.3687140941619873046875 HTTP/1.1" 200 5 "-" "WordPress/6.8.2; https://rocioprime.com"
172.70.92.133 - - [11/Oct/2025:02:31:39 +0700] "GET /2025/09/08/entendendo-as-chances-de-ganhar-no-oshcasino/ HTTP/1.1" 200 181585 "-" "Mozilla/5.0 (Windows NT 10.0; Win64; x64) AppleWebKit/537.36 (KHTML, like Gecko) Chrome/114.0.0.0 Safari/537.36"
172.70.142.167 - - [11/Oct/2025:02:32:04 +0700] "GET /2025/09/25/sugar-casino-approches-mathematiques-pour-gagner-gros/ HTTP/1.1" 200 182661 "-" "Mozilla/5.0 (compatible; AhrefsBot/7.0; +http://ahrefs.com/robot/)"
172.71.81.189 - - [11/Oct/2025:02:32:14 +0700] "GET /2025/09/05/decouvrir-les-secrets-des-probabilites-au-cloudbet-casino-pour-optimiser-ses-jeux-2/ HTTP/1.1" 200 182599 "-" "Mozilla/5.0 (compatible; SemrushBot/7~bl; +http://www.semrush.com/bot.html)"
162.158.88.129 - - [11/Oct/2025:02:32:50 +0700] "GET /2025/08/26/ihr-weg-zu-gewinnen-im-luckyniki-casino/ HTTP/1.1" 200 182639 "-" "Mozilla/5.0 (Windows NT 10.0; Win64; x64) AppleWebKit/537.36 (KHTML, like Gecko) Chrome/114.0.0.0 Safari/537.36"
172.71.124.171 - - [11/Oct/2025:02:33:26 +0700] "POST /wp-cron.php?doing_wp_cron=1760124806.1871800422668457031250 HTTP/1.1" 200 5 "-" "WordPress/6.8.2; https://rocioprime.com"
162.158.162.51 - - [11/Oct/2025:02:33:26 +0700] "GET /2025/09/08/maitriser-les-probabilites-pour-briller-sur-pokerstars-casino/ HTTP/1.1" 200 182197 "-" "Mozilla/5.0 (Windows NT 10.0; Win64; x64) AppleWebKit/537.36 (KHTML, like Gecko) Chrome/114.0.0.0 Safari/537.36"
172.68.164.24 - - [11/Oct/2025:02:34:28 +0700] "POST /wp-cron.php?doing_wp_cron=1760124867.7666039466857910156250 HTTP/1.1" 200 5 "-" "WordPress/6.8.2; https://rocioprime.com"
104.23.175.127 - - [11/Oct/2025:02:34:28 +0700] "GET /2025/09/16/how-self-esteem-impacts-hand-fetish-porn-consumption/ HTTP/1.1" 200 187526 "-" "Mozilla/5.0 (Linux; Android 10; K) AppleWebKit/537.36 (KHTML, like Gecko) Chrome/141.0.0.0 Mobile Safari/537.36"
172.68.164.24 - - [11/Oct/2025:02:34:58 +0700] "POST /wp-cron.php?doing_wp_cron=1760124897.9351959228515625000000 HTTP/1.1" 200 5 "-" "WordPress/6.8.2; https://rocioprime.com"
162.158.106.77 - - [11/Oct/2025:02:34:58 +0700] "GET /2025/09/06/les-probabilites-expliquees-pour-exceller-au-jeton-rouge-casino/ HTTP/1.1" 200 181919 "-" "Mozilla/5.0 (compatible; SemrushBot/7~bl; +http://www.semrush.com/bot.html)"
172.70.92.132 - - [11/Oct/2025:02:35:10 +0700] "GET /2025/09/25/sugar-casino-strategies-et-jeux-bases-sur-les-calculs/ HTTP/1.1" 200 182662 "-" "Mozilla/5.0 (compatible; AhrefsBot/7.0; +http://ahrefs.com/robot/)"
172.70.142.167 - - [11/Oct/2025:02:35:54 +0700] "GET / HTTP/1.1" 200 275156 "-" "synthetic-monitoring-agent/v0.14.3 (linux amd64; g64b8bab; +https://github.com/grafana/synthetic-monitoring-agent)"
162.158.88.128 - - [11/Oct/2025:02:35:54 +0700] "GET / HTTP/1.1" 200 275156 "-" "synthetic-monitoring-agent/v0.14.3 (linux amd64; g64b8bab; +https://github.com/grafana/synthetic-monitoring-agent)"
172.70.142.214 - - [11/Oct/2025:02:36:07 +0700] "POST /wp-cron.php?doing_wp_cron=1760124967.1881239414215087890625 HTTP/1.1" 200 5 "-" "WordPress/6.8.2; https://rocioprime.com"
172.71.81.96 - - [11/Oct/2025:02:36:07 +0700] "POST /wp-cron.php?doing_wp_cron=1760124967.6183130741119384765625 HTTP/1.1" 200 5 "-" "WordPress/6.8.2; https://rocioprime.com"
172.70.142.167 - - [11/Oct/2025:02:36:07 +0700] "GET /2025/10/10/top-10-igornyy-dom-onlayn-2025-otnesenie-k-kategorii-gorazdo-luchshikh-dialogovyy-kazino-vo-rossii/feed/ HTTP/1.1" 200 1095 "-" "Mozilla/5.0 (Linux; Android 6.0.1; Nexus 5X Build/MMB29P) AppleWebKit/537.36 (KHTML, like Gecko) Chrome/140.0.7339.207 Mobile Safari/537.36 (compatible; Googlebot/2.1; +http://www.google.com/bot.html)"
172.71.81.96 - - [11/Oct/2025:02:36:17 +0700] "POST /xmlrpc.php HTTP/1.1" 200 190 "-" "Mozilla/5.0 (Windows NT 10.0; Win64; x64) AppleWebKit/537.36 (KHTML, like Gecko) Chrome/114.0.0.0 Safari/537.36"
172.71.124.171 - - [11/Oct/2025:02:36:23 +0700] "POST /wp-cron.php?doing_wp_cron=1760124982.8102269172668457031250 HTTP/1.1" 200 5 "-" "WordPress/6.8.2; https://rocioprime.com"
172.68.164.24 - - [11/Oct/2025:02:36:23 +0700] "POST /xmlrpc.php HTTP/1.1" 200 14413 "-" "Mozilla/5.0 (Windows NT 10.0; Win64; x64) AppleWebKit/537.36 (KHTML, like Gecko) Chrome/114.0.0.0 Safari/537.36"
162.158.170.9 - - [11/Oct/2025:02:36:24 +0700] "GET /2025/10/07/chicken-road-opiniones-a-que-es-lo-primero-creen-los-jugadores-referente-a-chile-esparcimiento-chicken/ HTTP/1.1" 200 180374 "-" "Mozilla/5.0 (Windows NT 10.0; Win64; x64) AppleWebKit/537.36 (KHTML, like Gecko) Chrome/123.0.0.0 Safari/537.36 OPR/109.0.0.0"
172.69.176.119 - - [11/Oct/2025:02:38:05 +0700] "POST /wp-cron.php?doing_wp_cron=1760125085.4242470264434814453125 HTTP/1.1" 200 5 "-" "WordPress/6.8.2; https://rocioprime.com"
172.70.142.167 - - [11/Oct/2025:02:38:05 +0700] "GET /2025/09/04/les-probabilites-au-amunra-casino-strategies-pour-exceller/ HTTP/1.1" 200 182154 "-" "Mozilla/5.0 (compatible; AhrefsBot/7.0; +http://ahrefs.com/robot/)"
172.71.82.72 - - [11/Oct/2025:02:38:33 +0700] "POST /wp-cron.php?doing_wp_cron=1760125112.8787100315093994140625 HTTP/1.1" 200 5 "-" "WordPress/6.8.2; https://rocioprime.com"
162.158.107.36 - - [11/Oct/2025:02:38:34 +0700] "GET /2025/09/26/betpark-online-casino-trkiye-lisans-ve-yasal-durum-181/ HTTP/1.1" 200 187729 "-" "Mozilla/5.0 AppleWebKit/537.36 (KHTML, like Gecko; compatible; bingbot/2.0; +http://www.bing.com/bingbot.htm) Chrome/116.0.1938.76 Safari/537.36"
172.70.142.166 - - [11/Oct/2025:02:39:50 +0700] "POST /wp-cron.php?doing_wp_cron=1760125190.0804109573364257812500 HTTP/1.1" 200 5 "-" "WordPress/6.8.2; https://rocioprime.com"
172.70.208.170 - - [11/Oct/2025:02:39:51 +0700] "POST /xmlrpc.php HTTP/1.1" 200 190 "-" "Mozilla/5.0 (Windows NT 10.0; Win64; x64) AppleWebKit/537.36 (KHTML, like Gecko) Chrome/114.0.0.0 Safari/537.36"
172.71.124.171 - - [11/Oct/2025:02:39:57 +0700] "POST /wp-cron.php?doing_wp_cron=1760125197.6222109794616699218750 HTTP/1.1" 200 5 "-" "WordPress/6.8.2; https://rocioprime.com"
162.158.108.115 - - [11/Oct/2025:02:39:57 +0700] "POST /xmlrpc.php HTTP/1.1" 200 10948 "-" "Mozilla/5.0 (Windows NT 10.0; Win64; x64) AppleWebKit/537.36 (KHTML, like Gecko) Chrome/114.0.0.0 Safari/537.36"
162.158.170.8 - - [11/Oct/2025:02:39:59 +0700] "GET /2025/10/07/chicken-road-es-una-estafa-consejos-sinceras-de-jugadores-referente-a-2025/ HTTP/1.1" 200 176659 "-" "Mozilla/5.0 (Windows NT 10.0; Win64; x64) AppleWebKit/537.36 (KHTML, like Gecko) Chrome/123.0.0.0 Safari/537.36"
172.70.92.133 - - [11/Oct/2025:02:40:00 +0700] "GET /wp-login.php HTTP/1.1" 200 6096 "-" "Mozilla/5.0 (Windows NT 10.0; Win64; x64) AppleWebKit/537.36 (KHTML, like Gecko) Chrome/114.0.0.0 Safari/537.36"
162.158.108.115 - - [11/Oct/2025:02:40:01 +0700] "POST /wp-login.php HTTP/1.1" 302 5 "-" "Mozilla/5.0 (Windows NT 10.0; Win64; x64) AppleWebKit/537.36 (KHTML, like Gecko) Chrome/114.0.0.0 Safari/537.36"
172.71.82.72 - - [11/Oct/2025:02:40:01 +0700] "GET / HTTP/1.1" 200 275156 "-" "Mozilla/5.0 (Windows NT 10.0; Win64; x64) AppleWebKit/537.36 (KHTML, like Gecko) Chrome/114.0.0.0 Safari/537.36"
172.70.142.166 - - [11/Oct/2025:02:40:04 +0700] "GET /wp-admin/post.php?post=285&action=edit HTTP/1.1" 200 1319252 "https://rocioprime.com/wp-admin" "Mozilla/5.0 (Windows NT 10.0; Win64; x64) AppleWebKit/537.36 (KHTML, like Gecko) Chrome/114.0.0.0 Safari/537.36"
172.68.164.24 - - [11/Oct/2025:02:40:07 +0700] "GET /wp-admin/post.php?post=285&action=elementor HTTP/1.1" 200 2523707 "https://rocioprime.com/wp-admin/post.php?post=285&action=edit" "Mozilla/5.0 (Windows NT 10.0; Win64; x64) AppleWebKit/537.36 (KHTML, like Gecko) Chrome/114.0.0.0 Safari/537.36"
162.158.88.129 - - [11/Oct/2025:02:40:08 +0700] "GET /2025/09/28/igual-que-soluciona-yo-torso-concepcion-medialdea-fernandez-9788484690276/ HTTP/1.1" 200 174349 "-" "Mozilla/5.0 AppleWebKit/537.36 (KHTML, like Gecko; compatible; Amazonbot/0.1; +https://developer.amazon.com/support/amazonbot) Chrome/119.0.6045.214 Safari/537.36"
172.71.124.171 - - [11/Oct/2025:02:40:54 +0700] "GET / HTTP/1.1" 200 275156 "-" "synthetic-monitoring-agent/v0.14.3 (linux amd64; g64b8bab; +https://github.com/grafana/synthetic-monitoring-agent)"
172.70.142.166 - - [11/Oct/2025:02:40:54 +0700] "GET / HTTP/1.1" 200 275163 "-" "synthetic-monitoring-agent/v0.14.3 (linux amd64; g64b8bab; +https://github.com/grafana/synthetic-monitoring-agent)"
162.158.88.129 - - [11/Oct/2025:02:41:02 +0700] "POST /wp-cron.php?doing_wp_cron=1760125262.6272211074829101562500 HTTP/1.1" 200 5 "-" "WordPress/6.8.2; https://rocioprime.com"
172.70.208.171 - - [11/Oct/2025:02:41:03 +0700] "GET /2025/09/10/comment-les-probabilites-garantissent-des-victoires-au-rollbit-casino/ HTTP/1.1" 200 182153 "-" "Mozilla/5.0 (compatible; AhrefsBot/7.0; +http://ahrefs.com/robot/)"
172.68.164.25 - - [11/Oct/2025:02:42:08 +0700] "POST /wp-cron.php?doing_wp_cron=1760125328.4194369316101074218750 HTTP/1.1" 200 5 "-" "WordPress/6.8.2; https://rocioprime.com"
172.69.176.119 - - [11/Oct/2025:02:42:08 +0700] "GET /2025/10/09/pinco-casino-trkiyede-hesap-dorulama-sreci-1364/feed/ HTTP/1.1" 200 870 "-" "Mozilla/5.0 (Linux; Android 6.0.1; Nexus 5X Build/MMB29P) AppleWebKit/537.36 (KHTML, like Gecko) Chrome/140.0.7339.207 Mobile Safari/537.36 (compatible; Googlebot/2.1; +http://www.google.com/bot.html)"
172.69.176.119 - - [11/Oct/2025:02:43:49 +0700] "POST /wp-cron.php?doing_wp_cron=1760125429.8489320278167724609375 HTTP/1.1" 200 5 "-" "WordPress/6.8.2; https://rocioprime.com"
172.68.164.25 - - [11/Oct/2025:02:43:50 +0700] "GET /2025/08/25/azur-casino-decouvrez-un-univers-de-jeux-ou-les-probabilites-sont-cles-2/ HTTP/1.1" 200 182674 "https://rocioprime.com/" "Mozilla/5.0 (Windows NT 10.0; WOW64) AppleWebKit/537.36 (KHTML, like Gecko) Chrome/114.0.0.0 YaBrowser/22.7.0 Yowser/2.5 Safari/537.36"
172.71.82.72 - - [11/Oct/2025:02:43:56 +0700] "GET /wp-login.php?action=register HTTP/1.1" 302 5 "https://rocioprime.com/2025/08/25/azur-casino-decouvrez-un-univers-de-jeux-ou-les-probabilites-sont-cles-2/" "Mozilla/5.0 (Windows NT 6.3; Win64; x64) AppleWebKit/537.36 (KHTML, like Gecko) Chrome/103.0.0.0 Safari/537.36"
172.70.208.170 - - [11/Oct/2025:02:43:56 +0700] "GET /2025/09/18/wild-robin-casino-comment-les-probabilites-ouvrent-la-voie-au-succes/ HTTP/1.1" 200 182976 "-" "Mozilla/5.0 (compatible; AhrefsBot/7.0; +http://ahrefs.com/robot/)"
162.158.108.115 - - [11/Oct/2025:02:43:57 +0700] "GET /wp-login.php?registration=disabled HTTP/1.1" 200 6282 "https://rocioprime.com/wp-login.php?action=register" "Mozilla/5.0 (Windows NT 6.3; Win64; x64) AppleWebKit/537.36 (KHTML, like Gecko) Chrome/103.0.0.0 Safari/537.36"
172.71.82.72 - - [11/Oct/2025:02:44:13 +0700] "POST /xmlrpc.php HTTP/1.1" 200 190 "-" "Mozilla/5.0 (Windows NT 10.0; Win64; x64) AppleWebKit/537.36 (KHTML, like Gecko) Chrome/114.0.0.0 Safari/537.36"
162.158.88.128 - - [11/Oct/2025:02:44:19 +0700] "POST /wp-cron.php?doing_wp_cron=1760125459.2775011062622070312500 HTTP/1.1" 200 5 "-" "WordPress/6.8.2; https://rocioprime.com"
172.70.208.170 - - [11/Oct/2025:02:44:20 +0700] "POST /xmlrpc.php HTTP/1.1" 200 12152 "-" "Mozilla/5.0 (Windows NT 10.0; Win64; x64) AppleWebKit/537.36 (KHTML, like Gecko) Chrome/114.0.0.0 Safari/537.36"
162.158.162.50 - - [11/Oct/2025:02:44:21 +0700] "GET /2025/10/05/poultry-path-jeu-dargent-jouer-ici-avec-un-incentive-en-2025/ HTTP/1.1" 200 178201 "-" "Mozilla/5.0 (Windows NT 10.0; rv:125.0) Gecko/20100101 Firefox/125.0"
172.71.124.171 - - [11/Oct/2025:02:45:25 +0700] "POST /wp-cron.php?doing_wp_cron=1760125524.9370319843292236328125 HTTP/1.1" 200 5 "-" "WordPress/6.8.2; https://rocioprime.com"
172.70.189.67 - - [11/Oct/2025:02:45:25 +0700] "GET /2025/09/09/pariez-avec-style-au-roobet-casino-emotion-et-recompenses-exclusives/ HTTP/1.1" 200 182726 "-" "Mozilla/5.0 (Windows NT 10.0; Win64; x64; rv:114.0) Gecko/20100101 Firefox/114.0"
172.71.124.171 - - [11/Oct/2025:02:45:53 +0700] "GET / HTTP/1.1" 200 275156 "-" "synthetic-monitoring-agent/v0.14.3 (linux amd64; g64b8bab; +https://github.com/grafana/synthetic-monitoring-agent)"
162.158.88.129 - - [11/Oct/2025:02:45:54 +0700] "GET / HTTP/1.1" 200 275156 "-" "synthetic-monitoring-agent/v0.14.3 (linux amd64; g64b8bab; +https://github.com/grafana/synthetic-monitoring-agent)"
172.70.92.133 - - [11/Oct/2025:02:45:56 +0700] "POST /wp-cron.php?doing_wp_cron=1760125556.1367709636688232421875 HTTP/1.1" 200 5 "-" "WordPress/6.8.2; https://rocioprime.com"
162.158.189.204 - - [11/Oct/2025:02:45:56 +0700] "GET /2025/09/11/guide-complet-pour-explorer-les-probabilites-au-bankonbet-casino/ HTTP/1.1" 200 182054 "https://sandeepwaghmore.in/" "Mozilla/5.0 (Windows NT 6.3; Win64; x64) AppleWebKit/537.36 (KHTML, like Gecko) Chrome/103.0.0.0 Safari/537.36"
172.68.164.25 - - [11/Oct/2025:02:45:58 +0700] "GET /2025/09/11/guide-complet-pour-explorer-les-probabilites-au-bankonbet-casino/?action=register HTTP/1.1" 200 182070 "https://sandeepwaghmore.in/" "Mozilla/5.0 (Windows NT 6.3; Win64; x64) AppleWebKit/537.36 (KHTML, like Gecko) Chrome/103.0.0.0 Safari/537.36"
162.158.189.204 - - [11/Oct/2025:02:46:07 +0700] "POST /wp-comments-post.php HTTP/1.1" 302 5 "https://rocioprime.com/2025/09/11/guide-complet-pour-explorer-les-probabilites-au-bankonbet-casino/?action=register" "Mozilla/5.0 (Windows NT 6.3; Win64; x64) AppleWebKit/537.36 (KHTML, like Gecko) Chrome/103.0.0.0 Safari/537.36"
104.23.175.127 - - [11/Oct/2025:02:46:08 +0700] "GET /2025/09/11/guide-complet-pour-explorer-les-probabilites-au-bankonbet-casino/?unapproved=9844&moderation-hash=f041f207661a96bee6f67dbd2417f76d HTTP/1.1" 200 184443 "https://rocioprime.com/wp-comments-post.php" "Mozilla/5.0 (Windows NT 6.3; Win64; x64) AppleWebKit/537.36 (KHTML, like Gecko) Chrome/103.0.0.0 Safari/537.36"
172.70.208.170 - - [11/Oct/2025:02:46:29 +0700] "GET /2025/09/13/como-a-ciencia-da-probabilidade-potencializa-ganhos-no-brazino777-casino/ HTTP/1.1" 200 181930 "-" "Mozilla/5.0 (Windows NT 10.0; Win64; x64) AppleWebKit/537.36 (KHTML, like Gecko) Chrome/114.0.0.0 Safari/537.36"
162.158.88.129 - - [11/Oct/2025:02:46:47 +0700] "POST /wp-cron.php?doing_wp_cron=1760125607.0445499420166015625000 HTTP/1.1" 200 5 "-" "WordPress/6.8.2; https://rocioprime.com"
172.70.208.170 - - [11/Oct/2025:02:46:47 +0700] "HEAD /2025/10/09/elevation-des-probabilites-au-morospin-casino/ HTTP/1.1" 200 0 "https://rocioprime.com/2025/10/09/elevation-des-probabilites-au-morospin-casino/" "WordPress/5.4.18; https://reciclan.cl"
172.71.82.72 - - [11/Oct/2025:02:46:48 +0700] "GET /2025/09/18/jouez-au-roobet-casino-la-plateforme-qui-combine-plaisir-et-opportunites/ HTTP/1.1" 200 182742 "-" "Mozilla/5.0 (compatible; AhrefsBot/7.0; +http://ahrefs.com/robot/)"
172.70.189.68 - - [11/Oct/2025:02:46:50 +0700] "POST /xmlrpc.php HTTP/1.1" 499 0 "https://rocioprime.com/xmlrpc.php" "The Incutio XML-RPC PHP Library -- WordPress/5.4.18"
162.158.170.8 - - [11/Oct/2025:02:46:53 +0700] "HEAD /2025/10/09/elevation-des-probabilites-au-morospin-casino/ HTTP/1.1" 200 0 "https://rocioprime.com/2025/10/09/elevation-des-probabilites-au-morospin-casino/" "WordPress/5.4.18; https://reciclan.cl"
162.158.108.115 - - [11/Oct/2025:02:47:26 +0700] "GET /2025/08/25/azur-casino-decouvrez-un-univers-de-jeux-ou-les-probabilites-sont-cles/ HTTP/1.1" 200 182586 "https://rocioprime.com/" "Mozilla/5.0 (X11; Linux x86_64) AppleWebKit/537.36 (KHTML, like Gecko) Chrome/114.0.0.0 Safari/537.36 OPR/89.0.4447.51"
172.68.164.25 - - [11/Oct/2025:02:47:32 +0700] "GET /2025/09/16/casombie-casino-maitrisez-les-chances-pour-le-triomphe/ HTTP/1.1" 200 182668 "-" "Mozilla/5.0 (Windows NT 10.0; Win64; x64) AppleWebKit/537.36 (KHTML, like Gecko) Chrome/114.0.0.0 Safari/537.36"
172.71.124.171 - - [11/Oct/2025:02:47:44 +0700] "POST /wp-cron.php?doing_wp_cron=1760125663.5007319450378417968750 HTTP/1.1" 200 5 "-" "WordPress/6.8.2; https://rocioprime.com"
162.158.189.205 - - [11/Oct/2025:02:47:44 +0700] "POST /wp-comments-post.php HTTP/1.1" 302 5 "https://rocioprime.com/2025/08/25/azur-casino-decouvrez-un-univers-de-jeux-ou-les-probabilites-sont-cles/" "Mozilla/5.0 (X11; Linux x86_64) AppleWebKit/537.36 (KHTML, like Gecko) Chrome/114.0.0.0 Safari/537.36 OPR/89.0.4447.51"
172.71.82.72 - - [11/Oct/2025:02:47:45 +0700] "GET /2025/08/25/azur-casino-decouvrez-un-univers-de-jeux-ou-les-probabilites-sont-cles/?unapproved=9846&moderation-hash=db651a2fabb758a9a0f6ba1ee5fd44bd HTTP/1.1" 200 185328 "https://rocioprime.com/wp-comments-post.php" "Mozilla/5.0 (X11; Linux x86_64) AppleWebKit/537.36 (KHTML, like Gecko) Chrome/114.0.0.0 Safari/537.36 OPR/89.0.4447.51"
172.68.164.25 - - [11/Oct/2025:02:48:02 +0700] "GET /2025/10/10/techniques-superieures-au-morospin-casino/feed/ HTTP/1.1" 200 853 "-" "Mozilla/5.0 (Linux; Android 6.0.1; Nexus 5X Build/MMB29P) AppleWebKit/537.36 (KHTML, like Gecko) Chrome/140.0.7339.207 Mobile Safari/537.36 (compatible; Googlebot/2.1; +http://www.google.com/bot.html)"
172.70.208.171 - - [11/Oct/2025:02:48:03 +0700] "GET /2025/10/06/1xbet-kazino-rasmiy-sayti-plus-archer-foydali-1xbet-slotlarida-haqiqiy-pul-uchun-o%CA%BBynang/ HTTP/1.1" 200 180174 "-" "Mozilla/5.0 (Linux; Android 6.0.1; Nexus 5X Build/MMB29P) AppleWebKit/537.36 (KHTML, like Gecko) Chrome/140.0.7339.207 Mobile Safari/537.36 (compatible; Googlebot/2.1; +http://www.google.com/bot.html)"
172.71.124.171 - - [11/Oct/2025:02:48:11 +0700] "POST /xmlrpc.php HTTP/1.1" 200 415 "-" "Mozilla/5.0 (Linux; Android 10; arm64) AppleWebKit/537.36 (KHTML, like Gecko) Chrome/115.0.0.0 Safari/537.36"
172.70.92.133 - - [11/Oct/2025:02:48:48 +0700] "POST /wp-cron.php?doing_wp_cron=1760125728.3599369525909423828125 HTTP/1.1" 200 5 "-" "WordPress/6.8.2; https://rocioprime.com"
172.68.164.25 - - [11/Oct/2025:02:48:48 +0700] "GET /2025/09/09/vivez-laventure-du-roobet-casino-probabilites-et-divertissement-sans-limites/ HTTP/1.1" 200 182719 "-" "Mozilla/5.0 (Windows NT 10.0; Win64; x64; rv:114.0) Gecko/20100101 Firefox/114.0"
162.158.170.9 - - [11/Oct/2025:02:49:11 +0700] "POST /xmlrpc.php HTTP/1.1" 200 190 "-" "Mozilla/5.0 (Windows NT 10.0; Win64; x64) AppleWebKit/537.36 (KHTML, like Gecko) Chrome/114.0.0.0 Safari/537.36"
172.70.208.171 - - [11/Oct/2025:02:49:15 +0700] "POST /wp-cron.php?doing_wp_cron=1760125754.9062979221343994140625 HTTP/1.1" 200 5 "-" "WordPress/6.8.2; https://rocioprime.com"
108.162.227.8 - - [11/Oct/2025:02:49:15 +0700] "GET /2025/09/16/casombie-casino-boostez-vos-chances-avec-les-mathematiques/ HTTP/1.1" 200 182464 "-" "Mozilla/5.0 (compatible; AhrefsBot/7.0; +http://ahrefs.com/robot/)"
172.70.142.166 - - [11/Oct/2025:02:49:17 +0700] "POST /xmlrpc.php HTTP/1.1" 200 15454 "-" "Mozilla/5.0 (Windows NT 10.0; Win64; x64) AppleWebKit/537.36 (KHTML, like Gecko) Chrome/114.0.0.0 Safari/537.36"
172.70.208.171 - - [11/Oct/2025:02:49:18 +0700] "GET /2025/10/06/chicken-road-salle-de-jeu-argent-essayez-de-votre-bon-de-reductions/ HTTP/1.1" 200 180984 "-" "Mozilla/5.0 (Windows NT 10.0; rv:125.0) Gecko/20100101 Firefox/125.0"
162.158.88.129 - - [11/Oct/2025:02:49:27 +0700] "GET /2025/09/03/les-fondements-des-probabilites-au-casinoclic-comment-anticiper-les-resultats/ HTTP/1.1" 200 182829 "-" "Mozilla/5.0 (Windows NT 10.0; Win64; x64) AppleWebKit/537.36 (KHTML, like Gecko) Chrome/114.0.0.0 Safari/537.36"
172.71.124.170 - - [11/Oct/2025:02:49:33 +0700] "POST /wp-cron.php?doing_wp_cron=1760125773.0990109443664550781250 HTTP/1.1" 200 5 "-" "WordPress/6.8.2; https://rocioprime.com"
172.68.164.25 - - [11/Oct/2025:02:49:33 +0700] "GET /2025/04/25/the-symbols-of-stubbornness-in-folklore-and-modern-games-2025/ HTTP/1.1" 200 191688 "-" "Mozilla/5.0 AppleWebKit/537.36 (KHTML, like Gecko; compatible; bingbot/2.0; +http://www.bing.com/bingbot.htm) Chrome/116.0.1938.76 Safari/537.36"
172.70.92.133 - - [11/Oct/2025:02:49:58 +0700] "GET /2025/09/11/comment-les-probabilites-transforment-votre-experience-au-rollbit-casino/ HTTP/1.1" 200 182103 "-" "Mozilla/5.0 (Windows NT 10.0; Win64; x64; rv:114.0) Gecko/20100101 Firefox/114.0"
162.158.88.129 - - [11/Oct/2025:02:50:10 +0700] "GET /2025/09/15/guia-pratico-para-usar-probabilidades-no-ijogo-casino/ HTTP/1.1" 200 181651 "-" "Mozilla/5.0 (Windows NT 10.0; Win64; x64) AppleWebKit/537.36 (KHTML, like Gecko) Chrome/114.0.0.0 Safari/537.36"
104.23.175.247 - - [11/Oct/2025:02:50:17 +0700] "GET /Readme.txt HTTP/1.1" 404 160648 "https://rocioprime.com/Readme.txt" "Mozilla/4.0 (compatible; MSIE 9.0; Windows NT 6.1)"
162.158.88.129 - - [11/Oct/2025:02:50:54 +0700] "GET / HTTP/1.1" 200 275163 "-" "synthetic-monitoring-agent/v0.14.3 (linux amd64; g64b8bab; +https://github.com/grafana/synthetic-monitoring-agent)"
172.70.142.167 - - [11/Oct/2025:02:50:54 +0700] "GET / HTTP/1.1" 200 275156 "-" "synthetic-monitoring-agent/v0.14.3 (linux amd64; g64b8bab; +https://github.com/grafana/synthetic-monitoring-agent)"
172.69.165.19 - - [11/Oct/2025:02:51:39 +0700] "GET /2025/08/25/azur-casino-decouvrez-un-univers-de-jeux-ou-les-probabilites-sont-cles/ HTTP/1.1" 200 182586 "-" "Mozilla/5.0 (Windows NT 10.0; Win64; x64) AppleWebKit/537.36 (KHTML, like Gecko) Chrome/114.0.0.0 Safari/537.36"
172.70.142.166 - - [11/Oct/2025:02:52:02 +0700] "POST /wp-cron.php?doing_wp_cron=1760125922.1849288940429687500000 HTTP/1.1" 200 5 "-" "WordPress/6.8.2; https://rocioprime.com"
172.70.92.132 - - [11/Oct/2025:02:52:03 +0700] "GET /wazamba-slots-%CE%BA%CE%B1%CE%B9-%CF%84%CE%B6%CE%B1%CE%BA%CF%80%CE%BF%CF%84-181a9fc2/ HTTP/1.1" 404 160612 "-" "Mozilla/5.0 (compatible; AhrefsBot/7.0; +http://ahrefs.com/robot/)"
162.158.108.115 - - [11/Oct/2025:02:52:08 +0700] "GET /2025/10/08/anna-bell-peaks/ HTTP/1.1" 200 189471 "-" "Mozilla/5.0 AppleWebKit/537.36 (KHTML, like Gecko; compatible; bingbot/2.0; +http://www.bing.com/bingbot.htm) Chrome/116.0.1938.76 Safari/537.36"
172.69.165.19 - - [11/Oct/2025:02:52:59 +0700] "POST /wp-cron.php?doing_wp_cron=1760125979.8827080726623535156250 HTTP/1.1" 200 5 "-" "WordPress/6.8.2; https://rocioprime.com"
172.69.165.18 - - [11/Oct/2025:02:53:00 +0700] "GET /2025/05/11/intimnyj-dosug-v-ljubercah-prostitutki-s-proverkoj/ HTTP/1.1" 200 194140 "https://www.google.com/" "Mozilla/5.0 (Linux; Android 10; K) AppleWebKit/537.36 (KHTML, like Gecko) Chrome/140.0.0.0 Mobile Safari/537.36"
172.69.165.19 - - [11/Oct/2025:02:53:02 +0700] "GET /2025/09/02/maitriser-les-chances-au-casino-and-friends/ HTTP/1.1" 200 181837 "https://rocioprime.com/" "Mozilla/5.0 (Windows NT 10.0; Win64; x64) AppleWebKit/537.36 (KHTML, like Gecko) Chrome/114.0.0.0 Safari/537.36"
172.70.142.166 - - [11/Oct/2025:02:53:04 +0700] "GET /2025/09/19/mrpacho-casino-exploitez-les-chances-pour-un-succes-garanti/ HTTP/1.1" 200 182886 "-" "Mozilla/5.0 (Windows NT 10.0; Win64; x64) AppleWebKit/537.36 (KHTML, like Gecko) Chrome/114.0.0.0 Safari/537.36"
172.71.82.72 - - [11/Oct/2025:02:53:04 +0700] "POST /wp-comments-post.php HTTP/1.1" 302 5 "https://rocioprime.com/2025/09/02/maitriser-les-chances-au-casino-and-friends/" "Mozilla/5.0 (Windows NT 10.0; Win64; x64) AppleWebKit/537.36 (KHTML, like Gecko) Chrome/114.0.0.0 Safari/537.36"
172.69.165.18 - - [11/Oct/2025:02:53:06 +0700] "GET /2025/09/02/maitriser-les-chances-au-casino-and-friends/?unapproved=9847&moderation-hash=609681a1892e42043561e27c19ece7fc HTTP/1.1" 200 184484 "https://rocioprime.com/wp-comments-post.php" "Mozilla/5.0 (Windows NT 10.0; Win64; x64) AppleWebKit/537.36 (KHTML, like Gecko) Chrome/114.0.0.0 Safari/537.36"
162.158.108.115 - - [11/Oct/2025:02:53:07 +0700] "GET /2025/09/02/maitriser-les-chances-au-casino-and-friends/ HTTP/1.1" 200 181830 "-" "Mozilla/5.0 (Windows NT 10.0; Win64; x64) AppleWebKit/537.36 (KHTML, like Gecko) Chrome/114.0.0.0 Safari/537.36"
162.158.88.129 - - [11/Oct/2025:02:53:59 +0700] "GET /wp-login.php HTTP/1.1" 200 6090 "-" "Mozilla/5.0 (Windows NT 10.0; Win64; x64; rv:127.0) Gecko/20100101 Firefox/127.0"
172.70.142.166 - - [11/Oct/2025:02:54:03 +0700] "POST /wp-cron.php?doing_wp_cron=1760126043.6451919078826904296875 HTTP/1.1" 200 5 "-" "WordPress/6.8.2; https://rocioprime.com"
172.71.124.171 - - [11/Oct/2025:02:54:04 +0700] "POST /xmlrpc.php HTTP/1.1" 200 190 "-" "Mozilla/5.0 (Windows NT 10.0; Win64; x64) AppleWebKit/537.36 (KHTML, like Gecko) Chrome/124.0.6367.207 Safari/537.36"
104.23.175.246 - - [11/Oct/2025:02:54:04 +0700] "GET /2025/10/09/potentiels-eveilles-pour-sirwin-casino/feed/ HTTP/1.1" 200 845 "-" "Mozilla/5.0 (Linux; Android 6.0.1; Nexus 5X Build/MMB29P) AppleWebKit/537.36 (KHTML, like Gecko) Chrome/140.0.7339.207 Mobile Safari/537.36 (compatible; Googlebot/2.1; +http://www.google.com/bot.html)"
162.158.108.115 - - [11/Oct/2025:02:54:04 +0700] "GET /wp-login.php HTTP/1.1" 200 6090 "-" "Mozilla/5.0 (Macintosh; Intel Mac OS X 13_5) AppleWebKit/605.1.15 (KHTML, like Gecko) Version/17.5 Safari/605.1.15"
172.70.92.132 - - [11/Oct/2025:02:54:07 +0700] "POST /xmlrpc.php HTTP/1.1" 200 190 "-" "Mozilla/5.0 (Macintosh; Intel Mac OS X 13_5) AppleWebKit/605.1.15 (KHTML, like Gecko) Version/17.5 Safari/605.1.15"
172.69.165.18 - - [11/Oct/2025:02:54:08 +0700] "POST /wp-cron.php?doing_wp_cron=1760126047.9897389411926269531250 HTTP/1.1" 200 5 "-" "WordPress/6.8.2; https://rocioprime.com"
172.68.164.24 - - [11/Oct/2025:02:54:08 +0700] "POST /xmlrpc.php HTTP/1.1" 200 19727 "-" "Mozilla/5.0 (Windows NT 10.0; Win64; x64; rv:127.0) Gecko/20100101 Firefox/127.0"
108.162.226.146 - - [11/Oct/2025:02:54:10 +0700] "POST /xmlrpc.php HTTP/1.1" 200 13802 "-" "Mozilla/5.0 (Macintosh; Intel Mac OS X 13_5) AppleWebKit/605.1.15 (KHTML, like Gecko) Version/17.5 Safari/605.1.15"
172.69.176.118 - - [11/Oct/2025:02:54:12 +0700] "GET /2025/08/25/comment-la-reglementation-des-jeux-faconne-t-elle-notre-rapport-a-la-responsabilite-sociale/ HTTP/1.1" 200 194801 "-" "WordPress/6.8.3; https://xn----htbcaam4apbhen7iobg.xn--p1ai; verifying pingback from 178.128.86.151"
162.158.108.115 - - [11/Oct/2025:02:54:15 +0700] "GET /2025/09/02/maitriser-les-chances-au-casino-and-friends/ HTTP/1.1" 200 181830 "-" "Mozilla/5.0 (Windows NT 10.0; Win64; x64; rv:114.0) Gecko/20100101 Firefox/114.0"
162.158.88.129 - - [11/Oct/2025:02:54:16 +0700] "GET /2025/03/02/dlaczego-symbole-mnoznikow-pojawiaja-sie-na-ekranie-w-grach-jak-sweet-bonanza-2025/ HTTP/1.1" 200 189435 "-" "WordPress/6.8.2; https://midwestcaregivers.com; verifying pingback from 178.128.86.151"
172.71.124.171 - - [11/Oct/2025:02:54:17 +0700] "GET /wp-login.php HTTP/1.1" 200 6090 "-" "Mozilla/5.0 (Macintosh; Intel Mac OS X 13_5) AppleWebKit/605.1.15 (KHTML, like Gecko) Version/17.5 Safari/605.1.15"
162.158.189.205 - - [11/Oct/2025:02:54:21 +0700] "POST /xmlrpc.php HTTP/1.1" 200 190 "-" "Mozilla/5.0 (Windows NT 10.0; Win64; x64) AppleWebKit/537.36 (KHTML, like Gecko) Chrome/124.0.6367.207 Safari/537.36"
162.158.189.205 - - [11/Oct/2025:02:54:23 +0700] "POST /wp-cron.php?doing_wp_cron=1760126063.2504920959472656250000 HTTP/1.1" 200 5 "-" "WordPress/6.8.2; https://rocioprime.com"
172.69.176.118 - - [11/Oct/2025:02:54:24 +0700] "POST /xmlrpc.php HTTP/1.1" 200 20910 "-" "Mozilla/5.0 (Windows NT 10.0; Win64; x64) AppleWebKit/537.36 (KHTML, like Gecko) Chrome/124.0.6367.207 Safari/537.36"
172.71.124.171 - - [11/Oct/2025:02:54:49 +0700] "POST /wp-cron.php?doing_wp_cron=1760126089.8572869300842285156250 HTTP/1.1" 200 5 "-" "WordPress/6.8.2; https://rocioprime.com"
162.158.189.205 - - [11/Oct/2025:02:54:50 +0700] "GET /2025/09/13/pinco-onlayn-kazinoda-qazanma-faizi-v%C9%99-strategiyalar/ HTTP/1.1" 200 182231 "-" "Mozilla/5.0 (compatible; MJ12bot/v1.4.8; http://mj12bot.com/)"
172.71.124.171 - - [11/Oct/2025:02:54:52 +0700] "GET /2025/09/19/vodkabet-%D0%BA%D0%B0%D0%B7%D0%B8%D0%BD%D0%BE-%D0%B2%D0%B5%D1%80%D0%BE%D1%8F%D1%82%D0%BD%D0%BE%D1%81%D1%82%D0%B8-%D0%B2-%D1%81%D0%BB%D0%BE%D1%82%D0%B0%D1%85-%D0%B8-live-%D0%B8%D0%B3%D1%80%D0%B0%D1%85/ HTTP/1.1" 200 185654 "-" "Mozilla/5.0 (compatible; MJ12bot/v1.4.8; http://mj12bot.com/)"
162.158.189.205 - - [11/Oct/2025:02:54:57 +0700] "GET /2025/09/13/pinco-kazinoda-oyun-v%C9%99-provayderl%C9%99rin-sirl%C9%99ri/ HTTP/1.1" 200 182489 "-" "Mozilla/5.0 (compatible; MJ12bot/v1.4.8; http://mj12bot.com/)"
172.70.92.132 - - [11/Oct/2025:02:54:59 +0700] "GET /2025/09/13/pinco-kazinoda-s%C9%99rf%C9%99li-promosiyalar-v%C9%99-strategiyalar/ HTTP/1.1" 200 183129 "-" "Mozilla/5.0 (compatible; MJ12bot/v1.4.8; http://mj12bot.com/)"
162.158.189.205 - - [11/Oct/2025:02:55:01 +0700] "GET /2025/09/13/pinco-onlayn-kazinoda-qazanma-faizi-v%C9%99-strategiyalar/feed/ HTTP/1.1" 200 896 "-" "Mozilla/5.0 (compatible; MJ12bot/v1.4.8; http://mj12bot.com/)"
172.70.208.170 - - [11/Oct/2025:02:55:03 +0700] "GET /2025/09/13/pinco-kazinoda-oyun-v%C9%99-provayderl%C9%99rin-sirl%C9%99ri/feed/ HTTP/1.1" 200 897 "-" "Mozilla/5.0 (compatible; MJ12bot/v1.4.8; http://mj12bot.com/)"
172.71.124.171 - - [11/Oct/2025:02:55:14 +0700] "GET /wp-login.php HTTP/1.1" 200 6090 "-" "Mozilla/5.0 (Windows NT 10.0; Win64; x64) AppleWebKit/537.36 (KHTML, like Gecko) Chrome/124.0.6367.207 Safari/537.36"
108.162.226.147 - - [11/Oct/2025:02:55:18 +0700] "POST /xmlrpc.php HTTP/1.1" 200 190 "-" "Mozilla/5.0 (Macintosh; Intel Mac OS X 13_5) AppleWebKit/605.1.15 (KHTML, like Gecko) Version/17.5 Safari/605.1.15"
104.23.175.246 - - [11/Oct/2025:02:55:20 +0700] "POST /wp-cron.php?doing_wp_cron=1760126120.5555570125579833984375 HTTP/1.1" 200 5 "-" "WordPress/6.8.2; https://rocioprime.com"
162.158.108.115 - - [11/Oct/2025:02:55:21 +0700] "POST /xmlrpc.php HTTP/1.1" 200 20119 "-" "Mozilla/5.0 (Windows NT 10.0; Win64; x64) AppleWebKit/537.36 (KHTML, like Gecko) Chrome/124.0.6367.207 Safari/537.36"
162.158.170.9 - - [11/Oct/2025:02:55:38 +0700] "POST /wp-cron.php?doing_wp_cron=1760126138.5275840759277343750000 HTTP/1.1" 200 5 "-" "WordPress/6.8.2; https://rocioprime.com"
162.158.88.128 - - [11/Oct/2025:02:55:39 +0700] "GET /2025/10/03/les-probabilites-expliquees-pour-maximiser-ses-resultats-au-betpanda-io-casino HTTP/1.1" 301 5 "https://rocioprime.com/" "Mozilla/5.0 (Macintosh; Intel Mac OS X 10_15_7) AppleWebKit/537.36 (KHTML, like Gecko) Chrome/134.0.0.0 Safari/537.36"
162.158.88.128 - - [11/Oct/2025:02:55:39 +0700] "GET /2025/10/03/les-probabilites-expliquees-pour-maximiser-ses-resultats-au-betpanda-io-casino/ HTTP/1.1" 200 182378 "https://rocioprime.com/" "Mozilla/5.0 (Macintosh; Intel Mac OS X 10_15_7) AppleWebKit/537.36 (KHTML, like Gecko) Chrome/134.0.0.0 Safari/537.36"
172.68.164.24 - - [11/Oct/2025:02:55:48 +0700] "GET /2025/09/05/guide-complet-de-lucky-31-casino-comprendre-les-probabilites-pour-mieux-jouer/ HTTP/1.1" 200 181882 "-" "Mozilla/5.0 (compatible; AhrefsBot/7.0; +http://ahrefs.com/robot/)"
172.71.82.72 - - [11/Oct/2025:02:55:54 +0700] "GET / HTTP/1.1" 200 275156 "-" "synthetic-monitoring-agent/v0.14.3 (linux amd64; g64b8bab; +https://github.com/grafana/synthetic-monitoring-agent)"
162.158.88.128 - - [11/Oct/2025:02:55:54 +0700] "GET / HTTP/1.1" 200 275163 "-" "synthetic-monitoring-agent/v0.14.3 (linux amd64; g64b8bab; +https://github.com/grafana/synthetic-monitoring-agent)"
172.71.124.170 - - [11/Oct/2025:02:56:39 +0700] "GET /2025/08/25/azur-casino-decouvrez-un-univers-de-jeux-ou-les-probabilites-sont-cles/ HTTP/1.1" 200 182586 "-" "Mozilla/5.0 (Windows NT 10.0; Win64; x64; rv:114.0) Gecko/20100101 Firefox/114.0"
162.158.88.129 - - [11/Oct/2025:02:57:18 +0700] "POST /wp-cron.php?doing_wp_cron=1760126237.8638238906860351562500 HTTP/1.1" 200 5 "-" "WordPress/6.8.2; https://rocioprime.com"
172.71.124.170 - - [11/Oct/2025:02:57:18 +0700] "GET /2025/09/09/decrypter-les-probabilites-pour-performer-au-spinsy-casino/ HTTP/1.1" 200 181847 "-" "Mozilla/5.0 (Windows NT 10.0; Win64; x64; rv:114.0) Gecko/20100101 Firefox/114.0"
172.71.124.170 - - [11/Oct/2025:02:57:24 +0700] "GET /2025/08/31/presentation-experte-de-impressario-casino/ HTTP/1.1" 200 180197 "-" "Mozilla/5.0 (Windows NT 10.0; Win64; x64) AppleWebKit/537.36 (KHTML, like Gecko) Chrome/114.0.0.0 Safari/537.36"
162.158.88.129 - - [11/Oct/2025:02:58:36 +0700] "GET /2025/09/25/sugar-casino-strategies-et-jeux-bases-sur-les-calculs/ HTTP/1.1" 200 182641 "-" "Mozilla/5.0 (Windows NT 10.0; Win64; x64) AppleWebKit/537.36 (KHTML, like Gecko) Chrome/114.0.0.0 Safari/537.36"
104.23.175.247 - - [11/Oct/2025:02:58:40 +0700] "GET /2025/08/27/schlussel-zum-erfolg-im-platincasino/ HTTP/1.1" 200 182469 "-" "Mozilla/5.0 (Windows NT 10.0; Win64; x64) AppleWebKit/537.36 (KHTML, like Gecko) Chrome/114.0.0.0 Safari/537.36"
172.71.124.170 - - [11/Oct/2025:02:58:51 +0700] "POST /wp-cron.php?doing_wp_cron=1760126330.8258059024810791015625 HTTP/1.1" 200 5 "-" "WordPress/6.8.2; https://rocioprime.com"
172.71.124.171 - - [11/Oct/2025:02:58:51 +0700] "GET /.git/config HTTP/1.1" 404 160615 "-" "Mozilla/5.0 (X11; Linux x86_64) AppleWebKit/537.36 (KHTML, like Gecko) Chrome/81.0.4044.129 Safari/537.36"
172.69.176.119 - - [11/Oct/2025:02:58:58 +0700] "GET /2025/09/07/theorie-des-probabilites-au-riviera-casino-guide-pour-joueurs-avises/ HTTP/1.1" 200 182587 "-" "Mozilla/5.0 (compatible; AhrefsBot/7.0; +http://ahrefs.com/robot/)"
172.69.176.119 - - [11/Oct/2025:02:59:29 +0700] "GET /2025/10/04/%e0%b8%94%e0%b8%b2%e0%b8%a7%e0%b8%99%e0%b9%8c%e0%b9%82%e0%b8%ab%e0%b8%a5%e0%b8%94%e0%b9%81%e0%b8%a5%e0%b8%b0%e0%b9%83%e0%b8%8a%e0%b9%89%e0%b8%87%e0%b8%b2%e0%b8%99%e0%b9%81%e0%b8%ad%e0%b8%9b%e0%b8%9e/ HTTP/1.1" 200 197365 "-" "Mozilla/5.0 AppleWebKit/537.36 (KHTML, like Gecko; compatible; GPTBot/1.2; +https://openai.com/gptbot)"
172.69.165.18 - - [11/Oct/2025:02:59:33 +0700] "POST /wp-cron.php?doing_wp_cron=1760126372.5324668884277343750000 HTTP/1.1" 200 5 "-" "WordPress/6.8.2; https://rocioprime.com"
108.162.226.146 - - [11/Oct/2025:02:59:33 +0700] "GET /?p=4156 HTTP/1.1" 301 5 "-" "Mozilla/5.0 AppleWebKit/537.36 (KHTML, like Gecko; compatible; GPTBot/1.2; +https://openai.com/gptbot)"
172.69.165.18 - - [11/Oct/2025:02:59:33 +0700] "GET /2025/10/04/%e0%b8%94%e0%b8%b2%e0%b8%a7%e0%b8%99%e0%b9%8c%e0%b9%82%e0%b8%ab%e0%b8%a5%e0%b8%94%e0%b9%81%e0%b8%a5%e0%b8%b0%e0%b9%83%e0%b8%8a%e0%b9%89%e0%b8%87%e0%b8%b2%e0%b8%99%e0%b9%81%e0%b8%ad%e0%b8%9b%e0%b8%9e/ HTTP/1.1" 200 197357 "-" "Mozilla/5.0 AppleWebKit/537.36 (KHTML, like Gecko; compatible; GPTBot/1.2; +https://openai.com/gptbot)"
172.69.176.119 - - [11/Oct/2025:02:59:35 +0700] "GET /2025/10/04/1xbet-aviator-%e0%b8%a7%e0%b8%b4%e0%b8%94%e0%b8%b5%e0%b9%82%e0%b8%ad%e0%b9%80%e0%b8%81%e0%b8%a1-%e0%b9%80%e0%b8%84%e0%b8%a5%e0%b9%87%e0%b8%94%e0%b8%a5%e0%b8%b1%e0%b8%9a%e0%b9%80%e0%b8%81%e0%b8%b5/ HTTP/1.1" 200 188958 "-" "Mozilla/5.0 AppleWebKit/537.36 (KHTML, like Gecko; compatible; GPTBot/1.2; +https://openai.com/gptbot)"
