162.158.190.123 - - [11/Oct/2025:04:27:56 +0700] "GET /project/green-park/ HTTP/1.1" 200 108360 "-" "Mozilla/5.0 (compatible; AhrefsBot/7.0; +http://ahrefs.com/robot/)"
172.71.152.76 - - [11/Oct/2025:04:30:12 +0700] "GET /wp-content/plugins/elementor/assets/js/text-editor.c084ef86600b6f11690d.bundle.min.js HTTP/1.1" 200 1394 "https://adila.co.id/" "Mozilla/5.0 AppleWebKit/537.36 (KHTML, like Gecko; compatible; bingbot/2.0; +http://www.bing.com/bingbot.htm) Chrome/136.0.0.0 Safari/537.36"
172.70.208.147 - - [11/Oct/2025:04:30:12 +0700] "GET /wp-content/plugins/masterlayer-addons-for-elementor/assets/fonts/core-icons/core-icons.ttf?geji0r HTTP/1.1" 200 38016 "https://adila.co.id/wp-content/plugins/masterlayer-addons-for-elementor/assets/css/core-icons.css?ver=1.0.0" "Mozilla/5.0 AppleWebKit/537.36 (KHTML, like Gecko; compatible; bingbot/2.0; +http://www.bing.com/bingbot.htm) Chrome/136.0.0.0 Safari/537.36"
127.0.0.1 - - [11/Oct/2025:04:32:28 +0700] "POST /wp-cron.php?doing_wp_cron=1760131948.8852369785308837890625 HTTP/1.1" 200 5 "-" "WordPress/6.8.3; https://adila.co.id"
172.68.164.36 - - [11/Oct/2025:04:32:29 +0700] "POST /wp-login.php HTTP/1.1" 200 6907 "-" "Mozilla/5.0"
127.0.0.1 - - [11/Oct/2025:04:39:15 +0700] "POST /wp-cron.php?doing_wp_cron=1760132355.2562739849090576171875 HTTP/1.1" 200 5 "-" "WordPress/6.8.3; https://adila.co.id"
162.158.162.155 - - [11/Oct/2025:04:39:15 +0700] "POST /wp-login.php HTTP/1.1" 200 6901 "-" "Mozilla/5.0"
127.0.0.1 - - [11/Oct/2025:04:42:10 +0700] "POST /wp-cron.php?doing_wp_cron=1760132530.6101260185241699218750 HTTP/1.1" 200 5 "-" "WordPress/6.8.3; https://adila.co.id"
162.158.106.101 - - [11/Oct/2025:04:42:12 +0700] "GET /category/industrial/base-metals/ HTTP/1.1" 200 91642 "-" "Mozilla/5.0 (compatible; AhrefsBot/7.0; +http://ahrefs.com/robot/)"
127.0.0.1 - - [11/Oct/2025:04:46:04 +0700] "POST /wp-cron.php?doing_wp_cron=1760132763.9687540531158447265625 HTTP/1.1" 200 5 "-" "WordPress/6.8.3; https://adila.co.id"
104.23.175.112 - - [11/Oct/2025:04:46:04 +0700] "POST /wp-login.php HTTP/1.1" 200 6901 "-" "Mozilla/5.0"
127.0.0.1 - - [11/Oct/2025:04:49:27 +0700] "POST /wp-cron.php?doing_wp_cron=1760132967.1407120227813720703125 HTTP/1.1" 200 5 "-" "WordPress/6.8.3; https://adila.co.id"
162.158.106.157 - - [11/Oct/2025:04:49:27 +0700] "POST /wp-login.php HTTP/1.1" 200 6901 "-" "Mozilla/5.0"
127.0.0.1 - - [11/Oct/2025:04:52:45 +0700] "POST /wp-cron.php?doing_wp_cron=1760133165.0745549201965332031250 HTTP/1.1" 200 5 "-" "WordPress/6.8.3; https://adila.co.id"
162.158.106.157 - - [11/Oct/2025:04:52:45 +0700] "POST /wp-login.php HTTP/1.1" 200 6907 "-" "Mozilla/5.0"
127.0.0.1 - - [11/Oct/2025:04:56:17 +0700] "POST /wp-cron.php?doing_wp_cron=1760133377.1055669784545898437500 HTTP/1.1" 200 5 "-" "WordPress/6.8.3; https://adila.co.id"
172.69.176.8 - - [11/Oct/2025:04:56:19 +0700] "GET /project/dream-house/ HTTP/1.1" 200 108380 "-" "Mozilla/5.0 (compatible; AhrefsBot/7.0; +http://ahrefs.com/robot/)"
127.0.0.1 - - [11/Oct/2025:04:59:19 +0700] "POST /wp-cron.php?doing_wp_cron=1760133559.1015670299530029296875 HTTP/1.1" 200 5 "-" "WordPress/6.8.3; https://adila.co.id"
162.158.108.50 - - [11/Oct/2025:04:59:19 +0700] "POST /wp-login.php HTTP/1.1" 200 6907 "-" "Mozilla/5.0"
127.0.0.1 - - [11/Oct/2025:05:06:06 +0700] "POST /wp-cron.php?doing_wp_cron=1760133966.3392620086669921875000 HTTP/1.1" 200 5 "-" "WordPress/6.8.3; https://adila.co.id"
104.23.175.112 - - [11/Oct/2025:05:06:06 +0700] "POST /wp-login.php HTTP/1.1" 200 6907 "-" "Mozilla/5.0"
127.0.0.1 - - [11/Oct/2025:05:10:25 +0700] "POST /wp-cron.php?doing_wp_cron=1760134225.9454510211944580078125 HTTP/1.1" 200 5 "-" "WordPress/6.8.3; https://adila.co.id"
172.70.208.48 - - [11/Oct/2025:05:10:28 +0700] "GET /2023/09/14/infrastructure-commission-seeks-three-new-senior-members-3/ HTTP/1.1" 200 108269 "-" "Mozilla/5.0 (compatible; AhrefsBot/7.0; +http://ahrefs.com/robot/)"
127.0.0.1 - - [11/Oct/2025:05:12:40 +0700] "POST /wp-cron.php?doing_wp_cron=1760134360.4661960601806640625000 HTTP/1.1" 200 5 "-" "WordPress/6.8.3; https://adila.co.id"
172.70.143.228 - - [11/Oct/2025:05:12:40 +0700] "POST /wp-login.php HTTP/1.1" 200 6901 "-" "Mozilla/5.0"
127.0.0.1 - - [11/Oct/2025:05:19:20 +0700] "POST /wp-cron.php?doing_wp_cron=1760134760.9237000942230224609375 HTTP/1.1" 200 5 "-" "WordPress/6.8.3; https://adila.co.id"
162.158.162.154 - - [11/Oct/2025:05:19:21 +0700] "POST /wp-login.php HTTP/1.1" 200 6901 "-" "Mozilla/5.0"
127.0.0.1 - - [11/Oct/2025:05:24:30 +0700] "POST /wp-cron.php?doing_wp_cron=1760135070.3378400802612304687500 HTTP/1.1" 200 5 "-" "WordPress/6.8.3; https://adila.co.id"
162.158.88.161 - - [11/Oct/2025:05:24:32 +0700] "GET /2023/09/02/the-new-beverly-hills-development-by-foster-partners-2/ HTTP/1.1" 200 108193 "-" "Mozilla/5.0 (compatible; AhrefsBot/7.0; +http://ahrefs.com/robot/)"
172.70.143.229 - - [11/Oct/2025:05:24:37 +0700] "POST /wp-login.php HTTP/1.1" 200 6901 "-" "Mozilla/5.0"
127.0.0.1 - - [11/Oct/2025:05:25:26 +0700] "POST /wp-cron.php?doing_wp_cron=1760135126.2527990341186523437500 HTTP/1.1" 200 5 "-" "WordPress/6.8.3; https://adila.co.id"
162.158.88.66 - - [11/Oct/2025:05:25:26 +0700] "GET /robots.txt HTTP/1.1" 200 273 "-" "Mozilla/5.0 (Macintosh; Intel Mac OS X 10_15_7) AppleWebKit/537.36 (KHTML, like Gecko) Chrome/131.0.0.0 Safari/537.36; compatible; OAI-SearchBot/1.0; +https://openai.com/searchbot"
172.69.176.8 - - [11/Oct/2025:05:26:04 +0700] "POST /wp-login.php HTTP/1.1" 200 6901 "-" "Mozilla/5.0"
172.70.142.176 - - [11/Oct/2025:05:27:06 +0700] "GET /wp-content/uploads/elementor/css/post-695.css?ver=1759826956 HTTP/1.1" 200 2904 "-" "Mozilla/5.0 (compatible; AhrefsBot/7.0; +http://ahrefs.com/robot/)"
127.0.0.1 - - [11/Oct/2025:05:32:45 +0700] "POST /wp-cron.php?doing_wp_cron=1760135565.7865018844604492187500 HTTP/1.1" 200 5 "-" "WordPress/6.8.3; https://adila.co.id"
172.68.164.36 - - [11/Oct/2025:05:32:46 +0700] "POST /wp-login.php HTTP/1.1" 200 6907 "-" "Mozilla/5.0"
127.0.0.1 - - [11/Oct/2025:05:38:55 +0700] "POST /wp-cron.php?doing_wp_cron=1760135935.7878038883209228515625 HTTP/1.1" 200 5 "-" "WordPress/6.8.3; https://adila.co.id"
162.158.88.161 - - [11/Oct/2025:05:38:57 +0700] "GET /project/field-of-operation/ HTTP/1.1" 200 108467 "-" "Mozilla/5.0 (compatible; AhrefsBot/7.0; +http://ahrefs.com/robot/)"
127.0.0.1 - - [11/Oct/2025:05:39:40 +0700] "POST /wp-cron.php?doing_wp_cron=1760135980.1437339782714843750000 HTTP/1.1" 200 5 "-" "WordPress/6.8.3; https://adila.co.id"
162.158.106.101 - - [11/Oct/2025:05:39:40 +0700] "POST /wp-login.php HTTP/1.1" 200 6901 "-" "Mozilla/5.0"
162.158.108.87 - - [11/Oct/2025:05:42:00 +0700] "GET /wp-content/uploads/elementor/css/post-2081.css?ver=1760135937 HTTP/1.1" 200 10524 "-" "Mozilla/5.0 (compatible; AhrefsBot/7.0; +http://ahrefs.com/robot/)"
127.0.0.1 - - [11/Oct/2025:05:46:23 +0700] "POST /wp-cron.php?doing_wp_cron=1760136383.5129311084747314453125 HTTP/1.1" 200 5 "-" "WordPress/6.8.3; https://adila.co.id"
108.162.226.23 - - [11/Oct/2025:05:46:23 +0700] "POST /wp-login.php HTTP/1.1" 200 6907 "-" "Mozilla/5.0"
127.0.0.1 - - [11/Oct/2025:05:53:05 +0700] "POST /wp-cron.php?doing_wp_cron=1760136784.9968299865722656250000 HTTP/1.1" 200 5 "-" "WordPress/6.8.3; https://adila.co.id"
162.158.88.160 - - [11/Oct/2025:05:53:05 +0700] "POST /wp-login.php HTTP/1.1" 200 6907 "-" "Mozilla/5.0"
127.0.0.1 - - [11/Oct/2025:05:55:47 +0700] "POST /wp-cron.php?doing_wp_cron=1760136947.7287580966949462890625 HTTP/1.1" 200 5 "-" "WordPress/6.8.3; https://adila.co.id"
172.69.176.9 - - [11/Oct/2025:05:55:49 +0700] "GET /gallery/ HTTP/1.1" 200 103173 "-" "Mozilla/5.0 (compatible; AhrefsBot/7.0; +http://ahrefs.com/robot/)"
127.0.0.1 - - [11/Oct/2025:05:59:42 +0700] "POST /wp-cron.php?doing_wp_cron=1760137182.6891679763793945312500 HTTP/1.1" 200 5 "-" "WordPress/6.8.3; https://adila.co.id"
172.69.176.9 - - [11/Oct/2025:05:59:42 +0700] "POST /wp-login.php HTTP/1.1" 200 6907 "-" "Mozilla/5.0"
172.71.124.227 - - [11/Oct/2025:05:59:44 +0700] "POST /wp-login.php HTTP/1.1" 200 6907 "-" "Mozilla/5.0"
127.0.0.1 - - [11/Oct/2025:06:06:26 +0700] "POST /wp-cron.php?doing_wp_cron=1760137586.1425130367279052734375 HTTP/1.1" 200 5 "-" "WordPress/6.8.3; https://adila.co.id"
162.158.189.158 - - [11/Oct/2025:06:06:26 +0700] "POST /wp-login.php HTTP/1.1" 200 6901 "-" "Mozilla/5.0"
127.0.0.1 - - [11/Oct/2025:06:09:44 +0700] "POST /wp-cron.php?doing_wp_cron=1760137784.5029580593109130859375 HTTP/1.1" 200 5 "-" "WordPress/6.8.3; https://adila.co.id"
172.70.189.183 - - [11/Oct/2025:06:09:47 +0700] "GET /project/wind-power/ HTTP/1.1" 200 108430 "-" "Mozilla/5.0 (compatible; AhrefsBot/7.0; +http://ahrefs.com/robot/)"
172.71.81.157 - - [11/Oct/2025:06:12:03 +0700] "GET /wp-content/uploads/elementor/css/post-3417.css?ver=1760137786 HTTP/1.1" 200 10524 "-" "Mozilla/5.0 (compatible; AhrefsBot/7.0; +http://ahrefs.com/robot/)"
127.0.0.1 - - [11/Oct/2025:06:13:07 +0700] "POST /wp-cron.php?doing_wp_cron=1760137987.7783279418945312500000 HTTP/1.1" 200 5 "-" "WordPress/6.8.3; https://adila.co.id"
108.162.227.118 - - [11/Oct/2025:06:13:08 +0700] "POST /wp-login.php HTTP/1.1" 200 6907 "-" "Mozilla/5.0"
127.0.0.1 - - [11/Oct/2025:06:19:44 +0700] "POST /wp-cron.php?doing_wp_cron=1760138384.0925970077514648437500 HTTP/1.1" 200 5 "-" "WordPress/6.8.3; https://adila.co.id"
162.158.106.101 - - [11/Oct/2025:06:19:44 +0700] "POST /wp-login.php HTTP/1.1" 200 6901 "-" "Mozilla/5.0"
127.0.0.1 - - [11/Oct/2025:06:23:23 +0700] "POST /wp-cron.php?doing_wp_cron=1760138603.2848660945892333984375 HTTP/1.1" 200 5 "-" "WordPress/6.8.3; https://adila.co.id"
104.23.175.112 - - [11/Oct/2025:06:23:25 +0700] "GET /project_category/construction/ HTTP/1.1" 200 102676 "-" "Mozilla/5.0 (compatible; AhrefsBot/7.0; +http://ahrefs.com/robot/)"
127.0.0.1 - - [11/Oct/2025:06:26:34 +0700] "POST /wp-cron.php?doing_wp_cron=1760138794.8189220428466796875000 HTTP/1.1" 200 5 "-" "WordPress/6.8.3; https://adila.co.id"
172.70.143.228 - - [11/Oct/2025:06:26:35 +0700] "POST /wp-login.php HTTP/1.1" 200 6907 "-" "Mozilla/5.0"
127.0.0.1 - - [11/Oct/2025:06:33:19 +0700] "POST /wp-cron.php?doing_wp_cron=1760139198.9950621128082275390625 HTTP/1.1" 200 5 "-" "WordPress/6.8.3; https://adila.co.id"
172.68.164.36 - - [11/Oct/2025:06:33:19 +0700] "POST /wp-login.php HTTP/1.1" 200 6901 "-" "Mozilla/5.0"
127.0.0.1 - - [11/Oct/2025:06:34:24 +0700] "POST /wp-cron.php?doing_wp_cron=1760139264.4675829410552978515625 HTTP/1.1" 200 5 "-" "WordPress/6.8.3; https://adila.co.id"
172.70.208.49 - - [11/Oct/2025:06:34:24 +0700] "POST /wp-login.php HTTP/1.1" 200 6901 "-" "Mozilla/5.0"
127.0.0.1 - - [11/Oct/2025:06:38:25 +0700] "POST /wp-cron.php?doing_wp_cron=1760139505.3963179588317871093750 HTTP/1.1" 200 5 "-" "WordPress/6.8.3; https://adila.co.id"
172.69.176.8 - - [11/Oct/2025:06:38:28 +0700] "GET /project/hydro-electricity/ HTTP/1.1" 200 108444 "-" "Mozilla/5.0 (compatible; AhrefsBot/7.0; +http://ahrefs.com/robot/)"
127.0.0.1 - - [11/Oct/2025:06:40:00 +0700] "POST /wp-cron.php?doing_wp_cron=1760139600.0581998825073242187500 HTTP/1.1" 200 5 "-" "WordPress/6.8.3; https://adila.co.id"
108.162.227.117 - - [11/Oct/2025:06:40:00 +0700] "POST /wp-login.php HTTP/1.1" 200 6907 "-" "Mozilla/5.0"
172.70.208.164 - - [11/Oct/2025:06:41:59 +0700] "GET /wp-content/uploads/elementor/css/post-3422.css?ver=1760139507 HTTP/1.1" 200 10524 "-" "Mozilla/5.0 (compatible; AhrefsBot/7.0; +http://ahrefs.com/robot/)"
127.0.0.1 - - [11/Oct/2025:06:46:46 +0700] "POST /wp-cron.php?doing_wp_cron=1760140006.1166839599609375000000 HTTP/1.1" 200 5 "-" "WordPress/6.8.3; https://adila.co.id"
172.70.189.184 - - [11/Oct/2025:06:46:46 +0700] "POST /wp-login.php HTTP/1.1" 200 6907 "-" "Mozilla/5.0"
127.0.0.1 - - [11/Oct/2025:06:52:44 +0700] "POST /wp-cron.php?doing_wp_cron=1760140364.9150850772857666015625 HTTP/1.1" 200 5 "-" "WordPress/6.8.3; https://adila.co.id"
162.158.88.161 - - [11/Oct/2025:06:52:46 +0700] "GET /project_category/geothermal/ HTTP/1.1" 200 96059 "-" "Mozilla/5.0 (compatible; AhrefsBot/7.0; +http://ahrefs.com/robot/)"
127.0.0.1 - - [11/Oct/2025:06:53:35 +0700] "POST /wp-cron.php?doing_wp_cron=1760140415.8542869091033935546875 HTTP/1.1" 200 5 "-" "WordPress/6.8.3; https://adila.co.id"
172.71.124.205 - - [11/Oct/2025:06:53:36 +0700] "POST /wp-login.php HTTP/1.1" 200 6901 "-" "Mozilla/5.0"
127.0.0.1 - - [11/Oct/2025:07:00:24 +0700] "POST /wp-cron.php?doing_wp_cron=1760140824.3220999240875244140625 HTTP/1.1" 200 5 "-" "WordPress/6.8.3; https://adila.co.id"
162.158.171.29 - - [11/Oct/2025:07:00:24 +0700] "POST /wp-login.php HTTP/1.1" 200 6901 "-" "Mozilla/5.0"
127.0.0.1 - - [11/Oct/2025:07:02:31 +0700] "POST /wp-cron.php?doing_wp_cron=1760140950.9512519836425781250000 HTTP/1.1" 200 5 "-" "WordPress/6.8.3; https://adila.co.id"
143.110.213.72 - - [11/Oct/2025:07:02:33 +0700] "GET / HTTP/1.1" 200 0 "-" "-"
143.110.213.72 - - [11/Oct/2025:07:02:36 +0700] "GET / HTTP/1.1" 200 168857 "-" "Mozilla/5.0 (Linux; Android 6.0; HTC One M9 Build/MRA758657) AppleWebKit/537.36 (KHTML, like Gecko) Chrome/52.0.2994.98 Mobile Safari/537.3"
143.110.213.72 - - [11/Oct/2025:07:02:42 +0700] "GET /@vite/env HTTP/1.1" 404 0 "-" "Go-http-client/1.1"
143.110.213.72 - - [11/Oct/2025:07:02:45 +0700] "GET /actuator/env HTTP/1.1" 404 0 "-" "Go-http-client/1.1"
143.110.213.72 - - [11/Oct/2025:07:02:48 +0700] "GET /server HTTP/1.1" 404 0 "-" "Go-http-client/1.1"
143.110.213.72 - - [11/Oct/2025:07:02:51 +0700] "GET /.vscode/sftp.json HTTP/1.1" 404 0 "-" "Go-http-client/1.1"
143.110.213.72 - - [11/Oct/2025:07:02:53 +0700] "GET /about HTTP/1.1" 301 0 "-" "Go-http-client/1.1"
143.110.213.72 - - [11/Oct/2025:07:02:57 +0700] "GET /debug/default/view?panel=config HTTP/1.1" 404 0 "-" "Go-http-client/1.1"
143.110.213.72 - - [11/Oct/2025:07:03:00 +0700] "GET /v2/_catalog HTTP/1.1" 404 0 "-" "Go-http-client/1.1"
143.110.213.72 - - [11/Oct/2025:07:03:04 +0700] "GET /ecp/Current/exporttool/microsoft.exchange.ediscovery.exporttool.application HTTP/1.1" 404 0 "-" "Go-http-client/1.1"
143.110.213.72 - - [11/Oct/2025:07:03:08 +0700] "GET /server-status HTTP/1.1" 404 0 "-" "Go-http-client/1.1"
143.110.213.72 - - [11/Oct/2025:07:03:10 +0700] "GET /login.action HTTP/1.1" 404 0 "-" "Go-http-client/1.1"
143.110.213.72 - - [11/Oct/2025:07:03:13 +0700] "GET /_all_dbs HTTP/1.1" 404 0 "-" "Mozilla/5.0 (l9scan/2.0.135313e26383e2832313e2837313; +https://leakix.net)"
143.110.213.72 - - [11/Oct/2025:07:03:16 +0700] "GET /.DS_Store HTTP/1.1" 404 0 "-" "Go-http-client/1.1"
127.0.0.1 - - [11/Oct/2025:07:03:17 +0700] "POST /wp-cron.php?doing_wp_cron=1760140997.4229569435119628906250 HTTP/1.1" 200 5 "-" "WordPress/6.8.3; https://adila.co.id"
143.110.213.72 - - [11/Oct/2025:07:03:19 +0700] "GET /.env HTTP/1.1" 404 0 "-" "Go-http-client/1.1"
143.110.213.72 - - [11/Oct/2025:07:03:23 +0700] "GET /.git/config HTTP/1.1" 404 0 "-" "Go-http-client/1.1"
143.110.213.72 - - [11/Oct/2025:07:03:26 +0700] "GET /s/135313e26383e2832313e2837313/_/;/META-INF/maven/com.atlassian.jira/jira-webapp-dist/pom.properties HTTP/1.1" 404 0 "-" "Go-http-client/1.1"
143.110.213.72 - - [11/Oct/2025:07:03:28 +0700] "GET /info.php HTTP/1.1" 404 27 "-" "Go-http-client/1.1"
143.110.213.72 - - [11/Oct/2025:07:03:28 +0700] "GET /config.json HTTP/1.1" 404 0 "-" "Go-http-client/1.1"
143.110.213.72 - - [11/Oct/2025:07:03:30 +0700] "GET /telescope/requests HTTP/1.1" 404 0 "-" "Go-http-client/1.1"
143.110.213.72 - - [11/Oct/2025:07:03:33 +0700] "GET /?rest_route=/wp/v2/users/ HTTP/1.1" 200 0 "-" "Go-http-client/1.1"
127.0.0.1 - - [11/Oct/2025:07:05:59 +0700] "POST /wp-cron.php?doing_wp_cron=1760141159.4765329360961914062500 HTTP/1.1" 200 5 "-" "WordPress/6.8.3; https://adila.co.id"
108.162.227.54 - - [11/Oct/2025:07:06:04 +0700] "GET /project/hydropower-plants/ HTTP/1.1" 200 108444 "-" "Mozilla/5.0 (compatible; AhrefsBot/7.0; +http://ahrefs.com/robot/)"
127.0.0.1 - - [11/Oct/2025:07:07:07 +0700] "POST /wp-cron.php?doing_wp_cron=1760141227.6889779567718505859375 HTTP/1.1" 200 5 "-" "WordPress/6.8.3; https://adila.co.id"
172.69.176.9 - - [11/Oct/2025:07:07:08 +0700] "POST /wp-login.php HTTP/1.1" 200 6907 "-" "Mozilla/5.0"
127.0.0.1 - - [11/Oct/2025:07:09:45 +0700] "POST /wp-cron.php?doing_wp_cron=1760141384.9719810485839843750000 HTTP/1.1" 200 5 "-" "WordPress/6.8.3; https://adila.co.id"
172.70.189.140 - - [11/Oct/2025:07:09:45 +0700] "POST /wp-login.php HTTP/1.1" 200 6907 "-" "Mozilla/5.0"
127.0.0.1 - - [11/Oct/2025:07:13:50 +0700] "POST /wp-cron.php?doing_wp_cron=1760141630.8364219665527343750000 HTTP/1.1" 200 5 "-" "WordPress/6.8.3; https://adila.co.id"
172.71.152.10 - - [11/Oct/2025:07:13:51 +0700] "POST /wp-login.php HTTP/1.1" 200 6907 "-" "Mozilla/5.0"
127.0.0.1 - - [11/Oct/2025:07:19:32 +0700] "POST /wp-cron.php?doing_wp_cron=1760141972.8907790184020996093750 HTTP/1.1" 200 5 "-" "WordPress/6.8.3; https://adila.co.id"
172.70.189.39 - - [11/Oct/2025:07:19:36 +0700] "GET /project/solar-energy/ HTTP/1.1" 200 108435 "-" "Mozilla/5.0 (compatible; AhrefsBot/7.0; +http://ahrefs.com/robot/)"
127.0.0.1 - - [11/Oct/2025:07:20:37 +0700] "POST /wp-cron.php?doing_wp_cron=1760142037.5597760677337646484375 HTTP/1.1" 200 5 "-" "WordPress/6.8.3; https://adila.co.id"
172.71.82.155 - - [11/Oct/2025:07:20:37 +0700] "POST /wp-login.php HTTP/1.1" 200 6907 "-" "Mozilla/5.0"
162.158.107.15 - - [11/Oct/2025:07:22:03 +0700] "GET /wp-content/uploads/elementor/css/post-3437.css?ver=1760141975 HTTP/1.1" 200 10524 "-" "Mozilla/5.0 (compatible; AhrefsBot/7.0; +http://ahrefs.com/robot/)"
172.69.176.9 - - [11/Oct/2025:07:26:27 +0700] "GET /wp-admin/css/ HTTP/1.1" 403 555 "binance.com" "Mozilla/5.0 (Windows NT 10.0; Win64; x64) AppleWebKit/537.36 (KHTML, like Gecko) Chrome/90.0.4430.85 Safari/537.36"
127.0.0.1 - - [11/Oct/2025:07:27:25 +0700] "POST /wp-cron.php?doing_wp_cron=1760142445.4415071010589599609375 HTTP/1.1" 200 5 "-" "WordPress/6.8.3; https://adila.co.id"
104.23.175.113 - - [11/Oct/2025:07:27:25 +0700] "POST /wp-login.php HTTP/1.1" 200 6907 "-" "Mozilla/5.0"
127.0.0.1 - - [11/Oct/2025:07:34:14 +0700] "POST /wp-cron.php?doing_wp_cron=1760142854.3294661045074462890625 HTTP/1.1" 200 5 "-" "WordPress/6.8.3; https://adila.co.id"
172.69.176.9 - - [11/Oct/2025:07:34:14 +0700] "POST /wp-login.php HTTP/1.1" 200 6907 "-" "Mozilla/5.0"
127.0.0.1 - - [11/Oct/2025:07:36:22 +0700] "POST /wp-cron.php?doing_wp_cron=1760142982.1245501041412353515625 HTTP/1.1" 200 5 "-" "WordPress/6.8.3; https://adila.co.id"
104.23.175.193 - - [11/Oct/2025:07:36:25 +0700] "GET /project/global-banking-construction/ HTTP/1.1" 200 108471 "-" "Mozilla/5.0 (compatible; AhrefsBot/7.0; +http://ahrefs.com/robot/)"
127.0.0.1 - - [11/Oct/2025:07:40:56 +0700] "POST /wp-cron.php?doing_wp_cron=1760143256.2927269935607910156250 HTTP/1.1" 200 5 "-" "WordPress/6.8.3; https://adila.co.id"
172.71.124.204 - - [11/Oct/2025:07:40:56 +0700] "POST /wp-login.php HTTP/1.1" 200 6907 "-" "Mozilla/5.0"
127.0.0.1 - - [11/Oct/2025:07:44:49 +0700] "POST /wp-cron.php?doing_wp_cron=1760143489.8231530189514160156250 HTTP/1.1" 200 5 "-" "WordPress/6.8.3; https://adila.co.id"
172.71.81.49 - - [11/Oct/2025:07:44:50 +0700] "POST /wp-login.php HTTP/1.1" 200 6907 "-" "Mozilla/5.0"
127.0.0.1 - - [11/Oct/2025:07:45:38 +0700] "POST /wp-cron.php?doing_wp_cron=1760143537.9927721023559570312500 HTTP/1.1" 200 5 "-" "WordPress/6.8.3; https://adila.co.id"
108.162.226.73 - - [11/Oct/2025:07:45:38 +0700] "POST /wp-login.php HTTP/1.1" 200 6868 "https://adila.co.id/wp-admin/" "Mozilla/5.0 (Windows NT 10.0; Win64; x64) AppleWebKit/537.36 (KHTML, like Gecko) Chrome/90.0.4430.85 Safari/537.36"
162.158.170.98 - - [11/Oct/2025:07:45:44 +0700] "GET /wp-admin/ HTTP/1.1" 302 5 "https://www.google.com" "Mozilla/5.0 (Windows NT 10.0; Win64; x64) AppleWebKit/537.36 (KHTML, like Gecko) Chrome/90.0.4430.85 Safari/537.36"
162.158.163.209 - - [11/Oct/2025:07:45:49 +0700] "GET /wp-login.php?redirect_to=https%3A%2F%2Fadila.co.id%2Fwp-admin%2F&reauth=1 HTTP/1.1" 200 6453 "https://www.google.com" "Mozilla/5.0 (Windows NT 10.0; Win64; x64) AppleWebKit/537.36 (KHTML, like Gecko) Chrome/90.0.4430.85 Safari/537.36"
127.0.0.1 - - [11/Oct/2025:07:47:42 +0700] "POST /wp-cron.php?doing_wp_cron=1760143661.9414730072021484375000 HTTP/1.1" 200 5 "-" "WordPress/6.8.3; https://adila.co.id"
172.71.124.204 - - [11/Oct/2025:07:47:42 +0700] "POST /wp-login.php HTTP/1.1" 200 6901 "-" "Mozilla/5.0"
127.0.0.1 - - [11/Oct/2025:07:51:32 +0700] "POST /wp-cron.php?doing_wp_cron=1760143892.8281819820404052734375 HTTP/1.1" 200 5 "-" "WordPress/6.8.3; https://adila.co.id"
162.158.88.161 - - [11/Oct/2025:07:51:36 +0700] "GET /2023/09/10/who-will-star-in-constructions-command-performance-2/ HTTP/1.1" 200 108138 "-" "Mozilla/5.0 (compatible; AhrefsBot/7.0; +http://ahrefs.com/robot/)"
127.0.0.1 - - [11/Oct/2025:07:52:48 +0700] "POST /wp-cron.php?doing_wp_cron=1760143967.9469120502471923828125 HTTP/1.1" 200 5 "-" "WordPress/6.8.3; https://adila.co.id"
172.70.188.66 - - [11/Oct/2025:07:52:48 +0700] "GET /wp-sitemap-posts-page-1.xml HTTP/1.1" 200 1453 "-" "Mozilla/5.0 AppleWebKit/537.36 (KHTML, like Gecko; compatible; bingbot/2.0; +http://www.bing.com/bingbot.htm) Chrome/116.0.1938.76 Safari/537.36"
127.0.0.1 - - [11/Oct/2025:07:54:26 +0700] "POST /wp-cron.php?doing_wp_cron=1760144066.6166970729827880859375 HTTP/1.1" 200 5 "-" "WordPress/6.8.3; https://adila.co.id"
162.158.106.157 - - [11/Oct/2025:07:54:27 +0700] "POST /wp-login.php HTTP/1.1" 200 6901 "-" "Mozilla/5.0"
127.0.0.1 - - [11/Oct/2025:08:02:46 +0700] "POST /wp-cron.php?doing_wp_cron=1760144566.8687200546264648437500 HTTP/1.1" 200 5 "-" "WordPress/6.8.3; https://adila.co.id"
104.23.175.192 - - [11/Oct/2025:08:02:47 +0700] "POST /wp-login.php HTTP/1.1" 200 6907 "-" "Mozilla/5.0"
127.0.0.1 - - [11/Oct/2025:08:04:58 +0700] "POST /wp-cron.php?doing_wp_cron=1760144697.8850901126861572265625 HTTP/1.1" 200 5 "-" "WordPress/6.8.3; https://adila.co.id"
172.69.176.8 - - [11/Oct/2025:08:05:04 +0700] "GET /2023/09/14/indias-specialty-chemicals-boom-creates-a-new-billionaire-2/ HTTP/1.1" 200 108316 "-" "Mozilla/5.0 (compatible; AhrefsBot/7.0; +http://ahrefs.com/robot/)"
162.158.108.132 - - [11/Oct/2025:08:07:20 +0700] "GET /wp-content/uploads/elementor/css/post-2612.css?ver=1760144702 HTTP/1.1" 200 2928 "-" "Mozilla/5.0 (compatible; AhrefsBot/7.0; +http://ahrefs.com/robot/)"
127.0.0.1 - - [11/Oct/2025:08:09:37 +0700] "POST /wp-cron.php?doing_wp_cron=1760144977.0628769397735595703125 HTTP/1.1" 200 5 "-" "WordPress/6.8.3; https://adila.co.id"
162.158.108.50 - - [11/Oct/2025:08:09:37 +0700] "POST /wp-login.php HTTP/1.1" 200 6907 "-" "Mozilla/5.0"
127.0.0.1 - - [11/Oct/2025:08:16:27 +0700] "POST /wp-cron.php?doing_wp_cron=1760145387.4658861160278320312500 HTTP/1.1" 200 5 "-" "WordPress/6.8.3; https://adila.co.id"
172.71.81.123 - - [11/Oct/2025:08:16:28 +0700] "POST /wp-login.php HTTP/1.1" 200 6901 "-" "Mozilla/5.0"
127.0.0.1 - - [11/Oct/2025:08:18:39 +0700] "POST /wp-cron.php?doing_wp_cron=1760145519.5741279125213623046875 HTTP/1.1" 200 5 "-" "WordPress/6.8.3; https://adila.co.id"
162.158.88.161 - - [11/Oct/2025:08:18:44 +0700] "GET /2023/09/10/indias-specialty-chemicals-boom-creates-a-new-billionaire/ HTTP/1.1" 200 108210 "-" "Mozilla/5.0 (compatible; AhrefsBot/7.0; +http://ahrefs.com/robot/)"
127.0.0.1 - - [11/Oct/2025:08:20:15 +0700] "POST /wp-cron.php?doing_wp_cron=1760145614.9887759685516357421875 HTTP/1.1" 200 5 "-" "WordPress/6.8.3; https://adila.co.id"
172.70.208.49 - - [11/Oct/2025:08:20:15 +0700] "POST /wp-login.php HTTP/1.1" 200 6907 "-" "Mozilla/5.0"
162.158.108.152 - - [11/Oct/2025:08:21:59 +0700] "GET /wp-content/uploads/elementor/css/post-1765.css?ver=1760145523 HTTP/1.1" 200 2928 "-" "Mozilla/5.0 (compatible; AhrefsBot/7.0; +http://ahrefs.com/robot/)"
127.0.0.1 - - [11/Oct/2025:08:23:13 +0700] "POST /wp-cron.php?doing_wp_cron=1760145793.6094949245452880859375 HTTP/1.1" 200 5 "-" "WordPress/6.8.3; https://adila.co.id"
162.158.106.101 - - [11/Oct/2025:08:23:14 +0700] "POST /wp-login.php HTTP/1.1" 200 6907 "-" "Mozilla/5.0"
127.0.0.1 - - [11/Oct/2025:08:30:03 +0700] "POST /wp-cron.php?doing_wp_cron=1760146202.9807438850402832031250 HTTP/1.1" 200 5 "-" "WordPress/6.8.3; https://adila.co.id"
162.158.108.50 - - [11/Oct/2025:08:30:03 +0700] "POST /wp-login.php HTTP/1.1" 200 6901 "-" "Mozilla/5.0"
127.0.0.1 - - [11/Oct/2025:08:33:07 +0700] "POST /wp-cron.php?doing_wp_cron=1760146387.8168239593505859375000 HTTP/1.1" 200 5 "-" "WordPress/6.8.3; https://adila.co.id"
108.162.227.57 - - [11/Oct/2025:08:33:14 +0700] "GET /project/riverside-residence/ HTTP/1.1" 200 108457 "-" "Mozilla/5.0 (compatible; AhrefsBot/7.0; +http://ahrefs.com/robot/)"
162.158.88.118 - - [11/Oct/2025:08:37:05 +0700] "GET /wp-content/uploads/elementor/css/post-1350.css?ver=1760146392 HTTP/1.1" 200 10524 "-" "Mozilla/5.0 (compatible; AhrefsBot/7.0; +http://ahrefs.com/robot/)"
127.0.0.1 - - [11/Oct/2025:08:37:45 +0700] "POST /wp-cron.php?doing_wp_cron=1760146665.1438150405883789062500 HTTP/1.1" 200 5 "-" "WordPress/6.8.3; https://adila.co.id"
172.71.152.7 - - [11/Oct/2025:08:37:45 +0700] "POST /wp-login.php HTTP/1.1" 200 6901 "-" "Mozilla/5.0"
127.0.0.1 - - [11/Oct/2025:08:44:36 +0700] "POST /wp-cron.php?doing_wp_cron=1760147076.5839080810546875000000 HTTP/1.1" 200 5 "-" "WordPress/6.8.3; https://adila.co.id"
172.71.124.204 - - [11/Oct/2025:08:44:37 +0700] "POST /wp-login.php HTTP/1.1" 200 6907 "-" "Mozilla/5.0"
162.158.189.213 - - [11/Oct/2025:08:44:47 +0700] "GET / HTTP/1.1" 200 168871 "-" "Mozilla/5.0 (Windows NT 10.0; Win64; x64) AppleWebKit/537.36 (KHTML, like Gecko) Chrome/78.0.3904.108 Safari/537.36"
172.70.142.196 - - [11/Oct/2025:08:44:52 +0700] "GET //wp-includes/wlwmanifest.xml HTTP/1.1" 301 5 "-" "Mozilla/5.0 (Windows NT 10.0; Win64; x64) AppleWebKit/537.36 (KHTML, like Gecko) Chrome/78.0.3904.108 Safari/537.36"
172.69.176.9 - - [11/Oct/2025:08:44:57 +0700] "GET //xmlrpc.php?rsd HTTP/1.1" 200 792 "-" "Mozilla/5.0 (Windows NT 10.0; Win64; x64) AppleWebKit/537.36 (KHTML, like Gecko) Chrome/78.0.3904.108 Safari/537.36"
108.162.227.57 - - [11/Oct/2025:08:45:03 +0700] "GET //?author=1 HTTP/1.1" 301 5 "-" "Mozilla/5.0 (Windows NT 10.0; Win64; x64) AppleWebKit/537.36 (KHTML, like Gecko) Chrome/78.0.3904.108 Safari/537.36"
172.70.208.49 - - [11/Oct/2025:08:45:10 +0700] "GET //?author=2 HTTP/1.1" 301 5 "-" "Mozilla/5.0 (Windows NT 10.0; Win64; x64) AppleWebKit/537.36 (KHTML, like Gecko) Chrome/78.0.3904.108 Safari/537.36"
172.68.164.37 - - [11/Oct/2025:08:45:17 +0700] "GET //wp-json/wp/v2/users/ HTTP/1.1" 200 1510 "-" "Mozilla/5.0 (Windows NT 10.0; Win64; x64) AppleWebKit/537.36 (KHTML, like Gecko) Chrome/78.0.3904.108 Safari/537.36"
127.0.0.1 - - [11/Oct/2025:08:45:22 +0700] "POST /wp-cron.php?doing_wp_cron=1760147122.0652821063995361328125 HTTP/1.1" 200 5 "-" "WordPress/6.8.3; https://adila.co.id"
162.158.108.51 - - [11/Oct/2025:08:45:22 +0700] "POST //xmlrpc.php HTTP/1.1" 200 413 "-" "Mozilla/5.0 (Windows NT 10.0; Win64; x64) AppleWebKit/537.36 (KHTML, like Gecko) Chrome/78.0.3904.108 Safari/537.36"
172.70.92.201 - - [11/Oct/2025:08:45:29 +0700] "POST //xmlrpc.php HTTP/1.1" 200 413 "-" "Mozilla/5.0 (Windows NT 10.0; Win64; x64) AppleWebKit/537.36 (KHTML, like Gecko) Chrome/78.0.3904.108 Safari/537.36"
162.158.88.161 - - [11/Oct/2025:08:45:34 +0700] "POST //xmlrpc.php HTTP/1.1" 200 413 "-" "Mozilla/5.0 (Windows NT 10.0; Win64; x64) AppleWebKit/537.36 (KHTML, like Gecko) Chrome/78.0.3904.108 Safari/537.36"
162.158.106.100 - - [11/Oct/2025:08:45:40 +0700] "POST //xmlrpc.php HTTP/1.1" 200 413 "-" "Mozilla/5.0 (Windows NT 10.0; Win64; x64) AppleWebKit/537.36 (KHTML, like Gecko) Chrome/78.0.3904.108 Safari/537.36"
162.158.88.161 - - [11/Oct/2025:08:45:45 +0700] "POST //xmlrpc.php HTTP/1.1" 200 413 "-" "Mozilla/5.0 (Windows NT 10.0; Win64; x64) AppleWebKit/537.36 (KHTML, like Gecko) Chrome/78.0.3904.108 Safari/537.36"
108.162.227.57 - - [11/Oct/2025:08:45:51 +0700] "POST //xmlrpc.php HTTP/1.1" 200 413 "-" "Mozilla/5.0 (Windows NT 10.0; Win64; x64) AppleWebKit/537.36 (KHTML, like Gecko) Chrome/78.0.3904.108 Safari/537.36"
172.70.142.196 - - [11/Oct/2025:08:45:58 +0700] "POST //xmlrpc.php HTTP/1.1" 200 413 "-" "Mozilla/5.0 (Windows NT 10.0; Win64; x64) AppleWebKit/537.36 (KHTML, like Gecko) Chrome/78.0.3904.108 Safari/537.36"
162.158.162.19 - - [11/Oct/2025:08:46:04 +0700] "POST //xmlrpc.php HTTP/1.1" 200 413 "-" "Mozilla/5.0 (Windows NT 10.0; Win64; x64) AppleWebKit/537.36 (KHTML, like Gecko) Chrome/78.0.3904.108 Safari/537.36"
172.70.188.66 - - [11/Oct/2025:08:46:11 +0700] "POST //xmlrpc.php HTTP/1.1" 200 413 "-" "Mozilla/5.0 (Windows NT 10.0; Win64; x64) AppleWebKit/537.36 (KHTML, like Gecko) Chrome/78.0.3904.108 Safari/537.36"
127.0.0.1 - - [11/Oct/2025:08:46:18 +0700] "POST /wp-cron.php?doing_wp_cron=1760147178.7407209873199462890625 HTTP/1.1" 200 5 "-" "WordPress/6.8.3; https://adila.co.id"
172.70.188.14 - - [11/Oct/2025:08:46:19 +0700] "POST //xmlrpc.php HTTP/1.1" 200 413 "-" "Mozilla/5.0 (Windows NT 10.0; Win64; x64) AppleWebKit/537.36 (KHTML, like Gecko) Chrome/78.0.3904.108 Safari/537.36"
162.158.163.210 - - [11/Oct/2025:08:46:20 +0700] "GET /2023/09/10/as-crude-oil-collapses-so-petrol-pump-prices-plummet/ HTTP/1.1" 200 108146 "-" "Mozilla/5.0 (compatible; AhrefsBot/7.0; +http://ahrefs.com/robot/)"
172.70.188.66 - - [11/Oct/2025:08:46:26 +0700] "POST //xmlrpc.php HTTP/1.1" 200 413 "-" "Mozilla/5.0 (Windows NT 10.0; Win64; x64) AppleWebKit/537.36 (KHTML, like Gecko) Chrome/78.0.3904.108 Safari/537.36"
172.70.92.201 - - [11/Oct/2025:08:46:32 +0700] "POST //xmlrpc.php HTTP/1.1" 200 413 "-" "Mozilla/5.0 (Windows NT 10.0; Win64; x64) AppleWebKit/537.36 (KHTML, like Gecko) Chrome/78.0.3904.108 Safari/537.36"
162.158.106.100 - - [11/Oct/2025:08:46:38 +0700] "POST //xmlrpc.php HTTP/1.1" 200 413 "-" "Mozilla/5.0 (Windows NT 10.0; Win64; x64) AppleWebKit/537.36 (KHTML, like Gecko) Chrome/78.0.3904.108 Safari/537.36"
162.158.88.139 - - [11/Oct/2025:08:46:44 +0700] "POST //xmlrpc.php HTTP/1.1" 200 413 "-" "Mozilla/5.0 (Windows NT 10.0; Win64; x64) AppleWebKit/537.36 (KHTML, like Gecko) Chrome/78.0.3904.108 Safari/537.36"
172.70.142.196 - - [11/Oct/2025:08:46:50 +0700] "POST //xmlrpc.php HTTP/1.1" 200 413 "-" "Mozilla/5.0 (Windows NT 10.0; Win64; x64) AppleWebKit/537.36 (KHTML, like Gecko) Chrome/78.0.3904.108 Safari/537.36"
172.69.176.9 - - [11/Oct/2025:08:46:56 +0700] "POST //xmlrpc.php HTTP/1.1" 200 413 "-" "Mozilla/5.0 (Windows NT 10.0; Win64; x64) AppleWebKit/537.36 (KHTML, like Gecko) Chrome/78.0.3904.108 Safari/537.36"
172.70.92.201 - - [11/Oct/2025:08:47:03 +0700] "POST //xmlrpc.php HTTP/1.1" 200 413 "-" "Mozilla/5.0 (Windows NT 10.0; Win64; x64) AppleWebKit/537.36 (KHTML, like Gecko) Chrome/78.0.3904.108 Safari/537.36"
172.70.142.196 - - [11/Oct/2025:08:47:10 +0700] "POST //xmlrpc.php HTTP/1.1" 200 413 "-" "Mozilla/5.0 (Windows NT 10.0; Win64; x64) AppleWebKit/537.36 (KHTML, like Gecko) Chrome/78.0.3904.108 Safari/537.36"
127.0.0.1 - - [11/Oct/2025:08:47:17 +0700] "POST /wp-cron.php?doing_wp_cron=1760147237.1207389831542968750000 HTTP/1.1" 200 5 "-" "WordPress/6.8.3; https://adila.co.id"
172.70.142.196 - - [11/Oct/2025:08:47:17 +0700] "POST //xmlrpc.php HTTP/1.1" 200 413 "-" "Mozilla/5.0 (Windows NT 10.0; Win64; x64) AppleWebKit/537.36 (KHTML, like Gecko) Chrome/78.0.3904.108 Safari/537.36"
172.69.176.9 - - [11/Oct/2025:08:47:25 +0700] "POST //xmlrpc.php HTTP/1.1" 200 413 "-" "Mozilla/5.0 (Windows NT 10.0; Win64; x64) AppleWebKit/537.36 (KHTML, like Gecko) Chrome/78.0.3904.108 Safari/537.36"
162.158.190.41 - - [11/Oct/2025:08:47:31 +0700] "POST //xmlrpc.php HTTP/1.1" 200 413 "-" "Mozilla/5.0 (Windows NT 10.0; Win64; x64) AppleWebKit/537.36 (KHTML, like Gecko) Chrome/78.0.3904.108 Safari/537.36"
172.69.176.9 - - [11/Oct/2025:08:47:37 +0700] "POST //xmlrpc.php HTTP/1.1" 200 413 "-" "Mozilla/5.0 (Windows NT 10.0; Win64; x64) AppleWebKit/537.36 (KHTML, like Gecko) Chrome/78.0.3904.108 Safari/537.36"
162.158.189.212 - - [11/Oct/2025:08:47:44 +0700] "POST //xmlrpc.php HTTP/1.1" 200 413 "-" "Mozilla/5.0 (Windows NT 10.0; Win64; x64) AppleWebKit/537.36 (KHTML, like Gecko) Chrome/78.0.3904.108 Safari/537.36"
127.0.0.1 - - [11/Oct/2025:08:47:50 +0700] "POST /wp-cron.php?doing_wp_cron=1760147270.4527349472045898437500 HTTP/1.1" 200 5 "-" "WordPress/6.8.3; https://adila.co.id"
162.158.189.212 - - [11/Oct/2025:08:47:51 +0700] "POST //xmlrpc.php HTTP/1.1" 200 413 "-" "Mozilla/5.0 (Windows NT 10.0; Win64; x64) AppleWebKit/537.36 (KHTML, like Gecko) Chrome/78.0.3904.108 Safari/537.36"
172.70.188.14 - - [11/Oct/2025:08:47:58 +0700] "POST //xmlrpc.php HTTP/1.1" 200 413 "-" "Mozilla/5.0 (Windows NT 10.0; Win64; x64) AppleWebKit/537.36 (KHTML, like Gecko) Chrome/78.0.3904.108 Safari/537.36"
172.70.208.49 - - [11/Oct/2025:08:48:05 +0700] "POST //xmlrpc.php HTTP/1.1" 200 413 "-" "Mozilla/5.0 (Windows NT 10.0; Win64; x64) AppleWebKit/537.36 (KHTML, like Gecko) Chrome/78.0.3904.108 Safari/537.36"
162.158.88.160 - - [11/Oct/2025:08:48:13 +0700] "POST //xmlrpc.php HTTP/1.1" 200 413 "-" "Mozilla/5.0 (Windows NT 10.0; Win64; x64) AppleWebKit/537.36 (KHTML, like Gecko) Chrome/78.0.3904.108 Safari/537.36"
127.0.0.1 - - [11/Oct/2025:08:48:20 +0700] "POST /wp-cron.php?doing_wp_cron=1760147300.2567570209503173828125 HTTP/1.1" 200 5 "-" "WordPress/6.8.3; https://adila.co.id"
172.70.142.196 - - [11/Oct/2025:08:48:20 +0700] "POST //xmlrpc.php HTTP/1.1" 200 413 "-" "Mozilla/5.0 (Windows NT 10.0; Win64; x64) AppleWebKit/537.36 (KHTML, like Gecko) Chrome/78.0.3904.108 Safari/537.36"
172.68.164.36 - - [11/Oct/2025:08:48:28 +0700] "POST //xmlrpc.php HTTP/1.1" 200 413 "-" "Mozilla/5.0 (Windows NT 10.0; Win64; x64) AppleWebKit/537.36 (KHTML, like Gecko) Chrome/78.0.3904.108 Safari/537.36"
172.70.188.14 - - [11/Oct/2025:08:48:34 +0700] "POST //xmlrpc.php HTTP/1.1" 200 413 "-" "Mozilla/5.0 (Windows NT 10.0; Win64; x64) AppleWebKit/537.36 (KHTML, like Gecko) Chrome/78.0.3904.108 Safari/537.36"
104.23.175.80 - - [11/Oct/2025:08:48:41 +0700] "POST //xmlrpc.php HTTP/1.1" 200 413 "-" "Mozilla/5.0 (Windows NT 10.0; Win64; x64) AppleWebKit/537.36 (KHTML, like Gecko) Chrome/78.0.3904.108 Safari/537.36"
108.162.227.57 - - [11/Oct/2025:08:48:47 +0700] "POST //xmlrpc.php HTTP/1.1" 200 413 "-" "Mozilla/5.0 (Windows NT 10.0; Win64; x64) AppleWebKit/537.36 (KHTML, like Gecko) Chrome/78.0.3904.108 Safari/537.36"
162.158.170.164 - - [11/Oct/2025:08:48:54 +0700] "POST //xmlrpc.php HTTP/1.1" 200 413 "-" "Mozilla/5.0 (Windows NT 10.0; Win64; x64) AppleWebKit/537.36 (KHTML, like Gecko) Chrome/78.0.3904.108 Safari/537.36"
162.158.106.100 - - [11/Oct/2025:08:49:01 +0700] "POST //xmlrpc.php HTTP/1.1" 200 413 "-" "Mozilla/5.0 (Windows NT 10.0; Win64; x64) AppleWebKit/537.36 (KHTML, like Gecko) Chrome/78.0.3904.108 Safari/537.36"
162.158.189.213 - - [11/Oct/2025:08:49:08 +0700] "POST //xmlrpc.php HTTP/1.1" 200 413 "-" "Mozilla/5.0 (Windows NT 10.0; Win64; x64) AppleWebKit/537.36 (KHTML, like Gecko) Chrome/78.0.3904.108 Safari/537.36"
162.158.108.50 - - [11/Oct/2025:08:49:14 +0700] "POST //xmlrpc.php HTTP/1.1" 200 413 "-" "Mozilla/5.0 (Windows NT 10.0; Win64; x64) AppleWebKit/537.36 (KHTML, like Gecko) Chrome/78.0.3904.108 Safari/537.36"
127.0.0.1 - - [11/Oct/2025:08:49:21 +0700] "POST /wp-cron.php?doing_wp_cron=1760147361.4877300262451171875000 HTTP/1.1" 200 5 "-" "WordPress/6.8.3; https://adila.co.id"
162.158.108.50 - - [11/Oct/2025:08:49:22 +0700] "POST //xmlrpc.php HTTP/1.1" 200 413 "-" "Mozilla/5.0 (Windows NT 10.0; Win64; x64) AppleWebKit/537.36 (KHTML, like Gecko) Chrome/78.0.3904.108 Safari/537.36"
172.70.92.200 - - [11/Oct/2025:08:49:28 +0700] "POST //xmlrpc.php HTTP/1.1" 200 413 "-" "Mozilla/5.0 (Windows NT 10.0; Win64; x64) AppleWebKit/537.36 (KHTML, like Gecko) Chrome/78.0.3904.108 Safari/537.36"
162.158.170.164 - - [11/Oct/2025:08:49:36 +0700] "POST //xmlrpc.php HTTP/1.1" 200 413 "-" "Mozilla/5.0 (Windows NT 10.0; Win64; x64) AppleWebKit/537.36 (KHTML, like Gecko) Chrome/78.0.3904.108 Safari/537.36"
162.158.108.50 - - [11/Oct/2025:08:49:43 +0700] "POST //xmlrpc.php HTTP/1.1" 200 413 "-" "Mozilla/5.0 (Windows NT 10.0; Win64; x64) AppleWebKit/537.36 (KHTML, like Gecko) Chrome/78.0.3904.108 Safari/537.36"
172.71.81.123 - - [11/Oct/2025:08:49:50 +0700] "POST //xmlrpc.php HTTP/1.1" 200 413 "-" "Mozilla/5.0 (Windows NT 10.0; Win64; x64) AppleWebKit/537.36 (KHTML, like Gecko) Chrome/78.0.3904.108 Safari/537.36"
162.158.108.50 - - [11/Oct/2025:08:49:56 +0700] "POST //xmlrpc.php HTTP/1.1" 200 413 "-" "Mozilla/5.0 (Windows NT 10.0; Win64; x64) AppleWebKit/537.36 (KHTML, like Gecko) Chrome/78.0.3904.108 Safari/537.36"
127.0.0.1 - - [11/Oct/2025:08:50:03 +0700] "POST /wp-cron.php?doing_wp_cron=1760147403.5433549880981445312500 HTTP/1.1" 200 5 "-" "WordPress/6.8.3; https://adila.co.id"
172.71.81.123 - - [11/Oct/2025:08:50:04 +0700] "POST //xmlrpc.php HTTP/1.1" 200 413 "-" "Mozilla/5.0 (Windows NT 10.0; Win64; x64) AppleWebKit/537.36 (KHTML, like Gecko) Chrome/78.0.3904.108 Safari/537.36"
172.68.164.37 - - [11/Oct/2025:08:50:14 +0700] "POST //xmlrpc.php HTTP/1.1" 200 413 "-" "Mozilla/5.0 (Windows NT 10.0; Win64; x64) AppleWebKit/537.36 (KHTML, like Gecko) Chrome/78.0.3904.108 Safari/537.36"
127.0.0.1 - - [11/Oct/2025:08:50:20 +0700] "POST /wp-cron.php?doing_wp_cron=1760147420.9065489768981933593750 HTTP/1.1" 200 5 "-" "WordPress/6.8.3; https://adila.co.id"
162.158.170.164 - - [11/Oct/2025:08:50:21 +0700] "POST //xmlrpc.php HTTP/1.1" 200 413 "-" "Mozilla/5.0 (Windows NT 10.0; Win64; x64) AppleWebKit/537.36 (KHTML, like Gecko) Chrome/78.0.3904.108 Safari/537.36"
172.70.208.48 - - [11/Oct/2025:08:50:29 +0700] "POST //xmlrpc.php HTTP/1.1" 200 413 "-" "Mozilla/5.0 (Windows NT 10.0; Win64; x64) AppleWebKit/537.36 (KHTML, like Gecko) Chrome/78.0.3904.108 Safari/537.36"
108.162.227.58 - - [11/Oct/2025:08:50:36 +0700] "POST //xmlrpc.php HTTP/1.1" 200 413 "-" "Mozilla/5.0 (Windows NT 10.0; Win64; x64) AppleWebKit/537.36 (KHTML, like Gecko) Chrome/78.0.3904.108 Safari/537.36"
172.71.81.123 - - [11/Oct/2025:08:50:44 +0700] "POST //xmlrpc.php HTTP/1.1" 200 413 "-" "Mozilla/5.0 (Windows NT 10.0; Win64; x64) AppleWebKit/537.36 (KHTML, like Gecko) Chrome/78.0.3904.108 Safari/537.36"
172.70.208.48 - - [11/Oct/2025:08:50:51 +0700] "POST //xmlrpc.php HTTP/1.1" 200 413 "-" "Mozilla/5.0 (Windows NT 10.0; Win64; x64) AppleWebKit/537.36 (KHTML, like Gecko) Chrome/78.0.3904.108 Safari/537.36"
172.70.188.66 - - [11/Oct/2025:08:50:57 +0700] "POST //xmlrpc.php HTTP/1.1" 200 413 "-" "Mozilla/5.0 (Windows NT 10.0; Win64; x64) AppleWebKit/537.36 (KHTML, like Gecko) Chrome/78.0.3904.108 Safari/537.36"
172.70.142.197 - - [11/Oct/2025:08:51:04 +0700] "POST //xmlrpc.php HTTP/1.1" 200 413 "-" "Mozilla/5.0 (Windows NT 10.0; Win64; x64) AppleWebKit/537.36 (KHTML, like Gecko) Chrome/78.0.3904.108 Safari/537.36"
162.158.88.160 - - [11/Oct/2025:08:51:11 +0700] "POST //xmlrpc.php HTTP/1.1" 200 413 "-" "Mozilla/5.0 (Windows NT 10.0; Win64; x64) AppleWebKit/537.36 (KHTML, like Gecko) Chrome/78.0.3904.108 Safari/537.36"
127.0.0.1 - - [11/Oct/2025:08:51:18 +0700] "POST /wp-cron.php?doing_wp_cron=1760147477.9343030452728271484375 HTTP/1.1" 200 5 "-" "WordPress/6.8.3; https://adila.co.id"
172.70.188.66 - - [11/Oct/2025:08:51:18 +0700] "POST //xmlrpc.php HTTP/1.1" 200 413 "-" "Mozilla/5.0 (Windows NT 10.0; Win64; x64) AppleWebKit/537.36 (KHTML, like Gecko) Chrome/78.0.3904.108 Safari/537.36"
108.162.227.58 - - [11/Oct/2025:08:51:24 +0700] "POST /wp-login.php HTTP/1.1" 200 6907 "-" "Mozilla/5.0"
108.162.227.58 - - [11/Oct/2025:08:51:24 +0700] "GET /mar.php HTTP/1.1" 404 27 "-" "curl/8.12.1"
108.162.227.57 - - [11/Oct/2025:08:51:24 +0700] "GET /MARIJUANA.php HTTP/1.1" 404 27 "-" "curl/8.12.1"
104.23.175.80 - - [11/Oct/2025:08:51:24 +0700] "GET /ninja.php HTTP/1.1" 404 27 "-" "curl/8.12.1"
172.70.142.197 - - [11/Oct/2025:08:51:24 +0700] "GET /marijuana.php HTTP/1.1" 404 27 "-" "curl/8.12.1"
104.23.175.80 - - [11/Oct/2025:08:51:24 +0700] "GET /nf_tracking.php HTTP/1.1" 404 27 "-" "curl/8.12.1"
172.71.124.226 - - [11/Oct/2025:08:51:24 +0700] "GET /wp-atom.php HTTP/1.1" 404 27 "-" "curl/8.12.1"
172.68.164.37 - - [11/Oct/2025:08:51:24 +0700] "GET /atomlib.php HTTP/1.1" 404 27 "-" "curl/8.12.1"
172.71.81.123 - - [11/Oct/2025:08:51:24 +0700] "GET /shell.php HTTP/1.1" 404 27 "-" "curl/8.12.1"
172.68.164.36 - - [11/Oct/2025:08:51:24 +0700] "GET /ninjawebshell.php HTTP/1.1" 404 27 "-" "curl/8.12.1"
162.158.106.101 - - [11/Oct/2025:08:51:26 +0700] "POST //xmlrpc.php HTTP/1.1" 200 413 "-" "Mozilla/5.0 (Windows NT 10.0; Win64; x64) AppleWebKit/537.36 (KHTML, like Gecko) Chrome/78.0.3904.108 Safari/537.36"
108.162.227.58 - - [11/Oct/2025:08:51:33 +0700] "POST //xmlrpc.php HTTP/1.1" 200 413 "-" "Mozilla/5.0 (Windows NT 10.0; Win64; x64) AppleWebKit/537.36 (KHTML, like Gecko) Chrome/78.0.3904.108 Safari/537.36"
162.158.170.49 - - [11/Oct/2025:08:51:39 +0700] "POST //xmlrpc.php HTTP/1.1" 200 413 "-" "Mozilla/5.0 (Windows NT 10.0; Win64; x64) AppleWebKit/537.36 (KHTML, like Gecko) Chrome/78.0.3904.108 Safari/537.36"
162.158.108.50 - - [11/Oct/2025:08:51:47 +0700] "POST //xmlrpc.php HTTP/1.1" 200 413 "-" "Mozilla/5.0 (Windows NT 10.0; Win64; x64) AppleWebKit/537.36 (KHTML, like Gecko) Chrome/78.0.3904.108 Safari/537.36"
162.158.170.165 - - [11/Oct/2025:08:51:52 +0700] "POST //xmlrpc.php HTTP/1.1" 200 413 "-" "Mozilla/5.0 (Windows NT 10.0; Win64; x64) AppleWebKit/537.36 (KHTML, like Gecko) Chrome/78.0.3904.108 Safari/537.36"
162.158.108.50 - - [11/Oct/2025:08:51:56 +0700] "POST //xmlrpc.php HTTP/1.1" 200 413 "-" "Mozilla/5.0 (Windows NT 10.0; Win64; x64) AppleWebKit/537.36 (KHTML, like Gecko) Chrome/78.0.3904.108 Safari/537.36"
162.158.189.212 - - [11/Oct/2025:08:52:01 +0700] "POST //xmlrpc.php HTTP/1.1" 200 413 "-" "Mozilla/5.0 (Windows NT 10.0; Win64; x64) AppleWebKit/537.36 (KHTML, like Gecko) Chrome/78.0.3904.108 Safari/537.36"
127.0.0.1 - - [11/Oct/2025:08:54:35 +0700] "POST /wp-cron.php?doing_wp_cron=1760147674.9683530330657958984375 HTTP/1.1" 200 5 "-" "WordPress/6.8.3; https://adila.co.id"
162.158.88.160 - - [11/Oct/2025:08:54:35 +0700] "GET /wp-admin/install.php?step=1 HTTP/1.1" 200 1273 "-" "Mozilla/5.0 (Macintosh; Intel Mac OS X 10_9_3) AppleWebKit/537.75.14 (KHTML, like Gecko) Version/7.0.3 Safari/7046A194A"
127.0.0.1 - - [11/Oct/2025:08:56:50 +0700] "POST /wp-cron.php?doing_wp_cron=1760147810.1127738952636718750000 HTTP/1.1" 200 5 "-" "WordPress/6.8.3; https://adila.co.id"
162.158.106.101 - - [11/Oct/2025:08:56:50 +0700] "POST /wp-login.php HTTP/1.1" 200 6901 "-" "Mozilla/5.0"
127.0.0.1 - - [11/Oct/2025:08:58:08 +0700] "POST /wp-cron.php?doing_wp_cron=1760147888.1007690429687500000000 HTTP/1.1" 200 5 "-" "WordPress/6.8.3; https://adila.co.id"
172.70.208.49 - - [11/Oct/2025:08:58:08 +0700] "POST /wp-login.php HTTP/1.1" 200 6907 "-" "Mozilla/5.0"
127.0.0.1 - - [11/Oct/2025:08:59:41 +0700] "POST /wp-cron.php?doing_wp_cron=1760147981.9245901107788085937500 HTTP/1.1" 200 5 "-" "WordPress/6.8.3; https://adila.co.id"
162.158.88.161 - - [11/Oct/2025:08:59:44 +0700] "GET /2023/09/10/concrete-blonde-house-by-carter-williamson-architects/ HTTP/1.1" 200 108135 "-" "Mozilla/5.0 (compatible; AhrefsBot/7.0; +http://ahrefs.com/robot/)"
127.0.0.1 - - [11/Oct/2025:09:04:56 +0700] "POST /wp-cron.php?doing_wp_cron=1760148296.3237509727478027343750 HTTP/1.1" 200 5 "-" "WordPress/6.8.3; https://adila.co.id"
162.158.189.213 - - [11/Oct/2025:09:04:56 +0700] "POST /wp-login.php HTTP/1.1" 200 6901 "-" "Mozilla/5.0"
127.0.0.1 - - [11/Oct/2025:09:11:47 +0700] "POST /wp-cron.php?doing_wp_cron=1760148707.1207180023193359375000 HTTP/1.1" 200 5 "-" "WordPress/6.8.3; https://adila.co.id"
162.158.106.100 - - [11/Oct/2025:09:11:47 +0700] "POST /wp-login.php HTTP/1.1" 200 6907 "-" "Mozilla/5.0"
172.68.164.36 - - [11/Oct/2025:09:11:54 +0700] "GET /project/sea-side-residence/ HTTP/1.1" 200 108453 "-" "Mozilla/5.0 (compatible; AhrefsBot/7.0; +http://ahrefs.com/robot/)"
172.71.124.61 - - [11/Oct/2025:09:16:57 +0700] "GET /wp-content/uploads/elementor/css/post-2086.css?ver=1760148713 HTTP/1.1" 200 10524 "-" "Mozilla/5.0 (compatible; AhrefsBot/7.0; +http://ahrefs.com/robot/)"
127.0.0.1 - - [11/Oct/2025:09:18:31 +0700] "POST /wp-cron.php?doing_wp_cron=1760149111.5188400745391845703125 HTTP/1.1" 200 5 "-" "WordPress/6.8.3; https://adila.co.id"
162.158.170.165 - - [11/Oct/2025:09:18:31 +0700] "POST /wp-login.php HTTP/1.1" 200 6901 "-" "Mozilla/5.0"
127.0.0.1 - - [11/Oct/2025:09:24:09 +0700] "POST /wp-cron.php?doing_wp_cron=1760149449.7906219959259033203125 HTTP/1.1" 200 5 "-" "WordPress/6.8.3; https://adila.co.id"
104.23.175.81 - - [11/Oct/2025:09:24:12 +0700] "GET /2023/09/14/concrete-blonde-house-by-carter-williamson-architects-2/ HTTP/1.1" 200 108239 "-" "Mozilla/5.0 (compatible; AhrefsBot/7.0; +http://ahrefs.com/robot/)"
127.0.0.1 - - [11/Oct/2025:09:26:04 +0700] "POST /wp-cron.php?doing_wp_cron=1760149564.1769371032714843750000 HTTP/1.1" 200 5 "-" "WordPress/6.8.3; https://adila.co.id"
162.158.163.209 - - [11/Oct/2025:09:26:04 +0700] "POST /wp-login.php HTTP/1.1" 200 6901 "-" "Mozilla/5.0"
172.71.81.153 - - [11/Oct/2025:09:27:04 +0700] "GET /wp-content/uploads/elementor/css/post-2613.css?ver=1759943149 HTTP/1.1" 200 2928 "-" "Mozilla/5.0 (compatible; AhrefsBot/7.0; +http://ahrefs.com/robot/)"
127.0.0.1 - - [11/Oct/2025:09:32:51 +0700] "POST /wp-cron.php?doing_wp_cron=1760149971.1779789924621582031250 HTTP/1.1" 200 5 "-" "WordPress/6.8.3; https://adila.co.id"
172.70.189.135 - - [11/Oct/2025:09:32:51 +0700] "POST /wp-login.php HTTP/1.1" 200 6907 "-" "Mozilla/5.0"
127.0.0.1 - - [11/Oct/2025:09:33:23 +0700] "POST /wp-cron.php?doing_wp_cron=1760150003.3413050174713134765625 HTTP/1.1" 200 5 "-" "WordPress/6.8.3; https://adila.co.id"
162.158.170.165 - - [11/Oct/2025:09:33:23 +0700] "HEAD / HTTP/1.1" 200 0 "-" "python-requests/2.32.5"
162.158.88.161 - - [11/Oct/2025:09:33:33 +0700] "GET /wp-admin/ HTTP/1.1" 302 5 "binance.com" "Mozilla/5.0 (Windows NT 10.0; Win64; x64) AppleWebKit/537.36 (KHTML, like Gecko) Edge/120.0.2210.91"
172.70.92.200 - - [11/Oct/2025:09:33:37 +0700] "GET /wp-login.php?redirect_to=https%3A%2F%2Fadila.co.id%2Fwp-admin%2F&reauth=1 HTTP/1.1" 200 6453 "binance.com" "Mozilla/5.0 (Windows NT 10.0; Win64; x64) AppleWebKit/537.36 (KHTML, like Gecko) Edge/120.0.2210.91"
162.158.163.209 - - [11/Oct/2025:09:33:40 +0700] "GET /xmlrpc.php HTTP/1.1" 405 53 "binance.com" "Mozilla/5.0 (Windows NT 10.0; Win64; x64) AppleWebKit/537.36 (KHTML, like Gecko) Edge/120.0.2210.91"
172.71.152.8 - - [11/Oct/2025:09:33:54 +0700] "POST /wp-login.php HTTP/1.1" 200 6907 "-" "Mozilla/5.0"
172.70.189.135 - - [11/Oct/2025:09:34:02 +0700] "GET /?rest_route=/wp/v2/users HTTP/1.1" 200 913 "binance.com" "Mozilla/5.0 (Windows NT 10.0; Win64; x64) AppleWebKit/537.36 (KHTML, like Gecko) Edge/119.0.2151.97"
162.158.106.100 - - [11/Oct/2025:09:34:06 +0700] "GET /?author=1 HTTP/1.1" 301 5 "binance.com" "Mozilla/5.0 (Windows NT 11.0; Win64; x64) AppleWebKit/537.36 (KHTML, like Gecko) Chrome/120.0.0.0 Safari/537.36"
108.162.227.57 - - [11/Oct/2025:09:34:11 +0700] "GET /author/adila/ HTTP/1.1" 200 112337 "binance.com" "Mozilla/5.0 (Windows NT 11.0; Win64; x64) AppleWebKit/537.36 (KHTML, like Gecko) Chrome/120.0.0.0 Safari/537.36"
104.23.175.93 - - [11/Oct/2025:09:34:15 +0700] "POST /xmlrpc.php HTTP/1.1" 200 415 "-" "Mozilla/5.0 (Macintosh; Intel Mac OS X 14_3) AppleWebKit/537.36 (KHTML, like Gecko) Chrome/121.0.0.0 Safari/537.36"
127.0.0.1 - - [11/Oct/2025:09:34:18 +0700] "POST /wp-cron.php?doing_wp_cron=1760150058.6981320381164550781250 HTTP/1.1" 200 5 "-" "WordPress/6.8.3; https://adila.co.id"
162.158.88.139 - - [11/Oct/2025:09:34:19 +0700] "POST /xmlrpc.php HTTP/1.1" 200 415 "-" "Mozilla/5.0 (Macintosh; Intel Mac OS X 14_1) AppleWebKit/605.1.15 (KHTML, like Gecko) Version/17.0 Safari/605.1.15"
172.68.164.37 - - [11/Oct/2025:09:34:22 +0700] "POST /xmlrpc.php HTTP/1.1" 200 415 "-" "Mozilla/5.0 (Macintosh; Intel Mac OS X 14_1) AppleWebKit/605.1.15 (KHTML, like Gecko) Version/17.0 Safari/605.1.15"
172.69.176.9 - - [11/Oct/2025:09:34:26 +0700] "POST /xmlrpc.php HTTP/1.1" 200 415 "-" "Mozilla/5.0 (Linux; Android 14; SM-S918B) AppleWebKit/537.36 (KHTML, like Gecko) Chrome/120.0.0.0 Mobile Safari/537.36"
172.70.92.200 - - [11/Oct/2025:09:34:31 +0700] "POST /xmlrpc.php HTTP/1.1" 200 415 "-" "Mozilla/5.0 (Windows NT 10.0; Win64; x64; rv:121.0) Gecko/20100101 Firefox/121.0"
162.158.163.209 - - [11/Oct/2025:09:34:35 +0700] "POST /xmlrpc.php HTTP/1.1" 200 415 "-" "Mozilla/5.0 (Linux; Android 13; Pixel 7) AppleWebKit/537.36 (KHTML, like Gecko) Chrome/119.0.0.0 Mobile Safari/537.36"
162.158.189.213 - - [11/Oct/2025:09:34:38 +0700] "POST /xmlrpc.php HTTP/1.1" 200 415 "-" "Mozilla/5.0 (iPhone; CPU iPhone OS 17_1 like Mac OS X) AppleWebKit/605.1.15 (KHTML, like Gecko) Version/17.1 Mobile/15E148 Safari/604.1"
162.158.170.164 - - [11/Oct/2025:09:34:41 +0700] "POST /xmlrpc.php HTTP/1.1" 200 415 "-" "Mozilla/5.0 (Macintosh; Intel Mac OS X 14_1) AppleWebKit/605.1.15 (KHTML, like Gecko) Version/17.0 Safari/605.1.15"
172.71.81.52 - - [11/Oct/2025:09:34:45 +0700] "POST /xmlrpc.php HTTP/1.1" 200 415 "-" "Mozilla/5.0 (Windows NT 10.0; Win64; x64; rv:121.0) Gecko/20100101 Firefox/121.0"
162.158.88.161 - - [11/Oct/2025:09:34:48 +0700] "POST /xmlrpc.php HTTP/1.1" 200 415 "-" "Mozilla/5.0 (Windows NT 11.0; Win64; x64) AppleWebKit/537.36 (KHTML, like Gecko) Chrome/121.0.0.0 Safari/537.36"
172.71.124.227 - - [11/Oct/2025:09:34:52 +0700] "POST /xmlrpc.php HTTP/1.1" 200 415 "-" "Mozilla/5.0 (Macintosh; Intel Mac OS X 14_2) AppleWebKit/537.36 (KHTML, like Gecko) Chrome/120.0.0.0 Safari/537.36"
172.70.189.39 - - [11/Oct/2025:09:34:56 +0700] "POST /xmlrpc.php HTTP/1.1" 200 415 "-" "Mozilla/5.0 (Linux; Android 14; SM-S918B) AppleWebKit/537.36 (KHTML, like Gecko) Chrome/120.0.0.0 Mobile Safari/537.36"
162.158.88.161 - - [11/Oct/2025:09:34:59 +0700] "POST /xmlrpc.php HTTP/1.1" 200 415 "-" "Mozilla/5.0 (Windows NT 10.0; Win64; x64) AppleWebKit/537.36 (KHTML, like Gecko) Edge/119.0.2151.97"
