172.71.81.52 - - [11/Oct/2025:09:35:04 +0700] "POST /xmlrpc.php HTTP/1.1" 200 415 "-" "Mozilla/5.0 (iPhone; CPU iPhone OS 17_2 like Mac OS X) AppleWebKit/605.1.15 (KHTML, like Gecko) Version/17.2 Mobile/15E148 Safari/604.1"
162.158.170.164 - - [11/Oct/2025:09:35:08 +0700] "POST /xmlrpc.php HTTP/1.1" 200 415 "-" "Mozilla/5.0 (Windows NT 10.0; Win64; x64) AppleWebKit/537.36 (KHTML, like Gecko) Edge/120.0.2210.91"
127.0.0.1 - - [11/Oct/2025:09:35:16 +0700] "POST /wp-cron.php?doing_wp_cron=1760150116.1886539459228515625000 HTTP/1.1" 200 5 "-" "WordPress/6.8.3; https://adila.co.id"
104.23.175.81 - - [11/Oct/2025:09:35:16 +0700] "POST /xmlrpc.php HTTP/1.1" 200 415 "-" "Mozilla/5.0 (Macintosh; Intel Mac OS X 14_2_1) AppleWebKit/605.1.15 (KHTML, like Gecko) Version/17.1 Safari/605.1.15"
172.70.189.39 - - [11/Oct/2025:09:35:21 +0700] "POST /xmlrpc.php HTTP/1.1" 200 415 "-" "Mozilla/5.0 (Windows NT 11.0; Win64; x64) AppleWebKit/537.36 (KHTML, like Gecko) Chrome/120.0.0.0 Safari/537.36"
162.158.170.164 - - [11/Oct/2025:09:35:25 +0700] "POST /xmlrpc.php HTTP/1.1" 200 415 "-" "Mozilla/5.0 (Macintosh; Intel Mac OS X 14_1) AppleWebKit/605.1.15 (KHTML, like Gecko) Version/17.0 Safari/605.1.15"
162.158.170.164 - - [11/Oct/2025:09:35:30 +0700] "POST /xmlrpc.php HTTP/1.1" 200 415 "-" "Mozilla/5.0 (Windows NT 10.0; Win64; x64) AppleWebKit/537.36 (KHTML, like Gecko) Chrome/119.0.0.0 Safari/537.36"
162.158.189.213 - - [11/Oct/2025:09:35:34 +0700] "POST /xmlrpc.php HTTP/1.1" 200 415 "-" "Mozilla/5.0 (iPhone; CPU iPhone OS 17_2 like Mac OS X) AppleWebKit/605.1.15 (KHTML, like Gecko) Version/17.2 Mobile/15E148 Safari/604.1"
162.158.106.101 - - [11/Oct/2025:09:35:37 +0700] "POST /xmlrpc.php HTTP/1.1" 200 415 "-" "Mozilla/5.0 (Macintosh; Intel Mac OS X 14_2_1) AppleWebKit/605.1.15 (KHTML, like Gecko) Version/17.1 Safari/605.1.15"
162.158.170.164 - - [11/Oct/2025:09:35:41 +0700] "POST /xmlrpc.php HTTP/1.1" 200 415 "-" "Mozilla/5.0 (Windows NT 10.0; Win64; x64) AppleWebKit/537.36 (KHTML, like Gecko) Chrome/119.0.0.0 Safari/537.36"
162.158.163.210 - - [11/Oct/2025:09:35:44 +0700] "POST /xmlrpc.php HTTP/1.1" 200 415 "-" "Mozilla/5.0 (Windows NT 10.0; Win64; x64) AppleWebKit/537.36 (KHTML, like Gecko) Chrome/119.0.0.0 Safari/537.36"
162.158.189.213 - - [11/Oct/2025:09:35:48 +0700] "POST /xmlrpc.php HTTP/1.1" 200 415 "-" "Mozilla/5.0 (Windows NT 10.0; Win64; x64; rv:121.0) Gecko/20100101 Firefox/121.0"
172.69.176.9 - - [11/Oct/2025:09:35:52 +0700] "POST /xmlrpc.php HTTP/1.1" 200 415 "-" "Mozilla/5.0 (Macintosh; Intel Mac OS X 14_3) AppleWebKit/537.36 (KHTML, like Gecko) Chrome/121.0.0.0 Safari/537.36"
162.158.170.84 - - [11/Oct/2025:09:35:55 +0700] "POST /xmlrpc.php HTTP/1.1" 200 415 "-" "Mozilla/5.0 (Linux; Android 13; Pixel 7) AppleWebKit/537.36 (KHTML, like Gecko) Chrome/119.0.0.0 Mobile Safari/537.36"
172.71.81.52 - - [11/Oct/2025:09:35:59 +0700] "POST /xmlrpc.php HTTP/1.1" 200 415 "-" "Mozilla/5.0 (X11; Linux x86_64) AppleWebKit/537.36 (KHTML, like Gecko) Chrome/120.0.0.0 Safari/537.36"
104.23.175.81 - - [11/Oct/2025:09:36:04 +0700] "POST /xmlrpc.php HTTP/1.1" 200 415 "-" "Mozilla/5.0 (Windows NT 11.0; Win64; x64) AppleWebKit/537.36 (KHTML, like Gecko) Chrome/121.0.0.0 Safari/537.36"
172.68.164.36 - - [11/Oct/2025:09:36:09 +0700] "POST /xmlrpc.php HTTP/1.1" 200 415 "-" "Mozilla/5.0 (Macintosh; Intel Mac OS X 14_1) AppleWebKit/605.1.15 (KHTML, like Gecko) Version/17.0 Safari/605.1.15"
162.158.106.101 - - [11/Oct/2025:09:36:15 +0700] "POST /xmlrpc.php HTTP/1.1" 200 415 "-" "Mozilla/5.0 (Macintosh; Intel Mac OS X 14_2_1) AppleWebKit/605.1.15 (KHTML, like Gecko) Version/17.1 Safari/605.1.15"
127.0.0.1 - - [11/Oct/2025:09:36:21 +0700] "POST /wp-cron.php?doing_wp_cron=1760150181.8405990600585937500000 HTTP/1.1" 200 5 "-" "WordPress/6.8.3; https://adila.co.id"
162.158.170.84 - - [11/Oct/2025:09:36:22 +0700] "POST /xmlrpc.php HTTP/1.1" 200 415 "-" "Mozilla/5.0 (Windows NT 11.0; Win64; x64) AppleWebKit/537.36 (KHTML, like Gecko) Chrome/121.0.0.0 Safari/537.36"
162.158.189.213 - - [11/Oct/2025:09:36:26 +0700] "POST /xmlrpc.php HTTP/1.1" 200 415 "-" "Mozilla/5.0 (Windows NT 11.0; Win64; x64) AppleWebKit/537.36 (KHTML, like Gecko) Chrome/120.0.0.0 Safari/537.36"
172.69.176.9 - - [11/Oct/2025:09:36:29 +0700] "POST /xmlrpc.php HTTP/1.1" 200 415 "-" "Mozilla/5.0 (Linux; Android 14; SM-G998B) AppleWebKit/537.36 (KHTML, like Gecko) Chrome/121.0.0.0 Mobile Safari/537.36"
162.158.163.210 - - [11/Oct/2025:09:36:32 +0700] "POST /xmlrpc.php HTTP/1.1" 200 415 "-" "Mozilla/5.0 (iPhone; CPU iPhone OS 17_2 like Mac OS X) AppleWebKit/605.1.15 (KHTML, like Gecko) Version/17.2 Mobile/15E148 Safari/604.1"
162.158.189.213 - - [11/Oct/2025:09:36:36 +0700] "POST /xmlrpc.php HTTP/1.1" 200 415 "-" "Mozilla/5.0 (Macintosh; Intel Mac OS X 14_1) AppleWebKit/605.1.15 (KHTML, like Gecko) Version/17.0 Safari/605.1.15"
162.158.88.161 - - [11/Oct/2025:09:36:39 +0700] "POST /xmlrpc.php HTTP/1.1" 200 415 "-" "Mozilla/5.0 (Macintosh; Intel Mac OS X 14_1) AppleWebKit/605.1.15 (KHTML, like Gecko) Version/17.0 Safari/605.1.15"
104.23.175.81 - - [11/Oct/2025:09:36:44 +0700] "POST /xmlrpc.php HTTP/1.1" 200 415 "-" "Mozilla/5.0 (iPhone; CPU iPhone OS 17_1 like Mac OS X) AppleWebKit/605.1.15 (KHTML, like Gecko) Version/17.1 Mobile/15E148 Safari/604.1"
172.70.208.48 - - [11/Oct/2025:09:36:48 +0700] "POST /xmlrpc.php HTTP/1.1" 200 415 "-" "Mozilla/5.0 (Linux; Android 14; SM-G998B) AppleWebKit/537.36 (KHTML, like Gecko) Chrome/121.0.0.0 Mobile Safari/537.36"
162.158.163.210 - - [11/Oct/2025:09:36:52 +0700] "POST /xmlrpc.php HTTP/1.1" 200 415 "-" "Mozilla/5.0 (X11; Ubuntu; Linux x86_64; rv:121.0) Gecko/20100101 Firefox/121.0"
104.23.175.81 - - [11/Oct/2025:09:36:56 +0700] "POST /xmlrpc.php HTTP/1.1" 200 415 "-" "Mozilla/5.0 (Linux; Android 13; Pixel 7) AppleWebKit/537.36 (KHTML, like Gecko) Chrome/119.0.0.0 Mobile Safari/537.36"
172.70.208.48 - - [11/Oct/2025:09:37:00 +0700] "POST /xmlrpc.php HTTP/1.1" 200 415 "-" "Mozilla/5.0 (X11; Linux x86_64) AppleWebKit/537.36 (KHTML, like Gecko) Chrome/120.0.0.0 Safari/537.36"
162.158.189.213 - - [11/Oct/2025:09:37:04 +0700] "POST /xmlrpc.php HTTP/1.1" 200 415 "-" "Mozilla/5.0 (iPhone; CPU iPhone OS 17_1 like Mac OS X) AppleWebKit/605.1.15 (KHTML, like Gecko) Version/17.1 Mobile/15E148 Safari/604.1"
172.71.124.227 - - [11/Oct/2025:09:37:09 +0700] "POST /xmlrpc.php HTTP/1.1" 200 415 "-" "Mozilla/5.0 (Linux; Android 13; Pixel 7) AppleWebKit/537.36 (KHTML, like Gecko) Chrome/119.0.0.0 Mobile Safari/537.36"
172.70.208.48 - - [11/Oct/2025:09:37:15 +0700] "POST /xmlrpc.php HTTP/1.1" 200 415 "-" "Mozilla/5.0 (Macintosh; Intel Mac OS X 14_3) AppleWebKit/537.36 (KHTML, like Gecko) Chrome/121.0.0.0 Safari/537.36"
127.0.0.1 - - [11/Oct/2025:09:37:18 +0700] "POST /wp-cron.php?doing_wp_cron=1760150238.3205089569091796875000 HTTP/1.1" 200 5 "-" "WordPress/6.8.3; https://adila.co.id"
172.68.164.37 - - [11/Oct/2025:09:37:18 +0700] "POST /xmlrpc.php HTTP/1.1" 200 415 "-" "Mozilla/5.0 (Windows NT 11.0; Win64; x64) AppleWebKit/537.36 (KHTML, like Gecko) Chrome/121.0.0.0 Safari/537.36"
172.68.164.37 - - [11/Oct/2025:09:37:22 +0700] "POST /xmlrpc.php HTTP/1.1" 200 415 "-" "Mozilla/5.0 (Linux; Android 13; Pixel 7) AppleWebKit/537.36 (KHTML, like Gecko) Chrome/119.0.0.0 Mobile Safari/537.36"
162.158.163.210 - - [11/Oct/2025:09:37:26 +0700] "POST /xmlrpc.php HTTP/1.1" 200 415 "-" "Mozilla/5.0 (Windows NT 10.0; Win64; x64) AppleWebKit/537.36 (KHTML, like Gecko) Edge/120.0.2210.91"
172.70.189.39 - - [11/Oct/2025:09:37:29 +0700] "POST /xmlrpc.php HTTP/1.1" 200 415 "-" "Mozilla/5.0 (Linux; Android 14; SM-S918B) AppleWebKit/537.36 (KHTML, like Gecko) Chrome/120.0.0.0 Mobile Safari/537.36"
162.158.189.213 - - [11/Oct/2025:09:37:32 +0700] "POST /xmlrpc.php HTTP/1.1" 200 415 "-" "Mozilla/5.0 (X11; Ubuntu; Linux x86_64; rv:121.0) Gecko/20100101 Firefox/121.0"
172.70.189.39 - - [11/Oct/2025:09:37:35 +0700] "POST /xmlrpc.php HTTP/1.1" 200 415 "-" "Mozilla/5.0 (Windows NT 10.0; Win64; x64) AppleWebKit/537.36 (KHTML, like Gecko) Edge/120.0.2210.91"
108.162.227.58 - - [11/Oct/2025:09:37:38 +0700] "POST /xmlrpc.php HTTP/1.1" 200 415 "-" "Mozilla/5.0 (iPhone; CPU iPhone OS 17_1 like Mac OS X) AppleWebKit/605.1.15 (KHTML, like Gecko) Version/17.1 Mobile/15E148 Safari/604.1"
172.70.189.39 - - [11/Oct/2025:09:37:42 +0700] "POST /xmlrpc.php HTTP/1.1" 200 415 "-" "Mozilla/5.0 (X11; Linux x86_64) AppleWebKit/537.36 (KHTML, like Gecko) Chrome/120.0.0.0 Safari/537.36"
162.158.189.213 - - [11/Oct/2025:09:37:45 +0700] "POST /xmlrpc.php HTTP/1.1" 200 415 "-" "Mozilla/5.0 (Linux; Android 14; SM-S918B) AppleWebKit/537.36 (KHTML, like Gecko) Chrome/120.0.0.0 Mobile Safari/537.36"
172.71.152.7 - - [11/Oct/2025:09:37:48 +0700] "POST /xmlrpc.php HTTP/1.1" 200 415 "-" "Mozilla/5.0 (X11; Linux x86_64) AppleWebKit/537.36 (KHTML, like Gecko) Chrome/120.0.0.0 Safari/537.36"
172.71.124.227 - - [11/Oct/2025:09:37:52 +0700] "POST /xmlrpc.php HTTP/1.1" 200 415 "-" "Mozilla/5.0 (Windows NT 10.0; Win64; x64) AppleWebKit/537.36 (KHTML, like Gecko) Chrome/120.0.0.0 Safari/537.36"
172.71.81.51 - - [11/Oct/2025:09:37:56 +0700] "POST /xmlrpc.php HTTP/1.1" 200 415 "-" "Mozilla/5.0 (Windows NT 10.0; Win64; x64; rv:121.0) Gecko/20100101 Firefox/121.0"
172.70.189.39 - - [11/Oct/2025:09:38:00 +0700] "POST /xmlrpc.php HTTP/1.1" 200 415 "-" "Mozilla/5.0 (iPhone; CPU iPhone OS 17_2 like Mac OS X) AppleWebKit/605.1.15 (KHTML, like Gecko) Version/17.2 Mobile/15E148 Safari/604.1"
172.71.81.51 - - [11/Oct/2025:09:38:05 +0700] "POST /xmlrpc.php HTTP/1.1" 200 415 "-" "Mozilla/5.0 (iPhone; CPU iPhone OS 17_2 like Mac OS X) AppleWebKit/605.1.15 (KHTML, like Gecko) Version/17.2 Mobile/15E148 Safari/604.1"
162.158.163.210 - - [11/Oct/2025:09:38:09 +0700] "POST /xmlrpc.php HTTP/1.1" 200 415 "-" "Mozilla/5.0 (Macintosh; Intel Mac OS X 14_2) AppleWebKit/537.36 (KHTML, like Gecko) Chrome/120.0.0.0 Safari/537.36"
172.70.208.48 - - [11/Oct/2025:09:38:16 +0700] "POST /xmlrpc.php HTTP/1.1" 200 415 "-" "Mozilla/5.0 (X11; Linux x86_64) AppleWebKit/537.36 (KHTML, like Gecko) Chrome/120.0.0.0 Safari/537.36"
127.0.0.1 - - [11/Oct/2025:09:38:19 +0700] "POST /wp-cron.php?doing_wp_cron=1760150299.6741631031036376953125 HTTP/1.1" 200 5 "-" "WordPress/6.8.3; https://adila.co.id"
162.158.189.213 - - [11/Oct/2025:09:38:20 +0700] "POST /xmlrpc.php HTTP/1.1" 200 415 "-" "Mozilla/5.0 (Macintosh; Intel Mac OS X 14_3) AppleWebKit/537.36 (KHTML, like Gecko) Chrome/121.0.0.0 Safari/537.36"
162.158.170.85 - - [11/Oct/2025:09:38:24 +0700] "POST /xmlrpc.php HTTP/1.1" 200 415 "-" "Mozilla/5.0 (Macintosh; Intel Mac OS X 14_2_1) AppleWebKit/537.36 (KHTML, like Gecko) Chrome/120.0.0.0 Safari/537.36"
172.68.164.37 - - [11/Oct/2025:09:38:28 +0700] "POST /xmlrpc.php HTTP/1.1" 200 415 "-" "Mozilla/5.0 (Windows NT 10.0; Win64; x64; rv:120.0) Gecko/20100101 Firefox/120.0"
104.23.175.81 - - [11/Oct/2025:09:38:32 +0700] "POST /xmlrpc.php HTTP/1.1" 200 415 "-" "Mozilla/5.0 (Windows NT 10.0; Win64; x64) AppleWebKit/537.36 (KHTML, like Gecko) Chrome/120.0.0.0 Safari/537.36"
172.70.189.39 - - [11/Oct/2025:09:38:35 +0700] "POST /xmlrpc.php HTTP/1.1" 200 415 "-" "Mozilla/5.0 (Windows NT 11.0; Win64; x64) AppleWebKit/537.36 (KHTML, like Gecko) Chrome/120.0.0.0 Safari/537.36"
172.68.164.37 - - [11/Oct/2025:09:38:40 +0700] "POST /xmlrpc.php HTTP/1.1" 200 415 "-" "Mozilla/5.0 (Macintosh; Intel Mac OS X 14_3) AppleWebKit/537.36 (KHTML, like Gecko) Chrome/121.0.0.0 Safari/537.36"
108.162.227.58 - - [11/Oct/2025:09:38:43 +0700] "POST /xmlrpc.php HTTP/1.1" 200 415 "-" "Mozilla/5.0 (Macintosh; Intel Mac OS X 14_1) AppleWebKit/605.1.15 (KHTML, like Gecko) Version/17.0 Safari/605.1.15"
162.158.108.51 - - [11/Oct/2025:09:38:47 +0700] "POST /xmlrpc.php HTTP/1.1" 200 415 "-" "Mozilla/5.0 (iPhone; CPU iPhone OS 17_2 like Mac OS X) AppleWebKit/605.1.15 (KHTML, like Gecko) Version/17.2 Mobile/15E148 Safari/604.1"
162.158.170.85 - - [11/Oct/2025:09:38:51 +0700] "POST /xmlrpc.php HTTP/1.1" 200 415 "-" "Mozilla/5.0 (Linux; Android 14; SM-S918B) AppleWebKit/537.36 (KHTML, like Gecko) Chrome/120.0.0.0 Mobile Safari/537.36"
172.70.92.201 - - [11/Oct/2025:09:38:55 +0700] "POST /xmlrpc.php HTTP/1.1" 200 415 "-" "Mozilla/5.0 (iPhone; CPU iPhone OS 17_2 like Mac OS X) AppleWebKit/605.1.15 (KHTML, like Gecko) Version/17.2 Mobile/15E148 Safari/604.1"
172.71.124.226 - - [11/Oct/2025:09:39:02 +0700] "POST /xmlrpc.php HTTP/1.1" 200 415 "-" "Mozilla/5.0 (Linux; Android 13; Pixel 7) AppleWebKit/537.36 (KHTML, like Gecko) Chrome/119.0.0.0 Mobile Safari/537.36"
162.158.189.213 - - [11/Oct/2025:09:39:07 +0700] "POST /xmlrpc.php HTTP/1.1" 200 415 "-" "Mozilla/5.0 (Windows NT 11.0; Win64; x64) AppleWebKit/537.36 (KHTML, like Gecko) Chrome/121.0.0.0 Safari/537.36"
162.158.163.210 - - [11/Oct/2025:09:39:13 +0700] "POST /xmlrpc.php HTTP/1.1" 200 415 "-" "Mozilla/5.0 (iPhone; CPU iPhone OS 17_1 like Mac OS X) AppleWebKit/605.1.15 (KHTML, like Gecko) Version/17.1 Mobile/15E148 Safari/604.1"
127.0.0.1 - - [11/Oct/2025:09:39:17 +0700] "POST /wp-cron.php?doing_wp_cron=1760150357.9188930988311767578125 HTTP/1.1" 200 5 "-" "WordPress/6.8.3; https://adila.co.id"
172.70.92.201 - - [11/Oct/2025:09:39:19 +0700] "POST /xmlrpc.php HTTP/1.1" 200 415 "-" "Mozilla/5.0 (Windows NT 10.0; Win64; x64) AppleWebKit/537.36 (KHTML, like Gecko) Chrome/120.0.0.0 Safari/537.36"
162.158.189.213 - - [11/Oct/2025:09:39:22 +0700] "GET /project/geothermal-power/ HTTP/1.1" 200 108428 "-" "Mozilla/5.0 (compatible; AhrefsBot/7.0; +http://ahrefs.com/robot/)"
172.71.81.51 - - [11/Oct/2025:09:39:26 +0700] "POST /xmlrpc.php HTTP/1.1" 200 415 "-" "Mozilla/5.0 (Windows NT 11.0; Win64; x64) AppleWebKit/537.36 (KHTML, like Gecko) Chrome/121.0.0.0 Safari/537.36"
104.23.175.81 - - [11/Oct/2025:09:39:34 +0700] "POST /xmlrpc.php HTTP/1.1" 200 415 "-" "Mozilla/5.0 (Windows NT 11.0; Win64; x64) AppleWebKit/537.36 (KHTML, like Gecko) Chrome/121.0.0.0 Safari/537.36"
172.71.81.51 - - [11/Oct/2025:09:39:40 +0700] "POST /xmlrpc.php HTTP/1.1" 200 415 "-" "Mozilla/5.0 (Windows NT 10.0; Win64; x64; rv:121.0) Gecko/20100101 Firefox/121.0"
162.158.106.100 - - [11/Oct/2025:09:39:45 +0700] "POST /xmlrpc.php HTTP/1.1" 200 415 "-" "Mozilla/5.0 (X11; Linux x86_64) AppleWebKit/537.36 (KHTML, like Gecko) Chrome/120.0.0.0 Safari/537.36"
162.158.163.210 - - [11/Oct/2025:09:39:46 +0700] "POST /wp-login.php HTTP/1.1" 200 6907 "-" "Mozilla/5.0"
162.158.88.160 - - [11/Oct/2025:09:39:54 +0700] "POST /xmlrpc.php HTTP/1.1" 200 415 "-" "Mozilla/5.0 (iPhone; CPU iPhone OS 17_2 like Mac OS X) AppleWebKit/605.1.15 (KHTML, like Gecko) Version/17.2 Mobile/15E148 Safari/604.1"
172.70.208.48 - - [11/Oct/2025:09:39:58 +0700] "POST /xmlrpc.php HTTP/1.1" 200 415 "-" "Mozilla/5.0 (Macintosh; Intel Mac OS X 14_2) AppleWebKit/537.36 (KHTML, like Gecko) Chrome/120.0.0.0 Safari/537.36"
127.0.0.1 - - [11/Oct/2025:09:40:04 +0700] "POST /wp-cron.php?doing_wp_cron=1760150404.2247459888458251953125 HTTP/1.1" 200 5 "-" "WordPress/6.8.3; https://adila.co.id"
104.23.175.81 - - [11/Oct/2025:09:40:04 +0700] "POST /xmlrpc.php HTTP/1.1" 200 415 "-" "Mozilla/5.0 (Windows NT 10.0; Win64; x64) AppleWebKit/537.36 (KHTML, like Gecko) Edge/119.0.2151.97"
172.71.124.226 - - [11/Oct/2025:09:40:11 +0700] "POST /xmlrpc.php HTTP/1.1" 200 415 "-" "Mozilla/5.0 (Windows NT 11.0; Win64; x64) AppleWebKit/537.36 (KHTML, like Gecko) Chrome/121.0.0.0 Safari/537.36"
127.0.0.1 - - [11/Oct/2025:09:46:40 +0700] "POST /wp-cron.php?doing_wp_cron=1760150800.8822190761566162109375 HTTP/1.1" 200 5 "-" "WordPress/6.8.3; https://adila.co.id"
172.70.208.49 - - [11/Oct/2025:09:46:41 +0700] "POST /wp-login.php HTTP/1.1" 200 6901 "-" "Mozilla/5.0"
127.0.0.1 - - [11/Oct/2025:09:53:21 +0700] "POST /wp-cron.php?doing_wp_cron=1760151201.1200900077819824218750 HTTP/1.1" 200 5 "-" "WordPress/6.8.3; https://adila.co.id"
172.70.92.201 - - [11/Oct/2025:09:53:23 +0700] "GET /2023/09/10/the-new-beverly-hills-development-by-foster-partner/ HTTP/1.1" 200 108136 "-" "Mozilla/5.0 (compatible; AhrefsBot/7.0; +http://ahrefs.com/robot/)"
172.70.208.48 - - [11/Oct/2025:09:53:33 +0700] "POST /wp-login.php HTTP/1.1" 200 6907 "-" "Mozilla/5.0"
104.23.175.59 - - [11/Oct/2025:09:57:09 +0700] "GET /wp-content/uploads/elementor/css/post-1735.css?ver=1760151203 HTTP/1.1" 200 2928 "-" "Mozilla/5.0 (compatible; AhrefsBot/7.0; +http://ahrefs.com/robot/)"
127.0.0.1 - - [11/Oct/2025:10:00:28 +0700] "POST /wp-cron.php?doing_wp_cron=1760151628.3529779911041259765625 HTTP/1.1" 200 5 "-" "WordPress/6.8.3; https://adila.co.id"
162.158.106.100 - - [11/Oct/2025:10:00:28 +0700] "POST /wp-login.php HTTP/1.1" 200 6907 "-" "Mozilla/5.0"
127.0.0.1 - - [11/Oct/2025:10:05:53 +0700] "POST /wp-cron.php?doing_wp_cron=1760151953.7313089370727539062500 HTTP/1.1" 200 5 "-" "WordPress/6.8.3; https://adila.co.id"
162.158.88.66 - - [11/Oct/2025:10:05:53 +0700] "GET /robots.txt HTTP/1.1" 200 273 "-" "Mozilla/5.0 (compatible; AhrefsBot/7.0; +http://ahrefs.com/robot/)"
172.69.176.9 - - [11/Oct/2025:10:06:08 +0700] "GET /2023/09/02/infrastructure-commission-seeks-three-new-senior-members-2/ HTTP/1.1" 200 108161 "-" "Mozilla/5.0 (compatible; AhrefsBot/7.0; +http://ahrefs.com/robot/)"
127.0.0.1 - - [11/Oct/2025:10:07:30 +0700] "POST /wp-cron.php?doing_wp_cron=1760152050.2189719676971435546875 HTTP/1.1" 200 5 "-" "WordPress/6.8.3; https://adila.co.id"
162.158.189.213 - - [11/Oct/2025:10:07:30 +0700] "POST /wp-login.php HTTP/1.1" 200 6907 "-" "Mozilla/5.0"
127.0.0.1 - - [11/Oct/2025:10:11:20 +0700] "POST /wp-cron.php?doing_wp_cron=1760152280.4127509593963623046875 HTTP/1.1" 200 5 "-" "WordPress/6.8.3; https://adila.co.id"
172.68.164.36 - - [11/Oct/2025:10:11:20 +0700] "POST /wp-login.php HTTP/1.1" 200 6901 "-" "Mozilla/5.0"
127.0.0.1 - - [11/Oct/2025:10:14:27 +0700] "POST /wp-cron.php?doing_wp_cron=1760152467.3328549861907958984375 HTTP/1.1" 200 5 "-" "WordPress/6.8.3; https://adila.co.id"
162.158.163.210 - - [11/Oct/2025:10:14:27 +0700] "POST /wp-login.php HTTP/1.1" 200 6901 "-" "Mozilla/5.0"
127.0.0.1 - - [11/Oct/2025:10:19:01 +0700] "POST /wp-cron.php?doing_wp_cron=1760152741.5909500122070312500000 HTTP/1.1" 200 5 "-" "WordPress/6.8.3; https://adila.co.id"
162.158.163.160 - - [11/Oct/2025:10:19:04 +0700] "GET /2023/09/10/irving-partnering-with-tc-energy-to-reduce-emissions-from-refinery/ HTTP/1.1" 200 108277 "-" "Mozilla/5.0 (compatible; AhrefsBot/7.0; +http://ahrefs.com/robot/)"
127.0.0.1 - - [11/Oct/2025:10:21:22 +0700] "POST /wp-cron.php?doing_wp_cron=1760152882.5087831020355224609375 HTTP/1.1" 200 5 "-" "WordPress/6.8.3; https://adila.co.id"
172.71.152.78 - - [11/Oct/2025:10:21:22 +0700] "POST /wp-login.php HTTP/1.1" 200 6907 "-" "Mozilla/5.0"
172.70.142.203 - - [11/Oct/2025:10:22:10 +0700] "GET /wp-content/uploads/elementor/css/post-1770.css?ver=1760152743 HTTP/1.1" 200 2928 "-" "Mozilla/5.0 (compatible; AhrefsBot/7.0; +http://ahrefs.com/robot/)"
127.0.0.1 - - [11/Oct/2025:10:28:15 +0700] "POST /wp-cron.php?doing_wp_cron=1760153295.8997919559478759765625 HTTP/1.1" 200 5 "-" "WordPress/6.8.3; https://adila.co.id"
162.158.88.160 - - [11/Oct/2025:10:28:16 +0700] "POST /wp-login.php HTTP/1.1" 200 6901 "-" "Mozilla/5.0"
127.0.0.1 - - [11/Oct/2025:10:33:08 +0700] "POST /wp-cron.php?doing_wp_cron=1760153588.4123730659484863281250 HTTP/1.1" 200 5 "-" "WordPress/6.8.3; https://adila.co.id"
162.158.88.161 - - [11/Oct/2025:10:33:10 +0700] "GET /feed/ HTTP/1.1" 304 0 "-" "Mozilla/5.0 (compatible; AhrefsBot/7.0; +http://ahrefs.com/robot/)"
127.0.0.1 - - [11/Oct/2025:10:35:11 +0700] "POST /wp-cron.php?doing_wp_cron=1760153711.4963281154632568359375 HTTP/1.1" 200 5 "-" "WordPress/6.8.3; https://adila.co.id"
104.23.175.79 - - [11/Oct/2025:10:35:11 +0700] "POST /wp-login.php HTTP/1.1" 200 6907 "-" "Mozilla/5.0"
127.0.0.1 - - [11/Oct/2025:10:39:21 +0700] "POST /wp-cron.php?doing_wp_cron=1760153961.4585499763488769531250 HTTP/1.1" 200 5 "-" "WordPress/6.8.3; https://adila.co.id"
162.158.170.85 - - [11/Oct/2025:10:39:21 +0700] "POST /wp-login.php/wp-login.php HTTP/1.1" 200 6872 "-" "Mozilla/5.0 (Windows NT 10.0; Win64; x64; rv:95.0) Gecko/20100101 Firefox/95.0"
127.0.0.1 - - [11/Oct/2025:10:42:01 +0700] "POST /wp-cron.php?doing_wp_cron=1760154121.3318419456481933593750 HTTP/1.1" 200 5 "-" "WordPress/6.8.3; https://adila.co.id"
172.70.92.200 - - [11/Oct/2025:10:42:01 +0700] "POST /wp-login.php HTTP/1.1" 200 6901 "-" "Mozilla/5.0"
127.0.0.1 - - [11/Oct/2025:10:45:45 +0700] "POST /wp-cron.php?doing_wp_cron=1760154345.4001541137695312500000 HTTP/1.1" 200 5 "-" "WordPress/6.8.3; https://adila.co.id"
162.158.106.156 - - [11/Oct/2025:10:45:47 +0700] "GET /gallery-video/ HTTP/1.1" 200 98567 "-" "Mozilla/5.0 (compatible; AhrefsBot/7.0; +http://ahrefs.com/robot/)"
127.0.0.1 - - [11/Oct/2025:10:48:47 +0700] "POST /wp-cron.php?doing_wp_cron=1760154527.3846299648284912109375 HTTP/1.1" 200 5 "-" "WordPress/6.8.3; https://adila.co.id"
172.69.176.9 - - [11/Oct/2025:10:48:47 +0700] "POST /wp-login.php HTTP/1.1" 200 6907 "-" "Mozilla/5.0"
172.70.92.201 - - [11/Oct/2025:10:48:53 +0700] "POST /wp-login.php HTTP/1.1" 200 6907 "-" "Mozilla/5.0"
127.0.0.1 - - [11/Oct/2025:10:55:45 +0700] "POST /wp-cron.php?doing_wp_cron=1760154945.0287990570068359375000 HTTP/1.1" 200 5 "-" "WordPress/6.8.3; https://adila.co.id"
162.158.170.99 - - [11/Oct/2025:10:55:45 +0700] "POST /wp-login.php HTTP/1.1" 200 6907 "-" "Mozilla/5.0"
127.0.0.1 - - [11/Oct/2025:10:57:49 +0700] "POST /wp-cron.php?doing_wp_cron=1760155069.2344980239868164062500 HTTP/1.1" 200 5 "-" "WordPress/6.8.3; https://adila.co.id"
162.158.189.237 - - [11/Oct/2025:10:57:52 +0700] "GET /project/multi-housing/ HTTP/1.1" 200 108409 "-" "Mozilla/5.0 (compatible; AhrefsBot/7.0; +http://ahrefs.com/robot/)"
104.23.175.131 - - [11/Oct/2025:11:02:07 +0700] "GET /wp-content/uploads/elementor/css/post-1369.css?ver=1760155071 HTTP/1.1" 200 10524 "-" "Mozilla/5.0 (compatible; AhrefsBot/7.0; +http://ahrefs.com/robot/)"
127.0.0.1 - - [11/Oct/2025:11:02:46 +0700] "POST /wp-cron.php?doing_wp_cron=1760155366.5945000648498535156250 HTTP/1.1" 200 5 "-" "WordPress/6.8.3; https://adila.co.id"
172.71.152.99 - - [11/Oct/2025:11:02:46 +0700] "POST /wp-login.php HTTP/1.1" 200 6901 "-" "Mozilla/5.0"
104.23.175.190 - - [11/Oct/2025:11:04:15 +0700] "GET //wp-includes/ID3/license.txt HTTP/1.1" 200 1396 "-" "Mozilla/5.0 (Windows NT 10.0; Win64; x64) AppleWebKit/537.36 (KHTML, like Gecko) Chrome/95.0.4638.69 Safari/537.36"
127.0.0.1 - - [11/Oct/2025:11:04:23 +0700] "POST /wp-cron.php?doing_wp_cron=1760155463.0327730178833007812500 HTTP/1.1" 200 5 "-" "WordPress/6.8.3; https://adila.co.id"
104.23.175.190 - - [11/Oct/2025:11:04:23 +0700] "GET //feed/ HTTP/1.1" 301 5 "-" "Mozilla/5.0 (Windows NT 10.0; Win64; x64) AppleWebKit/537.36 (KHTML, like Gecko) Chrome/95.0.4638.69 Safari/537.36"
104.23.175.190 - - [11/Oct/2025:11:04:26 +0700] "GET //xmlrpc.php?rsd HTTP/1.1" 200 792 "-" "Mozilla/5.0 (Windows NT 10.0; Win64; x64) AppleWebKit/537.36 (KHTML, like Gecko) Chrome/95.0.4638.69 Safari/537.36"
104.23.175.190 - - [11/Oct/2025:11:04:30 +0700] "GET //?author=1 HTTP/1.1" 301 5 "-" "Mozilla/5.0 (Windows NT 10.0; Win64; x64) AppleWebKit/537.36 (KHTML, like Gecko) Chrome/95.0.4638.69 Safari/537.36"
104.23.175.190 - - [11/Oct/2025:11:04:33 +0700] "GET //?author=2 HTTP/1.1" 301 5 "-" "Mozilla/5.0 (Windows NT 10.0; Win64; x64) AppleWebKit/537.36 (KHTML, like Gecko) Chrome/95.0.4638.69 Safari/537.36"
104.23.175.190 - - [11/Oct/2025:11:04:36 +0700] "GET //wp-json/wp/v2/users/ HTTP/1.1" 200 1510 "-" "Mozilla/5.0 (Windows NT 10.0; Win64; x64) AppleWebKit/537.36 (KHTML, like Gecko) Chrome/95.0.4638.69 Safari/537.36"
104.23.175.190 - - [11/Oct/2025:11:04:40 +0700] "POST //xmlrpc.php HTTP/1.1" 200 413 "-" "Mozilla/5.0 (Windows NT 10.0; Win64; x64) AppleWebKit/537.36 (KHTML, like Gecko) Chrome/95.0.4638.69 Safari/537.36"
104.23.175.190 - - [11/Oct/2025:11:04:44 +0700] "POST //xmlrpc.php HTTP/1.1" 200 413 "-" "Mozilla/5.0 (Windows NT 10.0; Win64; x64) AppleWebKit/537.36 (KHTML, like Gecko) Chrome/95.0.4638.69 Safari/537.36"
104.23.175.190 - - [11/Oct/2025:11:04:47 +0700] "POST //xmlrpc.php HTTP/1.1" 200 413 "-" "Mozilla/5.0 (Windows NT 10.0; Win64; x64) AppleWebKit/537.36 (KHTML, like Gecko) Chrome/95.0.4638.69 Safari/537.36"
104.23.175.190 - - [11/Oct/2025:11:04:50 +0700] "POST //xmlrpc.php HTTP/1.1" 200 413 "-" "Mozilla/5.0 (Windows NT 10.0; Win64; x64) AppleWebKit/537.36 (KHTML, like Gecko) Chrome/95.0.4638.69 Safari/537.36"
104.23.175.190 - - [11/Oct/2025:11:04:54 +0700] "POST //xmlrpc.php HTTP/1.1" 200 413 "-" "Mozilla/5.0 (Windows NT 10.0; Win64; x64) AppleWebKit/537.36 (KHTML, like Gecko) Chrome/95.0.4638.69 Safari/537.36"
104.23.175.190 - - [11/Oct/2025:11:05:00 +0700] "POST //xmlrpc.php HTTP/1.1" 200 413 "-" "Mozilla/5.0 (Windows NT 10.0; Win64; x64) AppleWebKit/537.36 (KHTML, like Gecko) Chrome/95.0.4638.69 Safari/537.36"
104.23.175.190 - - [11/Oct/2025:11:05:05 +0700] "POST //xmlrpc.php HTTP/1.1" 200 413 "-" "Mozilla/5.0 (Windows NT 10.0; Win64; x64) AppleWebKit/537.36 (KHTML, like Gecko) Chrome/95.0.4638.69 Safari/537.36"
104.23.175.190 - - [11/Oct/2025:11:05:09 +0700] "POST //xmlrpc.php HTTP/1.1" 200 413 "-" "Mozilla/5.0 (Windows NT 10.0; Win64; x64) AppleWebKit/537.36 (KHTML, like Gecko) Chrome/95.0.4638.69 Safari/537.36"
104.23.175.190 - - [11/Oct/2025:11:05:12 +0700] "POST //xmlrpc.php HTTP/1.1" 200 413 "-" "Mozilla/5.0 (Windows NT 10.0; Win64; x64) AppleWebKit/537.36 (KHTML, like Gecko) Chrome/95.0.4638.69 Safari/537.36"
104.23.175.190 - - [11/Oct/2025:11:05:15 +0700] "POST //xmlrpc.php HTTP/1.1" 200 413 "-" "Mozilla/5.0 (Windows NT 10.0; Win64; x64) AppleWebKit/537.36 (KHTML, like Gecko) Chrome/95.0.4638.69 Safari/537.36"
127.0.0.1 - - [11/Oct/2025:11:05:18 +0700] "POST /wp-cron.php?doing_wp_cron=1760155518.8767080307006835937500 HTTP/1.1" 200 5 "-" "WordPress/6.8.3; https://adila.co.id"
104.23.175.190 - - [11/Oct/2025:11:05:19 +0700] "POST //xmlrpc.php HTTP/1.1" 200 413 "-" "Mozilla/5.0 (Windows NT 10.0; Win64; x64) AppleWebKit/537.36 (KHTML, like Gecko) Chrome/95.0.4638.69 Safari/537.36"
104.23.175.190 - - [11/Oct/2025:11:05:23 +0700] "POST //xmlrpc.php HTTP/1.1" 200 413 "-" "Mozilla/5.0 (Windows NT 10.0; Win64; x64) AppleWebKit/537.36 (KHTML, like Gecko) Chrome/95.0.4638.69 Safari/537.36"
104.23.175.190 - - [11/Oct/2025:11:05:26 +0700] "POST //xmlrpc.php HTTP/1.1" 200 413 "-" "Mozilla/5.0 (Windows NT 10.0; Win64; x64) AppleWebKit/537.36 (KHTML, like Gecko) Chrome/95.0.4638.69 Safari/537.36"
104.23.175.190 - - [11/Oct/2025:11:05:30 +0700] "POST //xmlrpc.php HTTP/1.1" 200 413 "-" "Mozilla/5.0 (Windows NT 10.0; Win64; x64) AppleWebKit/537.36 (KHTML, like Gecko) Chrome/95.0.4638.69 Safari/537.36"
104.23.175.190 - - [11/Oct/2025:11:05:33 +0700] "POST //xmlrpc.php HTTP/1.1" 200 413 "-" "Mozilla/5.0 (Windows NT 10.0; Win64; x64) AppleWebKit/537.36 (KHTML, like Gecko) Chrome/95.0.4638.69 Safari/537.36"
104.23.175.190 - - [11/Oct/2025:11:05:36 +0700] "POST //xmlrpc.php HTTP/1.1" 200 413 "-" "Mozilla/5.0 (Windows NT 10.0; Win64; x64) AppleWebKit/537.36 (KHTML, like Gecko) Chrome/95.0.4638.69 Safari/537.36"
104.23.175.190 - - [11/Oct/2025:11:05:41 +0700] "POST //xmlrpc.php HTTP/1.1" 200 413 "-" "Mozilla/5.0 (Windows NT 10.0; Win64; x64) AppleWebKit/537.36 (KHTML, like Gecko) Chrome/95.0.4638.69 Safari/537.36"
104.23.175.190 - - [11/Oct/2025:11:05:45 +0700] "POST //xmlrpc.php HTTP/1.1" 200 413 "-" "Mozilla/5.0 (Windows NT 10.0; Win64; x64) AppleWebKit/537.36 (KHTML, like Gecko) Chrome/95.0.4638.69 Safari/537.36"
104.23.175.190 - - [11/Oct/2025:11:05:48 +0700] "POST //xmlrpc.php HTTP/1.1" 200 413 "-" "Mozilla/5.0 (Windows NT 10.0; Win64; x64) AppleWebKit/537.36 (KHTML, like Gecko) Chrome/95.0.4638.69 Safari/537.36"
104.23.175.190 - - [11/Oct/2025:11:05:56 +0700] "POST //xmlrpc.php HTTP/1.1" 200 413 "-" "Mozilla/5.0 (Windows NT 10.0; Win64; x64) AppleWebKit/537.36 (KHTML, like Gecko) Chrome/95.0.4638.69 Safari/537.36"
104.23.175.190 - - [11/Oct/2025:11:06:01 +0700] "POST //xmlrpc.php HTTP/1.1" 200 413 "-" "Mozilla/5.0 (Windows NT 10.0; Win64; x64) AppleWebKit/537.36 (KHTML, like Gecko) Chrome/95.0.4638.69 Safari/537.36"
104.23.175.190 - - [11/Oct/2025:11:06:08 +0700] "POST //xmlrpc.php HTTP/1.1" 200 413 "-" "Mozilla/5.0 (Windows NT 10.0; Win64; x64) AppleWebKit/537.36 (KHTML, like Gecko) Chrome/95.0.4638.69 Safari/537.36"
104.23.175.190 - - [11/Oct/2025:11:06:15 +0700] "POST //xmlrpc.php HTTP/1.1" 200 413 "-" "Mozilla/5.0 (Windows NT 10.0; Win64; x64) AppleWebKit/537.36 (KHTML, like Gecko) Chrome/95.0.4638.69 Safari/537.36"
127.0.0.1 - - [11/Oct/2025:11:06:20 +0700] "POST /wp-cron.php?doing_wp_cron=1760155580.7341020107269287109375 HTTP/1.1" 200 5 "-" "WordPress/6.8.3; https://adila.co.id"
104.23.175.190 - - [11/Oct/2025:11:06:21 +0700] "POST //xmlrpc.php HTTP/1.1" 200 413 "-" "Mozilla/5.0 (Windows NT 10.0; Win64; x64) AppleWebKit/537.36 (KHTML, like Gecko) Chrome/95.0.4638.69 Safari/537.36"
104.23.175.190 - - [11/Oct/2025:11:06:24 +0700] "POST //xmlrpc.php HTTP/1.1" 200 413 "-" "Mozilla/5.0 (Windows NT 10.0; Win64; x64) AppleWebKit/537.36 (KHTML, like Gecko) Chrome/95.0.4638.69 Safari/537.36"
104.23.175.190 - - [11/Oct/2025:11:06:28 +0700] "POST //xmlrpc.php HTTP/1.1" 200 413 "-" "Mozilla/5.0 (Windows NT 10.0; Win64; x64) AppleWebKit/537.36 (KHTML, like Gecko) Chrome/95.0.4638.69 Safari/537.36"
104.23.175.190 - - [11/Oct/2025:11:06:35 +0700] "POST //xmlrpc.php HTTP/1.1" 200 413 "-" "Mozilla/5.0 (Windows NT 10.0; Win64; x64) AppleWebKit/537.36 (KHTML, like Gecko) Chrome/95.0.4638.69 Safari/537.36"
104.23.175.190 - - [11/Oct/2025:11:06:38 +0700] "POST //xmlrpc.php HTTP/1.1" 200 413 "-" "Mozilla/5.0 (Windows NT 10.0; Win64; x64) AppleWebKit/537.36 (KHTML, like Gecko) Chrome/95.0.4638.69 Safari/537.36"
104.23.175.190 - - [11/Oct/2025:11:06:43 +0700] "POST //xmlrpc.php HTTP/1.1" 200 413 "-" "Mozilla/5.0 (Windows NT 10.0; Win64; x64) AppleWebKit/537.36 (KHTML, like Gecko) Chrome/95.0.4638.69 Safari/537.36"
104.23.175.190 - - [11/Oct/2025:11:06:47 +0700] "POST //xmlrpc.php HTTP/1.1" 200 413 "-" "Mozilla/5.0 (Windows NT 10.0; Win64; x64) AppleWebKit/537.36 (KHTML, like Gecko) Chrome/95.0.4638.69 Safari/537.36"
104.23.175.190 - - [11/Oct/2025:11:06:52 +0700] "POST //xmlrpc.php HTTP/1.1" 200 413 "-" "Mozilla/5.0 (Windows NT 10.0; Win64; x64) AppleWebKit/537.36 (KHTML, like Gecko) Chrome/95.0.4638.69 Safari/537.36"
104.23.175.190 - - [11/Oct/2025:11:07:02 +0700] "POST //xmlrpc.php HTTP/1.1" 200 413 "-" "Mozilla/5.0 (Windows NT 10.0; Win64; x64) AppleWebKit/537.36 (KHTML, like Gecko) Chrome/95.0.4638.69 Safari/537.36"
104.23.175.190 - - [11/Oct/2025:11:07:06 +0700] "POST //xmlrpc.php HTTP/1.1" 200 413 "-" "Mozilla/5.0 (Windows NT 10.0; Win64; x64) AppleWebKit/537.36 (KHTML, like Gecko) Chrome/95.0.4638.69 Safari/537.36"
104.23.175.190 - - [11/Oct/2025:11:07:11 +0700] "POST //xmlrpc.php HTTP/1.1" 200 413 "-" "Mozilla/5.0 (Windows NT 10.0; Win64; x64) AppleWebKit/537.36 (KHTML, like Gecko) Chrome/95.0.4638.69 Safari/537.36"
104.23.175.190 - - [11/Oct/2025:11:07:14 +0700] "POST //xmlrpc.php HTTP/1.1" 200 413 "-" "Mozilla/5.0 (Windows NT 10.0; Win64; x64) AppleWebKit/537.36 (KHTML, like Gecko) Chrome/95.0.4638.69 Safari/537.36"
127.0.0.1 - - [11/Oct/2025:11:07:19 +0700] "POST /wp-cron.php?doing_wp_cron=1760155639.0896339416503906250000 HTTP/1.1" 200 5 "-" "WordPress/6.8.3; https://adila.co.id"
104.23.175.190 - - [11/Oct/2025:11:07:19 +0700] "POST //xmlrpc.php HTTP/1.1" 200 413 "-" "Mozilla/5.0 (Windows NT 10.0; Win64; x64) AppleWebKit/537.36 (KHTML, like Gecko) Chrome/95.0.4638.69 Safari/537.36"
104.23.175.190 - - [11/Oct/2025:11:07:22 +0700] "POST //xmlrpc.php HTTP/1.1" 200 413 "-" "Mozilla/5.0 (Windows NT 10.0; Win64; x64) AppleWebKit/537.36 (KHTML, like Gecko) Chrome/95.0.4638.69 Safari/537.36"
104.23.175.190 - - [11/Oct/2025:11:07:26 +0700] "POST //xmlrpc.php HTTP/1.1" 200 413 "-" "Mozilla/5.0 (Windows NT 10.0; Win64; x64) AppleWebKit/537.36 (KHTML, like Gecko) Chrome/95.0.4638.69 Safari/537.36"
104.23.175.190 - - [11/Oct/2025:11:07:29 +0700] "POST //xmlrpc.php HTTP/1.1" 200 413 "-" "Mozilla/5.0 (Windows NT 10.0; Win64; x64) AppleWebKit/537.36 (KHTML, like Gecko) Chrome/95.0.4638.69 Safari/537.36"
104.23.175.190 - - [11/Oct/2025:11:07:34 +0700] "POST //xmlrpc.php HTTP/1.1" 200 413 "-" "Mozilla/5.0 (Windows NT 10.0; Win64; x64) AppleWebKit/537.36 (KHTML, like Gecko) Chrome/95.0.4638.69 Safari/537.36"
104.23.175.190 - - [11/Oct/2025:11:07:38 +0700] "POST //xmlrpc.php HTTP/1.1" 200 413 "-" "Mozilla/5.0 (Windows NT 10.0; Win64; x64) AppleWebKit/537.36 (KHTML, like Gecko) Chrome/95.0.4638.69 Safari/537.36"
104.23.175.190 - - [11/Oct/2025:11:07:44 +0700] "POST //xmlrpc.php HTTP/1.1" 200 413 "-" "Mozilla/5.0 (Windows NT 10.0; Win64; x64) AppleWebKit/537.36 (KHTML, like Gecko) Chrome/95.0.4638.69 Safari/537.36"
104.23.175.190 - - [11/Oct/2025:11:07:48 +0700] "POST //xmlrpc.php HTTP/1.1" 200 413 "-" "Mozilla/5.0 (Windows NT 10.0; Win64; x64) AppleWebKit/537.36 (KHTML, like Gecko) Chrome/95.0.4638.69 Safari/537.36"
104.23.175.190 - - [11/Oct/2025:11:07:54 +0700] "POST //xmlrpc.php HTTP/1.1" 200 413 "-" "Mozilla/5.0 (Windows NT 10.0; Win64; x64) AppleWebKit/537.36 (KHTML, like Gecko) Chrome/95.0.4638.69 Safari/537.36"
104.23.175.190 - - [11/Oct/2025:11:08:01 +0700] "POST //xmlrpc.php HTTP/1.1" 200 413 "-" "Mozilla/5.0 (Windows NT 10.0; Win64; x64) AppleWebKit/537.36 (KHTML, like Gecko) Chrome/95.0.4638.69 Safari/537.36"
104.23.175.190 - - [11/Oct/2025:11:08:08 +0700] "POST //xmlrpc.php HTTP/1.1" 200 413 "-" "Mozilla/5.0 (Windows NT 10.0; Win64; x64) AppleWebKit/537.36 (KHTML, like Gecko) Chrome/95.0.4638.69 Safari/537.36"
104.23.175.190 - - [11/Oct/2025:11:08:13 +0700] "POST //xmlrpc.php HTTP/1.1" 200 413 "-" "Mozilla/5.0 (Windows NT 10.0; Win64; x64) AppleWebKit/537.36 (KHTML, like Gecko) Chrome/95.0.4638.69 Safari/537.36"
127.0.0.1 - - [11/Oct/2025:11:08:16 +0700] "POST /wp-cron.php?doing_wp_cron=1760155696.9048330783843994140625 HTTP/1.1" 200 5 "-" "WordPress/6.8.3; https://adila.co.id"
104.23.175.190 - - [11/Oct/2025:11:08:17 +0700] "POST //xmlrpc.php HTTP/1.1" 200 413 "-" "Mozilla/5.0 (Windows NT 10.0; Win64; x64) AppleWebKit/537.36 (KHTML, like Gecko) Chrome/95.0.4638.69 Safari/537.36"
104.23.175.190 - - [11/Oct/2025:11:08:21 +0700] "POST //xmlrpc.php HTTP/1.1" 200 413 "-" "Mozilla/5.0 (Windows NT 10.0; Win64; x64) AppleWebKit/537.36 (KHTML, like Gecko) Chrome/95.0.4638.69 Safari/537.36"
104.23.175.190 - - [11/Oct/2025:11:08:25 +0700] "POST //xmlrpc.php HTTP/1.1" 200 413 "-" "Mozilla/5.0 (Windows NT 10.0; Win64; x64) AppleWebKit/537.36 (KHTML, like Gecko) Chrome/95.0.4638.69 Safari/537.36"
104.23.175.190 - - [11/Oct/2025:11:08:29 +0700] "POST //xmlrpc.php HTTP/1.1" 200 413 "-" "Mozilla/5.0 (Windows NT 10.0; Win64; x64) AppleWebKit/537.36 (KHTML, like Gecko) Chrome/95.0.4638.69 Safari/537.36"
104.23.175.190 - - [11/Oct/2025:11:08:34 +0700] "POST //xmlrpc.php HTTP/1.1" 200 413 "-" "Mozilla/5.0 (Windows NT 10.0; Win64; x64) AppleWebKit/537.36 (KHTML, like Gecko) Chrome/95.0.4638.69 Safari/537.36"
104.23.175.190 - - [11/Oct/2025:11:08:38 +0700] "POST //xmlrpc.php HTTP/1.1" 200 413 "-" "Mozilla/5.0 (Windows NT 10.0; Win64; x64) AppleWebKit/537.36 (KHTML, like Gecko) Chrome/95.0.4638.69 Safari/537.36"
104.23.175.190 - - [11/Oct/2025:11:08:42 +0700] "POST //xmlrpc.php HTTP/1.1" 200 413 "-" "Mozilla/5.0 (Windows NT 10.0; Win64; x64) AppleWebKit/537.36 (KHTML, like Gecko) Chrome/95.0.4638.69 Safari/537.36"
104.23.175.190 - - [11/Oct/2025:11:08:46 +0700] "POST //xmlrpc.php HTTP/1.1" 200 413 "-" "Mozilla/5.0 (Windows NT 10.0; Win64; x64) AppleWebKit/537.36 (KHTML, like Gecko) Chrome/95.0.4638.69 Safari/537.36"
104.23.175.190 - - [11/Oct/2025:11:08:49 +0700] "POST //xmlrpc.php HTTP/1.1" 200 413 "-" "Mozilla/5.0 (Windows NT 10.0; Win64; x64) AppleWebKit/537.36 (KHTML, like Gecko) Chrome/95.0.4638.69 Safari/537.36"
104.23.175.190 - - [11/Oct/2025:11:08:53 +0700] "POST //xmlrpc.php HTTP/1.1" 200 413 "-" "Mozilla/5.0 (Windows NT 10.0; Win64; x64) AppleWebKit/537.36 (KHTML, like Gecko) Chrome/95.0.4638.69 Safari/537.36"
104.23.175.190 - - [11/Oct/2025:11:08:56 +0700] "POST //xmlrpc.php HTTP/1.1" 200 413 "-" "Mozilla/5.0 (Windows NT 10.0; Win64; x64) AppleWebKit/537.36 (KHTML, like Gecko) Chrome/95.0.4638.69 Safari/537.36"
104.23.175.190 - - [11/Oct/2025:11:09:00 +0700] "POST //xmlrpc.php HTTP/1.1" 200 413 "-" "Mozilla/5.0 (Windows NT 10.0; Win64; x64) AppleWebKit/537.36 (KHTML, like Gecko) Chrome/95.0.4638.69 Safari/537.36"
104.23.175.190 - - [11/Oct/2025:11:09:05 +0700] "POST //xmlrpc.php HTTP/1.1" 200 413 "-" "Mozilla/5.0 (Windows NT 10.0; Win64; x64) AppleWebKit/537.36 (KHTML, like Gecko) Chrome/95.0.4638.69 Safari/537.36"
104.23.175.190 - - [11/Oct/2025:11:09:14 +0700] "POST //xmlrpc.php HTTP/1.1" 200 413 "-" "Mozilla/5.0 (Windows NT 10.0; Win64; x64) AppleWebKit/537.36 (KHTML, like Gecko) Chrome/95.0.4638.69 Safari/537.36"
127.0.0.1 - - [11/Oct/2025:11:09:23 +0700] "POST /wp-cron.php?doing_wp_cron=1760155763.8081259727478027343750 HTTP/1.1" 200 5 "-" "WordPress/6.8.3; https://adila.co.id"
104.23.175.190 - - [11/Oct/2025:11:09:24 +0700] "POST //xmlrpc.php HTTP/1.1" 200 413 "-" "Mozilla/5.0 (Windows NT 10.0; Win64; x64) AppleWebKit/537.36 (KHTML, like Gecko) Chrome/95.0.4638.69 Safari/537.36"
104.23.175.190 - - [11/Oct/2025:11:09:29 +0700] "POST //xmlrpc.php HTTP/1.1" 200 413 "-" "Mozilla/5.0 (Windows NT 10.0; Win64; x64) AppleWebKit/537.36 (KHTML, like Gecko) Chrome/95.0.4638.69 Safari/537.36"
104.23.175.190 - - [11/Oct/2025:11:09:34 +0700] "POST //xmlrpc.php HTTP/1.1" 200 413 "-" "Mozilla/5.0 (Windows NT 10.0; Win64; x64) AppleWebKit/537.36 (KHTML, like Gecko) Chrome/95.0.4638.69 Safari/537.36"
104.23.175.190 - - [11/Oct/2025:11:09:39 +0700] "POST //xmlrpc.php HTTP/1.1" 200 413 "-" "Mozilla/5.0 (Windows NT 10.0; Win64; x64) AppleWebKit/537.36 (KHTML, like Gecko) Chrome/95.0.4638.69 Safari/537.36"
172.71.152.52 - - [11/Oct/2025:11:09:43 +0700] "POST /wp-login.php HTTP/1.1" 200 6907 "-" "Mozilla/5.0"
104.23.175.190 - - [11/Oct/2025:11:09:44 +0700] "POST //xmlrpc.php HTTP/1.1" 200 413 "-" "Mozilla/5.0 (Windows NT 10.0; Win64; x64) AppleWebKit/537.36 (KHTML, like Gecko) Chrome/95.0.4638.69 Safari/537.36"
104.23.175.190 - - [11/Oct/2025:11:09:49 +0700] "POST //xmlrpc.php HTTP/1.1" 200 413 "-" "Mozilla/5.0 (Windows NT 10.0; Win64; x64) AppleWebKit/537.36 (KHTML, like Gecko) Chrome/95.0.4638.69 Safari/537.36"
104.23.175.190 - - [11/Oct/2025:11:09:54 +0700] "POST //xmlrpc.php HTTP/1.1" 200 413 "-" "Mozilla/5.0 (Windows NT 10.0; Win64; x64) AppleWebKit/537.36 (KHTML, like Gecko) Chrome/95.0.4638.69 Safari/537.36"
104.23.175.190 - - [11/Oct/2025:11:09:58 +0700] "POST //xmlrpc.php HTTP/1.1" 200 413 "-" "Mozilla/5.0 (Windows NT 10.0; Win64; x64) AppleWebKit/537.36 (KHTML, like Gecko) Chrome/95.0.4638.69 Safari/537.36"
127.0.0.1 - - [11/Oct/2025:11:10:02 +0700] "POST /wp-cron.php?doing_wp_cron=1760155802.4174790382385253906250 HTTP/1.1" 200 5 "-" "WordPress/6.8.3; https://adila.co.id"
104.23.175.190 - - [11/Oct/2025:11:10:02 +0700] "POST //xmlrpc.php HTTP/1.1" 200 413 "-" "Mozilla/5.0 (Windows NT 10.0; Win64; x64) AppleWebKit/537.36 (KHTML, like Gecko) Chrome/95.0.4638.69 Safari/537.36"
104.23.175.190 - - [11/Oct/2025:11:10:09 +0700] "POST //xmlrpc.php HTTP/1.1" 200 413 "-" "Mozilla/5.0 (Windows NT 10.0; Win64; x64) AppleWebKit/537.36 (KHTML, like Gecko) Chrome/95.0.4638.69 Safari/537.36"
104.23.175.190 - - [11/Oct/2025:11:10:14 +0700] "POST //xmlrpc.php HTTP/1.1" 200 413 "-" "Mozilla/5.0 (Windows NT 10.0; Win64; x64) AppleWebKit/537.36 (KHTML, like Gecko) Chrome/95.0.4638.69 Safari/537.36"
172.71.124.227 - - [11/Oct/2025:11:10:14 +0700] "GET /project/corporate-center-point/ HTTP/1.1" 200 108461 "-" "Mozilla/5.0 (compatible; AhrefsBot/7.0; +http://ahrefs.com/robot/)"
127.0.0.1 - - [11/Oct/2025:11:10:17 +0700] "POST /wp-cron.php?doing_wp_cron=1760155817.6167809963226318359375 HTTP/1.1" 200 5 "-" "WordPress/6.8.3; https://adila.co.id"
104.23.175.190 - - [11/Oct/2025:11:10:17 +0700] "POST //xmlrpc.php HTTP/1.1" 200 413 "-" "Mozilla/5.0 (Windows NT 10.0; Win64; x64) AppleWebKit/537.36 (KHTML, like Gecko) Chrome/95.0.4638.69 Safari/537.36"
104.23.175.190 - - [11/Oct/2025:11:10:22 +0700] "POST //xmlrpc.php HTTP/1.1" 200 413 "-" "Mozilla/5.0 (Windows NT 10.0; Win64; x64) AppleWebKit/537.36 (KHTML, like Gecko) Chrome/95.0.4638.69 Safari/537.36"
104.23.175.190 - - [11/Oct/2025:11:10:27 +0700] "POST //xmlrpc.php HTTP/1.1" 200 413 "-" "Mozilla/5.0 (Windows NT 10.0; Win64; x64) AppleWebKit/537.36 (KHTML, like Gecko) Chrome/95.0.4638.69 Safari/537.36"
104.23.175.190 - - [11/Oct/2025:11:10:31 +0700] "POST //xmlrpc.php HTTP/1.1" 200 413 "-" "Mozilla/5.0 (Windows NT 10.0; Win64; x64) AppleWebKit/537.36 (KHTML, like Gecko) Chrome/95.0.4638.69 Safari/537.36"
104.23.175.190 - - [11/Oct/2025:11:10:35 +0700] "POST //xmlrpc.php HTTP/1.1" 200 413 "-" "Mozilla/5.0 (Windows NT 10.0; Win64; x64) AppleWebKit/537.36 (KHTML, like Gecko) Chrome/95.0.4638.69 Safari/537.36"
104.23.175.190 - - [11/Oct/2025:11:10:38 +0700] "POST //xmlrpc.php HTTP/1.1" 200 413 "-" "Mozilla/5.0 (Windows NT 10.0; Win64; x64) AppleWebKit/537.36 (KHTML, like Gecko) Chrome/95.0.4638.69 Safari/537.36"
104.23.175.190 - - [11/Oct/2025:11:10:42 +0700] "POST //xmlrpc.php HTTP/1.1" 200 413 "-" "Mozilla/5.0 (Windows NT 10.0; Win64; x64) AppleWebKit/537.36 (KHTML, like Gecko) Chrome/95.0.4638.69 Safari/537.36"
104.23.175.190 - - [11/Oct/2025:11:10:46 +0700] "POST //xmlrpc.php HTTP/1.1" 200 413 "-" "Mozilla/5.0 (Windows NT 10.0; Win64; x64) AppleWebKit/537.36 (KHTML, like Gecko) Chrome/95.0.4638.69 Safari/537.36"
104.23.175.190 - - [11/Oct/2025:11:10:50 +0700] "POST //xmlrpc.php HTTP/1.1" 200 413 "-" "Mozilla/5.0 (Windows NT 10.0; Win64; x64) AppleWebKit/537.36 (KHTML, like Gecko) Chrome/95.0.4638.69 Safari/537.36"
104.23.175.190 - - [11/Oct/2025:11:10:54 +0700] "POST //xmlrpc.php HTTP/1.1" 200 413 "-" "Mozilla/5.0 (Windows NT 10.0; Win64; x64) AppleWebKit/537.36 (KHTML, like Gecko) Chrome/95.0.4638.69 Safari/537.36"
104.23.175.190 - - [11/Oct/2025:11:10:59 +0700] "POST //xmlrpc.php HTTP/1.1" 200 413 "-" "Mozilla/5.0 (Windows NT 10.0; Win64; x64) AppleWebKit/537.36 (KHTML, like Gecko) Chrome/95.0.4638.69 Safari/537.36"
104.23.175.190 - - [11/Oct/2025:11:11:04 +0700] "POST //xmlrpc.php HTTP/1.1" 200 413 "-" "Mozilla/5.0 (Windows NT 10.0; Win64; x64) AppleWebKit/537.36 (KHTML, like Gecko) Chrome/95.0.4638.69 Safari/537.36"
104.23.175.190 - - [11/Oct/2025:11:11:10 +0700] "POST //xmlrpc.php HTTP/1.1" 200 413 "-" "Mozilla/5.0 (Windows NT 10.0; Win64; x64) AppleWebKit/537.36 (KHTML, like Gecko) Chrome/95.0.4638.69 Safari/537.36"
127.0.0.1 - - [11/Oct/2025:11:11:16 +0700] "POST /wp-cron.php?doing_wp_cron=1760155876.4246730804443359375000 HTTP/1.1" 200 5 "-" "WordPress/6.8.3; https://adila.co.id"
104.23.175.190 - - [11/Oct/2025:11:11:17 +0700] "POST //xmlrpc.php HTTP/1.1" 200 413 "-" "Mozilla/5.0 (Windows NT 10.0; Win64; x64) AppleWebKit/537.36 (KHTML, like Gecko) Chrome/95.0.4638.69 Safari/537.36"
104.23.175.190 - - [11/Oct/2025:11:11:23 +0700] "POST //xmlrpc.php HTTP/1.1" 200 413 "-" "Mozilla/5.0 (Windows NT 10.0; Win64; x64) AppleWebKit/537.36 (KHTML, like Gecko) Chrome/95.0.4638.69 Safari/537.36"
104.23.175.190 - - [11/Oct/2025:11:11:26 +0700] "POST //xmlrpc.php HTTP/1.1" 200 413 "-" "Mozilla/5.0 (Windows NT 10.0; Win64; x64) AppleWebKit/537.36 (KHTML, like Gecko) Chrome/95.0.4638.69 Safari/537.36"
104.23.175.190 - - [11/Oct/2025:11:11:30 +0700] "POST //xmlrpc.php HTTP/1.1" 200 413 "-" "Mozilla/5.0 (Windows NT 10.0; Win64; x64) AppleWebKit/537.36 (KHTML, like Gecko) Chrome/95.0.4638.69 Safari/537.36"
104.23.175.190 - - [11/Oct/2025:11:11:33 +0700] "POST //xmlrpc.php HTTP/1.1" 200 413 "-" "Mozilla/5.0 (Windows NT 10.0; Win64; x64) AppleWebKit/537.36 (KHTML, like Gecko) Chrome/95.0.4638.69 Safari/537.36"
104.23.175.190 - - [11/Oct/2025:11:11:36 +0700] "POST //xmlrpc.php HTTP/1.1" 200 413 "-" "Mozilla/5.0 (Windows NT 10.0; Win64; x64) AppleWebKit/537.36 (KHTML, like Gecko) Chrome/95.0.4638.69 Safari/537.36"
104.23.175.190 - - [11/Oct/2025:11:11:40 +0700] "POST //xmlrpc.php HTTP/1.1" 200 413 "-" "Mozilla/5.0 (Windows NT 10.0; Win64; x64) AppleWebKit/537.36 (KHTML, like Gecko) Chrome/95.0.4638.69 Safari/537.36"
104.23.175.190 - - [11/Oct/2025:11:11:43 +0700] "POST //xmlrpc.php HTTP/1.1" 200 413 "-" "Mozilla/5.0 (Windows NT 10.0; Win64; x64) AppleWebKit/537.36 (KHTML, like Gecko) Chrome/95.0.4638.69 Safari/537.36"
104.23.175.190 - - [11/Oct/2025:11:11:46 +0700] "POST //xmlrpc.php HTTP/1.1" 200 413 "-" "Mozilla/5.0 (Windows NT 10.0; Win64; x64) AppleWebKit/537.36 (KHTML, like Gecko) Chrome/95.0.4638.69 Safari/537.36"
104.23.175.190 - - [11/Oct/2025:11:11:50 +0700] "POST //xmlrpc.php HTTP/1.1" 200 413 "-" "Mozilla/5.0 (Windows NT 10.0; Win64; x64) AppleWebKit/537.36 (KHTML, like Gecko) Chrome/95.0.4638.69 Safari/537.36"
104.23.175.190 - - [11/Oct/2025:11:11:53 +0700] "POST //xmlrpc.php HTTP/1.1" 200 413 "-" "Mozilla/5.0 (Windows NT 10.0; Win64; x64) AppleWebKit/537.36 (KHTML, like Gecko) Chrome/95.0.4638.69 Safari/537.36"
104.23.175.190 - - [11/Oct/2025:11:11:58 +0700] "POST //xmlrpc.php HTTP/1.1" 200 413 "-" "Mozilla/5.0 (Windows NT 10.0; Win64; x64) AppleWebKit/537.36 (KHTML, like Gecko) Chrome/95.0.4638.69 Safari/537.36"
104.23.175.190 - - [11/Oct/2025:11:12:02 +0700] "POST //xmlrpc.php HTTP/1.1" 200 413 "-" "Mozilla/5.0 (Windows NT 10.0; Win64; x64) AppleWebKit/537.36 (KHTML, like Gecko) Chrome/95.0.4638.69 Safari/537.36"
104.23.175.190 - - [11/Oct/2025:11:12:06 +0700] "POST //xmlrpc.php HTTP/1.1" 200 413 "-" "Mozilla/5.0 (Windows NT 10.0; Win64; x64) AppleWebKit/537.36 (KHTML, like Gecko) Chrome/95.0.4638.69 Safari/537.36"
104.23.175.190 - - [11/Oct/2025:11:12:15 +0700] "POST //xmlrpc.php HTTP/1.1" 200 413 "-" "Mozilla/5.0 (Windows NT 10.0; Win64; x64) AppleWebKit/537.36 (KHTML, like Gecko) Chrome/95.0.4638.69 Safari/537.36"
127.0.0.1 - - [11/Oct/2025:11:12:20 +0700] "POST /wp-cron.php?doing_wp_cron=1760155940.4488389492034912109375 HTTP/1.1" 200 5 "-" "WordPress/6.8.3; https://adila.co.id"
104.23.175.190 - - [11/Oct/2025:11:12:20 +0700] "POST //xmlrpc.php HTTP/1.1" 200 413 "-" "Mozilla/5.0 (Windows NT 10.0; Win64; x64) AppleWebKit/537.36 (KHTML, like Gecko) Chrome/95.0.4638.69 Safari/537.36"
104.23.175.190 - - [11/Oct/2025:11:12:25 +0700] "POST //xmlrpc.php HTTP/1.1" 200 413 "-" "Mozilla/5.0 (Windows NT 10.0; Win64; x64) AppleWebKit/537.36 (KHTML, like Gecko) Chrome/95.0.4638.69 Safari/537.36"
104.23.175.190 - - [11/Oct/2025:11:12:28 +0700] "POST //xmlrpc.php HTTP/1.1" 200 413 "-" "Mozilla/5.0 (Windows NT 10.0; Win64; x64) AppleWebKit/537.36 (KHTML, like Gecko) Chrome/95.0.4638.69 Safari/537.36"
104.23.175.190 - - [11/Oct/2025:11:12:34 +0700] "POST //xmlrpc.php HTTP/1.1" 200 413 "-" "Mozilla/5.0 (Windows NT 10.0; Win64; x64) AppleWebKit/537.36 (KHTML, like Gecko) Chrome/95.0.4638.69 Safari/537.36"
104.23.175.190 - - [11/Oct/2025:11:12:42 +0700] "POST //xmlrpc.php HTTP/1.1" 200 413 "-" "Mozilla/5.0 (Windows NT 10.0; Win64; x64) AppleWebKit/537.36 (KHTML, like Gecko) Chrome/95.0.4638.69 Safari/537.36"
162.158.88.61 - - [11/Oct/2025:11:12:43 +0700] "GET /wp-content/uploads/elementor/css/post-2076.css?ver=1760155814 HTTP/1.1" 200 10524 "-" "Mozilla/5.0 (compatible; AhrefsBot/7.0; +http://ahrefs.com/robot/)"
104.23.175.190 - - [11/Oct/2025:11:12:47 +0700] "POST //xmlrpc.php HTTP/1.1" 200 413 "-" "Mozilla/5.0 (Windows NT 10.0; Win64; x64) AppleWebKit/537.36 (KHTML, like Gecko) Chrome/95.0.4638.69 Safari/537.36"
104.23.175.190 - - [11/Oct/2025:11:12:52 +0700] "POST //xmlrpc.php HTTP/1.1" 200 413 "-" "Mozilla/5.0 (Windows NT 10.0; Win64; x64) AppleWebKit/537.36 (KHTML, like Gecko) Chrome/95.0.4638.69 Safari/537.36"
104.23.175.190 - - [11/Oct/2025:11:12:56 +0700] "POST //xmlrpc.php HTTP/1.1" 200 413 "-" "Mozilla/5.0 (Windows NT 10.0; Win64; x64) AppleWebKit/537.36 (KHTML, like Gecko) Chrome/95.0.4638.69 Safari/537.36"
104.23.175.190 - - [11/Oct/2025:11:13:00 +0700] "POST //xmlrpc.php HTTP/1.1" 200 413 "-" "Mozilla/5.0 (Windows NT 10.0; Win64; x64) AppleWebKit/537.36 (KHTML, like Gecko) Chrome/95.0.4638.69 Safari/537.36"
104.23.175.190 - - [11/Oct/2025:11:13:06 +0700] "POST //xmlrpc.php HTTP/1.1" 200 413 "-" "Mozilla/5.0 (Windows NT 10.0; Win64; x64) AppleWebKit/537.36 (KHTML, like Gecko) Chrome/95.0.4638.69 Safari/537.36"
104.23.175.190 - - [11/Oct/2025:11:13:11 +0700] "POST //xmlrpc.php HTTP/1.1" 200 413 "-" "Mozilla/5.0 (Windows NT 10.0; Win64; x64) AppleWebKit/537.36 (KHTML, like Gecko) Chrome/95.0.4638.69 Safari/537.36"
104.23.175.190 - - [11/Oct/2025:11:13:15 +0700] "POST //xmlrpc.php HTTP/1.1" 200 413 "-" "Mozilla/5.0 (Windows NT 10.0; Win64; x64) AppleWebKit/537.36 (KHTML, like Gecko) Chrome/95.0.4638.69 Safari/537.36"
127.0.0.1 - - [11/Oct/2025:11:13:22 +0700] "POST /wp-cron.php?doing_wp_cron=1760156002.9122738838195800781250 HTTP/1.1" 200 5 "-" "WordPress/6.8.3; https://adila.co.id"
104.23.175.190 - - [11/Oct/2025:11:13:23 +0700] "POST //xmlrpc.php HTTP/1.1" 200 413 "-" "Mozilla/5.0 (Windows NT 10.0; Win64; x64) AppleWebKit/537.36 (KHTML, like Gecko) Chrome/95.0.4638.69 Safari/537.36"
104.23.175.190 - - [11/Oct/2025:11:13:28 +0700] "POST //xmlrpc.php HTTP/1.1" 200 413 "-" "Mozilla/5.0 (Windows NT 10.0; Win64; x64) AppleWebKit/537.36 (KHTML, like Gecko) Chrome/95.0.4638.69 Safari/537.36"
104.23.175.190 - - [11/Oct/2025:11:13:32 +0700] "POST //xmlrpc.php HTTP/1.1" 200 413 "-" "Mozilla/5.0 (Windows NT 10.0; Win64; x64) AppleWebKit/537.36 (KHTML, like Gecko) Chrome/95.0.4638.69 Safari/537.36"
104.23.175.190 - - [11/Oct/2025:11:13:36 +0700] "POST //xmlrpc.php HTTP/1.1" 200 413 "-" "Mozilla/5.0 (Windows NT 10.0; Win64; x64) AppleWebKit/537.36 (KHTML, like Gecko) Chrome/95.0.4638.69 Safari/537.36"
104.23.175.190 - - [11/Oct/2025:11:13:41 +0700] "POST //xmlrpc.php HTTP/1.1" 200 413 "-" "Mozilla/5.0 (Windows NT 10.0; Win64; x64) AppleWebKit/537.36 (KHTML, like Gecko) Chrome/95.0.4638.69 Safari/537.36"
