128.199.94.30 - - [11/Oct/2025:14:10:53 +0700] "POST //xmlrpc.php HTTP/1.1" 200 459 "-" "Mozilla/5.0 (Windows NT 10.0; Win64; x64) AppleWebKit/537.36 (KHTML, like Gecko) Chrome/95.0.4638.69 Safari/537.36"
128.199.94.30 - - [11/Oct/2025:14:11:00 +0700] "POST //xmlrpc.php HTTP/1.1" 200 459 "-" "Mozilla/5.0 (Windows NT 10.0; Win64; x64) AppleWebKit/537.36 (KHTML, like Gecko) Chrome/95.0.4638.69 Safari/537.36"
178.128.86.151 - - [11/Oct/2025:14:11:05 +0700] "POST /wp-cron.php?doing_wp_cron=1760166665.8823881149291992187500 HTTP/1.1" 200 31 "-" "WordPress/6.7.2; https://dailytaxconsulting.com"
128.199.94.30 - - [11/Oct/2025:14:11:06 +0700] "POST //xmlrpc.php HTTP/1.1" 200 459 "-" "Mozilla/5.0 (Windows NT 10.0; Win64; x64) AppleWebKit/537.36 (KHTML, like Gecko) Chrome/95.0.4638.69 Safari/537.36"
128.199.94.30 - - [11/Oct/2025:14:11:13 +0700] "POST //xmlrpc.php HTTP/1.1" 200 459 "-" "Mozilla/5.0 (Windows NT 10.0; Win64; x64) AppleWebKit/537.36 (KHTML, like Gecko) Chrome/95.0.4638.69 Safari/537.36"
178.128.86.151 - - [11/Oct/2025:14:11:13 +0700] "POST /wp-admin/admin-ajax.php?action=async_litespeed&nonce=KemDYJMvDACeTjdAMrM0SCEnfLButPMK&litespeed_type=imgoptm HTTP/1.1" 499 0 "-" "WordPress/6.7.2; https://dailytaxconsulting.com"
128.199.94.30 - - [11/Oct/2025:14:11:19 +0700] "POST //xmlrpc.php HTTP/1.1" 200 459 "-" "Mozilla/5.0 (Windows NT 10.0; Win64; x64) AppleWebKit/537.36 (KHTML, like Gecko) Chrome/95.0.4638.69 Safari/537.36"
128.199.94.30 - - [11/Oct/2025:14:11:25 +0700] "POST //xmlrpc.php HTTP/1.1" 200 459 "-" "Mozilla/5.0 (Windows NT 10.0; Win64; x64) AppleWebKit/537.36 (KHTML, like Gecko) Chrome/95.0.4638.69 Safari/537.36"
128.199.94.30 - - [11/Oct/2025:14:11:31 +0700] "POST //xmlrpc.php HTTP/1.1" 200 459 "-" "Mozilla/5.0 (Windows NT 10.0; Win64; x64) AppleWebKit/537.36 (KHTML, like Gecko) Chrome/95.0.4638.69 Safari/537.36"
128.199.94.30 - - [11/Oct/2025:14:11:37 +0700] "POST //xmlrpc.php HTTP/1.1" 200 459 "-" "Mozilla/5.0 (Windows NT 10.0; Win64; x64) AppleWebKit/537.36 (KHTML, like Gecko) Chrome/95.0.4638.69 Safari/537.36"
128.199.94.30 - - [11/Oct/2025:14:11:42 +0700] "POST //xmlrpc.php HTTP/1.1" 200 459 "-" "Mozilla/5.0 (Windows NT 10.0; Win64; x64) AppleWebKit/537.36 (KHTML, like Gecko) Chrome/95.0.4638.69 Safari/537.36"
128.199.94.30 - - [11/Oct/2025:14:11:49 +0700] "POST //xmlrpc.php HTTP/1.1" 200 459 "-" "Mozilla/5.0 (Windows NT 10.0; Win64; x64) AppleWebKit/537.36 (KHTML, like Gecko) Chrome/95.0.4638.69 Safari/537.36"
128.199.94.30 - - [11/Oct/2025:14:11:54 +0700] "POST //xmlrpc.php HTTP/1.1" 200 459 "-" "Mozilla/5.0 (Windows NT 10.0; Win64; x64) AppleWebKit/537.36 (KHTML, like Gecko) Chrome/95.0.4638.69 Safari/537.36"
128.199.94.30 - - [11/Oct/2025:14:11:59 +0700] "POST //xmlrpc.php HTTP/1.1" 200 459 "-" "Mozilla/5.0 (Windows NT 10.0; Win64; x64) AppleWebKit/537.36 (KHTML, like Gecko) Chrome/95.0.4638.69 Safari/537.36"
178.128.86.151 - - [11/Oct/2025:14:12:05 +0700] "POST /wp-cron.php?doing_wp_cron=1760166725.5929551124572753906250 HTTP/1.1" 200 31 "-" "WordPress/6.7.2; https://dailytaxconsulting.com"
128.199.94.30 - - [11/Oct/2025:14:12:06 +0700] "POST //xmlrpc.php HTTP/1.1" 200 459 "-" "Mozilla/5.0 (Windows NT 10.0; Win64; x64) AppleWebKit/537.36 (KHTML, like Gecko) Chrome/95.0.4638.69 Safari/537.36"
128.199.94.30 - - [11/Oct/2025:14:12:13 +0700] "POST //xmlrpc.php HTTP/1.1" 200 459 "-" "Mozilla/5.0 (Windows NT 10.0; Win64; x64) AppleWebKit/537.36 (KHTML, like Gecko) Chrome/95.0.4638.69 Safari/537.36"
178.128.86.151 - - [11/Oct/2025:14:12:13 +0700] "POST /wp-admin/admin-ajax.php?action=async_litespeed&nonce=XjbkKWGxE74hCOOSYB3xheFfEK8BGw28&litespeed_type=imgoptm HTTP/1.1" 499 0 "-" "WordPress/6.7.2; https://dailytaxconsulting.com"
128.199.94.30 - - [11/Oct/2025:14:12:19 +0700] "POST //xmlrpc.php HTTP/1.1" 200 459 "-" "Mozilla/5.0 (Windows NT 10.0; Win64; x64) AppleWebKit/537.36 (KHTML, like Gecko) Chrome/95.0.4638.69 Safari/537.36"
128.199.94.30 - - [11/Oct/2025:14:12:24 +0700] "POST //xmlrpc.php HTTP/1.1" 200 459 "-" "Mozilla/5.0 (Windows NT 10.0; Win64; x64) AppleWebKit/537.36 (KHTML, like Gecko) Chrome/95.0.4638.69 Safari/537.36"
128.199.94.30 - - [11/Oct/2025:14:12:29 +0700] "POST //xmlrpc.php HTTP/1.1" 200 459 "-" "Mozilla/5.0 (Windows NT 10.0; Win64; x64) AppleWebKit/537.36 (KHTML, like Gecko) Chrome/95.0.4638.69 Safari/537.36"
128.199.94.30 - - [11/Oct/2025:14:12:35 +0700] "POST //xmlrpc.php HTTP/1.1" 200 459 "-" "Mozilla/5.0 (Windows NT 10.0; Win64; x64) AppleWebKit/537.36 (KHTML, like Gecko) Chrome/95.0.4638.69 Safari/537.36"
178.128.86.151 - - [11/Oct/2025:14:12:41 +0700] "POST /wp-cron.php?doing_wp_cron=1760166761.1688740253448486328125 HTTP/1.1" 200 31 "-" "WordPress/6.7.2; https://dailytaxconsulting.com"
128.199.94.30 - - [11/Oct/2025:14:12:41 +0700] "POST //xmlrpc.php HTTP/1.1" 200 459 "-" "Mozilla/5.0 (Windows NT 10.0; Win64; x64) AppleWebKit/537.36 (KHTML, like Gecko) Chrome/95.0.4638.69 Safari/537.36"
128.199.94.30 - - [11/Oct/2025:14:12:46 +0700] "POST //xmlrpc.php HTTP/1.1" 200 459 "-" "Mozilla/5.0 (Windows NT 10.0; Win64; x64) AppleWebKit/537.36 (KHTML, like Gecko) Chrome/95.0.4638.69 Safari/537.36"
128.199.94.30 - - [11/Oct/2025:14:12:52 +0700] "POST //xmlrpc.php HTTP/1.1" 200 459 "-" "Mozilla/5.0 (Windows NT 10.0; Win64; x64) AppleWebKit/537.36 (KHTML, like Gecko) Chrome/95.0.4638.69 Safari/537.36"
128.199.94.30 - - [11/Oct/2025:14:12:58 +0700] "POST //xmlrpc.php HTTP/1.1" 200 459 "-" "Mozilla/5.0 (Windows NT 10.0; Win64; x64) AppleWebKit/537.36 (KHTML, like Gecko) Chrome/95.0.4638.69 Safari/537.36"
178.128.86.151 - - [11/Oct/2025:14:13:04 +0700] "POST /wp-cron.php?doing_wp_cron=1760166784.0471999645233154296875 HTTP/1.1" 200 31 "-" "WordPress/6.7.2; https://dailytaxconsulting.com"
128.199.94.30 - - [11/Oct/2025:14:13:04 +0700] "POST //xmlrpc.php HTTP/1.1" 200 459 "-" "Mozilla/5.0 (Windows NT 10.0; Win64; x64) AppleWebKit/537.36 (KHTML, like Gecko) Chrome/95.0.4638.69 Safari/537.36"
128.199.94.30 - - [11/Oct/2025:14:13:11 +0700] "POST //xmlrpc.php HTTP/1.1" 200 459 "-" "Mozilla/5.0 (Windows NT 10.0; Win64; x64) AppleWebKit/537.36 (KHTML, like Gecko) Chrome/95.0.4638.69 Safari/537.36"
178.128.86.151 - - [11/Oct/2025:14:13:11 +0700] "POST /wp-admin/admin-ajax.php?action=async_litespeed&nonce=BT73BXZ0wygPZGPC8Q2EejLVNzupriNU&litespeed_type=imgoptm HTTP/1.1" 499 0 "-" "WordPress/6.7.2; https://dailytaxconsulting.com"
128.199.94.30 - - [11/Oct/2025:14:13:18 +0700] "POST //xmlrpc.php HTTP/1.1" 200 459 "-" "Mozilla/5.0 (Windows NT 10.0; Win64; x64) AppleWebKit/537.36 (KHTML, like Gecko) Chrome/95.0.4638.69 Safari/537.36"
128.199.94.30 - - [11/Oct/2025:14:13:25 +0700] "POST //xmlrpc.php HTTP/1.1" 200 459 "-" "Mozilla/5.0 (Windows NT 10.0; Win64; x64) AppleWebKit/537.36 (KHTML, like Gecko) Chrome/95.0.4638.69 Safari/537.36"
128.199.94.30 - - [11/Oct/2025:14:13:32 +0700] "POST //xmlrpc.php HTTP/1.1" 200 459 "-" "Mozilla/5.0 (Windows NT 10.0; Win64; x64) AppleWebKit/537.36 (KHTML, like Gecko) Chrome/95.0.4638.69 Safari/537.36"
128.199.94.30 - - [11/Oct/2025:14:13:38 +0700] "POST //xmlrpc.php HTTP/1.1" 200 459 "-" "Mozilla/5.0 (Windows NT 10.0; Win64; x64) AppleWebKit/537.36 (KHTML, like Gecko) Chrome/95.0.4638.69 Safari/537.36"
128.199.94.30 - - [11/Oct/2025:14:13:44 +0700] "POST //xmlrpc.php HTTP/1.1" 200 459 "-" "Mozilla/5.0 (Windows NT 10.0; Win64; x64) AppleWebKit/537.36 (KHTML, like Gecko) Chrome/95.0.4638.69 Safari/537.36"
128.199.94.30 - - [11/Oct/2025:14:13:49 +0700] "POST //xmlrpc.php HTTP/1.1" 200 459 "-" "Mozilla/5.0 (Windows NT 10.0; Win64; x64) AppleWebKit/537.36 (KHTML, like Gecko) Chrome/95.0.4638.69 Safari/537.36"
128.199.94.30 - - [11/Oct/2025:14:13:55 +0700] "POST //xmlrpc.php HTTP/1.1" 200 459 "-" "Mozilla/5.0 (Windows NT 10.0; Win64; x64) AppleWebKit/537.36 (KHTML, like Gecko) Chrome/95.0.4638.69 Safari/537.36"
178.128.86.151 - - [11/Oct/2025:14:14:01 +0700] "POST /wp-cron.php?doing_wp_cron=1760166841.4794600009918212890625 HTTP/1.1" 200 31 "-" "WordPress/6.7.2; https://dailytaxconsulting.com"
128.199.94.30 - - [11/Oct/2025:14:14:01 +0700] "POST //xmlrpc.php HTTP/1.1" 200 459 "-" "Mozilla/5.0 (Windows NT 10.0; Win64; x64) AppleWebKit/537.36 (KHTML, like Gecko) Chrome/95.0.4638.69 Safari/537.36"
128.199.94.30 - - [11/Oct/2025:14:14:07 +0700] "POST //xmlrpc.php HTTP/1.1" 200 459 "-" "Mozilla/5.0 (Windows NT 10.0; Win64; x64) AppleWebKit/537.36 (KHTML, like Gecko) Chrome/95.0.4638.69 Safari/537.36"
178.128.86.151 - - [11/Oct/2025:14:14:08 +0700] "POST /wp-admin/admin-ajax.php?action=async_litespeed&nonce=gIm9MqLEGKH2HtqknxpGDSEd1d1vmbc5&litespeed_type=imgoptm HTTP/1.1" 499 0 "-" "WordPress/6.7.2; https://dailytaxconsulting.com"
204.12.252.98 - - [11/Oct/2025:14:14:08 +0700] "GET /wp-includes/install.php HTTP/1.1" 404 27 "https://dailytaxconsulting.com/wp-includes/install.php" "Mozilla/5.0 (Windows NT 10.0; Win64; x64) AppleWebKit/537.36 (KHTML, like Gecko) Chrome/58.0.3029.110 Safari/537.3"
128.199.94.30 - - [11/Oct/2025:14:14:13 +0700] "POST //xmlrpc.php HTTP/1.1" 200 459 "-" "Mozilla/5.0 (Windows NT 10.0; Win64; x64) AppleWebKit/537.36 (KHTML, like Gecko) Chrome/95.0.4638.69 Safari/537.36"
128.199.94.30 - - [11/Oct/2025:14:14:20 +0700] "POST //xmlrpc.php HTTP/1.1" 200 459 "-" "Mozilla/5.0 (Windows NT 10.0; Win64; x64) AppleWebKit/537.36 (KHTML, like Gecko) Chrome/95.0.4638.69 Safari/537.36"
128.199.94.30 - - [11/Oct/2025:14:14:25 +0700] "POST //xmlrpc.php HTTP/1.1" 200 459 "-" "Mozilla/5.0 (Windows NT 10.0; Win64; x64) AppleWebKit/537.36 (KHTML, like Gecko) Chrome/95.0.4638.69 Safari/537.36"
128.199.94.30 - - [11/Oct/2025:14:14:31 +0700] "POST //xmlrpc.php HTTP/1.1" 200 459 "-" "Mozilla/5.0 (Windows NT 10.0; Win64; x64) AppleWebKit/537.36 (KHTML, like Gecko) Chrome/95.0.4638.69 Safari/537.36"
178.128.86.151 - - [11/Oct/2025:14:14:36 +0700] "POST /wp-cron.php?doing_wp_cron=1760166876.6765310764312744140625 HTTP/1.1" 200 31 "-" "WordPress/6.7.2; https://dailytaxconsulting.com"
128.199.94.30 - - [11/Oct/2025:14:14:37 +0700] "POST //xmlrpc.php HTTP/1.1" 200 459 "-" "Mozilla/5.0 (Windows NT 10.0; Win64; x64) AppleWebKit/537.36 (KHTML, like Gecko) Chrome/95.0.4638.69 Safari/537.36"
128.199.94.30 - - [11/Oct/2025:14:14:43 +0700] "POST //xmlrpc.php HTTP/1.1" 200 459 "-" "Mozilla/5.0 (Windows NT 10.0; Win64; x64) AppleWebKit/537.36 (KHTML, like Gecko) Chrome/95.0.4638.69 Safari/537.36"
128.199.94.30 - - [11/Oct/2025:14:14:49 +0700] "POST //xmlrpc.php HTTP/1.1" 200 459 "-" "Mozilla/5.0 (Windows NT 10.0; Win64; x64) AppleWebKit/537.36 (KHTML, like Gecko) Chrome/95.0.4638.69 Safari/537.36"
128.199.94.30 - - [11/Oct/2025:14:14:55 +0700] "POST //xmlrpc.php HTTP/1.1" 200 459 "-" "Mozilla/5.0 (Windows NT 10.0; Win64; x64) AppleWebKit/537.36 (KHTML, like Gecko) Chrome/95.0.4638.69 Safari/537.36"
128.199.94.30 - - [11/Oct/2025:14:15:02 +0700] "POST //xmlrpc.php HTTP/1.1" 200 459 "-" "Mozilla/5.0 (Windows NT 10.0; Win64; x64) AppleWebKit/537.36 (KHTML, like Gecko) Chrome/95.0.4638.69 Safari/537.36"
178.128.86.151 - - [11/Oct/2025:14:15:09 +0700] "POST /wp-cron.php?doing_wp_cron=1760166909.2732388973236083984375 HTTP/1.1" 200 31 "-" "WordPress/6.7.2; https://dailytaxconsulting.com"
128.199.94.30 - - [11/Oct/2025:14:15:09 +0700] "POST //xmlrpc.php HTTP/1.1" 200 459 "-" "Mozilla/5.0 (Windows NT 10.0; Win64; x64) AppleWebKit/537.36 (KHTML, like Gecko) Chrome/95.0.4638.69 Safari/537.36"
128.199.94.30 - - [11/Oct/2025:14:15:16 +0700] "POST //xmlrpc.php HTTP/1.1" 200 459 "-" "Mozilla/5.0 (Windows NT 10.0; Win64; x64) AppleWebKit/537.36 (KHTML, like Gecko) Chrome/95.0.4638.69 Safari/537.36"
178.128.86.151 - - [11/Oct/2025:14:15:17 +0700] "POST /wp-admin/admin-ajax.php?action=async_litespeed&nonce=3CBDWcg4RwpcWouK5youaoe6jti8yZH2&litespeed_type=imgoptm HTTP/1.1" 499 0 "-" "WordPress/6.7.2; https://dailytaxconsulting.com"
128.199.94.30 - - [11/Oct/2025:14:15:23 +0700] "POST //xmlrpc.php HTTP/1.1" 200 459 "-" "Mozilla/5.0 (Windows NT 10.0; Win64; x64) AppleWebKit/537.36 (KHTML, like Gecko) Chrome/95.0.4638.69 Safari/537.36"
204.12.252.98 - - [11/Oct/2025:14:22:55 +0700] "GET /wp-includes/install.php HTTP/1.1" 404 27 "https://dailytaxconsulting.com/wp-includes/install.php" "Mozilla/5.0 (Windows NT 10.0; Win64; x64) AppleWebKit/537.36 (KHTML, like Gecko) Chrome/58.0.3029.110 Safari/537.3"
208.110.64.178 - - [11/Oct/2025:14:31:47 +0700] "GET /wp-includes/install.php HTTP/1.1" 404 27 "https://dailytaxconsulting.com/wp-includes/install.php" "Mozilla/5.0 (Windows NT 10.0; Win64; x64) AppleWebKit/537.36 (KHTML, like Gecko) Chrome/58.0.3029.110 Safari/537.3"
208.110.64.178 - - [11/Oct/2025:14:38:22 +0700] "GET /wp-includes/install.php HTTP/1.1" 404 27 "https://dailytaxconsulting.com/wp-includes/install.php" "Mozilla/5.0 (Windows NT 10.0; Win64; x64) AppleWebKit/537.36 (KHTML, like Gecko) Chrome/58.0.3029.110 Safari/537.3"
204.12.252.98 - - [11/Oct/2025:14:48:41 +0700] "GET /wp-includes/install.php HTTP/1.1" 404 27 "https://dailytaxconsulting.com/wp-includes/install.php" "Mozilla/5.0 (Windows NT 10.0; Win64; x64) AppleWebKit/537.36 (KHTML, like Gecko) Chrome/58.0.3029.110 Safari/537.3"
178.128.86.151 - - [11/Oct/2025:15:02:07 +0700] "POST /wp-cron.php?doing_wp_cron=1760169727.1806900501251220703125 HTTP/1.1" 200 31 "-" "WordPress/6.7.2; https://dailytaxconsulting.com"
178.128.86.151 - - [11/Oct/2025:15:02:07 +0700] "POST /wp-cron.php?doing_wp_cron=1760169727.3189949989318847656250 HTTP/1.1" 200 31 "-" "WordPress/6.7.2; https://dailytaxconsulting.com"
44.215.103.136 - - [11/Oct/2025:15:02:08 +0700] "GET / HTTP/1.1" 200 38178 "-" "Mozilla/5.0 (Windows NT 10.0; Win64; x64) AppleWebKit/537.36 (KHTML, like Gecko) Chrome/125.0.0.0 Safari/537.36"
178.128.86.151 - - [11/Oct/2025:15:02:13 +0700] "POST /wp-admin/admin-ajax.php?action=async_litespeed&nonce=yYEUf2CwgnpurV4cUrglL6tcPHgkXTu2&litespeed_type=imgoptm HTTP/1.1" 499 0 "-" "WordPress/6.7.2; https://dailytaxconsulting.com"
208.110.64.178 - - [11/Oct/2025:15:05:32 +0700] "GET /wp-includes/install.php HTTP/1.1" 404 27 "https://dailytaxconsulting.com/wp-includes/install.php" "Mozilla/5.0 (Windows NT 10.0; Win64; x64) AppleWebKit/537.36 (KHTML, like Gecko) Chrome/58.0.3029.110 Safari/537.3"
204.12.252.98 - - [11/Oct/2025:15:15:59 +0700] "GET /wp-includes/install.php HTTP/1.1" 404 27 "https://dailytaxconsulting.com/wp-includes/install.php" "Mozilla/5.0 (Windows NT 10.0; Win64; x64) AppleWebKit/537.36 (KHTML, like Gecko) Chrome/58.0.3029.110 Safari/537.3"
208.110.64.178 - - [11/Oct/2025:15:27:52 +0700] "GET /wp-includes/install.php HTTP/1.1" 404 27 "https://dailytaxconsulting.com/wp-includes/install.php" "Mozilla/5.0 (Windows NT 10.0; Win64; x64) AppleWebKit/537.36 (KHTML, like Gecko) Chrome/58.0.3029.110 Safari/537.3"
178.128.86.151 - - [11/Oct/2025:15:36:39 +0700] "POST /wp-cron.php?doing_wp_cron=1760171799.3058869838714599609375 HTTP/1.1" 200 31 "-" "WordPress/6.7.2; https://dailytaxconsulting.com"
68.183.145.168 - - [11/Oct/2025:15:36:40 +0700] "GET / HTTP/1.1" 200 38178 "-" "Mozilla/5.0 (X11; Linux x86_64) AppleWebKit/537.36 (KHTML, like Gecko) Chrome/139.0.0.0 Safari/537.36"
178.128.86.151 - - [11/Oct/2025:15:36:44 +0700] "POST /wp-admin/admin-ajax.php?action=async_litespeed&nonce=3VwOVgtH3QaLzVLUk7pzGURHb4CrFYLQ&litespeed_type=imgoptm HTTP/1.1" 499 0 "-" "WordPress/6.7.2; https://dailytaxconsulting.com"
178.128.86.151 - - [11/Oct/2025:15:43:16 +0700] "POST /wp-cron.php?doing_wp_cron=1760172196.3775730133056640625000 HTTP/1.1" 200 31 "-" "WordPress/6.7.2; https://dailytaxconsulting.com"
45.89.70.31 - - [11/Oct/2025:15:43:17 +0700] "GET / HTTP/1.0" 200 256456 "https://dailytaxconsulting.com/" "Mozilla/5.0 (Windows NT 10.0; Win64; x64) AppleWebKit/537.36 (KHTML, like Gecko) Chrome/131.0.0.0 Safari/537.36 Avast/131.0.0.0"
178.128.86.151 - - [11/Oct/2025:15:43:21 +0700] "POST /wp-admin/admin-ajax.php?action=async_litespeed&nonce=4q45Bjrv4QR1KUOPT0mX9ppIf30b0e84&litespeed_type=imgoptm HTTP/1.1" 499 0 "-" "WordPress/6.7.2; https://dailytaxconsulting.com"
208.110.64.178 - - [11/Oct/2025:15:45:50 +0700] "GET /wp-includes/install.php HTTP/1.1" 404 27 "https://dailytaxconsulting.com/wp-includes/install.php" "Mozilla/5.0 (Windows NT 10.0; Win64; x64) AppleWebKit/537.36 (KHTML, like Gecko) Chrome/58.0.3029.110 Safari/537.3"
204.12.252.98 - - [11/Oct/2025:15:59:41 +0700] "GET /wp-includes/install.php HTTP/1.1" 404 27 "https://dailytaxconsulting.com/wp-includes/install.php" "Mozilla/5.0 (Windows NT 10.0; Win64; x64) AppleWebKit/537.36 (KHTML, like Gecko) Chrome/58.0.3029.110 Safari/537.3"
208.110.64.178 - - [11/Oct/2025:16:00:28 +0700] "GET /wp-includes/install.php HTTP/1.1" 404 27 "https://dailytaxconsulting.com/wp-includes/install.php" "Mozilla/5.0 (Windows NT 10.0; Win64; x64) AppleWebKit/537.36 (KHTML, like Gecko) Chrome/58.0.3029.110 Safari/537.3"
204.12.252.98 - - [11/Oct/2025:16:21:08 +0700] "GET /wp-includes/install.php HTTP/1.1" 404 27 "https://dailytaxconsulting.com/wp-includes/install.php" "Mozilla/5.0 (Windows NT 10.0; Win64; x64) AppleWebKit/537.36 (KHTML, like Gecko) Chrome/58.0.3029.110 Safari/537.3"
178.128.86.151 - - [11/Oct/2025:16:26:49 +0700] "POST /wp-cron.php?doing_wp_cron=1760174809.5453600883483886718750 HTTP/1.1" 200 31 "-" "WordPress/6.7.2; https://dailytaxconsulting.com"
178.128.86.151 - - [11/Oct/2025:16:26:49 +0700] "POST /wp-cron.php?doing_wp_cron=1760174809.6740059852600097656250 HTTP/1.1" 200 31 "-" "WordPress/6.7.2; https://dailytaxconsulting.com"
66.249.66.7 - - [11/Oct/2025:16:26:49 +0700] "GET /?_ga=2.195990017.1959201449.1721105701-403460370.1699330021&_bdsid=cuk5vm.n~ENTVR.1730421130037.1789858985&_bd_prev_page=https://dailytaxconsulting.com/select.jsp?q-~99xU4LYvKOsDVPbOVRAmH88NewO7BkFq12312/ HTTP/1.1" 301 31 "-" "Mozilla/5.0 (Linux; Android 6.0.1; Nexus 5X Build/MMB29P) AppleWebKit/537.36 (KHTML, like Gecko) Chrome/140.0.7339.207 Mobile Safari/537.36 (compatible; Googlebot/2.1; +http://www.google.com/bot.html)"
178.128.86.151 - - [11/Oct/2025:16:26:56 +0700] "POST /wp-admin/admin-ajax.php?action=async_litespeed&nonce=CXiTyR6rmfLonT4b19DEKLJakDLxKOqt&litespeed_type=imgoptm HTTP/1.1" 499 0 "-" "WordPress/6.7.2; https://dailytaxconsulting.com"
66.249.66.6 - - [11/Oct/2025:16:26:58 +0700] "GET /?_ga=2.195990017.1959201449.1721105701-403460370.1699330021&_bdsid=cuk5vm.n~ENTVR.1730421130037.1789858985&_bd_prev_page=https%3A%2F%2Fdailytaxconsulting.com%2Fselect.jsp%3Fq-~99xU4LYvKOsDVPbOVRAmH88NewO7BkFq12312%2F HTTP/1.1" 200 38175 "-" "Mozilla/5.0 (Linux; Android 6.0.1; Nexus 5X Build/MMB29P) AppleWebKit/537.36 (KHTML, like Gecko) Chrome/140.0.7339.207 Mobile Safari/537.36 (compatible; Googlebot/2.1; +http://www.google.com/bot.html)"
66.249.66.7 - - [11/Oct/2025:16:27:07 +0700] "GET /wp-content/themes/astra/assets/css/minified/main.min.css?ver=4.8.8 HTTP/1.1" 200 43154 "https://dailytaxconsulting.com/?_ga=2.195990017.1959201449.1721105701-403460370.1699330021&_bdsid=cuk5vm.n~ENTVR.1730421130037.1789858985&_bd_prev_page=https%3A%2F%2Fdailytaxconsulting.com%2Fselect.jsp%3Fq-~99xU4LYvKOsDVPbOVRAmH88NewO7BkFq12312%2F" "Mozilla/5.0 (Linux; Android 6.0.1; Nexus 5X Build/MMB29P) AppleWebKit/537.36 (KHTML, like Gecko) Chrome/140.0.7339.207 Mobile Safari/537.36 (compatible; Googlebot/2.1; +http://www.google.com/bot.html)"
66.249.66.7 - - [11/Oct/2025:16:27:12 +0700] "GET /wp-content/plugins/elementor/assets/css/widget-image.min.css?ver=3.26.0 HTTP/1.1" 200 254 "https://dailytaxconsulting.com/?_ga=2.195990017.1959201449.1721105701-403460370.1699330021&_bdsid=cuk5vm.n~ENTVR.1730421130037.1789858985&_bd_prev_page=https%3A%2F%2Fdailytaxconsulting.com%2Fselect.jsp%3Fq-~99xU4LYvKOsDVPbOVRAmH88NewO7BkFq12312%2F" "Mozilla/5.0 (Linux; Android 6.0.1; Nexus 5X Build/MMB29P) AppleWebKit/537.36 (KHTML, like Gecko) Chrome/140.0.7339.207 Mobile Safari/537.36 (compatible; Googlebot/2.1; +http://www.google.com/bot.html)"
66.249.66.6 - - [11/Oct/2025:16:27:17 +0700] "GET /wp-content/plugins/elementor/assets/css/widget-heading.min.css?ver=3.26.0 HTTP/1.1" 200 600 "https://dailytaxconsulting.com/?_ga=2.195990017.1959201449.1721105701-403460370.1699330021&_bdsid=cuk5vm.n~ENTVR.1730421130037.1789858985&_bd_prev_page=https%3A%2F%2Fdailytaxconsulting.com%2Fselect.jsp%3Fq-~99xU4LYvKOsDVPbOVRAmH88NewO7BkFq12312%2F" "Mozilla/5.0 (Linux; Android 6.0.1; Nexus 5X Build/MMB29P) AppleWebKit/537.36 (KHTML, like Gecko) Chrome/140.0.7339.207 Mobile Safari/537.36 (compatible; Googlebot/2.1; +http://www.google.com/bot.html)"
66.249.66.6 - - [11/Oct/2025:16:27:22 +0700] "GET /wp-content/plugins/elementor/assets/js/frontend-modules.min.js?ver=3.26.0 HTTP/1.1" 200 52754 "https://dailytaxconsulting.com/?_ga=2.195990017.1959201449.1721105701-403460370.1699330021&_bdsid=cuk5vm.n~ENTVR.1730421130037.1789858985&_bd_prev_page=https%3A%2F%2Fdailytaxconsulting.com%2Fselect.jsp%3Fq-~99xU4LYvKOsDVPbOVRAmH88NewO7BkFq12312%2F" "Mozilla/5.0 (Linux; Android 6.0.1; Nexus 5X Build/MMB29P) AppleWebKit/537.36 (KHTML, like Gecko) Chrome/140.0.7339.207 Mobile Safari/537.36 (compatible; Googlebot/2.1; +http://www.google.com/bot.html)"
66.249.66.6 - - [11/Oct/2025:16:27:25 +0700] "GET /wp-content/plugins/elementor/assets/js/frontend.min.js?ver=3.26.0 HTTP/1.1" 200 45428 "https://dailytaxconsulting.com/?_ga=2.195990017.1959201449.1721105701-403460370.1699330021&_bdsid=cuk5vm.n~ENTVR.1730421130037.1789858985&_bd_prev_page=https%3A%2F%2Fdailytaxconsulting.com%2Fselect.jsp%3Fq-~99xU4LYvKOsDVPbOVRAmH88NewO7BkFq12312%2F" "Mozilla/5.0 (Linux; Android 6.0.1; Nexus 5X Build/MMB29P) AppleWebKit/537.36 (KHTML, like Gecko) Chrome/140.0.7339.207 Mobile Safari/537.36 (compatible; Googlebot/2.1; +http://www.google.com/bot.html)"
66.249.66.6 - - [11/Oct/2025:16:27:31 +0700] "GET /wp-content/plugins/bdthemes-element-pack-lite/assets/js/common/helper.min.js?ver=5.10.13 HTTP/1.1" 200 3907 "https://dailytaxconsulting.com/?_ga=2.195990017.1959201449.1721105701-403460370.1699330021&_bdsid=cuk5vm.n~ENTVR.1730421130037.1789858985&_bd_prev_page=https%3A%2F%2Fdailytaxconsulting.com%2Fselect.jsp%3Fq-~99xU4LYvKOsDVPbOVRAmH88NewO7BkFq12312%2F" "Mozilla/5.0 (Linux; Android 6.0.1; Nexus 5X Build/MMB29P) AppleWebKit/537.36 (KHTML, like Gecko) Chrome/140.0.7339.207 Mobile Safari/537.36 (compatible; Googlebot/2.1; +http://www.google.com/bot.html)"
66.249.66.6 - - [11/Oct/2025:16:27:36 +0700] "GET /wp-content/plugins/elementor/assets/js/text-editor.2cbb801863b5118e0825.bundle.min.js HTTP/1.1" 200 1360 "https://dailytaxconsulting.com/?_ga=2.195990017.1959201449.1721105701-403460370.1699330021&_bdsid=cuk5vm.n~ENTVR.1730421130037.1789858985&_bd_prev_page=https%3A%2F%2Fdailytaxconsulting.com%2Fselect.jsp%3Fq-~99xU4LYvKOsDVPbOVRAmH88NewO7BkFq12312%2F" "Mozilla/5.0 (Linux; Android 6.0.1; Nexus 5X Build/MMB29P) AppleWebKit/537.36 (KHTML, like Gecko) Chrome/140.0.7339.207 Mobile Safari/537.36 (compatible; Googlebot/2.1; +http://www.google.com/bot.html)"
66.249.66.6 - - [11/Oct/2025:16:27:42 +0700] "GET /wp-content/plugins/elementor/assets/lib/swiper/v8/swiper.min.js?ver=8.4.5 HTTP/1.1" 200 143709 "https://dailytaxconsulting.com/?_ga=2.195990017.1959201449.1721105701-403460370.1699330021&_bdsid=cuk5vm.n~ENTVR.1730421130037.1789858985&_bd_prev_page=https%3A%2F%2Fdailytaxconsulting.com%2Fselect.jsp%3Fq-~99xU4LYvKOsDVPbOVRAmH88NewO7BkFq12312%2F" "Mozilla/5.0 (Linux; Android 6.0.1; Nexus 5X Build/MMB29P) AppleWebKit/537.36 (KHTML, like Gecko) Chrome/140.0.7339.207 Mobile Safari/537.36 (compatible; Googlebot/2.1; +http://www.google.com/bot.html)"
208.110.64.178 - - [11/Oct/2025:16:28:27 +0700] "GET /wp-includes/install.php HTTP/1.1" 404 27 "https://dailytaxconsulting.com/wp-includes/install.php" "Mozilla/5.0 (Windows NT 10.0; Win64; x64) AppleWebKit/537.36 (KHTML, like Gecko) Chrome/58.0.3029.110 Safari/537.3"
204.12.252.98 - - [11/Oct/2025:16:46:59 +0700] "GET /wp-includes/install.php HTTP/1.1" 404 27 "https://dailytaxconsulting.com/wp-includes/install.php" "Mozilla/5.0 (Windows NT 10.0; Win64; x64) AppleWebKit/537.36 (KHTML, like Gecko) Chrome/58.0.3029.110 Safari/537.3"
204.12.252.98 - - [11/Oct/2025:17:11:04 +0700] "GET /wp-includes/install.php HTTP/1.1" 404 27 "https://dailytaxconsulting.com/wp-includes/install.php" "Mozilla/5.0 (Windows NT 10.0; Win64; x64) AppleWebKit/537.36 (KHTML, like Gecko) Chrome/58.0.3029.110 Safari/537.3"
196.251.66.107 - - [11/Oct/2025:17:23:34 +0700] "GET /a.php HTTP/1.1" 404 27 "-" "Mozilla/5.0 (Linux; Android 7.0; SM-G892A Build/NRD90M; wv) AppleWebKit/537.36 (KHTML, Gecko) Version/4.0 Chrome/60.0.3112.107 Mobile Safari/537.36"
196.251.66.107 - - [11/Oct/2025:17:23:40 +0700] "GET /uploaded_script.php HTTP/1.1" 404 27 "-" "Mozilla/5.0 (Linux; Android 7.0; SM-G892A Build/NRD90M; wv) AppleWebKit/537.36 (KHTML, Gecko) Version/4.0 Chrome/60.0.3112.107 Mobile Safari/537.36"
196.251.66.107 - - [11/Oct/2025:17:23:44 +0700] "GET /wp-admin/maint/fie.php HTTP/1.1" 404 27 "-" "Mozilla/5.0 (Linux; Android 7.0; SM-G892A Build/NRD90M; wv) AppleWebKit/537.36 (KHTML, Gecko) Version/4.0 Chrome/60.0.3112.107 Mobile Safari/537.36"
196.251.66.107 - - [11/Oct/2025:17:23:49 +0700] "GET /wp-content/index.php HTTP/1.1" 200 31 "-" "Mozilla/5.0 (Linux; Android 7.0; SM-G892A Build/NRD90M; wv) AppleWebKit/537.36 (KHTML, Gecko) Version/4.0 Chrome/60.0.3112.107 Mobile Safari/537.36"
196.251.66.107 - - [11/Oct/2025:17:24:01 +0700] "GET /wp-content/plugins/fix/up.php HTTP/1.1" 404 27 "-" "Mozilla/5.0 (Linux; Android 7.0; SM-G892A Build/NRD90M; wv) AppleWebKit/537.36 (KHTML, Gecko) Version/4.0 Chrome/60.0.3112.107 Mobile Safari/537.36"
196.251.66.107 - - [11/Oct/2025:17:24:07 +0700] "GET /autoload_classmap.php HTTP/1.1" 404 27 "-" "Mozilla/5.0 (Linux; Android 7.0; SM-G892A Build/NRD90M; wv) AppleWebKit/537.36 (KHTML, Gecko) Version/4.0 Chrome/60.0.3112.107 Mobile Safari/537.36"
196.251.66.107 - - [11/Oct/2025:17:24:16 +0700] "GET /wp-content/plugins/pwnd/pwnd.php HTTP/1.1" 404 27 "-" "Mozilla/5.0 (Linux; Android 7.0; SM-G892A Build/NRD90M; wv) AppleWebKit/537.36 (KHTML, Gecko) Version/4.0 Chrome/60.0.3112.107 Mobile Safari/537.36"
196.251.66.107 - - [11/Oct/2025:17:24:24 +0700] "GET /wp-content/plugins/pwnd-1/pwnd.php HTTP/1.1" 404 27 "-" "Mozilla/5.0 (Linux; Android 7.0; SM-G892A Build/NRD90M; wv) AppleWebKit/537.36 (KHTML, Gecko) Version/4.0 Chrome/60.0.3112.107 Mobile Safari/537.36"
196.251.66.107 - - [11/Oct/2025:17:24:27 +0700] "GET /wp-content/plugins/simple/simple.php HTTP/1.1" 404 27 "-" "Mozilla/5.0 (Linux; Android 7.0; SM-G892A Build/NRD90M; wv) AppleWebKit/537.36 (KHTML, Gecko) Version/4.0 Chrome/60.0.3112.107 Mobile Safari/537.36"
196.251.66.107 - - [11/Oct/2025:17:24:35 +0700] "GET /worksec.php HTTP/1.1" 404 27 "-" "Mozilla/5.0 (Linux; Android 7.0; SM-G892A Build/NRD90M; wv) AppleWebKit/537.36 (KHTML, Gecko) Version/4.0 Chrome/60.0.3112.107 Mobile Safari/537.36"
196.251.66.107 - - [11/Oct/2025:17:24:45 +0700] "GET /wp-content/worksec.php HTTP/1.1" 404 27 "-" "Mozilla/5.0 (Linux; Android 7.0; SM-G892A Build/NRD90M; wv) AppleWebKit/537.36 (KHTML, Gecko) Version/4.0 Chrome/60.0.3112.107 Mobile Safari/537.36"
196.251.66.107 - - [11/Oct/2025:17:25:03 +0700] "GET /wp-content/cache/index.php HTTP/1.1" 404 27 "-" "Mozilla/5.0 (Linux; Android 7.0; SM-G892A Build/NRD90M; wv) AppleWebKit/537.36 (KHTML, Gecko) Version/4.0 Chrome/60.0.3112.107 Mobile Safari/537.36"
196.251.66.107 - - [11/Oct/2025:17:25:07 +0700] "GET /wp-content/index.php HTTP/1.1" 200 31 "-" "Mozilla/5.0 (Linux; Android 7.0; SM-G892A Build/NRD90M; wv) AppleWebKit/537.36 (KHTML, Gecko) Version/4.0 Chrome/60.0.3112.107 Mobile Safari/537.36"
196.251.66.107 - - [11/Oct/2025:17:25:15 +0700] "GET /wp-content/languages/index.php HTTP/1.1" 404 27 "-" "Mozilla/5.0 (Linux; Android 7.0; SM-G892A Build/NRD90M; wv) AppleWebKit/537.36 (KHTML, Gecko) Version/4.0 Chrome/60.0.3112.107 Mobile Safari/537.36"
196.251.66.107 - - [11/Oct/2025:17:25:20 +0700] "GET /wp-content/plugins/index.php HTTP/1.1" 200 31 "-" "Mozilla/5.0 (Linux; Android 7.0; SM-G892A Build/NRD90M; wv) AppleWebKit/537.36 (KHTML, Gecko) Version/4.0 Chrome/60.0.3112.107 Mobile Safari/537.36"
196.251.66.107 - - [11/Oct/2025:17:25:26 +0700] "GET /wp-content/themes/index.php HTTP/1.1" 200 31 "-" "Mozilla/5.0 (Linux; Android 7.0; SM-G892A Build/NRD90M; wv) AppleWebKit/537.36 (KHTML, Gecko) Version/4.0 Chrome/60.0.3112.107 Mobile Safari/537.36"
196.251.66.107 - - [11/Oct/2025:17:25:39 +0700] "GET /wp-content/upgrade/index.php HTTP/1.1" 404 27 "-" "Mozilla/5.0 (Linux; Android 7.0; SM-G892A Build/NRD90M; wv) AppleWebKit/537.36 (KHTML, Gecko) Version/4.0 Chrome/60.0.3112.107 Mobile Safari/537.36"
196.251.66.107 - - [11/Oct/2025:17:25:41 +0700] "GET /wp-content/uploads/index.php HTTP/1.1" 404 27 "-" "Mozilla/5.0 (Linux; Android 7.0; SM-G892A Build/NRD90M; wv) AppleWebKit/537.36 (KHTML, Gecko) Version/4.0 Chrome/60.0.3112.107 Mobile Safari/537.36"
178.128.86.151 - - [11/Oct/2025:17:25:53 +0700] "POST /wp-cron.php?doing_wp_cron=1760178352.9525010585784912109375 HTTP/1.1" 200 31 "-" "WordPress/6.7.2; https://dailytaxconsulting.com"
196.251.66.107 - - [11/Oct/2025:17:25:53 +0700] "GET /wp-admin/index.php HTTP/1.1" 302 31 "-" "Mozilla/5.0 (Linux; Android 7.0; SM-G892A Build/NRD90M; wv) AppleWebKit/537.36 (KHTML, Gecko) Version/4.0 Chrome/60.0.3112.107 Mobile Safari/537.36"
178.128.86.151 - - [11/Oct/2025:17:25:58 +0700] "POST /wp-admin/admin-ajax.php?action=async_litespeed&nonce=KBuRWOOHGwzgOrssNFN6s4ehiltBLfyb&litespeed_type=imgoptm HTTP/1.1" 499 0 "-" "WordPress/6.7.2; https://dailytaxconsulting.com"
178.128.86.151 - - [11/Oct/2025:17:26:04 +0700] "POST /wp-cron.php?doing_wp_cron=1760178364.8621900081634521484375 HTTP/1.1" 200 31 "-" "WordPress/6.7.2; https://dailytaxconsulting.com"
196.251.66.107 - - [11/Oct/2025:17:26:05 +0700] "GET /wp-login.php?redirect_to=https%3A%2F%2Fdailytaxconsulting.com%2Fwp-admin%2Findex.php&reauth=1 HTTP/1.1" 200 2193 "-" "Mozilla/5.0 (Linux; Android 7.0; SM-G892A Build/NRD90M; wv) AppleWebKit/537.36 (KHTML, Gecko) Version/4.0 Chrome/60.0.3112.107 Mobile Safari/537.36"
178.128.86.151 - - [11/Oct/2025:17:26:09 +0700] "POST /wp-admin/admin-ajax.php?action=async_litespeed&nonce=Bk5KXqinzf8XQCcCT5rGYD3OrxmTW8zD&litespeed_type=imgoptm HTTP/1.1" 499 0 "-" "WordPress/6.7.2; https://dailytaxconsulting.com"
196.251.66.107 - - [11/Oct/2025:17:26:14 +0700] "GET /wp-admin/css/index.php HTTP/1.1" 404 27 "-" "Mozilla/5.0 (Linux; Android 7.0; SM-G892A Build/NRD90M; wv) AppleWebKit/537.36 (KHTML, Gecko) Version/4.0 Chrome/60.0.3112.107 Mobile Safari/537.36"
196.251.66.107 - - [11/Oct/2025:17:26:26 +0700] "GET /wp-admin/images/index.php HTTP/1.1" 404 27 "-" "Mozilla/5.0 (Linux; Android 7.0; SM-G892A Build/NRD90M; wv) AppleWebKit/537.36 (KHTML, Gecko) Version/4.0 Chrome/60.0.3112.107 Mobile Safari/537.36"
196.251.66.107 - - [11/Oct/2025:17:26:33 +0700] "GET /wp-admin/includes/index.php HTTP/1.1" 404 27 "-" "Mozilla/5.0 (Linux; Android 7.0; SM-G892A Build/NRD90M; wv) AppleWebKit/537.36 (KHTML, Gecko) Version/4.0 Chrome/60.0.3112.107 Mobile Safari/537.36"
196.251.66.107 - - [11/Oct/2025:17:26:40 +0700] "GET /wp-admin/js/index.php HTTP/1.1" 404 27 "-" "Mozilla/5.0 (Linux; Android 7.0; SM-G892A Build/NRD90M; wv) AppleWebKit/537.36 (KHTML, Gecko) Version/4.0 Chrome/60.0.3112.107 Mobile Safari/537.36"
196.251.66.107 - - [11/Oct/2025:17:26:42 +0700] "GET /wp-admin/maint/index.php HTTP/1.1" 404 27 "-" "Mozilla/5.0 (Linux; Android 7.0; SM-G892A Build/NRD90M; wv) AppleWebKit/537.36 (KHTML, Gecko) Version/4.0 Chrome/60.0.3112.107 Mobile Safari/537.36"
196.251.66.107 - - [11/Oct/2025:17:26:54 +0700] "GET /wp-admin/network/index.php HTTP/1.1" 302 31 "-" "Mozilla/5.0 (Linux; Android 7.0; SM-G892A Build/NRD90M; wv) AppleWebKit/537.36 (KHTML, Gecko) Version/4.0 Chrome/60.0.3112.107 Mobile Safari/537.36"
178.128.86.151 - - [11/Oct/2025:17:27:04 +0700] "POST /wp-cron.php?doing_wp_cron=1760178424.5307159423828125000000 HTTP/1.1" 200 31 "-" "WordPress/6.7.2; https://dailytaxconsulting.com"
196.251.66.107 - - [11/Oct/2025:17:27:04 +0700] "GET /wp-login.php?redirect_to=https%3A%2F%2Fdailytaxconsulting.com%2Fwp-admin%2Fnetwork%2Findex.php&reauth=1 HTTP/1.1" 200 2192 "-" "Mozilla/5.0 (Linux; Android 7.0; SM-G892A Build/NRD90M; wv) AppleWebKit/537.36 (KHTML, Gecko) Version/4.0 Chrome/60.0.3112.107 Mobile Safari/537.36"
178.128.86.151 - - [11/Oct/2025:17:27:09 +0700] "POST /wp-admin/admin-ajax.php?action=async_litespeed&nonce=El7Isdnwcn58ic7DLsK1qCz6gLAT7d3z&litespeed_type=imgoptm HTTP/1.1" 499 0 "-" "WordPress/6.7.2; https://dailytaxconsulting.com"
178.128.86.151 - - [11/Oct/2025:17:27:12 +0700] "POST /wp-cron.php?doing_wp_cron=1760178431.9684441089630126953125 HTTP/1.1" 200 31 "-" "WordPress/6.7.2; https://dailytaxconsulting.com"
196.251.66.107 - - [11/Oct/2025:17:27:21 +0700] "GET /wp-admin/user/index.php HTTP/1.1" 302 31 "-" "Mozilla/5.0 (Linux; Android 7.0; SM-G892A Build/NRD90M; wv) AppleWebKit/537.36 (KHTML, Gecko) Version/4.0 Chrome/60.0.3112.107 Mobile Safari/537.36"
196.251.66.107 - - [11/Oct/2025:17:27:28 +0700] "GET /wp-login.php?redirect_to=https%3A%2F%2Fdailytaxconsulting.com%2Fwp-admin%2Fuser%2Findex.php&reauth=1 HTTP/1.1" 200 2189 "-" "Mozilla/5.0 (Linux; Android 7.0; SM-G892A Build/NRD90M; wv) AppleWebKit/537.36 (KHTML, Gecko) Version/4.0 Chrome/60.0.3112.107 Mobile Safari/537.36"
196.251.66.107 - - [11/Oct/2025:17:27:43 +0700] "GET /wp-includes/index.php HTTP/1.1" 404 27 "-" "Mozilla/5.0 (Linux; Android 7.0; SM-G892A Build/NRD90M; wv) AppleWebKit/537.36 (KHTML, Gecko) Version/4.0 Chrome/60.0.3112.107 Mobile Safari/537.36"
196.251.66.107 - - [11/Oct/2025:17:27:51 +0700] "GET /wp-includes/html-api/index.php HTTP/1.1" 404 27 "-" "Mozilla/5.0 (Linux; Android 7.0; SM-G892A Build/NRD90M; wv) AppleWebKit/537.36 (KHTML, Gecko) Version/4.0 Chrome/60.0.3112.107 Mobile Safari/537.36"
196.251.66.107 - - [11/Oct/2025:17:28:01 +0700] "GET /wp-includes/ID3/index.php HTTP/1.1" 404 27 "-" "Mozilla/5.0 (Linux; Android 7.0; SM-G892A Build/NRD90M; wv) AppleWebKit/537.36 (KHTML, Gecko) Version/4.0 Chrome/60.0.3112.107 Mobile Safari/537.36"
196.251.66.107 - - [11/Oct/2025:17:28:06 +0700] "GET /wp-includes/IXR/index.php HTTP/1.1" 404 27 "-" "Mozilla/5.0 (Linux; Android 7.0; SM-G892A Build/NRD90M; wv) AppleWebKit/537.36 (KHTML, Gecko) Version/4.0 Chrome/60.0.3112.107 Mobile Safari/537.36"
196.251.66.107 - - [11/Oct/2025:17:28:27 +0700] "GET /wp-includes/PHPMailer/index.php HTTP/1.1" 404 27 "-" "Mozilla/5.0 (Linux; Android 7.0; SM-G892A Build/NRD90M; wv) AppleWebKit/537.36 (KHTML, Gecko) Version/4.0 Chrome/60.0.3112.107 Mobile Safari/537.36"
196.251.66.107 - - [11/Oct/2025:17:28:39 +0700] "GET /wp-includes/Requests/index.php HTTP/1.1" 404 27 "-" "Mozilla/5.0 (Linux; Android 7.0; SM-G892A Build/NRD90M; wv) AppleWebKit/537.36 (KHTML, Gecko) Version/4.0 Chrome/60.0.3112.107 Mobile Safari/537.36"
196.251.66.107 - - [11/Oct/2025:17:28:45 +0700] "GET /wp-includes/Requests/Auth/index.php HTTP/1.1" 404 27 "-" "Mozilla/5.0 (Linux; Android 7.0; SM-G892A Build/NRD90M; wv) AppleWebKit/537.36 (KHTML, Gecko) Version/4.0 Chrome/60.0.3112.107 Mobile Safari/537.36"
196.251.66.107 - - [11/Oct/2025:17:29:04 +0700] "GET /wp-includes/Requests/Cookie/index.php HTTP/1.1" 404 27 "-" "Mozilla/5.0 (Linux; Android 7.0; SM-G892A Build/NRD90M; wv) AppleWebKit/537.36 (KHTML, Gecko) Version/4.0 Chrome/60.0.3112.107 Mobile Safari/537.36"
196.251.66.107 - - [11/Oct/2025:17:29:11 +0700] "GET /wp-includes/Requests/Exception/index.php HTTP/1.1" 404 27 "-" "Mozilla/5.0 (Linux; Android 7.0; SM-G892A Build/NRD90M; wv) AppleWebKit/537.36 (KHTML, Gecko) Version/4.0 Chrome/60.0.3112.107 Mobile Safari/537.36"
196.251.66.107 - - [11/Oct/2025:17:29:14 +0700] "GET /wp-includes/Requests/Exception/HTTP/index.php HTTP/1.1" 404 27 "-" "Mozilla/5.0 (Linux; Android 7.0; SM-G892A Build/NRD90M; wv) AppleWebKit/537.36 (KHTML, Gecko) Version/4.0 Chrome/60.0.3112.107 Mobile Safari/537.36"
196.251.66.107 - - [11/Oct/2025:17:29:21 +0700] "GET /wp-includes/Requests/Exception/Transport/index.php HTTP/1.1" 404 27 "-" "Mozilla/5.0 (Linux; Android 7.0; SM-G892A Build/NRD90M; wv) AppleWebKit/537.36 (KHTML, Gecko) Version/4.0 Chrome/60.0.3112.107 Mobile Safari/537.36"
196.251.66.107 - - [11/Oct/2025:17:29:23 +0700] "GET /wp-includes/Requests/Proxy/index.php HTTP/1.1" 404 27 "-" "Mozilla/5.0 (Linux; Android 7.0; SM-G892A Build/NRD90M; wv) AppleWebKit/537.36 (KHTML, Gecko) Version/4.0 Chrome/60.0.3112.107 Mobile Safari/537.36"
196.251.66.107 - - [11/Oct/2025:17:29:31 +0700] "GET /wp-includes/Requests/Response/index.php HTTP/1.1" 404 27 "-" "Mozilla/5.0 (Linux; Android 7.0; SM-G892A Build/NRD90M; wv) AppleWebKit/537.36 (KHTML, Gecko) Version/4.0 Chrome/60.0.3112.107 Mobile Safari/537.36"
196.251.66.107 - - [11/Oct/2025:17:29:36 +0700] "GET /wp-includes/Requests/Transport/index.php HTTP/1.1" 404 27 "-" "Mozilla/5.0 (Linux; Android 7.0; SM-G892A Build/NRD90M; wv) AppleWebKit/537.36 (KHTML, Gecko) Version/4.0 Chrome/60.0.3112.107 Mobile Safari/537.36"
196.251.66.107 - - [11/Oct/2025:17:29:43 +0700] "GET /wp-includes/Requests/Utility/index.php HTTP/1.1" 404 27 "-" "Mozilla/5.0 (Linux; Android 7.0; SM-G892A Build/NRD90M; wv) AppleWebKit/537.36 (KHTML, Gecko) Version/4.0 Chrome/60.0.3112.107 Mobile Safari/537.36"
196.251.66.107 - - [11/Oct/2025:17:29:50 +0700] "GET /wp-includes/SimplePie/index.php HTTP/1.1" 404 27 "-" "Mozilla/5.0 (Linux; Android 7.0; SM-G892A Build/NRD90M; wv) AppleWebKit/537.36 (KHTML, Gecko) Version/4.0 Chrome/60.0.3112.107 Mobile Safari/537.36"
208.110.64.178 - - [11/Oct/2025:17:29:51 +0700] "GET /wp-includes/install.php HTTP/1.1" 404 27 "https://dailytaxconsulting.com/wp-includes/install.php" "Mozilla/5.0 (Windows NT 10.0; Win64; x64) AppleWebKit/537.36 (KHTML, like Gecko) Chrome/58.0.3029.110 Safari/537.3"
196.251.66.107 - - [11/Oct/2025:17:29:54 +0700] "GET /wp-includes/SimplePie/Cache/index.php HTTP/1.1" 404 27 "-" "Mozilla/5.0 (Linux; Android 7.0; SM-G892A Build/NRD90M; wv) AppleWebKit/537.36 (KHTML, Gecko) Version/4.0 Chrome/60.0.3112.107 Mobile Safari/537.36"
196.251.66.107 - - [11/Oct/2025:17:30:01 +0700] "GET /wp-includes/SimplePie/Content/Type/index.php HTTP/1.1" 404 27 "-" "Mozilla/5.0 (Linux; Android 7.0; SM-G892A Build/NRD90M; wv) AppleWebKit/537.36 (KHTML, Gecko) Version/4.0 Chrome/60.0.3112.107 Mobile Safari/537.36"
196.251.66.107 - - [11/Oct/2025:17:30:19 +0700] "GET /wp-includes/SimplePie/Decode/HTML/index.php HTTP/1.1" 404 27 "-" "Mozilla/5.0 (Linux; Android 7.0; SM-G892A Build/NRD90M; wv) AppleWebKit/537.36 (KHTML, Gecko) Version/4.0 Chrome/60.0.3112.107 Mobile Safari/537.36"
196.251.66.107 - - [11/Oct/2025:17:30:23 +0700] "GET /wp-includes/SimplePie/HTTP/index.php HTTP/1.1" 404 27 "-" "Mozilla/5.0 (Linux; Android 7.0; SM-G892A Build/NRD90M; wv) AppleWebKit/537.36 (KHTML, Gecko) Version/4.0 Chrome/60.0.3112.107 Mobile Safari/537.36"
196.251.66.107 - - [11/Oct/2025:17:30:26 +0700] "GET /wp-includes/SimplePie/Net/index.php HTTP/1.1" 404 27 "-" "Mozilla/5.0 (Linux; Android 7.0; SM-G892A Build/NRD90M; wv) AppleWebKit/537.36 (KHTML, Gecko) Version/4.0 Chrome/60.0.3112.107 Mobile Safari/537.36"
196.251.66.107 - - [11/Oct/2025:17:30:29 +0700] "GET /wp-includes/SimplePie/Parse/index.php HTTP/1.1" 404 27 "-" "Mozilla/5.0 (Linux; Android 7.0; SM-G892A Build/NRD90M; wv) AppleWebKit/537.36 (KHTML, Gecko) Version/4.0 Chrome/60.0.3112.107 Mobile Safari/537.36"
196.251.66.107 - - [11/Oct/2025:17:30:33 +0700] "GET /wp-includes/SimplePie/XML/Declaration/index.php HTTP/1.1" 404 27 "-" "Mozilla/5.0 (Linux; Android 7.0; SM-G892A Build/NRD90M; wv) AppleWebKit/537.36 (KHTML, Gecko) Version/4.0 Chrome/60.0.3112.107 Mobile Safari/537.36"
196.251.66.107 - - [11/Oct/2025:17:30:48 +0700] "GET /wp-includes/Text/index.php HTTP/1.1" 404 27 "-" "Mozilla/5.0 (Linux; Android 7.0; SM-G892A Build/NRD90M; wv) AppleWebKit/537.36 (KHTML, Gecko) Version/4.0 Chrome/60.0.3112.107 Mobile Safari/537.36"
196.251.66.107 - - [11/Oct/2025:17:30:52 +0700] "GET /wp-includes/Text/Diff/index.php HTTP/1.1" 404 27 "-" "Mozilla/5.0 (Linux; Android 7.0; SM-G892A Build/NRD90M; wv) AppleWebKit/537.36 (KHTML, Gecko) Version/4.0 Chrome/60.0.3112.107 Mobile Safari/537.36"
196.251.66.107 - - [11/Oct/2025:17:30:59 +0700] "GET /wp-includes/Text/Diff/Engine/index.php HTTP/1.1" 404 27 "-" "Mozilla/5.0 (Linux; Android 7.0; SM-G892A Build/NRD90M; wv) AppleWebKit/537.36 (KHTML, Gecko) Version/4.0 Chrome/60.0.3112.107 Mobile Safari/537.36"
196.251.66.107 - - [11/Oct/2025:17:31:01 +0700] "GET /wp-includes/Text/Diff/Renderer/index.php HTTP/1.1" 404 27 "-" "Mozilla/5.0 (Linux; Android 7.0; SM-G892A Build/NRD90M; wv) AppleWebKit/537.36 (KHTML, Gecko) Version/4.0 Chrome/60.0.3112.107 Mobile Safari/537.36"
196.251.66.107 - - [11/Oct/2025:17:31:04 +0700] "GET /wp-includes/assets/index.php HTTP/1.1" 404 27 "-" "Mozilla/5.0 (Linux; Android 7.0; SM-G892A Build/NRD90M; wv) AppleWebKit/537.36 (KHTML, Gecko) Version/4.0 Chrome/60.0.3112.107 Mobile Safari/537.36"
196.251.66.107 - - [11/Oct/2025:17:31:07 +0700] "GET /wp-includes/block-patterns/index.php HTTP/1.1" 404 27 "-" "Mozilla/5.0 (Linux; Android 7.0; SM-G892A Build/NRD90M; wv) AppleWebKit/537.36 (KHTML, Gecko) Version/4.0 Chrome/60.0.3112.107 Mobile Safari/537.36"
196.251.66.107 - - [11/Oct/2025:17:31:10 +0700] "GET /wp-includes/block-supports/index.php HTTP/1.1" 404 27 "-" "Mozilla/5.0 (Linux; Android 7.0; SM-G892A Build/NRD90M; wv) AppleWebKit/537.36 (KHTML, Gecko) Version/4.0 Chrome/60.0.3112.107 Mobile Safari/537.36"
196.251.66.107 - - [11/Oct/2025:17:31:12 +0700] "GET /wp-includes/blocks/index.php HTTP/1.1" 200 33 "-" "Mozilla/5.0 (Linux; Android 7.0; SM-G892A Build/NRD90M; wv) AppleWebKit/537.36 (KHTML, Gecko) Version/4.0 Chrome/60.0.3112.107 Mobile Safari/537.36"
196.251.66.107 - - [11/Oct/2025:17:31:18 +0700] "GET /wp-includes/blocks/archives/index.php HTTP/1.1" 404 27 "-" "Mozilla/5.0 (Linux; Android 7.0; SM-G892A Build/NRD90M; wv) AppleWebKit/537.36 (KHTML, Gecko) Version/4.0 Chrome/60.0.3112.107 Mobile Safari/537.36"
196.251.66.107 - - [11/Oct/2025:17:31:22 +0700] "GET /wp-includes/blocks/audio/index.php HTTP/1.1" 404 27 "-" "Mozilla/5.0 (Linux; Android 7.0; SM-G892A Build/NRD90M; wv) AppleWebKit/537.36 (KHTML, Gecko) Version/4.0 Chrome/60.0.3112.107 Mobile Safari/537.36"
196.251.66.107 - - [11/Oct/2025:17:31:28 +0700] "GET /wp-includes/blocks/block/index.php HTTP/1.1" 404 27 "-" "Mozilla/5.0 (Linux; Android 7.0; SM-G892A Build/NRD90M; wv) AppleWebKit/537.36 (KHTML, Gecko) Version/4.0 Chrome/60.0.3112.107 Mobile Safari/537.36"
196.251.66.107 - - [11/Oct/2025:17:31:32 +0700] "GET /wp-includes/blocks/button/index.php HTTP/1.1" 404 27 "-" "Mozilla/5.0 (Linux; Android 7.0; SM-G892A Build/NRD90M; wv) AppleWebKit/537.36 (KHTML, Gecko) Version/4.0 Chrome/60.0.3112.107 Mobile Safari/537.36"
196.251.66.107 - - [11/Oct/2025:17:31:38 +0700] "GET /wp-includes/blocks/buttons/index.php HTTP/1.1" 404 27 "-" "Mozilla/5.0 (Linux; Android 7.0; SM-G892A Build/NRD90M; wv) AppleWebKit/537.36 (KHTML, Gecko) Version/4.0 Chrome/60.0.3112.107 Mobile Safari/537.36"
196.251.66.107 - - [11/Oct/2025:17:31:40 +0700] "GET /wp-includes/blocks/calendar/index.php HTTP/1.1" 404 27 "-" "Mozilla/5.0 (Linux; Android 7.0; SM-G892A Build/NRD90M; wv) AppleWebKit/537.36 (KHTML, Gecko) Version/4.0 Chrome/60.0.3112.107 Mobile Safari/537.36"
196.251.66.107 - - [11/Oct/2025:17:31:46 +0700] "GET /wp-includes/blocks/categories/index.php HTTP/1.1" 404 27 "-" "Mozilla/5.0 (Linux; Android 7.0; SM-G892A Build/NRD90M; wv) AppleWebKit/537.36 (KHTML, Gecko) Version/4.0 Chrome/60.0.3112.107 Mobile Safari/537.36"
196.251.66.107 - - [11/Oct/2025:17:31:49 +0700] "GET /wp-includes/blocks/code/index.php HTTP/1.1" 404 27 "-" "Mozilla/5.0 (Linux; Android 7.0; SM-G892A Build/NRD90M; wv) AppleWebKit/537.36 (KHTML, Gecko) Version/4.0 Chrome/60.0.3112.107 Mobile Safari/537.36"
196.251.66.107 - - [11/Oct/2025:17:31:53 +0700] "GET /wp-includes/blocks/column/index.php HTTP/1.1" 404 27 "-" "Mozilla/5.0 (Linux; Android 7.0; SM-G892A Build/NRD90M; wv) AppleWebKit/537.36 (KHTML, Gecko) Version/4.0 Chrome/60.0.3112.107 Mobile Safari/537.36"
196.251.66.107 - - [11/Oct/2025:17:31:58 +0700] "GET /wp-includes/blocks/columns/index.php HTTP/1.1" 404 27 "-" "Mozilla/5.0 (Linux; Android 7.0; SM-G892A Build/NRD90M; wv) AppleWebKit/537.36 (KHTML, Gecko) Version/4.0 Chrome/60.0.3112.107 Mobile Safari/537.36"
196.251.66.107 - - [11/Oct/2025:17:32:03 +0700] "GET /wp-includes/blocks/cover/index.php HTTP/1.1" 404 27 "-" "Mozilla/5.0 (Linux; Android 7.0; SM-G892A Build/NRD90M; wv) AppleWebKit/537.36 (KHTML, Gecko) Version/4.0 Chrome/60.0.3112.107 Mobile Safari/537.36"
196.251.66.107 - - [11/Oct/2025:17:32:10 +0700] "GET /wp-includes/blocks/embed/index.php HTTP/1.1" 404 27 "-" "Mozilla/5.0 (Linux; Android 7.0; SM-G892A Build/NRD90M; wv) AppleWebKit/537.36 (KHTML, Gecko) Version/4.0 Chrome/60.0.3112.107 Mobile Safari/537.36"
196.251.66.107 - - [11/Oct/2025:17:32:15 +0700] "GET /wp-includes/blocks/file/index.php HTTP/1.1" 404 27 "-" "Mozilla/5.0 (Linux; Android 7.0; SM-G892A Build/NRD90M; wv) AppleWebKit/537.36 (KHTML, Gecko) Version/4.0 Chrome/60.0.3112.107 Mobile Safari/537.36"
196.251.66.107 - - [11/Oct/2025:17:32:24 +0700] "GET /wp-includes/blocks/freeform/index.php HTTP/1.1" 404 27 "-" "Mozilla/5.0 (Linux; Android 7.0; SM-G892A Build/NRD90M; wv) AppleWebKit/537.36 (KHTML, Gecko) Version/4.0 Chrome/60.0.3112.107 Mobile Safari/537.36"
196.251.66.107 - - [11/Oct/2025:17:32:30 +0700] "GET /wp-includes/blocks/gallery/index.php HTTP/1.1" 404 27 "-" "Mozilla/5.0 (Linux; Android 7.0; SM-G892A Build/NRD90M; wv) AppleWebKit/537.36 (KHTML, Gecko) Version/4.0 Chrome/60.0.3112.107 Mobile Safari/537.36"
196.251.66.107 - - [11/Oct/2025:17:32:34 +0700] "GET /wp-includes/blocks/group/index.php HTTP/1.1" 404 27 "-" "Mozilla/5.0 (Linux; Android 7.0; SM-G892A Build/NRD90M; wv) AppleWebKit/537.36 (KHTML, Gecko) Version/4.0 Chrome/60.0.3112.107 Mobile Safari/537.36"
196.251.66.107 - - [11/Oct/2025:17:32:37 +0700] "GET /wp-includes/blocks/heading/index.php HTTP/1.1" 404 27 "-" "Mozilla/5.0 (Linux; Android 7.0; SM-G892A Build/NRD90M; wv) AppleWebKit/537.36 (KHTML, Gecko) Version/4.0 Chrome/60.0.3112.107 Mobile Safari/537.36"
196.251.66.107 - - [11/Oct/2025:17:32:40 +0700] "GET /wp-includes/blocks/html/index.php HTTP/1.1" 404 27 "-" "Mozilla/5.0 (Linux; Android 7.0; SM-G892A Build/NRD90M; wv) AppleWebKit/537.36 (KHTML, Gecko) Version/4.0 Chrome/60.0.3112.107 Mobile Safari/537.36"
196.251.66.107 - - [11/Oct/2025:17:32:49 +0700] "GET /wp-includes/blocks/image/index.php HTTP/1.1" 404 27 "-" "Mozilla/5.0 (Linux; Android 7.0; SM-G892A Build/NRD90M; wv) AppleWebKit/537.36 (KHTML, Gecko) Version/4.0 Chrome/60.0.3112.107 Mobile Safari/537.36"
196.251.66.107 - - [11/Oct/2025:17:32:55 +0700] "GET /wp-includes/blocks/latest-comments/index.php HTTP/1.1" 404 27 "-" "Mozilla/5.0 (Linux; Android 7.0; SM-G892A Build/NRD90M; wv) AppleWebKit/537.36 (KHTML, Gecko) Version/4.0 Chrome/60.0.3112.107 Mobile Safari/537.36"
196.251.66.107 - - [11/Oct/2025:17:32:58 +0700] "GET /wp-includes/blocks/latest-posts/index.php HTTP/1.1" 404 27 "-" "Mozilla/5.0 (Linux; Android 7.0; SM-G892A Build/NRD90M; wv) AppleWebKit/537.36 (KHTML, Gecko) Version/4.0 Chrome/60.0.3112.107 Mobile Safari/537.36"
196.251.66.107 - - [11/Oct/2025:17:33:00 +0700] "GET /wp-includes/blocks/legacy-widget/index.php HTTP/1.1" 404 27 "-" "Mozilla/5.0 (Linux; Android 7.0; SM-G892A Build/NRD90M; wv) AppleWebKit/537.36 (KHTML, Gecko) Version/4.0 Chrome/60.0.3112.107 Mobile Safari/537.36"
196.251.66.107 - - [11/Oct/2025:17:33:03 +0700] "GET /wp-includes/blocks/list/index.php HTTP/1.1" 404 27 "-" "Mozilla/5.0 (Linux; Android 7.0; SM-G892A Build/NRD90M; wv) AppleWebKit/537.36 (KHTML, Gecko) Version/4.0 Chrome/60.0.3112.107 Mobile Safari/537.36"
196.251.66.107 - - [11/Oct/2025:17:33:06 +0700] "GET /wp-includes/blocks/loginout/index.php HTTP/1.1" 404 27 "-" "Mozilla/5.0 (Linux; Android 7.0; SM-G892A Build/NRD90M; wv) AppleWebKit/537.36 (KHTML, Gecko) Version/4.0 Chrome/60.0.3112.107 Mobile Safari/537.36"
196.251.66.107 - - [11/Oct/2025:17:33:10 +0700] "GET /wp-includes/blocks/media-text/index.php HTTP/1.1" 404 27 "-" "Mozilla/5.0 (Linux; Android 7.0; SM-G892A Build/NRD90M; wv) AppleWebKit/537.36 (KHTML, Gecko) Version/4.0 Chrome/60.0.3112.107 Mobile Safari/537.36"
196.251.66.107 - - [11/Oct/2025:17:33:24 +0700] "GET /wp-includes/blocks/missing/index.php HTTP/1.1" 404 27 "-" "Mozilla/5.0 (Linux; Android 7.0; SM-G892A Build/NRD90M; wv) AppleWebKit/537.36 (KHTML, Gecko) Version/4.0 Chrome/60.0.3112.107 Mobile Safari/537.36"
196.251.66.107 - - [11/Oct/2025:17:33:30 +0700] "GET /wp-includes/blocks/more/index.php HTTP/1.1" 404 27 "-" "Mozilla/5.0 (Linux; Android 7.0; SM-G892A Build/NRD90M; wv) AppleWebKit/537.36 (KHTML, Gecko) Version/4.0 Chrome/60.0.3112.107 Mobile Safari/537.36"
196.251.66.107 - - [11/Oct/2025:17:33:32 +0700] "GET /wp-includes/blocks/nextpage/index.php HTTP/1.1" 404 27 "-" "Mozilla/5.0 (Linux; Android 7.0; SM-G892A Build/NRD90M; wv) AppleWebKit/537.36 (KHTML, Gecko) Version/4.0 Chrome/60.0.3112.107 Mobile Safari/537.36"
196.251.66.107 - - [11/Oct/2025:17:33:37 +0700] "GET /wp-includes/blocks/page-list/index.php HTTP/1.1" 404 27 "-" "Mozilla/5.0 (Linux; Android 7.0; SM-G892A Build/NRD90M; wv) AppleWebKit/537.36 (KHTML, Gecko) Version/4.0 Chrome/60.0.3112.107 Mobile Safari/537.36"
196.251.66.107 - - [11/Oct/2025:17:33:40 +0700] "GET /wp-includes/blocks/paragraph/index.php HTTP/1.1" 404 27 "-" "Mozilla/5.0 (Linux; Android 7.0; SM-G892A Build/NRD90M; wv) AppleWebKit/537.36 (KHTML, Gecko) Version/4.0 Chrome/60.0.3112.107 Mobile Safari/537.36"
196.251.66.107 - - [11/Oct/2025:17:33:45 +0700] "GET /wp-includes/blocks/post-content/index.php HTTP/1.1" 404 27 "-" "Mozilla/5.0 (Linux; Android 7.0; SM-G892A Build/NRD90M; wv) AppleWebKit/537.36 (KHTML, Gecko) Version/4.0 Chrome/60.0.3112.107 Mobile Safari/537.36"
196.251.66.107 - - [11/Oct/2025:17:33:48 +0700] "GET /wp-includes/blocks/post-date/index.php HTTP/1.1" 404 27 "-" "Mozilla/5.0 (Linux; Android 7.0; SM-G892A Build/NRD90M; wv) AppleWebKit/537.36 (KHTML, Gecko) Version/4.0 Chrome/60.0.3112.107 Mobile Safari/537.36"
