152.42.175.95 - - [11/Oct/2025:00:44:25 +0700] "POST //xmlrpc.php HTTP/1.1" 200 459 "-" "Mozilla/5.0 (Windows NT 10.0; Win64; x64) AppleWebKit/537.36 (KHTML, like Gecko) Chrome/88.0.4240.193 Safari/537.36"
152.42.175.95 - - [11/Oct/2025:00:44:28 +0700] "POST //xmlrpc.php HTTP/1.1" 200 459 "-" "Mozilla/5.0 (Windows NT 10.0; Win64; x64) AppleWebKit/537.36 (KHTML, like Gecko) Chrome/88.0.4240.193 Safari/537.36"
152.42.175.95 - - [11/Oct/2025:00:44:35 +0700] "POST //xmlrpc.php HTTP/1.1" 200 459 "-" "Mozilla/5.0 (Windows NT 10.0; Win64; x64) AppleWebKit/537.36 (KHTML, like Gecko) Chrome/88.0.4240.193 Safari/537.36"
178.128.86.151 - - [11/Oct/2025:00:44:40 +0700] "POST /wp-cron.php?doing_wp_cron=1760118280.5076949596405029296875 HTTP/1.1" 200 31 "-" "WordPress/6.7.2; https://dailytaxconsulting.com"
152.42.175.95 - - [11/Oct/2025:00:44:40 +0700] "POST //xmlrpc.php HTTP/1.1" 200 459 "-" "Mozilla/5.0 (Windows NT 10.0; Win64; x64) AppleWebKit/537.36 (KHTML, like Gecko) Chrome/88.0.4240.193 Safari/537.36"
152.42.175.95 - - [11/Oct/2025:00:44:44 +0700] "POST //xmlrpc.php HTTP/1.1" 200 459 "-" "Mozilla/5.0 (Windows NT 10.0; Win64; x64) AppleWebKit/537.36 (KHTML, like Gecko) Chrome/88.0.4240.193 Safari/537.36"
152.42.175.95 - - [11/Oct/2025:00:44:48 +0700] "POST //xmlrpc.php HTTP/1.1" 200 459 "-" "Mozilla/5.0 (Windows NT 10.0; Win64; x64) AppleWebKit/537.36 (KHTML, like Gecko) Chrome/88.0.4240.193 Safari/537.36"
152.42.175.95 - - [11/Oct/2025:00:44:52 +0700] "POST //xmlrpc.php HTTP/1.1" 200 459 "-" "Mozilla/5.0 (Windows NT 10.0; Win64; x64) AppleWebKit/537.36 (KHTML, like Gecko) Chrome/88.0.4240.193 Safari/537.36"
152.42.175.95 - - [11/Oct/2025:00:44:55 +0700] "POST //xmlrpc.php HTTP/1.1" 200 459 "-" "Mozilla/5.0 (Windows NT 10.0; Win64; x64) AppleWebKit/537.36 (KHTML, like Gecko) Chrome/88.0.4240.193 Safari/537.36"
152.42.175.95 - - [11/Oct/2025:00:44:58 +0700] "POST //xmlrpc.php HTTP/1.1" 200 459 "-" "Mozilla/5.0 (Windows NT 10.0; Win64; x64) AppleWebKit/537.36 (KHTML, like Gecko) Chrome/88.0.4240.193 Safari/537.36"
178.128.86.151 - - [11/Oct/2025:00:45:02 +0700] "POST /wp-cron.php?doing_wp_cron=1760118302.3031499385833740234375 HTTP/1.1" 200 31 "-" "WordPress/6.7.2; https://dailytaxconsulting.com"
152.42.175.95 - - [11/Oct/2025:00:45:02 +0700] "POST //xmlrpc.php HTTP/1.1" 200 459 "-" "Mozilla/5.0 (Windows NT 10.0; Win64; x64) AppleWebKit/537.36 (KHTML, like Gecko) Chrome/88.0.4240.193 Safari/537.36"
152.42.175.95 - - [11/Oct/2025:00:45:08 +0700] "POST //xmlrpc.php HTTP/1.1" 200 459 "-" "Mozilla/5.0 (Windows NT 10.0; Win64; x64) AppleWebKit/537.36 (KHTML, like Gecko) Chrome/88.0.4240.193 Safari/537.36"
178.128.86.151 - - [11/Oct/2025:00:45:08 +0700] "POST /wp-admin/admin-ajax.php?action=async_litespeed&nonce=SpP6OvXgojHsPWXRqKwpYZbARnJDc3j1&litespeed_type=imgoptm HTTP/1.1" 499 0 "-" "WordPress/6.7.2; https://dailytaxconsulting.com"
152.42.175.95 - - [11/Oct/2025:00:45:13 +0700] "POST //xmlrpc.php HTTP/1.1" 200 459 "-" "Mozilla/5.0 (Windows NT 10.0; Win64; x64) AppleWebKit/537.36 (KHTML, like Gecko) Chrome/88.0.4240.193 Safari/537.36"
152.42.175.95 - - [11/Oct/2025:00:45:16 +0700] "POST //xmlrpc.php HTTP/1.1" 200 459 "-" "Mozilla/5.0 (Windows NT 10.0; Win64; x64) AppleWebKit/537.36 (KHTML, like Gecko) Chrome/88.0.4240.193 Safari/537.36"
152.42.175.95 - - [11/Oct/2025:00:45:21 +0700] "POST //xmlrpc.php HTTP/1.1" 200 459 "-" "Mozilla/5.0 (Windows NT 10.0; Win64; x64) AppleWebKit/537.36 (KHTML, like Gecko) Chrome/88.0.4240.193 Safari/537.36"
152.42.175.95 - - [11/Oct/2025:00:45:25 +0700] "POST //xmlrpc.php HTTP/1.1" 200 459 "-" "Mozilla/5.0 (Windows NT 10.0; Win64; x64) AppleWebKit/537.36 (KHTML, like Gecko) Chrome/88.0.4240.193 Safari/537.36"
152.42.175.95 - - [11/Oct/2025:00:45:30 +0700] "POST //xmlrpc.php HTTP/1.1" 200 459 "-" "Mozilla/5.0 (Windows NT 10.0; Win64; x64) AppleWebKit/537.36 (KHTML, like Gecko) Chrome/88.0.4240.193 Safari/537.36"
152.42.175.95 - - [11/Oct/2025:00:45:34 +0700] "POST //xmlrpc.php HTTP/1.1" 200 459 "-" "Mozilla/5.0 (Windows NT 10.0; Win64; x64) AppleWebKit/537.36 (KHTML, like Gecko) Chrome/88.0.4240.193 Safari/537.36"
152.42.175.95 - - [11/Oct/2025:00:45:39 +0700] "POST //xmlrpc.php HTTP/1.1" 200 459 "-" "Mozilla/5.0 (Windows NT 10.0; Win64; x64) AppleWebKit/537.36 (KHTML, like Gecko) Chrome/88.0.4240.193 Safari/537.36"
152.42.175.95 - - [11/Oct/2025:00:45:43 +0700] "POST //xmlrpc.php HTTP/1.1" 200 459 "-" "Mozilla/5.0 (Windows NT 10.0; Win64; x64) AppleWebKit/537.36 (KHTML, like Gecko) Chrome/88.0.4240.193 Safari/537.36"
152.42.175.95 - - [11/Oct/2025:00:45:47 +0700] "POST //xmlrpc.php HTTP/1.1" 200 459 "-" "Mozilla/5.0 (Windows NT 10.0; Win64; x64) AppleWebKit/537.36 (KHTML, like Gecko) Chrome/88.0.4240.193 Safari/537.36"
152.42.175.95 - - [11/Oct/2025:00:45:52 +0700] "POST //xmlrpc.php HTTP/1.1" 200 459 "-" "Mozilla/5.0 (Windows NT 10.0; Win64; x64) AppleWebKit/537.36 (KHTML, like Gecko) Chrome/88.0.4240.193 Safari/537.36"
152.42.175.95 - - [11/Oct/2025:00:45:57 +0700] "POST //xmlrpc.php HTTP/1.1" 200 459 "-" "Mozilla/5.0 (Windows NT 10.0; Win64; x64) AppleWebKit/537.36 (KHTML, like Gecko) Chrome/88.0.4240.193 Safari/537.36"
152.42.175.95 - - [11/Oct/2025:00:46:02 +0700] "POST //xmlrpc.php HTTP/1.1" 200 459 "-" "Mozilla/5.0 (Windows NT 10.0; Win64; x64) AppleWebKit/537.36 (KHTML, like Gecko) Chrome/88.0.4240.193 Safari/537.36"
178.128.86.151 - - [11/Oct/2025:00:46:06 +0700] "POST /wp-cron.php?doing_wp_cron=1760118366.3443870544433593750000 HTTP/1.1" 200 31 "-" "WordPress/6.7.2; https://dailytaxconsulting.com"
152.42.175.95 - - [11/Oct/2025:00:46:06 +0700] "POST //xmlrpc.php HTTP/1.1" 200 459 "-" "Mozilla/5.0 (Windows NT 10.0; Win64; x64) AppleWebKit/537.36 (KHTML, like Gecko) Chrome/88.0.4240.193 Safari/537.36"
152.42.175.95 - - [11/Oct/2025:00:46:11 +0700] "POST //xmlrpc.php HTTP/1.1" 200 459 "-" "Mozilla/5.0 (Windows NT 10.0; Win64; x64) AppleWebKit/537.36 (KHTML, like Gecko) Chrome/88.0.4240.193 Safari/537.36"
178.128.86.151 - - [11/Oct/2025:00:46:11 +0700] "POST /wp-admin/admin-ajax.php?action=async_litespeed&nonce=m7ek5e6NjnqXlAaPM1eIeHoxks7h87uQ&litespeed_type=imgoptm HTTP/1.1" 499 0 "-" "WordPress/6.7.2; https://dailytaxconsulting.com"
152.42.175.95 - - [11/Oct/2025:00:46:15 +0700] "POST //xmlrpc.php HTTP/1.1" 200 459 "-" "Mozilla/5.0 (Windows NT 10.0; Win64; x64) AppleWebKit/537.36 (KHTML, like Gecko) Chrome/88.0.4240.193 Safari/537.36"
152.42.175.95 - - [11/Oct/2025:00:46:20 +0700] "POST //xmlrpc.php HTTP/1.1" 200 459 "-" "Mozilla/5.0 (Windows NT 10.0; Win64; x64) AppleWebKit/537.36 (KHTML, like Gecko) Chrome/88.0.4240.193 Safari/537.36"
152.42.175.95 - - [11/Oct/2025:00:46:25 +0700] "POST //xmlrpc.php HTTP/1.1" 200 459 "-" "Mozilla/5.0 (Windows NT 10.0; Win64; x64) AppleWebKit/537.36 (KHTML, like Gecko) Chrome/88.0.4240.193 Safari/537.36"
152.42.175.95 - - [11/Oct/2025:00:46:29 +0700] "POST //xmlrpc.php HTTP/1.1" 200 459 "-" "Mozilla/5.0 (Windows NT 10.0; Win64; x64) AppleWebKit/537.36 (KHTML, like Gecko) Chrome/88.0.4240.193 Safari/537.36"
152.42.175.95 - - [11/Oct/2025:00:46:33 +0700] "POST //xmlrpc.php HTTP/1.1" 200 459 "-" "Mozilla/5.0 (Windows NT 10.0; Win64; x64) AppleWebKit/537.36 (KHTML, like Gecko) Chrome/88.0.4240.193 Safari/537.36"
152.42.175.95 - - [11/Oct/2025:00:46:37 +0700] "POST //xmlrpc.php HTTP/1.1" 200 459 "-" "Mozilla/5.0 (Windows NT 10.0; Win64; x64) AppleWebKit/537.36 (KHTML, like Gecko) Chrome/88.0.4240.193 Safari/537.36"
152.42.175.95 - - [11/Oct/2025:00:46:41 +0700] "POST //xmlrpc.php HTTP/1.1" 200 459 "-" "Mozilla/5.0 (Windows NT 10.0; Win64; x64) AppleWebKit/537.36 (KHTML, like Gecko) Chrome/88.0.4240.193 Safari/537.36"
152.42.175.95 - - [11/Oct/2025:00:46:45 +0700] "POST //xmlrpc.php HTTP/1.1" 200 459 "-" "Mozilla/5.0 (Windows NT 10.0; Win64; x64) AppleWebKit/537.36 (KHTML, like Gecko) Chrome/88.0.4240.193 Safari/537.36"
152.42.175.95 - - [11/Oct/2025:00:46:49 +0700] "POST //xmlrpc.php HTTP/1.1" 200 459 "-" "Mozilla/5.0 (Windows NT 10.0; Win64; x64) AppleWebKit/537.36 (KHTML, like Gecko) Chrome/88.0.4240.193 Safari/537.36"
152.42.175.95 - - [11/Oct/2025:00:46:53 +0700] "POST //xmlrpc.php HTTP/1.1" 200 459 "-" "Mozilla/5.0 (Windows NT 10.0; Win64; x64) AppleWebKit/537.36 (KHTML, like Gecko) Chrome/88.0.4240.193 Safari/537.36"
152.42.175.95 - - [11/Oct/2025:00:46:57 +0700] "POST //xmlrpc.php HTTP/1.1" 200 459 "-" "Mozilla/5.0 (Windows NT 10.0; Win64; x64) AppleWebKit/537.36 (KHTML, like Gecko) Chrome/88.0.4240.193 Safari/537.36"
178.128.86.151 - - [11/Oct/2025:00:47:02 +0700] "POST /wp-cron.php?doing_wp_cron=1760118422.0932979583740234375000 HTTP/1.1" 200 31 "-" "WordPress/6.7.2; https://dailytaxconsulting.com"
152.42.175.95 - - [11/Oct/2025:00:47:02 +0700] "POST //xmlrpc.php HTTP/1.1" 200 459 "-" "Mozilla/5.0 (Windows NT 10.0; Win64; x64) AppleWebKit/537.36 (KHTML, like Gecko) Chrome/88.0.4240.193 Safari/537.36"
152.42.175.95 - - [11/Oct/2025:00:47:07 +0700] "POST //xmlrpc.php HTTP/1.1" 200 459 "-" "Mozilla/5.0 (Windows NT 10.0; Win64; x64) AppleWebKit/537.36 (KHTML, like Gecko) Chrome/88.0.4240.193 Safari/537.36"
178.128.86.151 - - [11/Oct/2025:00:47:08 +0700] "POST /wp-admin/admin-ajax.php?action=async_litespeed&nonce=p3iOoXPB6vs0i9wvzN4zEFjUnLWykMTn&litespeed_type=imgoptm HTTP/1.1" 499 0 "-" "WordPress/6.7.2; https://dailytaxconsulting.com"
152.42.175.95 - - [11/Oct/2025:00:47:12 +0700] "POST //xmlrpc.php HTTP/1.1" 200 459 "-" "Mozilla/5.0 (Windows NT 10.0; Win64; x64) AppleWebKit/537.36 (KHTML, like Gecko) Chrome/88.0.4240.193 Safari/537.36"
152.42.175.95 - - [11/Oct/2025:00:47:17 +0700] "POST //xmlrpc.php HTTP/1.1" 200 459 "-" "Mozilla/5.0 (Windows NT 10.0; Win64; x64) AppleWebKit/537.36 (KHTML, like Gecko) Chrome/88.0.4240.193 Safari/537.36"
152.42.175.95 - - [11/Oct/2025:00:47:22 +0700] "POST //xmlrpc.php HTTP/1.1" 200 459 "-" "Mozilla/5.0 (Windows NT 10.0; Win64; x64) AppleWebKit/537.36 (KHTML, like Gecko) Chrome/88.0.4240.193 Safari/537.36"
152.42.175.95 - - [11/Oct/2025:00:47:27 +0700] "POST //xmlrpc.php HTTP/1.1" 200 459 "-" "Mozilla/5.0 (Windows NT 10.0; Win64; x64) AppleWebKit/537.36 (KHTML, like Gecko) Chrome/88.0.4240.193 Safari/537.36"
152.42.175.95 - - [11/Oct/2025:00:47:31 +0700] "POST //xmlrpc.php HTTP/1.1" 200 459 "-" "Mozilla/5.0 (Windows NT 10.0; Win64; x64) AppleWebKit/537.36 (KHTML, like Gecko) Chrome/88.0.4240.193 Safari/537.36"
178.128.86.151 - - [11/Oct/2025:00:47:36 +0700] "POST /wp-cron.php?doing_wp_cron=1760118456.6667690277099609375000 HTTP/1.1" 200 31 "-" "WordPress/6.7.2; https://dailytaxconsulting.com"
152.42.175.95 - - [11/Oct/2025:00:47:37 +0700] "POST //xmlrpc.php HTTP/1.1" 200 459 "-" "Mozilla/5.0 (Windows NT 10.0; Win64; x64) AppleWebKit/537.36 (KHTML, like Gecko) Chrome/88.0.4240.193 Safari/537.36"
152.42.175.95 - - [11/Oct/2025:00:47:41 +0700] "POST //xmlrpc.php HTTP/1.1" 200 459 "-" "Mozilla/5.0 (Windows NT 10.0; Win64; x64) AppleWebKit/537.36 (KHTML, like Gecko) Chrome/88.0.4240.193 Safari/537.36"
152.42.175.95 - - [11/Oct/2025:00:47:46 +0700] "POST //xmlrpc.php HTTP/1.1" 200 459 "-" "Mozilla/5.0 (Windows NT 10.0; Win64; x64) AppleWebKit/537.36 (KHTML, like Gecko) Chrome/88.0.4240.193 Safari/537.36"
152.42.175.95 - - [11/Oct/2025:00:47:50 +0700] "POST //xmlrpc.php HTTP/1.1" 200 459 "-" "Mozilla/5.0 (Windows NT 10.0; Win64; x64) AppleWebKit/537.36 (KHTML, like Gecko) Chrome/88.0.4240.193 Safari/537.36"
152.42.175.95 - - [11/Oct/2025:00:47:56 +0700] "POST //xmlrpc.php HTTP/1.1" 200 459 "-" "Mozilla/5.0 (Windows NT 10.0; Win64; x64) AppleWebKit/537.36 (KHTML, like Gecko) Chrome/88.0.4240.193 Safari/537.36"
152.42.175.95 - - [11/Oct/2025:00:48:01 +0700] "POST //xmlrpc.php HTTP/1.1" 200 459 "-" "Mozilla/5.0 (Windows NT 10.0; Win64; x64) AppleWebKit/537.36 (KHTML, like Gecko) Chrome/88.0.4240.193 Safari/537.36"
178.128.86.151 - - [11/Oct/2025:00:48:06 +0700] "POST /wp-cron.php?doing_wp_cron=1760118486.0231649875640869140625 HTTP/1.1" 200 31 "-" "WordPress/6.7.2; https://dailytaxconsulting.com"
152.42.175.95 - - [11/Oct/2025:00:48:06 +0700] "POST //xmlrpc.php HTTP/1.1" 200 459 "-" "Mozilla/5.0 (Windows NT 10.0; Win64; x64) AppleWebKit/537.36 (KHTML, like Gecko) Chrome/88.0.4240.193 Safari/537.36"
152.42.175.95 - - [11/Oct/2025:00:48:11 +0700] "POST //xmlrpc.php HTTP/1.1" 200 459 "-" "Mozilla/5.0 (Windows NT 10.0; Win64; x64) AppleWebKit/537.36 (KHTML, like Gecko) Chrome/88.0.4240.193 Safari/537.36"
178.128.86.151 - - [11/Oct/2025:00:48:12 +0700] "POST /wp-admin/admin-ajax.php?action=async_litespeed&nonce=nHX2TUWg88heIin8Q594VDjzdNzgXyg3&litespeed_type=imgoptm HTTP/1.1" 499 0 "-" "WordPress/6.7.2; https://dailytaxconsulting.com"
152.42.175.95 - - [11/Oct/2025:00:48:16 +0700] "POST //xmlrpc.php HTTP/1.1" 200 459 "-" "Mozilla/5.0 (Windows NT 10.0; Win64; x64) AppleWebKit/537.36 (KHTML, like Gecko) Chrome/88.0.4240.193 Safari/537.36"
152.42.175.95 - - [11/Oct/2025:00:48:21 +0700] "POST //xmlrpc.php HTTP/1.1" 200 459 "-" "Mozilla/5.0 (Windows NT 10.0; Win64; x64) AppleWebKit/537.36 (KHTML, like Gecko) Chrome/88.0.4240.193 Safari/537.36"
152.42.175.95 - - [11/Oct/2025:00:48:25 +0700] "POST //xmlrpc.php HTTP/1.1" 200 459 "-" "Mozilla/5.0 (Windows NT 10.0; Win64; x64) AppleWebKit/537.36 (KHTML, like Gecko) Chrome/88.0.4240.193 Safari/537.36"
152.42.175.95 - - [11/Oct/2025:00:48:30 +0700] "POST //xmlrpc.php HTTP/1.1" 200 459 "-" "Mozilla/5.0 (Windows NT 10.0; Win64; x64) AppleWebKit/537.36 (KHTML, like Gecko) Chrome/88.0.4240.193 Safari/537.36"
152.42.175.95 - - [11/Oct/2025:00:48:35 +0700] "POST //xmlrpc.php HTTP/1.1" 200 459 "-" "Mozilla/5.0 (Windows NT 10.0; Win64; x64) AppleWebKit/537.36 (KHTML, like Gecko) Chrome/88.0.4240.193 Safari/537.36"
152.42.175.95 - - [11/Oct/2025:00:48:39 +0700] "POST //xmlrpc.php HTTP/1.1" 200 459 "-" "Mozilla/5.0 (Windows NT 10.0; Win64; x64) AppleWebKit/537.36 (KHTML, like Gecko) Chrome/88.0.4240.193 Safari/537.36"
152.42.175.95 - - [11/Oct/2025:00:48:44 +0700] "POST //xmlrpc.php HTTP/1.1" 200 459 "-" "Mozilla/5.0 (Windows NT 10.0; Win64; x64) AppleWebKit/537.36 (KHTML, like Gecko) Chrome/88.0.4240.193 Safari/537.36"
152.42.175.95 - - [11/Oct/2025:00:48:48 +0700] "POST //xmlrpc.php HTTP/1.1" 200 459 "-" "Mozilla/5.0 (Windows NT 10.0; Win64; x64) AppleWebKit/537.36 (KHTML, like Gecko) Chrome/88.0.4240.193 Safari/537.36"
152.42.175.95 - - [11/Oct/2025:00:48:52 +0700] "POST //xmlrpc.php HTTP/1.1" 200 459 "-" "Mozilla/5.0 (Windows NT 10.0; Win64; x64) AppleWebKit/537.36 (KHTML, like Gecko) Chrome/88.0.4240.193 Safari/537.36"
152.42.175.95 - - [11/Oct/2025:00:48:57 +0700] "POST //xmlrpc.php HTTP/1.1" 200 459 "-" "Mozilla/5.0 (Windows NT 10.0; Win64; x64) AppleWebKit/537.36 (KHTML, like Gecko) Chrome/88.0.4240.193 Safari/537.36"
152.42.175.95 - - [11/Oct/2025:00:49:02 +0700] "POST //xmlrpc.php HTTP/1.1" 200 459 "-" "Mozilla/5.0 (Windows NT 10.0; Win64; x64) AppleWebKit/537.36 (KHTML, like Gecko) Chrome/88.0.4240.193 Safari/537.36"
178.128.86.151 - - [11/Oct/2025:00:49:06 +0700] "POST /wp-cron.php?doing_wp_cron=1760118546.2869539260864257812500 HTTP/1.1" 200 31 "-" "WordPress/6.7.2; https://dailytaxconsulting.com"
152.42.175.95 - - [11/Oct/2025:00:49:06 +0700] "POST //xmlrpc.php HTTP/1.1" 200 459 "-" "Mozilla/5.0 (Windows NT 10.0; Win64; x64) AppleWebKit/537.36 (KHTML, like Gecko) Chrome/88.0.4240.193 Safari/537.36"
152.42.175.95 - - [11/Oct/2025:00:49:11 +0700] "POST //xmlrpc.php HTTP/1.1" 200 459 "-" "Mozilla/5.0 (Windows NT 10.0; Win64; x64) AppleWebKit/537.36 (KHTML, like Gecko) Chrome/88.0.4240.193 Safari/537.36"
178.128.86.151 - - [11/Oct/2025:00:49:12 +0700] "POST /wp-admin/admin-ajax.php?action=async_litespeed&nonce=zEyZrIvAijyH7ru5KextPdahfPwrPFFm&litespeed_type=imgoptm HTTP/1.1" 499 0 "-" "WordPress/6.7.2; https://dailytaxconsulting.com"
152.42.175.95 - - [11/Oct/2025:00:49:16 +0700] "POST //xmlrpc.php HTTP/1.1" 200 459 "-" "Mozilla/5.0 (Windows NT 10.0; Win64; x64) AppleWebKit/537.36 (KHTML, like Gecko) Chrome/88.0.4240.193 Safari/537.36"
152.42.175.95 - - [11/Oct/2025:00:49:22 +0700] "POST //xmlrpc.php HTTP/1.1" 200 459 "-" "Mozilla/5.0 (Windows NT 10.0; Win64; x64) AppleWebKit/537.36 (KHTML, like Gecko) Chrome/88.0.4240.193 Safari/537.36"
152.42.175.95 - - [11/Oct/2025:00:49:27 +0700] "POST //xmlrpc.php HTTP/1.1" 200 459 "-" "Mozilla/5.0 (Windows NT 10.0; Win64; x64) AppleWebKit/537.36 (KHTML, like Gecko) Chrome/88.0.4240.193 Safari/537.36"
152.42.175.95 - - [11/Oct/2025:00:49:33 +0700] "POST //xmlrpc.php HTTP/1.1" 200 459 "-" "Mozilla/5.0 (Windows NT 10.0; Win64; x64) AppleWebKit/537.36 (KHTML, like Gecko) Chrome/88.0.4240.193 Safari/537.36"
178.128.86.151 - - [11/Oct/2025:00:49:37 +0700] "POST /wp-cron.php?doing_wp_cron=1760118577.9121880531311035156250 HTTP/1.1" 200 31 "-" "WordPress/6.7.2; https://dailytaxconsulting.com"
152.42.175.95 - - [11/Oct/2025:00:49:38 +0700] "POST //xmlrpc.php HTTP/1.1" 200 459 "-" "Mozilla/5.0 (Windows NT 10.0; Win64; x64) AppleWebKit/537.36 (KHTML, like Gecko) Chrome/88.0.4240.193 Safari/537.36"
152.42.175.95 - - [11/Oct/2025:00:49:43 +0700] "POST //xmlrpc.php HTTP/1.1" 200 459 "-" "Mozilla/5.0 (Windows NT 10.0; Win64; x64) AppleWebKit/537.36 (KHTML, like Gecko) Chrome/88.0.4240.193 Safari/537.36"
152.42.175.95 - - [11/Oct/2025:00:49:48 +0700] "POST //xmlrpc.php HTTP/1.1" 200 459 "-" "Mozilla/5.0 (Windows NT 10.0; Win64; x64) AppleWebKit/537.36 (KHTML, like Gecko) Chrome/88.0.4240.193 Safari/537.36"
152.42.175.95 - - [11/Oct/2025:00:49:52 +0700] "POST //xmlrpc.php HTTP/1.1" 200 459 "-" "Mozilla/5.0 (Windows NT 10.0; Win64; x64) AppleWebKit/537.36 (KHTML, like Gecko) Chrome/88.0.4240.193 Safari/537.36"
152.42.175.95 - - [11/Oct/2025:00:49:56 +0700] "POST //xmlrpc.php HTTP/1.1" 200 459 "-" "Mozilla/5.0 (Windows NT 10.0; Win64; x64) AppleWebKit/537.36 (KHTML, like Gecko) Chrome/88.0.4240.193 Safari/537.36"
152.42.175.95 - - [11/Oct/2025:00:50:00 +0700] "POST //xmlrpc.php HTTP/1.1" 200 459 "-" "Mozilla/5.0 (Windows NT 10.0; Win64; x64) AppleWebKit/537.36 (KHTML, like Gecko) Chrome/88.0.4240.193 Safari/537.36"
178.128.86.151 - - [11/Oct/2025:00:50:06 +0700] "POST /wp-cron.php?doing_wp_cron=1760118606.7983109951019287109375 HTTP/1.1" 200 31 "-" "WordPress/6.7.2; https://dailytaxconsulting.com"
152.42.175.95 - - [11/Oct/2025:00:50:07 +0700] "POST //xmlrpc.php HTTP/1.1" 200 459 "-" "Mozilla/5.0 (Windows NT 10.0; Win64; x64) AppleWebKit/537.36 (KHTML, like Gecko) Chrome/88.0.4240.193 Safari/537.36"
152.42.175.95 - - [11/Oct/2025:00:50:13 +0700] "POST //xmlrpc.php HTTP/1.1" 200 459 "-" "Mozilla/5.0 (Windows NT 10.0; Win64; x64) AppleWebKit/537.36 (KHTML, like Gecko) Chrome/88.0.4240.193 Safari/537.36"
178.128.86.151 - - [11/Oct/2025:00:50:14 +0700] "POST /wp-admin/admin-ajax.php?action=async_litespeed&nonce=Cl8izkAsGAkEhKCsac28LVInYP0aSTYE&litespeed_type=imgoptm HTTP/1.1" 499 0 "-" "WordPress/6.7.2; https://dailytaxconsulting.com"
152.42.175.95 - - [11/Oct/2025:00:50:19 +0700] "POST //xmlrpc.php HTTP/1.1" 200 459 "-" "Mozilla/5.0 (Windows NT 10.0; Win64; x64) AppleWebKit/537.36 (KHTML, like Gecko) Chrome/88.0.4240.193 Safari/537.36"
152.42.175.95 - - [11/Oct/2025:00:50:25 +0700] "POST //xmlrpc.php HTTP/1.1" 200 459 "-" "Mozilla/5.0 (Windows NT 10.0; Win64; x64) AppleWebKit/537.36 (KHTML, like Gecko) Chrome/88.0.4240.193 Safari/537.36"
152.42.175.95 - - [11/Oct/2025:00:50:29 +0700] "POST //xmlrpc.php HTTP/1.1" 200 459 "-" "Mozilla/5.0 (Windows NT 10.0; Win64; x64) AppleWebKit/537.36 (KHTML, like Gecko) Chrome/88.0.4240.193 Safari/537.36"
152.42.175.95 - - [11/Oct/2025:00:50:34 +0700] "POST //xmlrpc.php HTTP/1.1" 200 459 "-" "Mozilla/5.0 (Windows NT 10.0; Win64; x64) AppleWebKit/537.36 (KHTML, like Gecko) Chrome/88.0.4240.193 Safari/537.36"
152.42.175.95 - - [11/Oct/2025:00:50:39 +0700] "POST //xmlrpc.php HTTP/1.1" 200 459 "-" "Mozilla/5.0 (Windows NT 10.0; Win64; x64) AppleWebKit/537.36 (KHTML, like Gecko) Chrome/88.0.4240.193 Safari/537.36"
152.42.175.95 - - [11/Oct/2025:00:50:44 +0700] "POST //xmlrpc.php HTTP/1.1" 200 459 "-" "Mozilla/5.0 (Windows NT 10.0; Win64; x64) AppleWebKit/537.36 (KHTML, like Gecko) Chrome/88.0.4240.193 Safari/537.36"
152.42.175.95 - - [11/Oct/2025:00:50:49 +0700] "POST //xmlrpc.php HTTP/1.1" 200 459 "-" "Mozilla/5.0 (Windows NT 10.0; Win64; x64) AppleWebKit/537.36 (KHTML, like Gecko) Chrome/88.0.4240.193 Safari/537.36"
178.128.86.151 - - [11/Oct/2025:01:33:44 +0700] "POST /wp-cron.php?doing_wp_cron=1760121224.3256440162658691406250 HTTP/1.1" 200 31 "-" "WordPress/6.7.2; https://dailytaxconsulting.com"
178.128.86.151 - - [11/Oct/2025:01:33:44 +0700] "POST /wp-cron.php?doing_wp_cron=1760121224.3729829788208007812500 HTTP/1.1" 200 31 "-" "WordPress/6.7.2; https://dailytaxconsulting.com"
93.159.230.28 - - [11/Oct/2025:01:33:44 +0700] "GET / HTTP/1.1" 200 38174 "-" "Mozilla/5.0 (Linux; arm_64; Android 12; CPH2205) AppleWebKit/537.36 (KHTML, like Gecko) Chrome/110.0.0.0 YaBrowser/23.3.3.86.00 SA/3 Mobile Safari/537.36"
178.128.86.151 - - [11/Oct/2025:01:33:47 +0700] "POST /wp-admin/admin-ajax.php?action=async_litespeed&nonce=a9Gd5HF5kC1F31tqASg0acUc68LN7IFT&litespeed_type=imgoptm HTTP/1.1" 499 0 "-" "WordPress/6.7.2; https://dailytaxconsulting.com"
204.12.252.98 - - [11/Oct/2025:02:34:37 +0700] "GET /wp-includes/install.php HTTP/1.1" 404 27 "https://dailytaxconsulting.com/wp-includes/install.php" "Mozilla/5.0 (Windows NT 10.0; Win64; x64) AppleWebKit/537.36 (KHTML, like Gecko) Chrome/58.0.3029.110 Safari/537.3"
185.241.208.221 - - [11/Oct/2025:02:41:02 +0700] "GET /wp-content/themes/seotheme/db.php?u HTTP/1.1" 404 27 "www.google.com" "Mozlila/5.0 (Linux; Android 7.0; SM-G892A Bulid/NRD90M; wv) AppleWebKit/537.36 (KHTML, like Gecko) Version/4.0 Chrome/60.0.3112.107 Moblie Safari/537.36"
185.241.208.221 - - [11/Oct/2025:02:41:02 +0700] "POST /wp-plain.php HTTP/1.1" 404 27 "www.google.com" "Mozilla/5.0 (Linux; Android 7.0; SM-G892A Bulid/NRD90M; wv) AppleWebKit/537.36 (KHTML, like Gecko) Version/4.0 Chrome/60.0.3112.107 Moblie Safari/537.36"
185.241.208.221 - - [11/Oct/2025:02:41:02 +0700] "GET /wp-content/plugins/fix/up.php HTTP/1.1" 404 27 "-" "Mozilla/5.0 (Windows NT 10.0; Win64; x64) AppleWebKit/537.36 (KHTML, like Gecko) Chrome/85.0.4183.102 Safari/537.36"
185.241.208.221 - - [11/Oct/2025:02:41:02 +0700] "GET /wp-content/themes/seotheme/db.php?u HTTP/1.1" 404 27 "www.google.com" "Mozlila/5.0 (Linux; Android 7.0; SM-G892A Bulid/NRD90M; wv) AppleWebKit/537.36 (KHTML, like Gecko) Version/4.0 Chrome/60.0.3112.107 Moblie Safari/537.36"
185.241.208.221 - - [11/Oct/2025:02:41:02 +0700] "GET /vqcowohu.php?Fox=d3wL7 HTTP/1.1" 404 27 "www.google.com" "Mozilla/5.0 (Linux; Android 7.0; SM-G892A Bulid/NRD90M; wv) AppleWebKit/537.36 (KHTML, like Gecko) Version/4.0 Chrome/60.0.3112.107 Moblie Safari/537.36"
178.128.86.151 - - [11/Oct/2025:02:41:05 +0700] "POST /wp-cron.php?doing_wp_cron=1760125265.5698089599609375000000 HTTP/1.1" 200 31 "-" "WordPress/6.7.2; https://dailytaxconsulting.com"
178.128.86.151 - - [11/Oct/2025:02:41:08 +0700] "POST /wp-admin/admin-ajax.php?action=async_litespeed&nonce=lOCWN8Cf6fcZmubP48KjZKRThp2mJmnL&litespeed_type=imgoptm HTTP/1.1" 499 0 "-" "WordPress/6.7.2; https://dailytaxconsulting.com"
178.128.86.151 - - [11/Oct/2025:02:41:08 +0700] "POST /wp-cron.php?doing_wp_cron=1760125265.6501989364624023437500 HTTP/1.1" 200 31 "-" "WordPress/6.7.2; https://dailytaxconsulting.com"
178.128.86.151 - - [11/Oct/2025:02:41:08 +0700] "POST /wp-cron.php?doing_wp_cron=1760125265.8705248832702636718750 HTTP/1.1" 499 0 "-" "WordPress/6.7.2; https://dailytaxconsulting.com"
185.241.208.221 - - [11/Oct/2025:02:41:09 +0700] "POST /ALFA_DATA/alfacgiapi/perl.alfa HTTP/1.1" 404 123539 "www.google.com" "Mozlila/5.0 (Linux; Android 7.0; SM-G892A Bulid/NRD90M; wv) AppleWebKit/537.36 (KHTML, like Gecko) Version/4.0 Chrome/60.0.3112.107 Moblie Safari/537.36"
185.241.208.221 - - [11/Oct/2025:02:41:09 +0700] "GET / HTTP/1.1" 200 256656 "-" "Mozlila/5.0 (Linux; Android 7.0; SM-G892A Bulid/NRD90M; wv) AppleWebKit/537.36 (KHTML, like Gecko) Version/4.0 Chrome/60.0.3112.107 Moblie Safari/537.36"
185.241.208.221 - - [11/Oct/2025:02:41:10 +0700] "GET /wp-content/plugins/apikey/apikey.php?test=hello HTTP/1.1" 404 27 "-" "Mozlila/5.0 (Linux; Android 7.0; SM-G892A Bulid/NRD90M; wv) AppleWebKit/537.36 (KHTML, like Gecko) Version/4.0 Chrome/60.0.3112.107 Moblie Safari/537.36"
185.241.208.221 - - [11/Oct/2025:02:41:10 +0700] "GET /plugins/content/apismtp/apismtp.php?test=hello HTTP/1.1" 404 27 "-" "Mozlila/5.0 (Linux; Android 7.0; SM-G892A Bulid/NRD90M; wv) AppleWebKit/537.36 (KHTML, like Gecko) Version/4.0 Chrome/60.0.3112.107 Moblie Safari/537.36"
185.241.208.221 - - [11/Oct/2025:02:41:12 +0700] "POST /alfacgiapi/perl.alfa HTTP/1.1" 404 123526 "www.google.com" "Mozlila/5.0 (Linux; Android 7.0; SM-G892A Bulid/NRD90M; wv) AppleWebKit/537.36 (KHTML, like Gecko) Version/4.0 Chrome/60.0.3112.107 Moblie Safari/537.36"
185.241.208.221 - - [11/Oct/2025:02:41:12 +0700] "GET /wp-content/plugins/apikey/apikey.php.suspected?test=hello HTTP/1.1" 404 123642 "-" "Mozlila/5.0 (Linux; Android 7.0; SM-G892A Bulid/NRD90M; wv) AppleWebKit/537.36 (KHTML, like Gecko) Version/4.0 Chrome/60.0.3112.107 Moblie Safari/537.36"
185.241.208.221 - - [11/Oct/2025:02:41:14 +0700] "GET /plugins/content/apismtp/apismtp.php.suspected?test=hello HTTP/1.1" 404 123657 "-" "Mozlila/5.0 (Linux; Android 7.0; SM-G892A Bulid/NRD90M; wv) AppleWebKit/537.36 (KHTML, like Gecko) Version/4.0 Chrome/60.0.3112.107 Moblie Safari/537.36"
178.128.86.151 - - [11/Oct/2025:03:07:20 +0700] "POST /wp-cron.php?doing_wp_cron=1760126840.8915269374847412109375 HTTP/1.1" 200 31 "-" "WordPress/6.7.2; https://dailytaxconsulting.com"
66.249.66.8 - - [11/Oct/2025:03:07:20 +0700] "GET /robots.txt HTTP/1.1" 200 129 "-" "Mozilla/5.0 (compatible; Googlebot/2.1; +http://www.google.com/bot.html)"
66.249.66.6 - - [11/Oct/2025:03:07:23 +0700] "GET /wp-sitemap-taxonomies-category-1.xml HTTP/1.1" 200 207 "-" "Mozilla/5.0 (compatible; Googlebot/2.1; +http://www.google.com/bot.html)"
178.128.86.151 - - [11/Oct/2025:03:07:23 +0700] "POST /wp-admin/admin-ajax.php?action=async_litespeed&nonce=sqCtkYeV1NP8J2Bh9vy005TBQgQFmGcB&litespeed_type=imgoptm HTTP/1.1" 499 0 "-" "WordPress/6.7.2; https://dailytaxconsulting.com"
204.12.252.98 - - [11/Oct/2025:03:12:46 +0700] "GET /wp-includes/install.php HTTP/1.1" 404 27 "https://dailytaxconsulting.com/wp-includes/install.php" "Mozilla/5.0 (Windows NT 10.0; Win64; x64) AppleWebKit/537.36 (KHTML, like Gecko) Chrome/58.0.3029.110 Safari/537.3"
204.12.252.98 - - [11/Oct/2025:03:35:08 +0700] "GET /wp-includes/install.php HTTP/1.1" 404 27 "https://dailytaxconsulting.com/wp-includes/install.php" "Mozilla/5.0 (Windows NT 10.0; Win64; x64) AppleWebKit/537.36 (KHTML, like Gecko) Chrome/58.0.3029.110 Safari/537.3"
178.128.86.151 - - [11/Oct/2025:03:45:20 +0700] "POST /wp-cron.php?doing_wp_cron=1760129120.0307769775390625000000 HTTP/1.1" 200 31 "-" "WordPress/6.7.2; https://dailytaxconsulting.com"
178.128.86.151 - - [11/Oct/2025:03:45:20 +0700] "POST /wp-cron.php?doing_wp_cron=1760129120.1370599269866943359375 HTTP/1.1" 200 31 "-" "WordPress/6.7.2; https://dailytaxconsulting.com"
91.239.208.217 - - [11/Oct/2025:03:45:20 +0700] "GET /.env HTTP/1.1" 404 22368 "-" "python-requests/2.32.5"
178.128.86.151 - - [11/Oct/2025:03:45:25 +0700] "POST /wp-admin/admin-ajax.php?action=async_litespeed&nonce=RpDsoxjXFJq4TwlZooulr8Y1Giwl5zbN&litespeed_type=imgoptm HTTP/1.1" 499 0 "-" "WordPress/6.7.2; https://dailytaxconsulting.com"
204.12.252.98 - - [11/Oct/2025:04:10:56 +0700] "GET /wp-includes/install.php HTTP/1.1" 404 27 "https://dailytaxconsulting.com/wp-includes/install.php" "Mozilla/5.0 (Windows NT 10.0; Win64; x64) AppleWebKit/537.36 (KHTML, like Gecko) Chrome/58.0.3029.110 Safari/537.3"
178.128.86.151 - - [11/Oct/2025:04:34:34 +0700] "POST /wp-cron.php?doing_wp_cron=1760132074.4097249507904052734375 HTTP/1.1" 200 31 "-" "WordPress/6.7.2; https://dailytaxconsulting.com"
89.187.187.77 - - [11/Oct/2025:04:34:35 +0700] "GET / HTTP/1.1" 200 256582 "-" "Mozilla/5.0 (Windows NT 10.0; Win64; x64) AppleWebKit/537.36 (KHTML, like Gecko) Chrome/78.0.3904.108 Safari/537.36"
178.128.86.151 - - [11/Oct/2025:04:34:38 +0700] "POST /wp-admin/admin-ajax.php?action=async_litespeed&nonce=1RefRu9QqPhpuGPzfhcziuuoB9G7wVmS&litespeed_type=imgoptm HTTP/1.1" 499 0 "-" "WordPress/6.7.2; https://dailytaxconsulting.com"
89.187.187.77 - - [11/Oct/2025:04:34:39 +0700] "GET //wp-includes/wlwmanifest.xml HTTP/1.1" 301 5 "-" "Mozilla/5.0 (Windows NT 10.0; Win64; x64) AppleWebKit/537.36 (KHTML, like Gecko) Chrome/78.0.3904.108 Safari/537.36"
89.187.187.77 - - [11/Oct/2025:04:34:42 +0700] "GET //xmlrpc.php?rsd HTTP/1.1" 200 858 "-" "Mozilla/5.0 (Windows NT 10.0; Win64; x64) AppleWebKit/537.36 (KHTML, like Gecko) Chrome/78.0.3904.108 Safari/537.36"
89.187.187.77 - - [11/Oct/2025:04:34:44 +0700] "GET //?author=1 HTTP/1.1" 301 5 "-" "Mozilla/5.0 (Windows NT 10.0; Win64; x64) AppleWebKit/537.36 (KHTML, like Gecko) Chrome/78.0.3904.108 Safari/537.36"
89.187.187.77 - - [11/Oct/2025:04:34:47 +0700] "GET //?author=2 HTTP/1.1" 301 5 "-" "Mozilla/5.0 (Windows NT 10.0; Win64; x64) AppleWebKit/537.36 (KHTML, like Gecko) Chrome/78.0.3904.108 Safari/537.36"
89.187.187.77 - - [11/Oct/2025:04:34:49 +0700] "GET //wp-json/wp/v2/users/ HTTP/1.1" 200 762 "-" "Mozilla/5.0 (Windows NT 10.0; Win64; x64) AppleWebKit/537.36 (KHTML, like Gecko) Chrome/78.0.3904.108 Safari/537.36"
89.187.187.77 - - [11/Oct/2025:04:34:53 +0700] "POST //xmlrpc.php HTTP/1.1" 200 459 "-" "Mozilla/5.0 (Windows NT 10.0; Win64; x64) AppleWebKit/537.36 (KHTML, like Gecko) Chrome/78.0.3904.108 Safari/537.36"
89.187.187.77 - - [11/Oct/2025:04:34:56 +0700] "POST //xmlrpc.php HTTP/1.1" 200 459 "-" "Mozilla/5.0 (Windows NT 10.0; Win64; x64) AppleWebKit/537.36 (KHTML, like Gecko) Chrome/78.0.3904.108 Safari/537.36"
89.187.187.77 - - [11/Oct/2025:04:34:58 +0700] "POST //xmlrpc.php HTTP/1.1" 200 459 "-" "Mozilla/5.0 (Windows NT 10.0; Win64; x64) AppleWebKit/537.36 (KHTML, like Gecko) Chrome/78.0.3904.108 Safari/537.36"
89.187.187.77 - - [11/Oct/2025:04:35:01 +0700] "POST //xmlrpc.php HTTP/1.1" 200 459 "-" "Mozilla/5.0 (Windows NT 10.0; Win64; x64) AppleWebKit/537.36 (KHTML, like Gecko) Chrome/78.0.3904.108 Safari/537.36"
178.128.86.151 - - [11/Oct/2025:04:35:04 +0700] "POST /wp-cron.php?doing_wp_cron=1760132104.7026391029357910156250 HTTP/1.1" 200 31 "-" "WordPress/6.7.2; https://dailytaxconsulting.com"
89.187.187.77 - - [11/Oct/2025:04:35:05 +0700] "POST //xmlrpc.php HTTP/1.1" 200 459 "-" "Mozilla/5.0 (Windows NT 10.0; Win64; x64) AppleWebKit/537.36 (KHTML, like Gecko) Chrome/78.0.3904.108 Safari/537.36"
89.187.187.77 - - [11/Oct/2025:04:35:08 +0700] "POST //xmlrpc.php HTTP/1.1" 200 459 "-" "Mozilla/5.0 (Windows NT 10.0; Win64; x64) AppleWebKit/537.36 (KHTML, like Gecko) Chrome/78.0.3904.108 Safari/537.36"
178.128.86.151 - - [11/Oct/2025:04:35:09 +0700] "POST /wp-admin/admin-ajax.php?action=async_litespeed&nonce=5YI6LbfzzgL7kNbtvSk0RaZgQ4Yww6An&litespeed_type=imgoptm HTTP/1.1" 499 0 "-" "WordPress/6.7.2; https://dailytaxconsulting.com"
89.187.187.77 - - [11/Oct/2025:04:35:12 +0700] "POST //xmlrpc.php HTTP/1.1" 200 459 "-" "Mozilla/5.0 (Windows NT 10.0; Win64; x64) AppleWebKit/537.36 (KHTML, like Gecko) Chrome/78.0.3904.108 Safari/537.36"
89.187.187.77 - - [11/Oct/2025:04:35:15 +0700] "POST //xmlrpc.php HTTP/1.1" 200 459 "-" "Mozilla/5.0 (Windows NT 10.0; Win64; x64) AppleWebKit/537.36 (KHTML, like Gecko) Chrome/78.0.3904.108 Safari/537.36"
89.187.187.77 - - [11/Oct/2025:04:35:17 +0700] "POST //xmlrpc.php HTTP/1.1" 200 459 "-" "Mozilla/5.0 (Windows NT 10.0; Win64; x64) AppleWebKit/537.36 (KHTML, like Gecko) Chrome/78.0.3904.108 Safari/537.36"
89.187.187.77 - - [11/Oct/2025:04:35:20 +0700] "POST //xmlrpc.php HTTP/1.1" 200 459 "-" "Mozilla/5.0 (Windows NT 10.0; Win64; x64) AppleWebKit/537.36 (KHTML, like Gecko) Chrome/78.0.3904.108 Safari/537.36"
89.187.187.77 - - [11/Oct/2025:04:35:23 +0700] "POST //xmlrpc.php HTTP/1.1" 200 459 "-" "Mozilla/5.0 (Windows NT 10.0; Win64; x64) AppleWebKit/537.36 (KHTML, like Gecko) Chrome/78.0.3904.108 Safari/537.36"
89.187.187.77 - - [11/Oct/2025:04:35:25 +0700] "POST //xmlrpc.php HTTP/1.1" 200 459 "-" "Mozilla/5.0 (Windows NT 10.0; Win64; x64) AppleWebKit/537.36 (KHTML, like Gecko) Chrome/78.0.3904.108 Safari/537.36"
89.187.187.77 - - [11/Oct/2025:04:35:28 +0700] "POST //xmlrpc.php HTTP/1.1" 200 459 "-" "Mozilla/5.0 (Windows NT 10.0; Win64; x64) AppleWebKit/537.36 (KHTML, like Gecko) Chrome/78.0.3904.108 Safari/537.36"
89.187.187.77 - - [11/Oct/2025:04:35:30 +0700] "POST //xmlrpc.php HTTP/1.1" 200 459 "-" "Mozilla/5.0 (Windows NT 10.0; Win64; x64) AppleWebKit/537.36 (KHTML, like Gecko) Chrome/78.0.3904.108 Safari/537.36"
89.187.187.77 - - [11/Oct/2025:04:35:33 +0700] "POST //xmlrpc.php HTTP/1.1" 200 459 "-" "Mozilla/5.0 (Windows NT 10.0; Win64; x64) AppleWebKit/537.36 (KHTML, like Gecko) Chrome/78.0.3904.108 Safari/537.36"
89.187.187.77 - - [11/Oct/2025:04:35:36 +0700] "POST //xmlrpc.php HTTP/1.1" 200 459 "-" "Mozilla/5.0 (Windows NT 10.0; Win64; x64) AppleWebKit/537.36 (KHTML, like Gecko) Chrome/78.0.3904.108 Safari/537.36"
89.187.187.77 - - [11/Oct/2025:04:35:38 +0700] "POST //xmlrpc.php HTTP/1.1" 200 459 "-" "Mozilla/5.0 (Windows NT 10.0; Win64; x64) AppleWebKit/537.36 (KHTML, like Gecko) Chrome/78.0.3904.108 Safari/537.36"
89.187.187.77 - - [11/Oct/2025:04:35:41 +0700] "POST //xmlrpc.php HTTP/1.1" 200 459 "-" "Mozilla/5.0 (Windows NT 10.0; Win64; x64) AppleWebKit/537.36 (KHTML, like Gecko) Chrome/78.0.3904.108 Safari/537.36"
89.187.187.77 - - [11/Oct/2025:04:35:43 +0700] "POST //xmlrpc.php HTTP/1.1" 200 459 "-" "Mozilla/5.0 (Windows NT 10.0; Win64; x64) AppleWebKit/537.36 (KHTML, like Gecko) Chrome/78.0.3904.108 Safari/537.36"
89.187.187.77 - - [11/Oct/2025:04:35:46 +0700] "POST //xmlrpc.php HTTP/1.1" 200 459 "-" "Mozilla/5.0 (Windows NT 10.0; Win64; x64) AppleWebKit/537.36 (KHTML, like Gecko) Chrome/78.0.3904.108 Safari/537.36"
89.187.187.77 - - [11/Oct/2025:04:35:48 +0700] "POST //xmlrpc.php HTTP/1.1" 200 459 "-" "Mozilla/5.0 (Windows NT 10.0; Win64; x64) AppleWebKit/537.36 (KHTML, like Gecko) Chrome/78.0.3904.108 Safari/537.36"
89.187.187.77 - - [11/Oct/2025:04:35:51 +0700] "POST //xmlrpc.php HTTP/1.1" 200 459 "-" "Mozilla/5.0 (Windows NT 10.0; Win64; x64) AppleWebKit/537.36 (KHTML, like Gecko) Chrome/78.0.3904.108 Safari/537.36"
89.187.187.77 - - [11/Oct/2025:04:35:53 +0700] "POST //xmlrpc.php HTTP/1.1" 200 459 "-" "Mozilla/5.0 (Windows NT 10.0; Win64; x64) AppleWebKit/537.36 (KHTML, like Gecko) Chrome/78.0.3904.108 Safari/537.36"
89.187.187.77 - - [11/Oct/2025:04:35:57 +0700] "POST //xmlrpc.php HTTP/1.1" 200 459 "-" "Mozilla/5.0 (Windows NT 10.0; Win64; x64) AppleWebKit/537.36 (KHTML, like Gecko) Chrome/78.0.3904.108 Safari/537.36"
89.187.187.77 - - [11/Oct/2025:04:36:02 +0700] "POST //xmlrpc.php HTTP/1.1" 200 459 "-" "Mozilla/5.0 (Windows NT 10.0; Win64; x64) AppleWebKit/537.36 (KHTML, like Gecko) Chrome/78.0.3904.108 Safari/537.36"
178.128.86.151 - - [11/Oct/2025:04:36:06 +0700] "POST /wp-cron.php?doing_wp_cron=1760132166.7847828865051269531250 HTTP/1.1" 200 31 "-" "WordPress/6.7.2; https://dailytaxconsulting.com"
89.187.187.77 - - [11/Oct/2025:04:36:07 +0700] "POST //xmlrpc.php HTTP/1.1" 200 459 "-" "Mozilla/5.0 (Windows NT 10.0; Win64; x64) AppleWebKit/537.36 (KHTML, like Gecko) Chrome/78.0.3904.108 Safari/537.36"
89.187.187.77 - - [11/Oct/2025:04:36:11 +0700] "POST //xmlrpc.php HTTP/1.1" 200 459 "-" "Mozilla/5.0 (Windows NT 10.0; Win64; x64) AppleWebKit/537.36 (KHTML, like Gecko) Chrome/78.0.3904.108 Safari/537.36"
178.128.86.151 - - [11/Oct/2025:04:36:12 +0700] "POST /wp-admin/admin-ajax.php?action=async_litespeed&nonce=1dVweEHFwBxNGv7KDOUB125dW2A2ZykJ&litespeed_type=imgoptm HTTP/1.1" 499 0 "-" "WordPress/6.7.2; https://dailytaxconsulting.com"
89.187.187.77 - - [11/Oct/2025:04:36:15 +0700] "POST //xmlrpc.php HTTP/1.1" 200 459 "-" "Mozilla/5.0 (Windows NT 10.0; Win64; x64) AppleWebKit/537.36 (KHTML, like Gecko) Chrome/78.0.3904.108 Safari/537.36"
89.187.187.77 - - [11/Oct/2025:04:36:23 +0700] "POST //xmlrpc.php HTTP/1.1" 200 459 "-" "Mozilla/5.0 (Windows NT 10.0; Win64; x64) AppleWebKit/537.36 (KHTML, like Gecko) Chrome/78.0.3904.108 Safari/537.36"
89.187.187.77 - - [11/Oct/2025:04:36:26 +0700] "POST //xmlrpc.php HTTP/1.1" 200 459 "-" "Mozilla/5.0 (Windows NT 10.0; Win64; x64) AppleWebKit/537.36 (KHTML, like Gecko) Chrome/78.0.3904.108 Safari/537.36"
89.187.187.77 - - [11/Oct/2025:04:36:28 +0700] "POST //xmlrpc.php HTTP/1.1" 200 459 "-" "Mozilla/5.0 (Windows NT 10.0; Win64; x64) AppleWebKit/537.36 (KHTML, like Gecko) Chrome/78.0.3904.108 Safari/537.36"
89.187.187.77 - - [11/Oct/2025:04:36:31 +0700] "POST //xmlrpc.php HTTP/1.1" 200 459 "-" "Mozilla/5.0 (Windows NT 10.0; Win64; x64) AppleWebKit/537.36 (KHTML, like Gecko) Chrome/78.0.3904.108 Safari/537.36"
89.187.187.77 - - [11/Oct/2025:04:36:34 +0700] "POST //xmlrpc.php HTTP/1.1" 200 459 "-" "Mozilla/5.0 (Windows NT 10.0; Win64; x64) AppleWebKit/537.36 (KHTML, like Gecko) Chrome/78.0.3904.108 Safari/537.36"
89.187.187.77 - - [11/Oct/2025:04:36:37 +0700] "POST //xmlrpc.php HTTP/1.1" 200 459 "-" "Mozilla/5.0 (Windows NT 10.0; Win64; x64) AppleWebKit/537.36 (KHTML, like Gecko) Chrome/78.0.3904.108 Safari/537.36"
89.187.187.77 - - [11/Oct/2025:04:36:40 +0700] "POST //xmlrpc.php HTTP/1.1" 200 459 "-" "Mozilla/5.0 (Windows NT 10.0; Win64; x64) AppleWebKit/537.36 (KHTML, like Gecko) Chrome/78.0.3904.108 Safari/537.36"
89.187.187.77 - - [11/Oct/2025:04:36:42 +0700] "POST //xmlrpc.php HTTP/1.1" 200 459 "-" "Mozilla/5.0 (Windows NT 10.0; Win64; x64) AppleWebKit/537.36 (KHTML, like Gecko) Chrome/78.0.3904.108 Safari/537.36"
89.187.187.77 - - [11/Oct/2025:04:36:45 +0700] "POST //xmlrpc.php HTTP/1.1" 200 459 "-" "Mozilla/5.0 (Windows NT 10.0; Win64; x64) AppleWebKit/537.36 (KHTML, like Gecko) Chrome/78.0.3904.108 Safari/537.36"
89.187.187.77 - - [11/Oct/2025:04:36:48 +0700] "POST //xmlrpc.php HTTP/1.1" 200 459 "-" "Mozilla/5.0 (Windows NT 10.0; Win64; x64) AppleWebKit/537.36 (KHTML, like Gecko) Chrome/78.0.3904.108 Safari/537.36"
89.187.187.77 - - [11/Oct/2025:04:36:51 +0700] "POST //xmlrpc.php HTTP/1.1" 200 459 "-" "Mozilla/5.0 (Windows NT 10.0; Win64; x64) AppleWebKit/537.36 (KHTML, like Gecko) Chrome/78.0.3904.108 Safari/537.36"
89.187.187.77 - - [11/Oct/2025:04:36:53 +0700] "POST //xmlrpc.php HTTP/1.1" 200 459 "-" "Mozilla/5.0 (Windows NT 10.0; Win64; x64) AppleWebKit/537.36 (KHTML, like Gecko) Chrome/78.0.3904.108 Safari/537.36"
89.187.187.77 - - [11/Oct/2025:04:36:56 +0700] "POST //xmlrpc.php HTTP/1.1" 200 459 "-" "Mozilla/5.0 (Windows NT 10.0; Win64; x64) AppleWebKit/537.36 (KHTML, like Gecko) Chrome/78.0.3904.108 Safari/537.36"
89.187.187.77 - - [11/Oct/2025:04:36:59 +0700] "POST //xmlrpc.php HTTP/1.1" 200 459 "-" "Mozilla/5.0 (Windows NT 10.0; Win64; x64) AppleWebKit/537.36 (KHTML, like Gecko) Chrome/78.0.3904.108 Safari/537.36"
178.128.86.151 - - [11/Oct/2025:04:37:03 +0700] "POST /wp-cron.php?doing_wp_cron=1760132223.2978200912475585937500 HTTP/1.1" 200 31 "-" "WordPress/6.7.2; https://dailytaxconsulting.com"
89.187.187.77 - - [11/Oct/2025:04:37:03 +0700] "POST //xmlrpc.php HTTP/1.1" 200 459 "-" "Mozilla/5.0 (Windows NT 10.0; Win64; x64) AppleWebKit/537.36 (KHTML, like Gecko) Chrome/78.0.3904.108 Safari/537.36"
89.187.187.77 - - [11/Oct/2025:04:37:07 +0700] "POST //xmlrpc.php HTTP/1.1" 200 459 "-" "Mozilla/5.0 (Windows NT 10.0; Win64; x64) AppleWebKit/537.36 (KHTML, like Gecko) Chrome/78.0.3904.108 Safari/537.36"
178.128.86.151 - - [11/Oct/2025:04:37:07 +0700] "POST /wp-admin/admin-ajax.php?action=async_litespeed&nonce=9Kmf0HseruE29qDCXbrCdx3PtT6R0V0S&litespeed_type=imgoptm HTTP/1.1" 499 0 "-" "WordPress/6.7.2; https://dailytaxconsulting.com"
89.187.187.77 - - [11/Oct/2025:04:37:11 +0700] "POST //xmlrpc.php HTTP/1.1" 200 459 "-" "Mozilla/5.0 (Windows NT 10.0; Win64; x64) AppleWebKit/537.36 (KHTML, like Gecko) Chrome/78.0.3904.108 Safari/537.36"
89.187.187.77 - - [11/Oct/2025:04:37:13 +0700] "POST //xmlrpc.php HTTP/1.1" 200 459 "-" "Mozilla/5.0 (Windows NT 10.0; Win64; x64) AppleWebKit/537.36 (KHTML, like Gecko) Chrome/78.0.3904.108 Safari/537.36"
89.187.187.77 - - [11/Oct/2025:04:37:16 +0700] "POST //xmlrpc.php HTTP/1.1" 200 459 "-" "Mozilla/5.0 (Windows NT 10.0; Win64; x64) AppleWebKit/537.36 (KHTML, like Gecko) Chrome/78.0.3904.108 Safari/537.36"
89.187.187.77 - - [11/Oct/2025:04:37:18 +0700] "POST //xmlrpc.php HTTP/1.1" 200 459 "-" "Mozilla/5.0 (Windows NT 10.0; Win64; x64) AppleWebKit/537.36 (KHTML, like Gecko) Chrome/78.0.3904.108 Safari/537.36"
89.187.187.77 - - [11/Oct/2025:04:37:21 +0700] "POST //xmlrpc.php HTTP/1.1" 200 459 "-" "Mozilla/5.0 (Windows NT 10.0; Win64; x64) AppleWebKit/537.36 (KHTML, like Gecko) Chrome/78.0.3904.108 Safari/537.36"
89.187.187.77 - - [11/Oct/2025:04:37:24 +0700] "POST //xmlrpc.php HTTP/1.1" 200 459 "-" "Mozilla/5.0 (Windows NT 10.0; Win64; x64) AppleWebKit/537.36 (KHTML, like Gecko) Chrome/78.0.3904.108 Safari/537.36"
89.187.187.77 - - [11/Oct/2025:04:37:27 +0700] "POST //xmlrpc.php HTTP/1.1" 200 459 "-" "Mozilla/5.0 (Windows NT 10.0; Win64; x64) AppleWebKit/537.36 (KHTML, like Gecko) Chrome/78.0.3904.108 Safari/537.36"
89.187.187.77 - - [11/Oct/2025:04:37:29 +0700] "POST //xmlrpc.php HTTP/1.1" 200 459 "-" "Mozilla/5.0 (Windows NT 10.0; Win64; x64) AppleWebKit/537.36 (KHTML, like Gecko) Chrome/78.0.3904.108 Safari/537.36"
89.187.187.77 - - [11/Oct/2025:04:37:32 +0700] "POST //xmlrpc.php HTTP/1.1" 200 459 "-" "Mozilla/5.0 (Windows NT 10.0; Win64; x64) AppleWebKit/537.36 (KHTML, like Gecko) Chrome/78.0.3904.108 Safari/537.36"
89.187.187.77 - - [11/Oct/2025:04:37:35 +0700] "POST //xmlrpc.php HTTP/1.1" 200 459 "-" "Mozilla/5.0 (Windows NT 10.0; Win64; x64) AppleWebKit/537.36 (KHTML, like Gecko) Chrome/78.0.3904.108 Safari/537.36"
178.128.86.151 - - [11/Oct/2025:04:37:37 +0700] "POST /wp-cron.php?doing_wp_cron=1760132257.5457549095153808593750 HTTP/1.1" 200 31 "-" "WordPress/6.7.2; https://dailytaxconsulting.com"
89.187.187.77 - - [11/Oct/2025:04:37:37 +0700] "POST //xmlrpc.php HTTP/1.1" 200 459 "-" "Mozilla/5.0 (Windows NT 10.0; Win64; x64) AppleWebKit/537.36 (KHTML, like Gecko) Chrome/78.0.3904.108 Safari/537.36"
89.187.187.77 - - [11/Oct/2025:04:37:41 +0700] "POST //xmlrpc.php HTTP/1.1" 200 459 "-" "Mozilla/5.0 (Windows NT 10.0; Win64; x64) AppleWebKit/537.36 (KHTML, like Gecko) Chrome/78.0.3904.108 Safari/537.36"
89.187.187.77 - - [11/Oct/2025:04:37:43 +0700] "POST //xmlrpc.php HTTP/1.1" 200 459 "-" "Mozilla/5.0 (Windows NT 10.0; Win64; x64) AppleWebKit/537.36 (KHTML, like Gecko) Chrome/78.0.3904.108 Safari/537.36"
89.187.187.77 - - [11/Oct/2025:04:37:46 +0700] "POST //xmlrpc.php HTTP/1.1" 200 459 "-" "Mozilla/5.0 (Windows NT 10.0; Win64; x64) AppleWebKit/537.36 (KHTML, like Gecko) Chrome/78.0.3904.108 Safari/537.36"
89.187.187.77 - - [11/Oct/2025:04:37:48 +0700] "POST //xmlrpc.php HTTP/1.1" 200 459 "-" "Mozilla/5.0 (Windows NT 10.0; Win64; x64) AppleWebKit/537.36 (KHTML, like Gecko) Chrome/78.0.3904.108 Safari/537.36"
89.187.187.77 - - [11/Oct/2025:04:37:51 +0700] "POST //xmlrpc.php HTTP/1.1" 200 459 "-" "Mozilla/5.0 (Windows NT 10.0; Win64; x64) AppleWebKit/537.36 (KHTML, like Gecko) Chrome/78.0.3904.108 Safari/537.36"
204.12.252.98 - - [11/Oct/2025:04:45:21 +0700] "GET /wp-includes/install.php HTTP/1.1" 404 27 "https://dailytaxconsulting.com/wp-includes/install.php" "Mozilla/5.0 (Windows NT 10.0; Win64; x64) AppleWebKit/537.36 (KHTML, like Gecko) Chrome/58.0.3029.110 Safari/537.3"
208.110.64.178 - - [11/Oct/2025:05:29:48 +0700] "GET /wp-includes/install.php HTTP/1.1" 404 27 "https://dailytaxconsulting.com/wp-includes/install.php" "Mozilla/5.0 (Windows NT 10.0; Win64; x64) AppleWebKit/537.36 (KHTML, like Gecko) Chrome/58.0.3029.110 Safari/537.3"
178.128.86.151 - - [11/Oct/2025:05:34:24 +0700] "POST /wp-cron.php?doing_wp_cron=1760135664.5820488929748535156250 HTTP/1.1" 200 31 "-" "WordPress/6.7.2; https://dailytaxconsulting.com"
178.128.86.151 - - [11/Oct/2025:05:34:24 +0700] "POST /wp-cron.php?doing_wp_cron=1760135664.6482620239257812500000 HTTP/1.1" 200 31 "-" "WordPress/6.7.2; https://dailytaxconsulting.com"
169.150.203.247 - - [11/Oct/2025:05:34:26 +0700] "GET / HTTP/1.1" 200 256582 "-" "Mozilla/5.0 (Windows NT 10.0; Win64; x64) AppleWebKit/537.36 (KHTML, like Gecko) Chrome/78.0.3904.108 Safari/537.36"
178.128.86.151 - - [11/Oct/2025:05:34:28 +0700] "POST /wp-admin/admin-ajax.php?action=async_litespeed&nonce=IrNfUtuQD3fsr7YacyOwv75zVAIklb9j&litespeed_type=imgoptm HTTP/1.1" 499 0 "-" "WordPress/6.7.2; https://dailytaxconsulting.com"
169.150.203.247 - - [11/Oct/2025:05:34:29 +0700] "GET //wp-includes/wlwmanifest.xml HTTP/1.1" 301 5 "-" "Mozilla/5.0 (Windows NT 10.0; Win64; x64) AppleWebKit/537.36 (KHTML, like Gecko) Chrome/78.0.3904.108 Safari/537.36"
169.150.203.247 - - [11/Oct/2025:05:34:31 +0700] "GET //xmlrpc.php?rsd HTTP/1.1" 200 858 "-" "Mozilla/5.0 (Windows NT 10.0; Win64; x64) AppleWebKit/537.36 (KHTML, like Gecko) Chrome/78.0.3904.108 Safari/537.36"
169.150.203.247 - - [11/Oct/2025:05:34:33 +0700] "GET //?author=1 HTTP/1.1" 301 5 "-" "Mozilla/5.0 (Windows NT 10.0; Win64; x64) AppleWebKit/537.36 (KHTML, like Gecko) Chrome/78.0.3904.108 Safari/537.36"
178.128.86.151 - - [11/Oct/2025:05:34:35 +0700] "POST /wp-cron.php?doing_wp_cron=1760135675.5441730022430419921875 HTTP/1.1" 200 31 "-" "WordPress/6.7.2; https://dailytaxconsulting.com"
169.150.203.247 - - [11/Oct/2025:05:34:35 +0700] "GET //?author=2 HTTP/1.1" 301 5 "-" "Mozilla/5.0 (Windows NT 10.0; Win64; x64) AppleWebKit/537.36 (KHTML, like Gecko) Chrome/78.0.3904.108 Safari/537.36"
169.150.203.247 - - [11/Oct/2025:05:34:38 +0700] "GET //wp-json/wp/v2/users/ HTTP/1.1" 200 762 "-" "Mozilla/5.0 (Windows NT 10.0; Win64; x64) AppleWebKit/537.36 (KHTML, like Gecko) Chrome/78.0.3904.108 Safari/537.36"
169.150.203.247 - - [11/Oct/2025:05:34:41 +0700] "POST //xmlrpc.php HTTP/1.1" 200 461 "-" "Mozilla/5.0 (Windows NT 10.0; Win64; x64) AppleWebKit/537.36 (KHTML, like Gecko) Chrome/78.0.3904.108 Safari/537.36"
169.150.203.247 - - [11/Oct/2025:05:34:43 +0700] "POST //xmlrpc.php HTTP/1.1" 200 461 "-" "Mozilla/5.0 (Windows NT 10.0; Win64; x64) AppleWebKit/537.36 (KHTML, like Gecko) Chrome/78.0.3904.108 Safari/537.36"
169.150.203.247 - - [11/Oct/2025:05:34:45 +0700] "POST //xmlrpc.php HTTP/1.1" 200 461 "-" "Mozilla/5.0 (Windows NT 10.0; Win64; x64) AppleWebKit/537.36 (KHTML, like Gecko) Chrome/78.0.3904.108 Safari/537.36"
169.150.203.247 - - [11/Oct/2025:05:34:47 +0700] "POST //xmlrpc.php HTTP/1.1" 200 461 "-" "Mozilla/5.0 (Windows NT 10.0; Win64; x64) AppleWebKit/537.36 (KHTML, like Gecko) Chrome/78.0.3904.108 Safari/537.36"
169.150.203.247 - - [11/Oct/2025:05:34:49 +0700] "POST //xmlrpc.php HTTP/1.1" 200 461 "-" "Mozilla/5.0 (Windows NT 10.0; Win64; x64) AppleWebKit/537.36 (KHTML, like Gecko) Chrome/78.0.3904.108 Safari/537.36"
169.150.203.247 - - [11/Oct/2025:05:34:51 +0700] "POST //xmlrpc.php HTTP/1.1" 200 461 "-" "Mozilla/5.0 (Windows NT 10.0; Win64; x64) AppleWebKit/537.36 (KHTML, like Gecko) Chrome/78.0.3904.108 Safari/537.36"
169.150.203.247 - - [11/Oct/2025:05:34:52 +0700] "POST //xmlrpc.php HTTP/1.1" 200 461 "-" "Mozilla/5.0 (Windows NT 10.0; Win64; x64) AppleWebKit/537.36 (KHTML, like Gecko) Chrome/78.0.3904.108 Safari/537.36"
169.150.203.247 - - [11/Oct/2025:05:34:54 +0700] "POST //xmlrpc.php HTTP/1.1" 200 461 "-" "Mozilla/5.0 (Windows NT 10.0; Win64; x64) AppleWebKit/537.36 (KHTML, like Gecko) Chrome/78.0.3904.108 Safari/537.36"
169.150.203.247 - - [11/Oct/2025:05:34:56 +0700] "POST //xmlrpc.php HTTP/1.1" 200 461 "-" "Mozilla/5.0 (Windows NT 10.0; Win64; x64) AppleWebKit/537.36 (KHTML, like Gecko) Chrome/78.0.3904.108 Safari/537.36"
169.150.203.247 - - [11/Oct/2025:05:34:58 +0700] "POST //xmlrpc.php HTTP/1.1" 200 461 "-" "Mozilla/5.0 (Windows NT 10.0; Win64; x64) AppleWebKit/537.36 (KHTML, like Gecko) Chrome/78.0.3904.108 Safari/537.36"
169.150.203.247 - - [11/Oct/2025:05:35:00 +0700] "POST //xmlrpc.php HTTP/1.1" 200 461 "-" "Mozilla/5.0 (Windows NT 10.0; Win64; x64) AppleWebKit/537.36 (KHTML, like Gecko) Chrome/78.0.3904.108 Safari/537.36"
178.128.86.151 - - [11/Oct/2025:05:35:03 +0700] "POST /wp-cron.php?doing_wp_cron=1760135703.1811280250549316406250 HTTP/1.1" 200 31 "-" "WordPress/6.7.2; https://dailytaxconsulting.com"
169.150.203.247 - - [11/Oct/2025:05:35:03 +0700] "POST //xmlrpc.php HTTP/1.1" 200 461 "-" "Mozilla/5.0 (Windows NT 10.0; Win64; x64) AppleWebKit/537.36 (KHTML, like Gecko) Chrome/78.0.3904.108 Safari/537.36"
169.150.203.247 - - [11/Oct/2025:05:35:06 +0700] "POST //xmlrpc.php HTTP/1.1" 200 461 "-" "Mozilla/5.0 (Windows NT 10.0; Win64; x64) AppleWebKit/537.36 (KHTML, like Gecko) Chrome/78.0.3904.108 Safari/537.36"
178.128.86.151 - - [11/Oct/2025:05:35:07 +0700] "POST /wp-admin/admin-ajax.php?action=async_litespeed&nonce=tBpTNGByPz9vWBjV5t53WqvwrUpqRhGV&litespeed_type=imgoptm HTTP/1.1" 499 0 "-" "WordPress/6.7.2; https://dailytaxconsulting.com"
169.150.203.247 - - [11/Oct/2025:05:35:10 +0700] "POST //xmlrpc.php HTTP/1.1" 200 461 "-" "Mozilla/5.0 (Windows NT 10.0; Win64; x64) AppleWebKit/537.36 (KHTML, like Gecko) Chrome/78.0.3904.108 Safari/537.36"
169.150.203.247 - - [11/Oct/2025:05:35:12 +0700] "POST //xmlrpc.php HTTP/1.1" 200 461 "-" "Mozilla/5.0 (Windows NT 10.0; Win64; x64) AppleWebKit/537.36 (KHTML, like Gecko) Chrome/78.0.3904.108 Safari/537.36"
169.150.203.247 - - [11/Oct/2025:05:35:14 +0700] "POST //xmlrpc.php HTTP/1.1" 200 461 "-" "Mozilla/5.0 (Windows NT 10.0; Win64; x64) AppleWebKit/537.36 (KHTML, like Gecko) Chrome/78.0.3904.108 Safari/537.36"
169.150.203.247 - - [11/Oct/2025:05:35:16 +0700] "POST //xmlrpc.php HTTP/1.1" 200 461 "-" "Mozilla/5.0 (Windows NT 10.0; Win64; x64) AppleWebKit/537.36 (KHTML, like Gecko) Chrome/78.0.3904.108 Safari/537.36"
169.150.203.247 - - [11/Oct/2025:05:35:17 +0700] "POST //xmlrpc.php HTTP/1.1" 200 461 "-" "Mozilla/5.0 (Windows NT 10.0; Win64; x64) AppleWebKit/537.36 (KHTML, like Gecko) Chrome/78.0.3904.108 Safari/537.36"
