169.150.203.247 - - [11/Oct/2025:05:35:19 +0700] "POST //xmlrpc.php HTTP/1.1" 200 461 "-" "Mozilla/5.0 (Windows NT 10.0; Win64; x64) AppleWebKit/537.36 (KHTML, like Gecko) Chrome/78.0.3904.108 Safari/537.36"
169.150.203.247 - - [11/Oct/2025:05:35:21 +0700] "POST //xmlrpc.php HTTP/1.1" 200 461 "-" "Mozilla/5.0 (Windows NT 10.0; Win64; x64) AppleWebKit/537.36 (KHTML, like Gecko) Chrome/78.0.3904.108 Safari/537.36"
169.150.203.247 - - [11/Oct/2025:05:35:23 +0700] "POST //xmlrpc.php HTTP/1.1" 200 461 "-" "Mozilla/5.0 (Windows NT 10.0; Win64; x64) AppleWebKit/537.36 (KHTML, like Gecko) Chrome/78.0.3904.108 Safari/537.36"
169.150.203.247 - - [11/Oct/2025:05:35:25 +0700] "POST //xmlrpc.php HTTP/1.1" 200 461 "-" "Mozilla/5.0 (Windows NT 10.0; Win64; x64) AppleWebKit/537.36 (KHTML, like Gecko) Chrome/78.0.3904.108 Safari/537.36"
169.150.203.247 - - [11/Oct/2025:05:35:26 +0700] "POST //xmlrpc.php HTTP/1.1" 200 461 "-" "Mozilla/5.0 (Windows NT 10.0; Win64; x64) AppleWebKit/537.36 (KHTML, like Gecko) Chrome/78.0.3904.108 Safari/537.36"
169.150.203.247 - - [11/Oct/2025:05:35:28 +0700] "POST //xmlrpc.php HTTP/1.1" 200 461 "-" "Mozilla/5.0 (Windows NT 10.0; Win64; x64) AppleWebKit/537.36 (KHTML, like Gecko) Chrome/78.0.3904.108 Safari/537.36"
169.150.203.247 - - [11/Oct/2025:05:35:31 +0700] "POST //xmlrpc.php HTTP/1.1" 200 461 "-" "Mozilla/5.0 (Windows NT 10.0; Win64; x64) AppleWebKit/537.36 (KHTML, like Gecko) Chrome/78.0.3904.108 Safari/537.36"
169.150.203.247 - - [11/Oct/2025:05:35:32 +0700] "POST //xmlrpc.php HTTP/1.1" 200 461 "-" "Mozilla/5.0 (Windows NT 10.0; Win64; x64) AppleWebKit/537.36 (KHTML, like Gecko) Chrome/78.0.3904.108 Safari/537.36"
169.150.203.247 - - [11/Oct/2025:05:35:34 +0700] "POST //xmlrpc.php HTTP/1.1" 200 461 "-" "Mozilla/5.0 (Windows NT 10.0; Win64; x64) AppleWebKit/537.36 (KHTML, like Gecko) Chrome/78.0.3904.108 Safari/537.36"
169.150.203.247 - - [11/Oct/2025:05:35:35 +0700] "POST //xmlrpc.php HTTP/1.1" 200 461 "-" "Mozilla/5.0 (Windows NT 10.0; Win64; x64) AppleWebKit/537.36 (KHTML, like Gecko) Chrome/78.0.3904.108 Safari/537.36"
169.150.203.247 - - [11/Oct/2025:05:35:37 +0700] "POST //xmlrpc.php HTTP/1.1" 200 461 "-" "Mozilla/5.0 (Windows NT 10.0; Win64; x64) AppleWebKit/537.36 (KHTML, like Gecko) Chrome/78.0.3904.108 Safari/537.36"
169.150.203.247 - - [11/Oct/2025:05:35:38 +0700] "POST //xmlrpc.php HTTP/1.1" 200 461 "-" "Mozilla/5.0 (Windows NT 10.0; Win64; x64) AppleWebKit/537.36 (KHTML, like Gecko) Chrome/78.0.3904.108 Safari/537.36"
169.150.203.247 - - [11/Oct/2025:05:35:40 +0700] "POST //xmlrpc.php HTTP/1.1" 200 461 "-" "Mozilla/5.0 (Windows NT 10.0; Win64; x64) AppleWebKit/537.36 (KHTML, like Gecko) Chrome/78.0.3904.108 Safari/537.36"
169.150.203.247 - - [11/Oct/2025:05:35:42 +0700] "POST //xmlrpc.php HTTP/1.1" 200 461 "-" "Mozilla/5.0 (Windows NT 10.0; Win64; x64) AppleWebKit/537.36 (KHTML, like Gecko) Chrome/78.0.3904.108 Safari/537.36"
169.150.203.247 - - [11/Oct/2025:05:35:43 +0700] "POST //xmlrpc.php HTTP/1.1" 200 461 "-" "Mozilla/5.0 (Windows NT 10.0; Win64; x64) AppleWebKit/537.36 (KHTML, like Gecko) Chrome/78.0.3904.108 Safari/537.36"
169.150.203.247 - - [11/Oct/2025:05:35:45 +0700] "POST //xmlrpc.php HTTP/1.1" 200 461 "-" "Mozilla/5.0 (Windows NT 10.0; Win64; x64) AppleWebKit/537.36 (KHTML, like Gecko) Chrome/78.0.3904.108 Safari/537.36"
169.150.203.247 - - [11/Oct/2025:05:35:46 +0700] "POST //xmlrpc.php HTTP/1.1" 200 461 "-" "Mozilla/5.0 (Windows NT 10.0; Win64; x64) AppleWebKit/537.36 (KHTML, like Gecko) Chrome/78.0.3904.108 Safari/537.36"
169.150.203.247 - - [11/Oct/2025:05:35:48 +0700] "POST //xmlrpc.php HTTP/1.1" 200 461 "-" "Mozilla/5.0 (Windows NT 10.0; Win64; x64) AppleWebKit/537.36 (KHTML, like Gecko) Chrome/78.0.3904.108 Safari/537.36"
169.150.203.247 - - [11/Oct/2025:05:35:50 +0700] "POST //xmlrpc.php HTTP/1.1" 200 461 "-" "Mozilla/5.0 (Windows NT 10.0; Win64; x64) AppleWebKit/537.36 (KHTML, like Gecko) Chrome/78.0.3904.108 Safari/537.36"
169.150.203.247 - - [11/Oct/2025:05:35:51 +0700] "POST //xmlrpc.php HTTP/1.1" 200 461 "-" "Mozilla/5.0 (Windows NT 10.0; Win64; x64) AppleWebKit/537.36 (KHTML, like Gecko) Chrome/78.0.3904.108 Safari/537.36"
169.150.203.247 - - [11/Oct/2025:05:35:53 +0700] "POST //xmlrpc.php HTTP/1.1" 200 461 "-" "Mozilla/5.0 (Windows NT 10.0; Win64; x64) AppleWebKit/537.36 (KHTML, like Gecko) Chrome/78.0.3904.108 Safari/537.36"
169.150.203.247 - - [11/Oct/2025:05:35:55 +0700] "POST //xmlrpc.php HTTP/1.1" 200 461 "-" "Mozilla/5.0 (Windows NT 10.0; Win64; x64) AppleWebKit/537.36 (KHTML, like Gecko) Chrome/78.0.3904.108 Safari/537.36"
169.150.203.247 - - [11/Oct/2025:05:35:57 +0700] "POST //xmlrpc.php HTTP/1.1" 200 461 "-" "Mozilla/5.0 (Windows NT 10.0; Win64; x64) AppleWebKit/537.36 (KHTML, like Gecko) Chrome/78.0.3904.108 Safari/537.36"
169.150.203.247 - - [11/Oct/2025:05:36:01 +0700] "POST //xmlrpc.php HTTP/1.1" 200 461 "-" "Mozilla/5.0 (Windows NT 10.0; Win64; x64) AppleWebKit/537.36 (KHTML, like Gecko) Chrome/78.0.3904.108 Safari/537.36"
178.128.86.151 - - [11/Oct/2025:05:36:05 +0700] "POST /wp-cron.php?doing_wp_cron=1760135765.7208209037780761718750 HTTP/1.1" 200 31 "-" "WordPress/6.7.2; https://dailytaxconsulting.com"
169.150.203.247 - - [11/Oct/2025:05:36:05 +0700] "POST //xmlrpc.php HTTP/1.1" 200 461 "-" "Mozilla/5.0 (Windows NT 10.0; Win64; x64) AppleWebKit/537.36 (KHTML, like Gecko) Chrome/78.0.3904.108 Safari/537.36"
169.150.203.247 - - [11/Oct/2025:05:36:09 +0700] "POST //xmlrpc.php HTTP/1.1" 200 461 "-" "Mozilla/5.0 (Windows NT 10.0; Win64; x64) AppleWebKit/537.36 (KHTML, like Gecko) Chrome/78.0.3904.108 Safari/537.36"
178.128.86.151 - - [11/Oct/2025:05:36:09 +0700] "POST /wp-admin/admin-ajax.php?action=async_litespeed&nonce=eEWHkXHMV8rAY3MhrmElKZHf0SHe6U5N&litespeed_type=imgoptm HTTP/1.1" 499 0 "-" "WordPress/6.7.2; https://dailytaxconsulting.com"
169.150.203.247 - - [11/Oct/2025:05:36:12 +0700] "POST //xmlrpc.php HTTP/1.1" 200 461 "-" "Mozilla/5.0 (Windows NT 10.0; Win64; x64) AppleWebKit/537.36 (KHTML, like Gecko) Chrome/78.0.3904.108 Safari/537.36"
169.150.203.247 - - [11/Oct/2025:05:36:14 +0700] "POST //xmlrpc.php HTTP/1.1" 200 461 "-" "Mozilla/5.0 (Windows NT 10.0; Win64; x64) AppleWebKit/537.36 (KHTML, like Gecko) Chrome/78.0.3904.108 Safari/537.36"
169.150.203.247 - - [11/Oct/2025:05:36:16 +0700] "POST //xmlrpc.php HTTP/1.1" 200 461 "-" "Mozilla/5.0 (Windows NT 10.0; Win64; x64) AppleWebKit/537.36 (KHTML, like Gecko) Chrome/78.0.3904.108 Safari/537.36"
169.150.203.247 - - [11/Oct/2025:05:36:17 +0700] "POST //xmlrpc.php HTTP/1.1" 200 461 "-" "Mozilla/5.0 (Windows NT 10.0; Win64; x64) AppleWebKit/537.36 (KHTML, like Gecko) Chrome/78.0.3904.108 Safari/537.36"
169.150.203.247 - - [11/Oct/2025:05:36:19 +0700] "POST //xmlrpc.php HTTP/1.1" 200 461 "-" "Mozilla/5.0 (Windows NT 10.0; Win64; x64) AppleWebKit/537.36 (KHTML, like Gecko) Chrome/78.0.3904.108 Safari/537.36"
169.150.203.247 - - [11/Oct/2025:05:36:21 +0700] "POST //xmlrpc.php HTTP/1.1" 200 461 "-" "Mozilla/5.0 (Windows NT 10.0; Win64; x64) AppleWebKit/537.36 (KHTML, like Gecko) Chrome/78.0.3904.108 Safari/537.36"
169.150.203.247 - - [11/Oct/2025:05:36:22 +0700] "POST //xmlrpc.php HTTP/1.1" 200 461 "-" "Mozilla/5.0 (Windows NT 10.0; Win64; x64) AppleWebKit/537.36 (KHTML, like Gecko) Chrome/78.0.3904.108 Safari/537.36"
169.150.203.247 - - [11/Oct/2025:05:36:24 +0700] "POST //xmlrpc.php HTTP/1.1" 200 461 "-" "Mozilla/5.0 (Windows NT 10.0; Win64; x64) AppleWebKit/537.36 (KHTML, like Gecko) Chrome/78.0.3904.108 Safari/537.36"
169.150.203.247 - - [11/Oct/2025:05:36:25 +0700] "POST //xmlrpc.php HTTP/1.1" 200 461 "-" "Mozilla/5.0 (Windows NT 10.0; Win64; x64) AppleWebKit/537.36 (KHTML, like Gecko) Chrome/78.0.3904.108 Safari/537.36"
169.150.203.247 - - [11/Oct/2025:05:36:27 +0700] "POST //xmlrpc.php HTTP/1.1" 200 461 "-" "Mozilla/5.0 (Windows NT 10.0; Win64; x64) AppleWebKit/537.36 (KHTML, like Gecko) Chrome/78.0.3904.108 Safari/537.36"
169.150.203.247 - - [11/Oct/2025:05:36:29 +0700] "POST //xmlrpc.php HTTP/1.1" 200 461 "-" "Mozilla/5.0 (Windows NT 10.0; Win64; x64) AppleWebKit/537.36 (KHTML, like Gecko) Chrome/78.0.3904.108 Safari/537.36"
169.150.203.247 - - [11/Oct/2025:05:36:31 +0700] "POST //xmlrpc.php HTTP/1.1" 200 461 "-" "Mozilla/5.0 (Windows NT 10.0; Win64; x64) AppleWebKit/537.36 (KHTML, like Gecko) Chrome/78.0.3904.108 Safari/537.36"
169.150.203.247 - - [11/Oct/2025:05:36:33 +0700] "POST //xmlrpc.php HTTP/1.1" 200 461 "-" "Mozilla/5.0 (Windows NT 10.0; Win64; x64) AppleWebKit/537.36 (KHTML, like Gecko) Chrome/78.0.3904.108 Safari/537.36"
169.150.203.247 - - [11/Oct/2025:05:36:34 +0700] "POST //xmlrpc.php HTTP/1.1" 200 461 "-" "Mozilla/5.0 (Windows NT 10.0; Win64; x64) AppleWebKit/537.36 (KHTML, like Gecko) Chrome/78.0.3904.108 Safari/537.36"
169.150.203.247 - - [11/Oct/2025:05:36:36 +0700] "POST //xmlrpc.php HTTP/1.1" 200 461 "-" "Mozilla/5.0 (Windows NT 10.0; Win64; x64) AppleWebKit/537.36 (KHTML, like Gecko) Chrome/78.0.3904.108 Safari/537.36"
169.150.203.247 - - [11/Oct/2025:05:36:38 +0700] "POST //xmlrpc.php HTTP/1.1" 200 461 "-" "Mozilla/5.0 (Windows NT 10.0; Win64; x64) AppleWebKit/537.36 (KHTML, like Gecko) Chrome/78.0.3904.108 Safari/537.36"
178.128.86.151 - - [11/Oct/2025:05:50:27 +0700] "POST /wp-cron.php?doing_wp_cron=1760136627.9033379554748535156250 HTTP/1.1" 200 31 "-" "WordPress/6.7.2; https://dailytaxconsulting.com"
54.38.147.68 - - [11/Oct/2025:05:50:28 +0700] "GET /robots.txt HTTP/1.1" 200 129 "-" "Mozilla/5.0 (compatible; AhrefsBot/7.0; +http://ahrefs.com/robot/)"
178.128.86.151 - - [11/Oct/2025:05:50:30 +0700] "POST /wp-admin/admin-ajax.php?action=async_litespeed&nonce=oUeQ9dCl63quYwdp5f4as7faiblwR9g0&litespeed_type=imgoptm HTTP/1.1" 499 0 "-" "WordPress/6.7.2; https://dailytaxconsulting.com"
51.195.244.139 - - [11/Oct/2025:05:50:42 +0700] "GET / HTTP/1.1" 200 38177 "-" "Mozilla/5.0 (compatible; AhrefsBot/7.0; +http://ahrefs.com/robot/)"
198.244.168.123 - - [11/Oct/2025:05:54:36 +0700] "GET /wp-content/uploads/2024/09/DT_SLICING-WEB-08.png HTTP/1.1" 200 85006 "-" "Mozilla/5.0 (compatible; AhrefsBot/7.0; +http://ahrefs.com/robot/)"
198.244.240.247 - - [11/Oct/2025:05:54:44 +0700] "GET /wp-content/plugins/elementor/assets/css/widget-image-box.min.css?ver=3.26.0 HTTP/1.1" 200 1409 "-" "Mozilla/5.0 (compatible; AhrefsBot/7.0; +http://ahrefs.com/robot/)"
198.244.240.44 - - [11/Oct/2025:05:54:56 +0700] "GET /wp-content/plugins/elementor/assets/css/widget-heading.min.css?ver=3.26.0 HTTP/1.1" 200 600 "-" "Mozilla/5.0 (compatible; AhrefsBot/7.0; +http://ahrefs.com/robot/)"
51.195.215.189 - - [11/Oct/2025:05:55:06 +0700] "GET /wp-content/uploads/2024/09/DT_SLICING-WEB-23-e1728880574840-300x179.png HTTP/1.1" 200 7827 "-" "Mozilla/5.0 (compatible; AhrefsBot/7.0; +http://ahrefs.com/robot/)"
51.195.215.60 - - [11/Oct/2025:05:55:16 +0700] "GET /wp-content/uploads/2025/01/Expertise-removebg-preview.png HTTP/1.1" 200 14456 "-" "Mozilla/5.0 (compatible; AhrefsBot/7.0; +http://ahrefs.com/robot/)"
198.244.242.240 - - [11/Oct/2025:05:56:01 +0700] "GET /wp-content/plugins/elementor/assets/css/widget-image-carousel.min.css?ver=3.26.0 HTTP/1.1" 200 382 "-" "Mozilla/5.0 (compatible; AhrefsBot/7.0; +http://ahrefs.com/robot/)"
54.38.147.180 - - [11/Oct/2025:05:56:12 +0700] "GET /wp-content/plugins/elementor/assets/css/widget-icon-box.min.css?ver=3.26.0 HTTP/1.1" 200 10071 "-" "Mozilla/5.0 (compatible; AhrefsBot/7.0; +http://ahrefs.com/robot/)"
51.195.215.155 - - [11/Oct/2025:05:56:20 +0700] "GET /wp-content/plugins/elementor/assets/css/widget-spacer.min.css?ver=3.26.0 HTTP/1.1" 200 1344 "-" "Mozilla/5.0 (compatible; AhrefsBot/7.0; +http://ahrefs.com/robot/)"
198.244.168.134 - - [11/Oct/2025:05:56:30 +0700] "GET /wp-content/uploads/2024/09/cropped-DT_SLICING-WEB-15-300x128.png HTTP/1.1" 200 9033 "-" "Mozilla/5.0 (compatible; AhrefsBot/7.0; +http://ahrefs.com/robot/)"
51.195.244.13 - - [11/Oct/2025:05:56:42 +0700] "GET /wp-content/uploads/2024/09/DT_SLICING-WEB-12-300x282.png HTTP/1.1" 200 16014 "-" "Mozilla/5.0 (compatible; AhrefsBot/7.0; +http://ahrefs.com/robot/)"
198.244.240.212 - - [11/Oct/2025:05:56:52 +0700] "GET /wp-content/uploads/2024/10/logo-box-3-e1728881893494-300x186.png HTTP/1.1" 200 11265 "-" "Mozilla/5.0 (compatible; AhrefsBot/7.0; +http://ahrefs.com/robot/)"
198.244.183.159 - - [11/Oct/2025:05:57:03 +0700] "GET /wp-content/uploads/2024/10/DT_LAPTOP-ASSET.png HTTP/1.1" 200 10007576 "-" "Mozilla/5.0 (compatible; AhrefsBot/7.0; +http://ahrefs.com/robot/)"
198.244.183.254 - - [11/Oct/2025:05:57:15 +0700] "GET /wp-content/uploads/2025/01/tech__1_-removebg-preview.png HTTP/1.1" 200 17173 "-" "Mozilla/5.0 (compatible; AhrefsBot/7.0; +http://ahrefs.com/robot/)"
51.195.215.195 - - [11/Oct/2025:05:57:25 +0700] "GET /wp-content/plugins/elementor/assets/css/widget-google_maps.min.css?ver=3.26.0 HTTP/1.1" 200 301 "-" "Mozilla/5.0 (compatible; AhrefsBot/7.0; +http://ahrefs.com/robot/)"
51.89.129.192 - - [11/Oct/2025:05:57:36 +0700] "GET /wp-content/uploads/2024/09/DT_SLICING-WEB-06.png HTTP/1.1" 200 23955 "-" "Mozilla/5.0 (compatible; AhrefsBot/7.0; +http://ahrefs.com/robot/)"
51.195.183.125 - - [11/Oct/2025:05:58:02 +0700] "GET /wp-content/plugins/elementor/assets/css/widget-image.min.css?ver=3.26.0 HTTP/1.1" 200 254 "-" "Mozilla/5.0 (compatible; AhrefsBot/7.0; +http://ahrefs.com/robot/)"
198.244.242.148 - - [11/Oct/2025:05:58:12 +0700] "GET /wp-content/uploads/2024/10/logo-box-2-e1728882349217-300x186.png HTTP/1.1" 200 8721 "-" "Mozilla/5.0 (compatible; AhrefsBot/7.0; +http://ahrefs.com/robot/)"
51.195.183.111 - - [11/Oct/2025:05:58:23 +0700] "GET /wp-content/plugins/elementor/assets/css/widget-text-editor.min.css?ver=3.26.0 HTTP/1.1" 200 704 "-" "Mozilla/5.0 (compatible; AhrefsBot/7.0; +http://ahrefs.com/robot/)"
198.244.168.127 - - [11/Oct/2025:05:58:34 +0700] "GET /wp-content/uploads/2024/10/logo-box-4-300x179.png HTTP/1.1" 200 12804 "-" "Mozilla/5.0 (compatible; AhrefsBot/7.0; +http://ahrefs.com/robot/)"
51.89.129.93 - - [11/Oct/2025:05:58:45 +0700] "GET /wp-content/uploads/2025/01/tech-removebg-preview.png HTTP/1.1" 200 22527 "-" "Mozilla/5.0 (compatible; AhrefsBot/7.0; +http://ahrefs.com/robot/)"
198.244.226.108 - - [11/Oct/2025:05:58:57 +0700] "GET /wp-content/plugins/bdthemes-element-pack-lite/assets/js/modules/ep-background-overlay.min.js?ver=5.10.13 HTTP/1.1" 200 269 "-" "Mozilla/5.0 (compatible; AhrefsBot/7.0; +http://ahrefs.com/robot/)"
51.89.129.219 - - [11/Oct/2025:05:59:10 +0700] "GET /wp-content/uploads/2024/10/logo-box-1-300x179.png HTTP/1.1" 200 8135 "-" "Mozilla/5.0 (compatible; AhrefsBot/7.0; +http://ahrefs.com/robot/)"
198.244.226.78 - - [11/Oct/2025:05:59:15 +0700] "GET /wp-content/uploads/2024/09/cropped-DT_SLICING-WEB-15-175x75.png HTTP/1.1" 200 5100 "-" "Mozilla/5.0 (compatible; AhrefsBot/7.0; +http://ahrefs.com/robot/)"
51.89.129.53 - - [11/Oct/2025:05:59:26 +0700] "GET /wp-content/uploads/2025/01/Client-removebg-preview.png HTTP/1.1" 200 17045 "-" "Mozilla/5.0 (compatible; AhrefsBot/7.0; +http://ahrefs.com/robot/)"
178.128.86.151 - - [11/Oct/2025:05:59:56 +0700] "POST /wp-cron.php?doing_wp_cron=1760137196.8636829853057861328125 HTTP/1.1" 200 31 "-" "WordPress/6.7.2; https://dailytaxconsulting.com"
116.29.252.109 - - [11/Oct/2025:05:59:57 +0700] "GET / HTTP/1.1" 200 38177 "https://dailytaxconsulting.com/" "Mozilla/5.0 (Windows NT 6.1; WOW64) AppleWebKit/537.36 (KHTML, like Gecko) Chrome/50.0.2661.102 Safari/537.36"
178.128.86.151 - - [11/Oct/2025:06:00:00 +0700] "POST /wp-admin/admin-ajax.php?action=async_litespeed&nonce=Xv06fzAtl1Gie7vKLUWZWSl3eD3z3l1d&litespeed_type=imgoptm HTTP/1.1" 499 0 "-" "WordPress/6.7.2; https://dailytaxconsulting.com"
178.128.86.151 - - [11/Oct/2025:06:01:57 +0700] "POST /wp-cron.php?doing_wp_cron=1760137317.2250180244445800781250 HTTP/1.1" 200 31 "-" "WordPress/6.7.2; https://dailytaxconsulting.com"
118.248.43.27 - - [11/Oct/2025:06:01:57 +0700] "GET / HTTP/1.1" 200 38177 "https://dailytaxconsulting.com/" "Mozilla/5.0 (Windows NT 6.1; WOW64) AppleWebKit/537.36 (KHTML, like Gecko) Chrome/50.0.2661.102 Safari/537.36"
178.128.86.151 - - [11/Oct/2025:06:02:00 +0700] "POST /wp-admin/admin-ajax.php?action=async_litespeed&nonce=1tNJmmuuatb9gitD68navUhremk3hdqB&litespeed_type=imgoptm HTTP/1.1" 499 0 "-" "WordPress/6.7.2; https://dailytaxconsulting.com"
121.237.36.31 - - [11/Oct/2025:06:21:13 +0700] "GET /favicon.ico HTTP/1.1" 499 0 "-" "Dalvik/2.1.0 (Linux; U; Android 9.0; ZTE BA520 Build/MRA58K)"
178.128.86.151 - - [11/Oct/2025:06:21:14 +0700] "POST /wp-cron.php?doing_wp_cron=1760138474.9120469093322753906250 HTTP/1.1" 200 31 "-" "WordPress/6.7.2; https://dailytaxconsulting.com"
178.128.86.151 - - [11/Oct/2025:06:21:18 +0700] "POST /wp-admin/admin-ajax.php?action=async_litespeed&nonce=dctX6bcrq3EHKBvyKX5DY9y79T65fcEE&litespeed_type=imgoptm HTTP/1.1" 499 0 "-" "WordPress/6.7.2; https://dailytaxconsulting.com"
204.12.252.98 - - [11/Oct/2025:06:25:44 +0700] "GET /wp-includes/install.php HTTP/1.1" 404 27 "https://dailytaxconsulting.com/wp-includes/install.php" "Mozilla/5.0 (Windows NT 10.0; Win64; x64) AppleWebKit/537.36 (KHTML, like Gecko) Chrome/58.0.3029.110 Safari/537.3"
178.128.86.151 - - [11/Oct/2025:06:27:02 +0700] "POST /wp-cron.php?doing_wp_cron=1760138822.1610350608825683593750 HTTP/1.1" 200 31 "-" "WordPress/6.7.2; https://dailytaxconsulting.com"
121.237.36.29 - - [11/Oct/2025:06:27:02 +0700] "GET / HTTP/1.1" 200 38174 "-" "Dalvik/2.1.0 (Linux; U; Android 9.0; ZTE BA520 Build/MRA58K)"
178.128.86.151 - - [11/Oct/2025:06:27:06 +0700] "POST /wp-admin/admin-ajax.php?action=async_litespeed&nonce=JiiPBF4txSQSB8gCrMzFM4B1sxB6rTtB&litespeed_type=imgoptm HTTP/1.1" 499 0 "-" "WordPress/6.7.2; https://dailytaxconsulting.com"
178.128.86.151 - - [11/Oct/2025:06:45:18 +0700] "POST /wp-cron.php?doing_wp_cron=1760139918.3348710536956787109375 HTTP/1.1" 200 31 "-" "WordPress/6.7.2; https://dailytaxconsulting.com"
178.128.86.151 - - [11/Oct/2025:06:45:18 +0700] "POST /wp-cron.php?doing_wp_cron=1760139918.4209549427032470703125 HTTP/1.1" 200 31 "-" "WordPress/6.7.2; https://dailytaxconsulting.com"
109.199.104.56 - - [11/Oct/2025:06:45:19 +0700] "GET / HTTP/1.1" 499 0 "-" "Mozilla/5.0 (Kubuntu; Linux i686) AppleWebKit/537.36 (KHTML, like Gecko) Chrome/132.0.0.0 Safari/537.36"
178.128.86.151 - - [11/Oct/2025:06:45:23 +0700] "POST /wp-admin/admin-ajax.php?action=async_litespeed&nonce=vVEKwiSyFH60oRM2INXAt6vdAJR86mtG&litespeed_type=imgoptm HTTP/1.1" 499 0 "-" "WordPress/6.7.2; https://dailytaxconsulting.com"
204.12.252.98 - - [11/Oct/2025:06:56:40 +0700] "GET /wp-includes/install.php HTTP/1.1" 404 27 "https://dailytaxconsulting.com/wp-includes/install.php" "Mozilla/5.0 (Windows NT 10.0; Win64; x64) AppleWebKit/537.36 (KHTML, like Gecko) Chrome/58.0.3029.110 Safari/537.3"
204.12.252.98 - - [11/Oct/2025:07:24:10 +0700] "GET /wp-includes/install.php HTTP/1.1" 404 27 "https://dailytaxconsulting.com/wp-includes/install.php" "Mozilla/5.0 (Windows NT 10.0; Win64; x64) AppleWebKit/537.36 (KHTML, like Gecko) Chrome/58.0.3029.110 Safari/537.3"
178.128.86.151 - - [11/Oct/2025:08:03:44 +0700] "POST /wp-cron.php?doing_wp_cron=1760144624.3144659996032714843750 HTTP/1.1" 200 31 "-" "WordPress/6.7.2; https://dailytaxconsulting.com"
178.128.86.151 - - [11/Oct/2025:08:03:44 +0700] "POST /wp-cron.php?doing_wp_cron=1760144624.4700400829315185546875 HTTP/1.1" 200 31 "-" "WordPress/6.7.2; https://dailytaxconsulting.com"
145.220.91.19 - - [11/Oct/2025:08:03:46 +0700] "GET / HTTP/1.1" 200 38178 "http://dailytaxconsulting.com/" "Mozilla/5.0 (Macintosh; Intel Mac OS X 10.15; rv:122.0) Gecko/20100101 Firefox/122.0"
178.128.86.151 - - [11/Oct/2025:08:03:52 +0700] "POST /wp-admin/admin-ajax.php?action=async_litespeed&nonce=iW2dDZyNvcYVD2g9VWASUeEDcvhpz65R&litespeed_type=imgoptm HTTP/1.1" 499 0 "-" "WordPress/6.7.2; https://dailytaxconsulting.com"
204.12.252.98 - - [11/Oct/2025:08:43:14 +0700] "GET /wp-includes/install.php HTTP/1.1" 404 27 "https://dailytaxconsulting.com/wp-includes/install.php" "Mozilla/5.0 (Windows NT 10.0; Win64; x64) AppleWebKit/537.36 (KHTML, like Gecko) Chrome/58.0.3029.110 Safari/537.3"
204.12.252.98 - - [11/Oct/2025:10:01:52 +0700] "GET /wp-includes/install.php HTTP/1.1" 404 27 "https://dailytaxconsulting.com/wp-includes/install.php" "Mozilla/5.0 (Windows NT 10.0; Win64; x64) AppleWebKit/537.36 (KHTML, like Gecko) Chrome/58.0.3029.110 Safari/537.3"
124.236.100.56 - - [11/Oct/2025:10:08:44 +0700] "GET / HTTP/1.1" 499 0 "-" "Mozilla/5.0 (Macintosh; Intel Mac OS X 10_12_5) AppleWebKit/537.36 (KHTML, like Gecko) Chrome/61.0.3163.100 Safari/537.36"
178.128.86.151 - - [11/Oct/2025:10:08:44 +0700] "POST /wp-cron.php?doing_wp_cron=1760152124.4258038997650146484375 HTTP/1.1" 200 31 "-" "WordPress/6.7.2; https://dailytaxconsulting.com"
178.128.86.151 - - [11/Oct/2025:10:08:44 +0700] "POST /wp-cron.php?doing_wp_cron=1760152124.5395240783691406250000 HTTP/1.1" 200 31 "-" "WordPress/6.7.2; https://dailytaxconsulting.com"
124.236.100.56 - - [11/Oct/2025:10:08:48 +0700] "GET / HTTP/1.1" 499 0 "-" "Mozilla/5.0 (X11; OpenBSD amd64; rv:28.0) Gecko/20100101 Firefox/28.0"
178.128.86.151 - - [11/Oct/2025:10:08:49 +0700] "POST /wp-admin/admin-ajax.php?action=async_litespeed&nonce=rPpM530Tiam1sXkvKhJcVSsRoVw53bDG&litespeed_type=imgoptm HTTP/1.1" 499 0 "-" "WordPress/6.7.2; https://dailytaxconsulting.com"
178.128.86.151 - - [11/Oct/2025:11:09:47 +0700] "POST /wp-cron.php?doing_wp_cron=1760155787.2242729663848876953125 HTTP/1.1" 200 31 "-" "WordPress/6.7.2; https://dailytaxconsulting.com"
178.128.86.151 - - [11/Oct/2025:11:09:47 +0700] "POST /wp-cron.php?doing_wp_cron=1760155787.3175640106201171875000 HTTP/1.1" 200 31 "-" "WordPress/6.7.2; https://dailytaxconsulting.com"
167.99.48.188 - - [11/Oct/2025:11:09:48 +0700] "GET / HTTP/1.1" 200 38178 "-" "Mozilla/5.0 (X11; Linux x86_64) AppleWebKit/537.36 (KHTML, like Gecko) Chrome/140.0.7339.133 Safari/537.36"
178.128.86.151 - - [11/Oct/2025:11:09:52 +0700] "POST /wp-admin/admin-ajax.php?action=async_litespeed&nonce=ZTPr7oAHWEYoefNWnZY3LdpO2sDAE10f&litespeed_type=imgoptm HTTP/1.1" 499 0 "-" "WordPress/6.7.2; https://dailytaxconsulting.com"
178.128.86.151 - - [11/Oct/2025:11:10:21 +0700] "POST /wp-cron.php?doing_wp_cron=1760155821.0525898933410644531250 HTTP/1.1" 200 31 "-" "WordPress/6.7.2; https://dailytaxconsulting.com"
167.99.48.188 - - [11/Oct/2025:11:10:21 +0700] "GET /sitemap_index.xml HTTP/1.1" 404 22377 "-" "Mozilla/5.0 (X11; Linux x86_64) AppleWebKit/537.36 (KHTML, like Gecko) Chrome/140.0.7339.133 Safari/537.36"
178.128.86.151 - - [11/Oct/2025:11:10:25 +0700] "POST /wp-admin/admin-ajax.php?action=async_litespeed&nonce=xVO7FT85zyLc89VSBSlGIySyDB8BULFH&litespeed_type=imgoptm HTTP/1.1" 499 0 "-" "WordPress/6.7.2; https://dailytaxconsulting.com"
77.68.30.96 - - [11/Oct/2025:11:10:28 +0700] "GET /sitemap_index.xml HTTP/1.1" 404 22377 "-" "Mozilla/5.0 (X11; Linux x86_64) AppleWebKit/537.36 (KHTML, like Gecko) Chrome/140.0.7339.133 Safari/537.36"
64.176.46.76 - - [11/Oct/2025:11:10:35 +0700] "GET /sitemap_index.xml HTTP/1.1" 404 22377 "-" "Mozilla/5.0 (X11; Linux x86_64) AppleWebKit/537.36 (KHTML, like Gecko) Chrome/140.0.7339.133 Safari/537.36"
173.236.138.67 - - [11/Oct/2025:11:10:42 +0700] "GET /sitemap.xml HTTP/1.1" 301 31 "-" "Mozilla/5.0 (X11; Linux x86_64) AppleWebKit/537.36 (KHTML, like Gecko) Chrome/140.0.7339.133 Safari/537.36"
173.236.138.67 - - [11/Oct/2025:11:10:48 +0700] "GET /wp-sitemap.xml HTTP/1.1" 200 259 "-" "Mozilla/5.0 (X11; Linux x86_64) AppleWebKit/537.36 (KHTML, like Gecko) Chrome/140.0.7339.133 Safari/537.36"
173.236.138.67 - - [11/Oct/2025:11:10:56 +0700] "GET /wp-sitemap-users-1.xml HTTP/1.1" 200 204 "-" "Mozilla/5.0 (X11; Linux x86_64) AppleWebKit/537.36 (KHTML, like Gecko) Chrome/140.0.7339.133 Safari/537.36"
178.128.86.151 - - [11/Oct/2025:11:11:05 +0700] "POST /wp-cron.php?doing_wp_cron=1760155865.7235789299011230468750 HTTP/1.1" 200 31 "-" "WordPress/6.7.2; https://dailytaxconsulting.com"
173.236.138.67 - - [11/Oct/2025:11:11:06 +0700] "GET /wp-sitemap-users-2.xml HTTP/1.1" 404 22378 "-" "Mozilla/5.0 (X11; Linux x86_64) AppleWebKit/537.36 (KHTML, like Gecko) Chrome/140.0.7339.133 Safari/537.36"
178.128.86.151 - - [11/Oct/2025:11:11:11 +0700] "POST /wp-admin/admin-ajax.php?action=async_litespeed&nonce=eULyff3V4j6nE5dKddZrl3NP9xvKZysb&litespeed_type=imgoptm HTTP/1.1" 499 0 "-" "WordPress/6.7.2; https://dailytaxconsulting.com"
162.0.227.249 - - [11/Oct/2025:11:11:24 +0700] "GET /wp-sitemap-users-2.xml HTTP/1.1" 404 22378 "-" "Mozilla/5.0 (X11; Linux x86_64) AppleWebKit/537.36 (KHTML, like Gecko) Chrome/140.0.7339.133 Safari/537.36"
178.128.86.151 - - [11/Oct/2025:11:12:34 +0700] "POST /wp-cron.php?doing_wp_cron=1760155954.4597570896148681640625 HTTP/1.1" 200 31 "-" "WordPress/6.7.2; https://dailytaxconsulting.com"
103.158.108.3 - - [11/Oct/2025:11:12:35 +0700] "GET /author-sitemap.xml HTTP/1.1" 404 22378 "-" "Mozilla/5.0 (X11; Linux x86_64) AppleWebKit/537.36 (KHTML, like Gecko) Chrome/140.0.7339.133 Safari/537.36"
178.128.86.151 - - [11/Oct/2025:11:12:38 +0700] "POST /wp-admin/admin-ajax.php?action=async_litespeed&nonce=WN54uTWmqoDbY70Oqgvm3UOhoBgrZB90&litespeed_type=imgoptm HTTP/1.1" 499 0 "-" "WordPress/6.7.2; https://dailytaxconsulting.com"
148.113.197.67 - - [11/Oct/2025:11:12:42 +0700] "GET /author-sitemap.xml HTTP/1.1" 404 22378 "-" "Mozilla/5.0 (X11; Linux x86_64) AppleWebKit/537.36 (KHTML, like Gecko) Chrome/140.0.7339.133 Safari/537.36"
161.248.201.8 - - [11/Oct/2025:11:12:53 +0700] "GET /author-sitemap1.xml HTTP/1.1" 404 22379 "-" "Mozilla/5.0 (X11; Linux x86_64) AppleWebKit/537.36 (KHTML, like Gecko) Chrome/140.0.7339.133 Safari/537.36"
178.128.86.151 - - [11/Oct/2025:11:13:18 +0700] "POST /wp-cron.php?doing_wp_cron=1760155998.7288010120391845703125 HTTP/1.1" 200 31 "-" "WordPress/6.7.2; https://dailytaxconsulting.com"
57.129.140.235 - - [11/Oct/2025:11:13:19 +0700] "GET /author-sitemap1.xml HTTP/1.1" 404 22379 "-" "Mozilla/5.0 (X11; Linux x86_64) AppleWebKit/537.36 (KHTML, like Gecko) Chrome/140.0.7339.133 Safari/537.36"
178.128.86.151 - - [11/Oct/2025:11:13:23 +0700] "POST /wp-admin/admin-ajax.php?action=async_litespeed&nonce=E2yv71Of3elm3FRZcaKaZzud1OpHSR8r&litespeed_type=imgoptm HTTP/1.1" 499 0 "-" "WordPress/6.7.2; https://dailytaxconsulting.com"
14.248.80.79 - - [11/Oct/2025:11:13:30 +0700] "GET /user-sitemap.xml HTTP/1.1" 404 22375 "-" "Mozilla/5.0 (X11; Linux x86_64) AppleWebKit/537.36 (KHTML, like Gecko) Chrome/140.0.7339.133 Safari/537.36"
181.214.31.165 - - [11/Oct/2025:11:13:38 +0700] "GET /user-sitemap.xml HTTP/1.1" 404 22375 "-" "Mozilla/5.0 (X11; Linux x86_64) AppleWebKit/537.36 (KHTML, like Gecko) Chrome/140.0.7339.133 Safari/537.36"
115.111.183.33 - - [11/Oct/2025:11:13:47 +0700] "GET /user-sitemap.xml HTTP/1.1" 404 22375 "-" "Mozilla/5.0 (X11; Linux x86_64) AppleWebKit/537.36 (KHTML, like Gecko) Chrome/140.0.7339.133 Safari/537.36"
178.128.86.151 - - [11/Oct/2025:11:14:32 +0700] "POST /wp-cron.php?doing_wp_cron=1760156072.1344709396362304687500 HTTP/1.1" 200 31 "-" "WordPress/6.7.2; https://dailytaxconsulting.com"
162.214.55.193 - - [11/Oct/2025:11:14:32 +0700] "GET /user-sitemap1.xml HTTP/1.1" 404 22376 "-" "Mozilla/5.0 (X11; Linux x86_64) AppleWebKit/537.36 (KHTML, like Gecko) Chrome/140.0.7339.133 Safari/537.36"
188.34.184.154 - - [11/Oct/2025:11:15:27 +0700] "GET /authors.xml HTTP/1.1" 404 22374 "-" "Mozilla/5.0 (X11; Linux x86_64) AppleWebKit/537.36 (KHTML, like Gecko) Chrome/140.0.7339.133 Safari/537.36"
178.128.86.151 - - [11/Oct/2025:11:15:34 +0700] "POST /wp-cron.php?doing_wp_cron=1760156134.2615299224853515625000 HTTP/1.1" 200 31 "-" "WordPress/6.7.2; https://dailytaxconsulting.com"
178.33.43.96 - - [11/Oct/2025:11:15:35 +0700] "GET /authors.xml HTTP/1.1" 404 22373 "-" "Mozilla/5.0 (X11; Linux x86_64) AppleWebKit/537.36 (KHTML, like Gecko) Chrome/140.0.7339.133 Safari/537.36"
178.128.86.151 - - [11/Oct/2025:11:15:39 +0700] "POST /wp-admin/admin-ajax.php?action=async_litespeed&nonce=olQ6LkBDXmS9RDxBCA6cb0lcJSaafsaO&litespeed_type=imgoptm HTTP/1.1" 499 0 "-" "WordPress/6.7.2; https://dailytaxconsulting.com"
50.6.224.234 - - [11/Oct/2025:11:15:44 +0700] "GET /sitemap_authors.xml HTTP/1.1" 404 22380 "-" "Mozilla/5.0 (X11; Linux x86_64) AppleWebKit/537.36 (KHTML, like Gecko) Chrome/140.0.7339.133 Safari/537.36"
45.86.153.231 - - [11/Oct/2025:11:15:51 +0700] "GET /sitemap_authors.xml HTTP/1.1" 404 22381 "-" "Mozilla/5.0 (X11; Linux x86_64) AppleWebKit/537.36 (KHTML, like Gecko) Chrome/140.0.7339.133 Safari/537.36"
162.144.234.153 - - [11/Oct/2025:11:16:01 +0700] "GET /sitemap_authors.xml HTTP/1.1" 404 22381 "-" "Mozilla/5.0 (X11; Linux x86_64) AppleWebKit/537.36 (KHTML, like Gecko) Chrome/140.0.7339.133 Safari/537.36"
178.128.86.151 - - [11/Oct/2025:11:16:11 +0700] "POST /wp-cron.php?doing_wp_cron=1760156171.7687718868255615234375 HTTP/1.1" 200 31 "-" "WordPress/6.7.2; https://dailytaxconsulting.com"
148.66.129.152 - - [11/Oct/2025:11:16:13 +0700] "GET /sitemap-authors.xml HTTP/1.1" 404 22380 "-" "Mozilla/5.0 (X11; Linux x86_64) AppleWebKit/537.36 (KHTML, like Gecko) Chrome/140.0.7339.133 Safari/537.36"
178.128.86.151 - - [11/Oct/2025:11:16:19 +0700] "POST /wp-admin/admin-ajax.php?action=async_litespeed&nonce=Jo6LwtF3zgUXmGeglmMAGpsANb2fLo8I&litespeed_type=imgoptm HTTP/1.1" 499 0 "-" "WordPress/6.7.2; https://dailytaxconsulting.com"
212.48.84.56 - - [11/Oct/2025:11:16:23 +0700] "GET /sitemap-authors.xml HTTP/1.1" 404 22381 "-" "Mozilla/5.0 (X11; Linux x86_64) AppleWebKit/537.36 (KHTML, like Gecko) Chrome/140.0.7339.133 Safari/537.36"
185.249.40.156 - - [11/Oct/2025:11:16:36 +0700] "GET /sitemap-authors.xml HTTP/1.1" 404 22381 "-" "Mozilla/5.0 (X11; Linux x86_64) AppleWebKit/537.36 (KHTML, like Gecko) Chrome/140.0.7339.133 Safari/537.36"
162.241.217.156 - - [11/Oct/2025:11:16:50 +0700] "GET /sitemap_users.xml HTTP/1.1" 404 22378 "-" "Mozilla/5.0 (X11; Linux x86_64) AppleWebKit/537.36 (KHTML, like Gecko) Chrome/140.0.7339.133 Safari/537.36"
160.251.148.82 - - [11/Oct/2025:11:16:55 +0700] "GET /sitemap-users.xml HTTP/1.1" 404 22378 "-" "Mozilla/5.0 (X11; Linux x86_64) AppleWebKit/537.36 (KHTML, like Gecko) Chrome/140.0.7339.133 Safari/537.36"
178.128.86.151 - - [11/Oct/2025:11:17:23 +0700] "POST /wp-cron.php?doing_wp_cron=1760156243.6954920291900634765625 HTTP/1.1" 200 31 "-" "WordPress/6.7.2; https://dailytaxconsulting.com"
146.59.136.90 - - [11/Oct/2025:11:17:24 +0700] "GET /sitemap-users.xml HTTP/1.1" 404 22378 "-" "Mozilla/5.0 (X11; Linux x86_64) AppleWebKit/537.36 (KHTML, like Gecko) Chrome/140.0.7339.133 Safari/537.36"
178.128.86.151 - - [11/Oct/2025:11:17:28 +0700] "POST /wp-admin/admin-ajax.php?action=async_litespeed&nonce=eLsDWMKFDa87ZNTQ8IhhVGfuX4pYhZNu&litespeed_type=imgoptm HTTP/1.1" 499 0 "-" "WordPress/6.7.2; https://dailytaxconsulting.com"
35.75.251.209 - - [11/Oct/2025:11:17:35 +0700] "GET /member-sitemap.xml HTTP/1.1" 404 22379 "-" "Mozilla/5.0 (X11; Linux x86_64) AppleWebKit/537.36 (KHTML, like Gecko) Chrome/140.0.7339.133 Safari/537.36"
178.128.86.151 - - [11/Oct/2025:11:18:07 +0700] "POST /wp-cron.php?doing_wp_cron=1760156287.1125431060791015625000 HTTP/1.1" 200 31 "-" "WordPress/6.7.2; https://dailytaxconsulting.com"
103.57.221.79 - - [11/Oct/2025:11:18:08 +0700] "GET /member-sitemap.xml HTTP/1.1" 404 22380 "-" "Mozilla/5.0 (X11; Linux x86_64) AppleWebKit/537.36 (KHTML, like Gecko) Chrome/140.0.7339.133 Safari/537.36"
178.128.86.151 - - [11/Oct/2025:11:18:13 +0700] "POST /wp-admin/admin-ajax.php?action=async_litespeed&nonce=8JmuMjPUz5Y9SoAgI5Jk9dPBIHpeVse6&litespeed_type=imgoptm HTTP/1.1" 499 0 "-" "WordPress/6.7.2; https://dailytaxconsulting.com"
192.0.81.205 - - [11/Oct/2025:11:18:17 +0700] "POST /xmlrpc.php?for=jetpack&token=eJlMJNI%23vACeHXHLV00FGZvlF%21lh%21qkO%3A1%3A0&timestamp=1760156291&nonce=y2vFjb71rC&body-hash=pX11Ui%2BqKb%2BiComdWbXa%2B1x7EB4%3D&signature=XYN2J7waU%2FL91eG8PB8pN4V2NTk%3D HTTP/1.1" 200 2303 "https://dailytaxconsulting.com/xmlrpc.php?for=jetpack&token=eJlMJNI%23vACeHXHLV00FGZvlF%21lh%21qkO%3A1%3A0&timestamp=1760156291&nonce=y2vFjb71rC&body-hash=pX11Ui%2BqKb%2BiComdWbXa%2B1x7EB4%3D&signature=XYN2J7waU%2FL91eG8PB8pN4V2NTk%3D" "Jetpack by WordPress.com"
194.164.126.55 - - [11/Oct/2025:11:18:22 +0700] "GET /wp-json/wp/v2/users HTTP/1.1" 200 362 "-" "Mozilla/5.0 (X11; Linux x86_64) AppleWebKit/537.36 (KHTML, like Gecko) Chrome/140.0.7339.133 Safari/537.36"
194.164.126.55 - - [11/Oct/2025:11:18:27 +0700] "GET /?rest_route=/wp/v2/users HTTP/1.1" 200 362 "-" "Mozilla/5.0 (X11; Linux x86_64) AppleWebKit/537.36 (KHTML, like Gecko) Chrome/140.0.7339.133 Safari/537.36"
194.164.126.55 - - [11/Oct/2025:11:18:33 +0700] "GET /index.php?rest_route=/wp/v2/users HTTP/1.1" 200 362 "-" "Mozilla/5.0 (X11; Linux x86_64) AppleWebKit/537.36 (KHTML, like Gecko) Chrome/140.0.7339.133 Safari/537.36"
194.164.126.55 - - [11/Oct/2025:11:18:58 +0700] "GET /?rest_route=/wp/v2/users&_jsonp=apCallback HTTP/1.1" 200 377 "-" "Mozilla/5.0 (X11; Linux x86_64) AppleWebKit/537.36 (KHTML, like Gecko) Chrome/140.0.7339.133 Safari/537.36"
178.128.86.151 - - [11/Oct/2025:11:19:15 +0700] "POST /wp-cron.php?doing_wp_cron=1760156355.2102770805358886718750 HTTP/1.1" 200 31 "-" "WordPress/6.7.2; https://dailytaxconsulting.com"
194.164.126.55 - - [11/Oct/2025:11:19:15 +0700] "GET //wp-json/wp/v2/users HTTP/1.1" 200 362 "-" "Mozilla/5.0 (X11; Linux x86_64) AppleWebKit/537.36 (KHTML, like Gecko) Chrome/140.0.7339.133 Safari/537.36"
178.128.86.151 - - [11/Oct/2025:11:19:18 +0700] "POST /wp-admin/admin-ajax.php?action=async_litespeed&nonce=YWdH33LYW8aaJ8SQcqGdPkQfxPOjxgFh&litespeed_type=imgoptm HTTP/1.1" 499 0 "-" "WordPress/6.7.2; https://dailytaxconsulting.com"
194.164.126.55 - - [11/Oct/2025:11:19:21 +0700] "GET /wp-json/wp/v2/users/ HTTP/1.1" 200 362 "-" "Mozilla/5.0 (X11; Linux x86_64) AppleWebKit/537.36 (KHTML, like Gecko) Chrome/140.0.7339.133 Safari/537.36"
194.164.126.55 - - [11/Oct/2025:11:19:27 +0700] "GET /?rest_route=%2Fwp%2Fv2%2Fusers HTTP/1.1" 200 362 "-" "Mozilla/5.0 (X11; Linux x86_64) AppleWebKit/537.36 (KHTML, like Gecko) Chrome/140.0.7339.133 Safari/537.36"
194.164.126.55 - - [11/Oct/2025:11:19:32 +0700] "GET /?rest_route=/wp/v2/usErs HTTP/1.1" 499 0 "-" "Mozilla/5.0 (X11; Linux x86_64) AppleWebKit/537.36 (KHTML, like Gecko) Chrome/140.0.7339.133 Safari/537.36"
178.128.86.151 - - [11/Oct/2025:11:19:37 +0700] "POST /wp-cron.php?doing_wp_cron=1760156377.0305829048156738281250 HTTP/1.1" 200 31 "-" "WordPress/6.7.2; https://dailytaxconsulting.com"
185.252.234.215 - - [11/Oct/2025:11:19:37 +0700] "GET /?rest_route=/wp/v2/usErs HTTP/1.1" 200 358 "-" "Mozilla/5.0 (X11; Linux x86_64) AppleWebKit/537.36 (KHTML, like Gecko) Chrome/140.0.7339.133 Safari/537.36"
185.252.234.215 - - [11/Oct/2025:11:19:42 +0700] "GET /?rest_route=/wp/v2/Users HTTP/1.1" 200 358 "-" "Mozilla/5.0 (X11; Linux x86_64) AppleWebKit/537.36 (KHTML, like Gecko) Chrome/140.0.7339.133 Safari/537.36"
185.252.234.215 - - [11/Oct/2025:11:19:47 +0700] "GET / HTTP/1.1" 200 38178 "-" "Mozilla/5.0 (X11; Linux x86_64) AppleWebKit/537.36 (KHTML, like Gecko) Chrome/140.0.7339.133 Safari/537.36"
178.128.86.151 - - [11/Oct/2025:11:20:08 +0700] "POST /wp-cron.php?doing_wp_cron=1760156408.3501689434051513671875 HTTP/1.1" 200 31 "-" "WordPress/6.7.2; https://dailytaxconsulting.com"
185.252.234.215 - - [11/Oct/2025:11:20:09 +0700] "GET / HTTP/1.1" 200 38178 "-" "Mozilla/5.0 (X11; Linux x86_64) AppleWebKit/537.36 (KHTML, like Gecko) Chrome/140.0.7339.133 Safari/537.36"
178.128.86.151 - - [11/Oct/2025:11:20:13 +0700] "POST /wp-admin/admin-ajax.php?action=async_litespeed&nonce=IXlmLDzI9NLj1ER53AohBgEGVB9G1oQG&litespeed_type=imgoptm HTTP/1.1" 499 0 "-" "WordPress/6.7.2; https://dailytaxconsulting.com"
185.252.234.215 - - [11/Oct/2025:11:20:31 +0700] "POST /graphql HTTP/1.1" 404 22319 "-" "Mozilla/5.0 (X11; Linux x86_64) AppleWebKit/537.36 (KHTML, like Gecko) Chrome/140.0.7339.133 Safari/537.36"
216.7.91.132 - - [11/Oct/2025:11:20:36 +0700] "POST /graphql HTTP/1.1" 404 22319 "-" "Mozilla/5.0 (X11; Linux x86_64) AppleWebKit/537.36 (KHTML, like Gecko) Chrome/140.0.7339.133 Safari/537.36"
43.143.200.85 - - [11/Oct/2025:11:20:42 +0700] "POST /graphql HTTP/1.1" 404 22319 "-" "Mozilla/5.0 (X11; Linux x86_64) AppleWebKit/537.36 (KHTML, like Gecko) Chrome/140.0.7339.133 Safari/537.36"
103.74.116.219 - - [11/Oct/2025:11:20:48 +0700] "GET /wp-json/wc/v3/customers HTTP/1.1" 404 128 "-" "Mozilla/5.0 (X11; Linux x86_64) AppleWebKit/537.36 (KHTML, like Gecko) Chrome/140.0.7339.133 Safari/537.36"
178.128.86.151 - - [11/Oct/2025:11:22:36 +0700] "POST /wp-cron.php?doing_wp_cron=1760156555.9665629863739013671875 HTTP/1.1" 200 31 "-" "WordPress/6.7.2; https://dailytaxconsulting.com"
118.179.200.50 - - [11/Oct/2025:11:22:36 +0700] "GET /wp-json/buddypress/v1/members HTTP/1.1" 404 128 "-" "Mozilla/5.0 (X11; Linux x86_64) AppleWebKit/537.36 (KHTML, like Gecko) Chrome/140.0.7339.133 Safari/537.36"
178.128.86.151 - - [11/Oct/2025:11:22:39 +0700] "POST /wp-admin/admin-ajax.php?action=async_litespeed&nonce=fpYVO9DOWbvN5eoiaO4eewxKt29H6Vgh&litespeed_type=imgoptm HTTP/1.1" 499 0 "-" "WordPress/6.7.2; https://dailytaxconsulting.com"
178.128.86.151 - - [11/Oct/2025:11:37:46 +0700] "POST /wp-cron.php?doing_wp_cron=1760157466.7439579963684082031250 HTTP/1.1" 200 31 "-" "WordPress/6.7.2; https://dailytaxconsulting.com"
104.210.140.133 - - [11/Oct/2025:11:37:46 +0700] "GET /robots.txt HTTP/1.1" 200 129 "-" "Mozilla/5.0 (Macintosh; Intel Mac OS X 10_15_7) AppleWebKit/537.36 (KHTML, like Gecko) Chrome/131.0.0.0 Safari/537.36; compatible; OAI-SearchBot/1.0; +https://openai.com/searchbot"
178.128.86.151 - - [11/Oct/2025:11:37:50 +0700] "POST /wp-admin/admin-ajax.php?action=async_litespeed&nonce=Ue1ryYrCmOdb98jNsvyMeK5qLhO9a76P&litespeed_type=imgoptm HTTP/1.1" 499 0 "-" "WordPress/6.7.2; https://dailytaxconsulting.com"
204.12.252.98 - - [11/Oct/2025:12:07:36 +0700] "GET /wp-includes/install.php HTTP/1.1" 404 27 "https://dailytaxconsulting.com/wp-includes/install.php" "Mozilla/5.0 (Windows NT 10.0; Win64; x64) AppleWebKit/537.36 (KHTML, like Gecko) Chrome/58.0.3029.110 Safari/537.3"
178.128.86.151 - - [11/Oct/2025:12:22:37 +0700] "POST /wp-cron.php?doing_wp_cron=1760160157.1893470287322998046875 HTTP/1.1" 200 31 "-" "WordPress/6.7.2; https://dailytaxconsulting.com"
178.128.86.151 - - [11/Oct/2025:12:22:37 +0700] "POST /wp-cron.php?doing_wp_cron=1760160157.2407441139221191406250 HTTP/1.1" 200 31 "-" "WordPress/6.7.2; https://dailytaxconsulting.com"
185.39.19.34 - - [11/Oct/2025:12:22:38 +0700] "GET / HTTP/1.0" 200 256456 "https://dailytaxconsulting.com/" "Mozilla/5.0 (Windows NT 10.0; Win64; x64) AppleWebKit/537.36 (KHTML, like Gecko) Chrome/131.0.0.0 Safari/537.36 Avast/131.0.0.0"
178.128.86.151 - - [11/Oct/2025:12:22:40 +0700] "POST /wp-admin/admin-ajax.php?action=async_litespeed&nonce=34hAx7yz164brEnBUtlg2k5D6l95EljU&litespeed_type=imgoptm HTTP/1.1" 499 0 "-" "WordPress/6.7.2; https://dailytaxconsulting.com"
178.128.86.151 - - [11/Oct/2025:12:49:30 +0700] "POST /wp-cron.php?doing_wp_cron=1760161770.2241990566253662109375 HTTP/1.1" 200 31 "-" "WordPress/6.7.2; https://dailytaxconsulting.com"
18.201.233.33 - - [11/Oct/2025:12:49:31 +0700] "GET / HTTP/1.0" 200 256456 "-" "Mozilla/5.0 (compatible; NetcraftSurveyAgent/1.0; [email protected])"
178.128.86.151 - - [11/Oct/2025:12:49:34 +0700] "POST /wp-admin/admin-ajax.php?action=async_litespeed&nonce=lIljwnjWJo7kyUxHz5eWQiLaLtgWboaM&litespeed_type=imgoptm HTTP/1.1" 499 0 "-" "WordPress/6.7.2; https://dailytaxconsulting.com"
178.128.86.151 - - [11/Oct/2025:12:54:47 +0700] "POST /wp-cron.php?doing_wp_cron=1760162087.0607149600982666015625 HTTP/1.1" 200 31 "-" "WordPress/6.7.2; https://dailytaxconsulting.com"
103.221.222.131 - - [11/Oct/2025:12:54:47 +0700] "GET / HTTP/1.1" 200 38178 "https://www.google.ca" "Mozilla/5.0 (Windows NT 10.0; Win64; x64) AppleWebKit/537.36 (KHTML, like Gecko) Chrome/116.0.5845.96 Safari/537.36 Edg/116.0.1938.62"
103.221.222.131 - - [11/Oct/2025:12:54:51 +0700] "GET /index.php?rest_route=/wp/v2/users HTTP/1.1" 200 362 "https://dailytaxconsulting.com" "Mozilla/5.0 (Windows NT 10.0; Win64; x64; rv:125.0.1) Gecko/20100101 Firefox/125.0.1"
178.128.86.151 - - [11/Oct/2025:12:54:51 +0700] "POST /wp-admin/admin-ajax.php?action=async_litespeed&nonce=uDgA7nJzpjsQuO6jGI75Yo6PgpT7Q9RX&litespeed_type=imgoptm HTTP/1.1" 499 0 "-" "WordPress/6.7.2; https://dailytaxconsulting.com"
178.128.86.151 - - [11/Oct/2025:12:59:55 +0700] "POST /wp-cron.php?doing_wp_cron=1760162395.8896861076354980468750 HTTP/1.1" 200 31 "-" "WordPress/6.7.2; https://dailytaxconsulting.com"
110.166.71.39 - - [11/Oct/2025:12:59:56 +0700] "GET / HTTP/1.1" 200 38175 "http://dailytaxconsulting.com" "Mozilla/5.0 (iPhone; CPU iPhone OS 13_2_3 like Mac OS X) AppleWebKit/605.1.15 (KHTML, like Gecko) Version/13.0.3 Mobile/15E148 Safari/604.1"
178.128.86.151 - - [11/Oct/2025:12:59:59 +0700] "POST /wp-admin/admin-ajax.php?action=async_litespeed&nonce=hzDejAWTx903JTlX1E3K3BuTd6qXwem7&litespeed_type=imgoptm HTTP/1.1" 499 0 "-" "WordPress/6.7.2; https://dailytaxconsulting.com"
88.218.62.29 - - [11/Oct/2025:13:12:44 +0700] "GET / HTTP/1.1" 499 0 "http://DAILYTAXCONSULTING.COM" "Mozilla/5.0 (Windows NT 10.0; Win64; x64) AppleWebKit/537.36 (KHTML, like Gecko) Chrome/120.0.0.0 Safari/537.36"
178.128.86.151 - - [11/Oct/2025:13:12:47 +0700] "POST /wp-cron.php?doing_wp_cron=1760163167.1017329692840576171875 HTTP/1.1" 200 31 "-" "WordPress/6.7.2; https://dailytaxconsulting.com"
178.128.86.151 - - [11/Oct/2025:13:12:54 +0700] "POST /wp-admin/admin-ajax.php?action=async_litespeed&nonce=CMHPtkzYt71T1O3tBwZ62qrKAxiEa1Y7&litespeed_type=imgoptm HTTP/1.1" 499 0 "-" "WordPress/6.7.2; https://dailytaxconsulting.com"
128.199.94.30 - - [11/Oct/2025:13:13:49 +0700] "GET //wp-includes/ID3/license.txt HTTP/1.1" 200 1396 "-" "Mozilla/5.0 (Windows NT 10.0; Win64; x64) AppleWebKit/537.36 (KHTML, like Gecko) Chrome/95.0.4638.69 Safari/537.36"
178.128.86.151 - - [11/Oct/2025:13:13:58 +0700] "POST /wp-cron.php?doing_wp_cron=1760163238.3182909488677978515625 HTTP/1.1" 200 31 "-" "WordPress/6.7.2; https://dailytaxconsulting.com"
128.199.94.30 - - [11/Oct/2025:13:13:58 +0700] "GET //feed/ HTTP/1.1" 301 5 "-" "Mozilla/5.0 (Windows NT 10.0; Win64; x64) AppleWebKit/537.36 (KHTML, like Gecko) Chrome/95.0.4638.69 Safari/537.36"
128.199.94.30 - - [11/Oct/2025:13:14:06 +0700] "GET //xmlrpc.php?rsd HTTP/1.1" 200 858 "-" "Mozilla/5.0 (Windows NT 10.0; Win64; x64) AppleWebKit/537.36 (KHTML, like Gecko) Chrome/95.0.4638.69 Safari/537.36"
178.128.86.151 - - [11/Oct/2025:13:14:08 +0700] "POST /wp-admin/admin-ajax.php?action=async_litespeed&nonce=vMGtcQ6ymjhPWofXuFzGnON0uyi19TDn&litespeed_type=imgoptm HTTP/1.1" 499 0 "-" "WordPress/6.7.2; https://dailytaxconsulting.com"
128.199.94.30 - - [11/Oct/2025:13:14:14 +0700] "GET //?author=1 HTTP/1.1" 301 5 "-" "Mozilla/5.0 (Windows NT 10.0; Win64; x64) AppleWebKit/537.36 (KHTML, like Gecko) Chrome/95.0.4638.69 Safari/537.36"
128.199.94.30 - - [11/Oct/2025:13:14:22 +0700] "GET //?author=2 HTTP/1.1" 301 5 "-" "Mozilla/5.0 (Windows NT 10.0; Win64; x64) AppleWebKit/537.36 (KHTML, like Gecko) Chrome/95.0.4638.69 Safari/537.36"
128.199.94.30 - - [11/Oct/2025:13:14:30 +0700] "GET //wp-json/wp/v2/users/ HTTP/1.1" 200 762 "-" "Mozilla/5.0 (Windows NT 10.0; Win64; x64) AppleWebKit/537.36 (KHTML, like Gecko) Chrome/95.0.4638.69 Safari/537.36"
178.128.86.151 - - [11/Oct/2025:13:14:38 +0700] "POST /wp-cron.php?doing_wp_cron=1760163277.9277439117431640625000 HTTP/1.1" 200 31 "-" "WordPress/6.7.2; https://dailytaxconsulting.com"
128.199.94.30 - - [11/Oct/2025:13:14:40 +0700] "POST //xmlrpc.php HTTP/1.1" 200 459 "-" "Mozilla/5.0 (Windows NT 10.0; Win64; x64) AppleWebKit/537.36 (KHTML, like Gecko) Chrome/95.0.4638.69 Safari/537.36"
128.199.94.30 - - [11/Oct/2025:13:14:50 +0700] "POST //xmlrpc.php HTTP/1.1" 200 459 "-" "Mozilla/5.0 (Windows NT 10.0; Win64; x64) AppleWebKit/537.36 (KHTML, like Gecko) Chrome/95.0.4638.69 Safari/537.36"
128.199.94.30 - - [11/Oct/2025:13:14:58 +0700] "POST //xmlrpc.php HTTP/1.1" 200 459 "-" "Mozilla/5.0 (Windows NT 10.0; Win64; x64) AppleWebKit/537.36 (KHTML, like Gecko) Chrome/95.0.4638.69 Safari/537.36"
178.128.86.151 - - [11/Oct/2025:13:15:08 +0700] "POST /wp-cron.php?doing_wp_cron=1760163308.4802980422973632812500 HTTP/1.1" 200 31 "-" "WordPress/6.7.2; https://dailytaxconsulting.com"
128.199.94.30 - - [11/Oct/2025:13:15:09 +0700] "POST //xmlrpc.php HTTP/1.1" 200 459 "-" "Mozilla/5.0 (Windows NT 10.0; Win64; x64) AppleWebKit/537.36 (KHTML, like Gecko) Chrome/95.0.4638.69 Safari/537.36"
128.199.94.30 - - [11/Oct/2025:13:15:18 +0700] "POST //xmlrpc.php HTTP/1.1" 200 459 "-" "Mozilla/5.0 (Windows NT 10.0; Win64; x64) AppleWebKit/537.36 (KHTML, like Gecko) Chrome/95.0.4638.69 Safari/537.36"
178.128.86.151 - - [11/Oct/2025:13:15:20 +0700] "POST /wp-admin/admin-ajax.php?action=async_litespeed&nonce=vsDkomHEbq1AXdatxkLmDyfK8e2228eu&litespeed_type=imgoptm HTTP/1.1" 499 0 "-" "WordPress/6.7.2; https://dailytaxconsulting.com"
128.199.94.30 - - [11/Oct/2025:13:15:28 +0700] "POST //xmlrpc.php HTTP/1.1" 200 459 "-" "Mozilla/5.0 (Windows NT 10.0; Win64; x64) AppleWebKit/537.36 (KHTML, like Gecko) Chrome/95.0.4638.69 Safari/537.36"
128.199.94.30 - - [11/Oct/2025:13:15:35 +0700] "POST //xmlrpc.php HTTP/1.1" 200 459 "-" "Mozilla/5.0 (Windows NT 10.0; Win64; x64) AppleWebKit/537.36 (KHTML, like Gecko) Chrome/95.0.4638.69 Safari/537.36"
128.199.94.30 - - [11/Oct/2025:13:15:41 +0700] "POST //xmlrpc.php HTTP/1.1" 200 459 "-" "Mozilla/5.0 (Windows NT 10.0; Win64; x64) AppleWebKit/537.36 (KHTML, like Gecko) Chrome/95.0.4638.69 Safari/537.36"
128.199.94.30 - - [11/Oct/2025:13:15:47 +0700] "POST //xmlrpc.php HTTP/1.1" 200 459 "-" "Mozilla/5.0 (Windows NT 10.0; Win64; x64) AppleWebKit/537.36 (KHTML, like Gecko) Chrome/95.0.4638.69 Safari/537.36"
128.199.94.30 - - [11/Oct/2025:13:15:53 +0700] "POST //xmlrpc.php HTTP/1.1" 200 459 "-" "Mozilla/5.0 (Windows NT 10.0; Win64; x64) AppleWebKit/537.36 (KHTML, like Gecko) Chrome/95.0.4638.69 Safari/537.36"
128.199.94.30 - - [11/Oct/2025:13:16:00 +0700] "POST //xmlrpc.php HTTP/1.1" 200 459 "-" "Mozilla/5.0 (Windows NT 10.0; Win64; x64) AppleWebKit/537.36 (KHTML, like Gecko) Chrome/95.0.4638.69 Safari/537.36"
178.128.86.151 - - [11/Oct/2025:13:16:06 +0700] "POST /wp-cron.php?doing_wp_cron=1760163366.2974970340728759765625 HTTP/1.1" 200 31 "-" "WordPress/6.7.2; https://dailytaxconsulting.com"
128.199.94.30 - - [11/Oct/2025:13:16:06 +0700] "POST //xmlrpc.php HTTP/1.1" 200 459 "-" "Mozilla/5.0 (Windows NT 10.0; Win64; x64) AppleWebKit/537.36 (KHTML, like Gecko) Chrome/95.0.4638.69 Safari/537.36"
178.128.86.151 - - [11/Oct/2025:13:16:13 +0700] "POST /wp-admin/admin-ajax.php?action=async_litespeed&nonce=1sMbXLmdvfYQJbXYlJldoLl50FEvtZyz&litespeed_type=imgoptm HTTP/1.1" 499 0 "-" "WordPress/6.7.2; https://dailytaxconsulting.com"
128.199.94.30 - - [11/Oct/2025:13:16:13 +0700] "POST //xmlrpc.php HTTP/1.1" 200 459 "-" "Mozilla/5.0 (Windows NT 10.0; Win64; x64) AppleWebKit/537.36 (KHTML, like Gecko) Chrome/95.0.4638.69 Safari/537.36"
128.199.94.30 - - [11/Oct/2025:13:16:20 +0700] "POST //xmlrpc.php HTTP/1.1" 200 459 "-" "Mozilla/5.0 (Windows NT 10.0; Win64; x64) AppleWebKit/537.36 (KHTML, like Gecko) Chrome/95.0.4638.69 Safari/537.36"
128.199.94.30 - - [11/Oct/2025:13:16:26 +0700] "POST //xmlrpc.php HTTP/1.1" 200 459 "-" "Mozilla/5.0 (Windows NT 10.0; Win64; x64) AppleWebKit/537.36 (KHTML, like Gecko) Chrome/95.0.4638.69 Safari/537.36"
128.199.94.30 - - [11/Oct/2025:13:16:33 +0700] "POST //xmlrpc.php HTTP/1.1" 200 459 "-" "Mozilla/5.0 (Windows NT 10.0; Win64; x64) AppleWebKit/537.36 (KHTML, like Gecko) Chrome/95.0.4638.69 Safari/537.36"
128.199.94.30 - - [11/Oct/2025:13:16:41 +0700] "POST //xmlrpc.php HTTP/1.1" 200 459 "-" "Mozilla/5.0 (Windows NT 10.0; Win64; x64) AppleWebKit/537.36 (KHTML, like Gecko) Chrome/95.0.4638.69 Safari/537.36"
128.199.94.30 - - [11/Oct/2025:13:16:47 +0700] "POST //xmlrpc.php HTTP/1.1" 200 459 "-" "Mozilla/5.0 (Windows NT 10.0; Win64; x64) AppleWebKit/537.36 (KHTML, like Gecko) Chrome/95.0.4638.69 Safari/537.36"
128.199.94.30 - - [11/Oct/2025:13:16:53 +0700] "POST //xmlrpc.php HTTP/1.1" 200 459 "-" "Mozilla/5.0 (Windows NT 10.0; Win64; x64) AppleWebKit/537.36 (KHTML, like Gecko) Chrome/95.0.4638.69 Safari/537.36"
128.199.94.30 - - [11/Oct/2025:13:16:59 +0700] "POST //xmlrpc.php HTTP/1.1" 200 459 "-" "Mozilla/5.0 (Windows NT 10.0; Win64; x64) AppleWebKit/537.36 (KHTML, like Gecko) Chrome/95.0.4638.69 Safari/537.36"
178.128.86.151 - - [11/Oct/2025:13:17:06 +0700] "POST /wp-cron.php?doing_wp_cron=1760163426.7360420227050781250000 HTTP/1.1" 200 31 "-" "WordPress/6.7.2; https://dailytaxconsulting.com"
128.199.94.30 - - [11/Oct/2025:13:17:07 +0700] "POST //xmlrpc.php HTTP/1.1" 200 459 "-" "Mozilla/5.0 (Windows NT 10.0; Win64; x64) AppleWebKit/537.36 (KHTML, like Gecko) Chrome/95.0.4638.69 Safari/537.36"
128.199.94.30 - - [11/Oct/2025:13:17:15 +0700] "POST //xmlrpc.php HTTP/1.1" 200 459 "-" "Mozilla/5.0 (Windows NT 10.0; Win64; x64) AppleWebKit/537.36 (KHTML, like Gecko) Chrome/95.0.4638.69 Safari/537.36"
178.128.86.151 - - [11/Oct/2025:13:17:15 +0700] "POST /wp-admin/admin-ajax.php?action=async_litespeed&nonce=d0nDKDSBhKAxkDEc6YRBfpezCFKTjeLE&litespeed_type=imgoptm HTTP/1.1" 499 0 "-" "WordPress/6.7.2; https://dailytaxconsulting.com"
128.199.94.30 - - [11/Oct/2025:13:17:23 +0700] "POST //xmlrpc.php HTTP/1.1" 200 459 "-" "Mozilla/5.0 (Windows NT 10.0; Win64; x64) AppleWebKit/537.36 (KHTML, like Gecko) Chrome/95.0.4638.69 Safari/537.36"
128.199.94.30 - - [11/Oct/2025:13:17:29 +0700] "POST //xmlrpc.php HTTP/1.1" 200 459 "-" "Mozilla/5.0 (Windows NT 10.0; Win64; x64) AppleWebKit/537.36 (KHTML, like Gecko) Chrome/95.0.4638.69 Safari/537.36"
178.128.86.151 - - [11/Oct/2025:13:17:36 +0700] "POST /wp-cron.php?doing_wp_cron=1760163456.3966820240020751953125 HTTP/1.1" 200 31 "-" "WordPress/6.7.2; https://dailytaxconsulting.com"
128.199.94.30 - - [11/Oct/2025:13:17:36 +0700] "POST //xmlrpc.php HTTP/1.1" 200 459 "-" "Mozilla/5.0 (Windows NT 10.0; Win64; x64) AppleWebKit/537.36 (KHTML, like Gecko) Chrome/95.0.4638.69 Safari/537.36"
