196.251.66.107 - - [11/Oct/2025:17:34:04 +0700] "GET /wp-includes/blocks/post-excerpt/index.php HTTP/1.1" 404 27 "-" "Mozilla/5.0 (Linux; Android 7.0; SM-G892A Build/NRD90M; wv) AppleWebKit/537.36 (KHTML, Gecko) Version/4.0 Chrome/60.0.3112.107 Mobile Safari/537.36"
196.251.66.107 - - [11/Oct/2025:17:34:08 +0700] "GET /wp-includes/blocks/post-featured-image/index.php HTTP/1.1" 404 27 "-" "Mozilla/5.0 (Linux; Android 7.0; SM-G892A Build/NRD90M; wv) AppleWebKit/537.36 (KHTML, Gecko) Version/4.0 Chrome/60.0.3112.107 Mobile Safari/537.36"
196.251.66.107 - - [11/Oct/2025:17:34:12 +0700] "GET /wp-includes/blocks/post-template/index.php HTTP/1.1" 404 27 "-" "Mozilla/5.0 (Linux; Android 7.0; SM-G892A Build/NRD90M; wv) AppleWebKit/537.36 (KHTML, Gecko) Version/4.0 Chrome/60.0.3112.107 Mobile Safari/537.36"
196.251.66.107 - - [11/Oct/2025:17:34:14 +0700] "GET /wp-includes/blocks/post-terms/index.php HTTP/1.1" 404 27 "-" "Mozilla/5.0 (Linux; Android 7.0; SM-G892A Build/NRD90M; wv) AppleWebKit/537.36 (KHTML, Gecko) Version/4.0 Chrome/60.0.3112.107 Mobile Safari/537.36"
196.251.66.107 - - [11/Oct/2025:17:34:16 +0700] "GET /wp-includes/blocks/post-title/index.php HTTP/1.1" 404 27 "-" "Mozilla/5.0 (Linux; Android 7.0; SM-G892A Build/NRD90M; wv) AppleWebKit/537.36 (KHTML, Gecko) Version/4.0 Chrome/60.0.3112.107 Mobile Safari/537.36"
196.251.66.107 - - [11/Oct/2025:17:34:20 +0700] "GET /wp-includes/blocks/preformatted/index.php HTTP/1.1" 404 27 "-" "Mozilla/5.0 (Linux; Android 7.0; SM-G892A Build/NRD90M; wv) AppleWebKit/537.36 (KHTML, Gecko) Version/4.0 Chrome/60.0.3112.107 Mobile Safari/537.36"
196.251.66.107 - - [11/Oct/2025:17:34:22 +0700] "GET /wp-includes/blocks/pullquote/index.php HTTP/1.1" 404 27 "-" "Mozilla/5.0 (Linux; Android 7.0; SM-G892A Build/NRD90M; wv) AppleWebKit/537.36 (KHTML, Gecko) Version/4.0 Chrome/60.0.3112.107 Mobile Safari/537.36"
196.251.66.107 - - [11/Oct/2025:17:34:31 +0700] "GET /wp-includes/blocks/query-pagination-next/index.php HTTP/1.1" 404 27 "-" "Mozilla/5.0 (Linux; Android 7.0; SM-G892A Build/NRD90M; wv) AppleWebKit/537.36 (KHTML, Gecko) Version/4.0 Chrome/60.0.3112.107 Mobile Safari/537.36"
196.251.66.107 - - [11/Oct/2025:17:34:33 +0700] "GET /wp-includes/blocks/query-pagination-numbers/index.php HTTP/1.1" 404 27 "-" "Mozilla/5.0 (Linux; Android 7.0; SM-G892A Build/NRD90M; wv) AppleWebKit/537.36 (KHTML, Gecko) Version/4.0 Chrome/60.0.3112.107 Mobile Safari/537.36"
196.251.66.107 - - [11/Oct/2025:17:34:37 +0700] "GET /wp-includes/blocks/query-pagination-previous/index.php HTTP/1.1" 404 27 "-" "Mozilla/5.0 (Linux; Android 7.0; SM-G892A Build/NRD90M; wv) AppleWebKit/537.36 (KHTML, Gecko) Version/4.0 Chrome/60.0.3112.107 Mobile Safari/537.36"
196.251.66.107 - - [11/Oct/2025:17:34:41 +0700] "GET /wp-includes/blocks/query-pagination/index.php HTTP/1.1" 404 27 "-" "Mozilla/5.0 (Linux; Android 7.0; SM-G892A Build/NRD90M; wv) AppleWebKit/537.36 (KHTML, Gecko) Version/4.0 Chrome/60.0.3112.107 Mobile Safari/537.36"
196.251.66.107 - - [11/Oct/2025:17:34:45 +0700] "GET /wp-includes/blocks/query-title/index.php HTTP/1.1" 404 27 "-" "Mozilla/5.0 (Linux; Android 7.0; SM-G892A Build/NRD90M; wv) AppleWebKit/537.36 (KHTML, Gecko) Version/4.0 Chrome/60.0.3112.107 Mobile Safari/537.36"
196.251.66.107 - - [11/Oct/2025:17:34:57 +0700] "GET /wp-includes/blocks/query/index.php HTTP/1.1" 404 27 "-" "Mozilla/5.0 (Linux; Android 7.0; SM-G892A Build/NRD90M; wv) AppleWebKit/537.36 (KHTML, Gecko) Version/4.0 Chrome/60.0.3112.107 Mobile Safari/537.36"
196.251.66.107 - - [11/Oct/2025:17:35:00 +0700] "GET /wp-includes/blocks/quote/index.php HTTP/1.1" 404 27 "-" "Mozilla/5.0 (Linux; Android 7.0; SM-G892A Build/NRD90M; wv) AppleWebKit/537.36 (KHTML, Gecko) Version/4.0 Chrome/60.0.3112.107 Mobile Safari/537.36"
196.251.66.107 - - [11/Oct/2025:17:35:05 +0700] "GET /wp-includes/blocks/rss/index.php HTTP/1.1" 404 27 "-" "Mozilla/5.0 (Linux; Android 7.0; SM-G892A Build/NRD90M; wv) AppleWebKit/537.36 (KHTML, Gecko) Version/4.0 Chrome/60.0.3112.107 Mobile Safari/537.36"
196.251.66.107 - - [11/Oct/2025:17:35:08 +0700] "GET /wp-includes/blocks/search/index.php HTTP/1.1" 404 27 "-" "Mozilla/5.0 (Linux; Android 7.0; SM-G892A Build/NRD90M; wv) AppleWebKit/537.36 (KHTML, Gecko) Version/4.0 Chrome/60.0.3112.107 Mobile Safari/537.36"
196.251.66.107 - - [11/Oct/2025:17:35:11 +0700] "GET /wp-includes/blocks/separator/index.php HTTP/1.1" 404 27 "-" "Mozilla/5.0 (Linux; Android 7.0; SM-G892A Build/NRD90M; wv) AppleWebKit/537.36 (KHTML, Gecko) Version/4.0 Chrome/60.0.3112.107 Mobile Safari/537.36"
196.251.66.107 - - [11/Oct/2025:17:35:14 +0700] "GET /wp-includes/blocks/shortcode/index.php HTTP/1.1" 404 27 "-" "Mozilla/5.0 (Linux; Android 7.0; SM-G892A Build/NRD90M; wv) AppleWebKit/537.36 (KHTML, Gecko) Version/4.0 Chrome/60.0.3112.107 Mobile Safari/537.36"
196.251.66.107 - - [11/Oct/2025:17:35:18 +0700] "GET /wp-includes/blocks/site-logo/index.php HTTP/1.1" 404 27 "-" "Mozilla/5.0 (Linux; Android 7.0; SM-G892A Build/NRD90M; wv) AppleWebKit/537.36 (KHTML, Gecko) Version/4.0 Chrome/60.0.3112.107 Mobile Safari/537.36"
196.251.66.107 - - [11/Oct/2025:17:35:22 +0700] "GET /wp-includes/blocks/site-tagline/index.php HTTP/1.1" 404 27 "-" "Mozilla/5.0 (Linux; Android 7.0; SM-G892A Build/NRD90M; wv) AppleWebKit/537.36 (KHTML, Gecko) Version/4.0 Chrome/60.0.3112.107 Mobile Safari/537.36"
196.251.66.107 - - [11/Oct/2025:17:35:27 +0700] "GET /wp-includes/blocks/site-title/index.php HTTP/1.1" 404 27 "-" "Mozilla/5.0 (Linux; Android 7.0; SM-G892A Build/NRD90M; wv) AppleWebKit/537.36 (KHTML, Gecko) Version/4.0 Chrome/60.0.3112.107 Mobile Safari/537.36"
196.251.66.107 - - [11/Oct/2025:17:35:30 +0700] "GET /wp-includes/blocks/social-link/index.php HTTP/1.1" 404 27 "-" "Mozilla/5.0 (Linux; Android 7.0; SM-G892A Build/NRD90M; wv) AppleWebKit/537.36 (KHTML, Gecko) Version/4.0 Chrome/60.0.3112.107 Mobile Safari/537.36"
196.251.66.107 - - [11/Oct/2025:17:35:50 +0700] "GET /wp-includes/pomo/index.php HTTP/1.1" 404 27 "-" "Mozilla/5.0 (Linux; Android 7.0; SM-G892A Build/NRD90M; wv) AppleWebKit/537.36 (KHTML, Gecko) Version/4.0 Chrome/60.0.3112.107 Mobile Safari/537.36"
196.251.66.107 - - [11/Oct/2025:17:35:53 +0700] "GET /wp-includes/Requests/library/index.php HTTP/1.1" 404 27 "-" "Mozilla/5.0 (Linux; Android 7.0; SM-G892A Build/NRD90M; wv) AppleWebKit/537.36 (KHTML, Gecko) Version/4.0 Chrome/60.0.3112.107 Mobile Safari/537.36"
196.251.66.107 - - [11/Oct/2025:17:35:56 +0700] "GET /wp-includes/blocks/navigation-link/index.php HTTP/1.1" 404 27 "-" "Mozilla/5.0 (Linux; Android 7.0; SM-G892A Build/NRD90M; wv) AppleWebKit/537.36 (KHTML, Gecko) Version/4.0 Chrome/60.0.3112.107 Mobile Safari/537.36"
196.251.66.107 - - [11/Oct/2025:17:36:00 +0700] "GET /wp-includes/Requests/src/Exception/index.php HTTP/1.1" 404 27 "-" "Mozilla/5.0 (Linux; Android 7.0; SM-G892A Build/NRD90M; wv) AppleWebKit/537.36 (KHTML, Gecko) Version/4.0 Chrome/60.0.3112.107 Mobile Safari/537.36"
196.251.66.107 - - [11/Oct/2025:17:36:02 +0700] "GET /wp-includes/css/dist/index.php HTTP/1.1" 404 27 "-" "Mozilla/5.0 (Linux; Android 7.0; SM-G892A Build/NRD90M; wv) AppleWebKit/537.36 (KHTML, Gecko) Version/4.0 Chrome/60.0.3112.107 Mobile Safari/537.36"
196.251.66.107 - - [11/Oct/2025:17:36:08 +0700] "GET /wp-includes/blocks/comment-date/index.php HTTP/1.1" 404 27 "-" "Mozilla/5.0 (Linux; Android 7.0; SM-G892A Build/NRD90M; wv) AppleWebKit/537.36 (KHTML, Gecko) Version/4.0 Chrome/60.0.3112.107 Mobile Safari/537.36"
196.251.66.107 - - [11/Oct/2025:17:36:10 +0700] "GET /wp-includes/blocks/social-links/index.php HTTP/1.1" 404 27 "-" "Mozilla/5.0 (Linux; Android 7.0; SM-G892A Build/NRD90M; wv) AppleWebKit/537.36 (KHTML, Gecko) Version/4.0 Chrome/60.0.3112.107 Mobile Safari/537.36"
196.251.66.107 - - [11/Oct/2025:17:36:15 +0700] "GET /wp-includes/blocks/spacer/index.php HTTP/1.1" 404 27 "-" "Mozilla/5.0 (Linux; Android 7.0; SM-G892A Build/NRD90M; wv) AppleWebKit/537.36 (KHTML, Gecko) Version/4.0 Chrome/60.0.3112.107 Mobile Safari/537.36"
196.251.66.107 - - [11/Oct/2025:17:36:28 +0700] "GET /wp-includes/blocks/table/index.php HTTP/1.1" 404 27 "-" "Mozilla/5.0 (Linux; Android 7.0; SM-G892A Build/NRD90M; wv) AppleWebKit/537.36 (KHTML, Gecko) Version/4.0 Chrome/60.0.3112.107 Mobile Safari/537.36"
196.251.66.107 - - [11/Oct/2025:17:36:33 +0700] "GET /wp-includes/blocks/tag-cloud/index.php HTTP/1.1" 404 27 "-" "Mozilla/5.0 (Linux; Android 7.0; SM-G892A Build/NRD90M; wv) AppleWebKit/537.36 (KHTML, Gecko) Version/4.0 Chrome/60.0.3112.107 Mobile Safari/537.36"
196.251.66.107 - - [11/Oct/2025:17:36:36 +0700] "GET /wp-includes/blocks/text-columns/index.php HTTP/1.1" 404 27 "-" "Mozilla/5.0 (Linux; Android 7.0; SM-G892A Build/NRD90M; wv) AppleWebKit/537.36 (KHTML, Gecko) Version/4.0 Chrome/60.0.3112.107 Mobile Safari/537.36"
196.251.66.107 - - [11/Oct/2025:17:36:42 +0700] "GET /wp-includes/blocks/verse/index.php HTTP/1.1" 404 27 "-" "Mozilla/5.0 (Linux; Android 7.0; SM-G892A Build/NRD90M; wv) AppleWebKit/537.36 (KHTML, Gecko) Version/4.0 Chrome/60.0.3112.107 Mobile Safari/537.36"
196.251.66.107 - - [11/Oct/2025:17:36:46 +0700] "GET /wp-includes/blocks/video/index.php HTTP/1.1" 404 27 "-" "Mozilla/5.0 (Linux; Android 7.0; SM-G892A Build/NRD90M; wv) AppleWebKit/537.36 (KHTML, Gecko) Version/4.0 Chrome/60.0.3112.107 Mobile Safari/537.36"
196.251.66.107 - - [11/Oct/2025:17:36:51 +0700] "GET /wp-includes/certificates/index.php HTTP/1.1" 404 27 "-" "Mozilla/5.0 (Linux; Android 7.0; SM-G892A Build/NRD90M; wv) AppleWebKit/537.36 (KHTML, Gecko) Version/4.0 Chrome/60.0.3112.107 Mobile Safari/537.36"
196.251.66.107 - - [11/Oct/2025:17:37:07 +0700] "GET /wp-includes/css/index.php HTTP/1.1" 404 27 "-" "Mozilla/5.0 (Linux; Android 7.0; SM-G892A Build/NRD90M; wv) AppleWebKit/537.36 (KHTML, Gecko) Version/4.0 Chrome/60.0.3112.107 Mobile Safari/537.36"
196.251.66.107 - - [11/Oct/2025:17:37:14 +0700] "GET /wp-includes/css/dist/block-directory/index.php HTTP/1.1" 404 27 "-" "Mozilla/5.0 (Linux; Android 7.0; SM-G892A Build/NRD90M; wv) AppleWebKit/537.36 (KHTML, Gecko) Version/4.0 Chrome/60.0.3112.107 Mobile Safari/537.36"
196.251.66.107 - - [11/Oct/2025:17:37:17 +0700] "GET /wp-includes/css/dist/components/index.php HTTP/1.1" 404 27 "-" "Mozilla/5.0 (Linux; Android 7.0; SM-G892A Build/NRD90M; wv) AppleWebKit/537.36 (KHTML, Gecko) Version/4.0 Chrome/60.0.3112.107 Mobile Safari/537.36"
196.251.66.107 - - [11/Oct/2025:17:37:21 +0700] "GET /wp-includes/css/dist/customize-widgets/index.php HTTP/1.1" 404 27 "-" "Mozilla/5.0 (Linux; Android 7.0; SM-G892A Build/NRD90M; wv) AppleWebKit/537.36 (KHTML, Gecko) Version/4.0 Chrome/60.0.3112.107 Mobile Safari/537.36"
196.251.66.107 - - [11/Oct/2025:17:37:25 +0700] "GET /wp-includes/css/dist/list-reusable-blocks/index.php HTTP/1.1" 404 27 "-" "Mozilla/5.0 (Linux; Android 7.0; SM-G892A Build/NRD90M; wv) AppleWebKit/537.36 (KHTML, Gecko) Version/4.0 Chrome/60.0.3112.107 Mobile Safari/537.36"
196.251.66.107 - - [11/Oct/2025:17:37:32 +0700] "GET /wp-includes/css/dist/nux/index.php HTTP/1.1" 404 27 "-" "Mozilla/5.0 (Linux; Android 7.0; SM-G892A Build/NRD90M; wv) AppleWebKit/537.36 (KHTML, Gecko) Version/4.0 Chrome/60.0.3112.107 Mobile Safari/537.36"
196.251.66.107 - - [11/Oct/2025:17:37:35 +0700] "GET /wp-includes/css/dist/edit-post/index.php HTTP/1.1" 404 27 "-" "Mozilla/5.0 (Linux; Android 7.0; SM-G892A Build/NRD90M; wv) AppleWebKit/537.36 (KHTML, Gecko) Version/4.0 Chrome/60.0.3112.107 Mobile Safari/537.36"
196.251.66.107 - - [11/Oct/2025:17:37:38 +0700] "GET /wp-includes/css/dist/edit-widgets/index.php HTTP/1.1" 404 27 "-" "Mozilla/5.0 (Linux; Android 7.0; SM-G892A Build/NRD90M; wv) AppleWebKit/537.36 (KHTML, Gecko) Version/4.0 Chrome/60.0.3112.107 Mobile Safari/537.36"
196.251.66.107 - - [11/Oct/2025:17:37:51 +0700] "GET /wp-includes/css/dist/editor/index.php HTTP/1.1" 404 27 "-" "Mozilla/5.0 (Linux; Android 7.0; SM-G892A Build/NRD90M; wv) AppleWebKit/537.36 (KHTML, Gecko) Version/4.0 Chrome/60.0.3112.107 Mobile Safari/537.36"
196.251.66.107 - - [11/Oct/2025:17:37:56 +0700] "GET /wp-includes/css/dist/format-library/index.php HTTP/1.1" 404 27 "-" "Mozilla/5.0 (Linux; Android 7.0; SM-G892A Build/NRD90M; wv) AppleWebKit/537.36 (KHTML, Gecko) Version/4.0 Chrome/60.0.3112.107 Mobile Safari/537.36"
196.251.66.107 - - [11/Oct/2025:17:38:01 +0700] "GET /wp-includes/css/dist/reusable-blocks/index.php HTTP/1.1" 404 27 "-" "Mozilla/5.0 (Linux; Android 7.0; SM-G892A Build/NRD90M; wv) AppleWebKit/537.36 (KHTML, Gecko) Version/4.0 Chrome/60.0.3112.107 Mobile Safari/537.36"
196.251.66.107 - - [11/Oct/2025:17:38:06 +0700] "GET /wp-includes/css/dist/widgets/index.php HTTP/1.1" 404 27 "-" "Mozilla/5.0 (Linux; Android 7.0; SM-G892A Build/NRD90M; wv) AppleWebKit/537.36 (KHTML, Gecko) Version/4.0 Chrome/60.0.3112.107 Mobile Safari/537.36"
196.251.66.107 - - [11/Oct/2025:17:38:10 +0700] "GET /wp-includes/customize/index.php HTTP/1.1" 404 27 "-" "Mozilla/5.0 (Linux; Android 7.0; SM-G892A Build/NRD90M; wv) AppleWebKit/537.36 (KHTML, Gecko) Version/4.0 Chrome/60.0.3112.107 Mobile Safari/537.36"
196.251.66.107 - - [11/Oct/2025:17:38:13 +0700] "GET /wp-includes/fonts/index.php HTTP/1.1" 404 27 "-" "Mozilla/5.0 (Linux; Android 7.0; SM-G892A Build/NRD90M; wv) AppleWebKit/537.36 (KHTML, Gecko) Version/4.0 Chrome/60.0.3112.107 Mobile Safari/537.36"
196.251.66.107 - - [11/Oct/2025:17:38:17 +0700] "GET /wp-includes/images/index.php HTTP/1.1" 404 27 "-" "Mozilla/5.0 (Linux; Android 7.0; SM-G892A Build/NRD90M; wv) AppleWebKit/537.36 (KHTML, Gecko) Version/4.0 Chrome/60.0.3112.107 Mobile Safari/537.36"
196.251.66.107 - - [11/Oct/2025:17:38:20 +0700] "GET /wp-includes/images/crystal/index.php HTTP/1.1" 404 27 "-" "Mozilla/5.0 (Linux; Android 7.0; SM-G892A Build/NRD90M; wv) AppleWebKit/537.36 (KHTML, Gecko) Version/4.0 Chrome/60.0.3112.107 Mobile Safari/537.36"
196.251.66.107 - - [11/Oct/2025:17:38:34 +0700] "GET /wp-includes/images/media/index.php HTTP/1.1" 404 27 "-" "Mozilla/5.0 (Linux; Android 7.0; SM-G892A Build/NRD90M; wv) AppleWebKit/537.36 (KHTML, Gecko) Version/4.0 Chrome/60.0.3112.107 Mobile Safari/537.36"
196.251.66.107 - - [11/Oct/2025:17:38:37 +0700] "GET /wp-includes/images/smilies/index.php HTTP/1.1" 404 27 "-" "Mozilla/5.0 (Linux; Android 7.0; SM-G892A Build/NRD90M; wv) AppleWebKit/537.36 (KHTML, Gecko) Version/4.0 Chrome/60.0.3112.107 Mobile Safari/537.36"
196.251.66.107 - - [11/Oct/2025:17:38:39 +0700] "GET /wp-includes/images/wlw/index.php HTTP/1.1" 404 27 "-" "Mozilla/5.0 (Linux; Android 7.0; SM-G892A Build/NRD90M; wv) AppleWebKit/537.36 (KHTML, Gecko) Version/4.0 Chrome/60.0.3112.107 Mobile Safari/537.36"
196.251.66.107 - - [11/Oct/2025:17:38:43 +0700] "GET /wp-includes/js/index.php HTTP/1.1" 404 27 "-" "Mozilla/5.0 (Linux; Android 7.0; SM-G892A Build/NRD90M; wv) AppleWebKit/537.36 (KHTML, Gecko) Version/4.0 Chrome/60.0.3112.107 Mobile Safari/537.36"
196.251.66.107 - - [11/Oct/2025:17:38:50 +0700] "GET /wp-includes/js/codemirror/index.php HTTP/1.1" 404 27 "-" "Mozilla/5.0 (Linux; Android 7.0; SM-G892A Build/NRD90M; wv) AppleWebKit/537.36 (KHTML, Gecko) Version/4.0 Chrome/60.0.3112.107 Mobile Safari/537.36"
196.251.66.107 - - [11/Oct/2025:17:38:55 +0700] "GET /wp-includes/js/crop/index.php HTTP/1.1" 404 27 "-" "Mozilla/5.0 (Linux; Android 7.0; SM-G892A Build/NRD90M; wv) AppleWebKit/537.36 (KHTML, Gecko) Version/4.0 Chrome/60.0.3112.107 Mobile Safari/537.36"
196.251.66.107 - - [11/Oct/2025:17:39:03 +0700] "GET /wp-includes/js/dist/index.php HTTP/1.1" 404 27 "-" "Mozilla/5.0 (Linux; Android 7.0; SM-G892A Build/NRD90M; wv) AppleWebKit/537.36 (KHTML, Gecko) Version/4.0 Chrome/60.0.3112.107 Mobile Safari/537.36"
196.251.66.107 - - [11/Oct/2025:17:39:07 +0700] "GET /wp-includes/js/dist/vendor/index.php HTTP/1.1" 404 27 "-" "Mozilla/5.0 (Linux; Android 7.0; SM-G892A Build/NRD90M; wv) AppleWebKit/537.36 (KHTML, Gecko) Version/4.0 Chrome/60.0.3112.107 Mobile Safari/537.36"
196.251.66.107 - - [11/Oct/2025:17:39:10 +0700] "GET /wp-includes/js/imgareaselect/index.php HTTP/1.1" 404 27 "-" "Mozilla/5.0 (Linux; Android 7.0; SM-G892A Build/NRD90M; wv) AppleWebKit/537.36 (KHTML, Gecko) Version/4.0 Chrome/60.0.3112.107 Mobile Safari/537.36"
196.251.66.107 - - [11/Oct/2025:17:39:20 +0700] "GET /wp-includes/js/jcrop/index.php HTTP/1.1" 404 27 "-" "Mozilla/5.0 (Linux; Android 7.0; SM-G892A Build/NRD90M; wv) AppleWebKit/537.36 (KHTML, Gecko) Version/4.0 Chrome/60.0.3112.107 Mobile Safari/537.36"
196.251.66.107 - - [11/Oct/2025:17:39:22 +0700] "GET /wp-includes/js/jquery/index.php HTTP/1.1" 404 27 "-" "Mozilla/5.0 (Linux; Android 7.0; SM-G892A Build/NRD90M; wv) AppleWebKit/537.36 (KHTML, Gecko) Version/4.0 Chrome/60.0.3112.107 Mobile Safari/537.36"
196.251.66.107 - - [11/Oct/2025:17:39:25 +0700] "GET /wp-includes/js/jquery/ui/index.php HTTP/1.1" 404 27 "-" "Mozilla/5.0 (Linux; Android 7.0; SM-G892A Build/NRD90M; wv) AppleWebKit/537.36 (KHTML, Gecko) Version/4.0 Chrome/60.0.3112.107 Mobile Safari/537.36"
196.251.66.107 - - [11/Oct/2025:17:39:28 +0700] "GET /wp-includes/js/mediaelement/index.php HTTP/1.1" 404 27 "-" "Mozilla/5.0 (Linux; Android 7.0; SM-G892A Build/NRD90M; wv) AppleWebKit/537.36 (KHTML, Gecko) Version/4.0 Chrome/60.0.3112.107 Mobile Safari/537.36"
196.251.66.107 - - [11/Oct/2025:17:39:36 +0700] "GET /wp-includes/js/mediaelement/renderers/index.php HTTP/1.1" 404 27 "-" "Mozilla/5.0 (Linux; Android 7.0; SM-G892A Build/NRD90M; wv) AppleWebKit/537.36 (KHTML, Gecko) Version/4.0 Chrome/60.0.3112.107 Mobile Safari/537.36"
196.251.66.107 - - [11/Oct/2025:17:39:40 +0700] "GET /wp-includes/js/plupload/index.php HTTP/1.1" 404 27 "-" "Mozilla/5.0 (Linux; Android 7.0; SM-G892A Build/NRD90M; wv) AppleWebKit/537.36 (KHTML, Gecko) Version/4.0 Chrome/60.0.3112.107 Mobile Safari/537.36"
196.251.66.107 - - [11/Oct/2025:17:39:44 +0700] "GET /wp-includes/interactivity-api/index.php HTTP/1.1" 404 27 "-" "Mozilla/5.0 (Linux; Android 7.0; SM-G892A Build/NRD90M; wv) AppleWebKit/537.36 (KHTML, Gecko) Version/4.0 Chrome/60.0.3112.107 Mobile Safari/537.36"
196.251.66.107 - - [11/Oct/2025:17:39:47 +0700] "GET /wp-includes/js/swfupload/index.php HTTP/1.1" 404 27 "-" "Mozilla/5.0 (Linux; Android 7.0; SM-G892A Build/NRD90M; wv) AppleWebKit/537.36 (KHTML, Gecko) Version/4.0 Chrome/60.0.3112.107 Mobile Safari/537.36"
196.251.66.107 - - [11/Oct/2025:17:40:02 +0700] "GET /wp-includes/js/thickbox/index.php HTTP/1.1" 404 27 "-" "Mozilla/5.0 (Linux; Android 7.0; SM-G892A Build/NRD90M; wv) AppleWebKit/537.36 (KHTML, Gecko) Version/4.0 Chrome/60.0.3112.107 Mobile Safari/537.36"
196.251.66.107 - - [11/Oct/2025:17:40:07 +0700] "GET /wp-includes/js/tinymce/index.php HTTP/1.1" 404 27 "-" "Mozilla/5.0 (Linux; Android 7.0; SM-G892A Build/NRD90M; wv) AppleWebKit/537.36 (KHTML, Gecko) Version/4.0 Chrome/60.0.3112.107 Mobile Safari/537.36"
196.251.66.107 - - [11/Oct/2025:17:40:11 +0700] "GET /wp-includes/js/tinymce/langs/index.php HTTP/1.1" 404 27 "-" "Mozilla/5.0 (Linux; Android 7.0; SM-G892A Build/NRD90M; wv) AppleWebKit/537.36 (KHTML, Gecko) Version/4.0 Chrome/60.0.3112.107 Mobile Safari/537.36"
196.251.66.107 - - [11/Oct/2025:17:40:15 +0700] "GET /wp-includes/sodium_compat/src/Core32/SecretStream/index.php HTTP/1.1" 404 27 "-" "Mozilla/5.0 (Linux; Android 7.0; SM-G892A Build/NRD90M; wv) AppleWebKit/537.36 (KHTML, Gecko) Version/4.0 Chrome/60.0.3112.107 Mobile Safari/537.36"
196.251.66.107 - - [11/Oct/2025:17:40:18 +0700] "GET /wp-includes/js/tinymce/plugins/charmap/index.php HTTP/1.1" 404 27 "-" "Mozilla/5.0 (Linux; Android 7.0; SM-G892A Build/NRD90M; wv) AppleWebKit/537.36 (KHTML, Gecko) Version/4.0 Chrome/60.0.3112.107 Mobile Safari/537.36"
196.251.66.107 - - [11/Oct/2025:17:40:34 +0700] "GET /wp-includes/css/dist/patterns/index.php HTTP/1.1" 404 27 "-" "Mozilla/5.0 (Linux; Android 7.0; SM-G892A Build/NRD90M; wv) AppleWebKit/537.36 (KHTML, Gecko) Version/4.0 Chrome/60.0.3112.107 Mobile Safari/537.36"
196.251.66.107 - - [11/Oct/2025:17:40:39 +0700] "GET /wp-includes/rest-api/search/index.php HTTP/1.1" 404 27 "-" "Mozilla/5.0 (Linux; Android 7.0; SM-G892A Build/NRD90M; wv) AppleWebKit/537.36 (KHTML, Gecko) Version/4.0 Chrome/60.0.3112.107 Mobile Safari/537.36"
196.251.66.107 - - [11/Oct/2025:17:40:43 +0700] "GET /wp-includes/js/tinymce/plugins/image/index.php HTTP/1.1" 404 27 "-" "Mozilla/5.0 (Linux; Android 7.0; SM-G892A Build/NRD90M; wv) AppleWebKit/537.36 (KHTML, Gecko) Version/4.0 Chrome/60.0.3112.107 Mobile Safari/537.36"
196.251.66.107 - - [11/Oct/2025:17:40:49 +0700] "GET /wp-includes/js/tinymce/plugins/hr/index.php HTTP/1.1" 404 27 "-" "Mozilla/5.0 (Linux; Android 7.0; SM-G892A Build/NRD90M; wv) AppleWebKit/537.36 (KHTML, Gecko) Version/4.0 Chrome/60.0.3112.107 Mobile Safari/537.36"
196.251.66.107 - - [11/Oct/2025:17:40:54 +0700] "GET /wp-includes/js/tinymce/plugins/fullscreen/index.php HTTP/1.1" 404 27 "-" "Mozilla/5.0 (Linux; Android 7.0; SM-G892A Build/NRD90M; wv) AppleWebKit/537.36 (KHTML, Gecko) Version/4.0 Chrome/60.0.3112.107 Mobile Safari/537.36"
196.251.66.107 - - [11/Oct/2025:17:40:59 +0700] "GET /wp-includes/widgets/dir/index.php HTTP/1.1" 404 27 "-" "Mozilla/5.0 (Linux; Android 7.0; SM-G892A Build/NRD90M; wv) AppleWebKit/537.36 (KHTML, Gecko) Version/4.0 Chrome/60.0.3112.107 Mobile Safari/537.36"
196.251.66.107 - - [11/Oct/2025:17:41:12 +0700] "GET /wp-includes/Requests/src/Exception/Http/index.php HTTP/1.1" 404 27 "-" "Mozilla/5.0 (Linux; Android 7.0; SM-G892A Build/NRD90M; wv) AppleWebKit/537.36 (KHTML, Gecko) Version/4.0 Chrome/60.0.3112.107 Mobile Safari/537.36"
204.12.252.98 - - [11/Oct/2025:17:45:06 +0700] "GET /wp-includes/install.php HTTP/1.1" 404 27 "https://dailytaxconsulting.com/wp-includes/install.php" "Mozilla/5.0 (Windows NT 10.0; Win64; x64) AppleWebKit/537.36 (KHTML, like Gecko) Chrome/58.0.3029.110 Safari/537.3"
178.128.86.151 - - [11/Oct/2025:18:08:55 +0700] "POST /wp-cron.php?doing_wp_cron=1760180935.2308270931243896484375 HTTP/1.1" 200 31 "-" "WordPress/6.7.2; https://dailytaxconsulting.com"
66.249.66.7 - - [11/Oct/2025:18:08:56 +0700] "GET /category/828/1/listing HTTP/1.1" 404 22386 "-" "Mozilla/5.0 (Linux; Android 6.0.1; Nexus 5X Build/MMB29P) AppleWebKit/537.36 (KHTML, like Gecko) Chrome/140.0.7339.207 Mobile Safari/537.36 (compatible; Googlebot/2.1; +http://www.google.com/bot.html)"
178.128.86.151 - - [11/Oct/2025:18:09:00 +0700] "POST /wp-admin/admin-ajax.php?action=async_litespeed&nonce=LLu4QZgLdKwl3xIHhlhElbXsS1gAiYuT&litespeed_type=imgoptm HTTP/1.1" 499 0 "-" "WordPress/6.7.2; https://dailytaxconsulting.com"
208.110.64.178 - - [11/Oct/2025:18:14:15 +0700] "GET /wp-includes/install.php HTTP/1.1" 404 27 "https://dailytaxconsulting.com/wp-includes/install.php" "Mozilla/5.0 (Windows NT 10.0; Win64; x64) AppleWebKit/537.36 (KHTML, like Gecko) Chrome/58.0.3029.110 Safari/537.3"
178.128.86.151 - - [11/Oct/2025:18:21:11 +0700] "POST /wp-cron.php?doing_wp_cron=1760181671.8068010807037353515625 HTTP/1.1" 200 31 "-" "WordPress/6.7.2; https://dailytaxconsulting.com"
42.194.225.248 - - [11/Oct/2025:18:21:12 +0700] "GET / HTTP/1.1" 200 38175 "-" "Mozilla/5.0 (Linux; Android 6.0; Nexus 5 Build/MRA58N) AppleWebKit/537.36 (KHTML, like Gecko) Chrome/99.0.4844.51 Mobile Safari/537.36 MicroMessenger/7.0.1"
42.194.225.248 - - [11/Oct/2025:18:21:13 +0700] "GET /wp-content/themes/astra/assets/css/minified/main.min.css?ver=4.8.8 HTTP/1.1" 200 43154 "https://dailytaxconsulting.com/" "Mozilla/5.0 (Linux; Android 6.0; Nexus 5 Build/MRA58N) AppleWebKit/537.36 (KHTML, like Gecko) Chrome/99.0.4844.51 Mobile Safari/537.36 MicroMessenger/7.0.1"
81.71.94.236 - - [11/Oct/2025:18:21:13 +0700] "GET /wp-content/plugins/header-footer-elementor/inc/widgets-css/frontend.css?ver=2.0.3 HTTP/1.1" 200 79563 "https://dailytaxconsulting.com/" "Mozilla/5.0 (Linux; Android 6.0; Nexus 5 Build/MRA58N) AppleWebKit/537.36 (KHTML, like Gecko) Chrome/99.0.4844.51 Mobile Safari/537.36 MicroMessenger/7.0.1"
42.194.225.248 - - [11/Oct/2025:18:21:13 +0700] "GET /wp-includes/js/mediaelement/mediaelementplayer-legacy.min.css?ver=4.2.17 HTTP/1.1" 200 11256 "https://dailytaxconsulting.com/" "Mozilla/5.0 (Linux; Android 6.0; Nexus 5 Build/MRA58N) AppleWebKit/537.36 (KHTML, like Gecko) Chrome/99.0.4844.51 Mobile Safari/537.36 MicroMessenger/7.0.1"
27.44.122.151 - - [11/Oct/2025:18:21:14 +0700] "GET /wp-includes/js/mediaelement/wp-mediaelement.min.css?ver=6.7.2 HTTP/1.1" 200 4186 "https://dailytaxconsulting.com/" "Mozilla/5.0 (Linux; Android 6.0; Nexus 5 Build/MRA58N) AppleWebKit/537.36 (KHTML, like Gecko) Chrome/99.0.4844.51 Mobile Safari/537.36 MicroMessenger/7.0.1"
42.194.225.248 - - [11/Oct/2025:18:21:14 +0700] "GET /wp-content/uploads/useanyfont/uaf.css?ver=1727077447 HTTP/1.1" 200 356 "https://dailytaxconsulting.com/" "Mozilla/5.0 (Linux; Android 6.0; Nexus 5 Build/MRA58N) AppleWebKit/537.36 (KHTML, like Gecko) Chrome/99.0.4844.51 Mobile Safari/537.36 MicroMessenger/7.0.1"
42.194.225.248 - - [11/Oct/2025:18:21:14 +0700] "GET /wp-content/plugins/header-footer-elementor/assets/css/header-footer-elementor.css?ver=2.0.3 HTTP/1.1" 200 776 "https://dailytaxconsulting.com/" "Mozilla/5.0 (Linux; Android 6.0; Nexus 5 Build/MRA58N) AppleWebKit/537.36 (KHTML, like Gecko) Chrome/99.0.4844.51 Mobile Safari/537.36 MicroMessenger/7.0.1"
81.71.94.236 - - [11/Oct/2025:18:21:14 +0700] "GET /wp-content/plugins/elementor/assets/css/widget-heading.min.css?ver=3.26.0 HTTP/1.1" 200 600 "https://dailytaxconsulting.com/" "Mozilla/5.0 (Linux; Android 6.0; Nexus 5 Build/MRA58N) AppleWebKit/537.36 (KHTML, like Gecko) Chrome/99.0.4844.51 Mobile Safari/537.36 MicroMessenger/7.0.1"
42.194.225.248 - - [11/Oct/2025:18:21:14 +0700] "GET /wp-content/plugins/elementor/assets/css/widget-text-editor.min.css?ver=3.26.0 HTTP/1.1" 200 704 "https://dailytaxconsulting.com/" "Mozilla/5.0 (Linux; Android 6.0; Nexus 5 Build/MRA58N) AppleWebKit/537.36 (KHTML, like Gecko) Chrome/99.0.4844.51 Mobile Safari/537.36 MicroMessenger/7.0.1"
14.152.91.139 - - [11/Oct/2025:18:21:14 +0700] "GET /wp-content/plugins/elementor/assets/css/widget-spacer.min.css?ver=3.26.0 HTTP/1.1" 200 1344 "https://dailytaxconsulting.com/" "Mozilla/5.0 (Linux; Android 6.0; Nexus 5 Build/MRA58N) AppleWebKit/537.36 (KHTML, like Gecko) Chrome/99.0.4844.51 Mobile Safari/537.36 MicroMessenger/7.0.1"
27.44.122.151 - - [11/Oct/2025:18:21:14 +0700] "GET /wp-content/plugins/elementor/assets/css/frontend.min.css?ver=3.26.0 HTTP/1.1" 200 53222 "https://dailytaxconsulting.com/" "Mozilla/5.0 (Linux; Android 6.0; Nexus 5 Build/MRA58N) AppleWebKit/537.36 (KHTML, like Gecko) Chrome/99.0.4844.51 Mobile Safari/537.36 MicroMessenger/7.0.1"
42.194.225.248 - - [11/Oct/2025:18:21:14 +0700] "GET /wp-content/plugins/elementor/assets/css/widget-image.min.css?ver=3.26.0 HTTP/1.1" 200 254 "https://dailytaxconsulting.com/" "Mozilla/5.0 (Linux; Android 6.0; Nexus 5 Build/MRA58N) AppleWebKit/537.36 (KHTML, like Gecko) Chrome/99.0.4844.51 Mobile Safari/537.36 MicroMessenger/7.0.1"
81.71.94.236 - - [11/Oct/2025:18:21:14 +0700] "GET /wp-content/plugins/elementor/assets/lib/swiper/v8/css/swiper.min.css?ver=8.4.5 HTTP/1.1" 200 16471 "https://dailytaxconsulting.com/" "Mozilla/5.0 (Linux; Android 6.0; Nexus 5 Build/MRA58N) AppleWebKit/537.36 (KHTML, like Gecko) Chrome/99.0.4844.51 Mobile Safari/537.36 MicroMessenger/7.0.1"
42.194.225.248 - - [11/Oct/2025:18:21:14 +0700] "GET /wp-content/plugins/elementor/assets/css/conditionals/e-swiper.min.css?ver=3.26.0 HTTP/1.1" 200 5486 "https://dailytaxconsulting.com/" "Mozilla/5.0 (Linux; Android 6.0; Nexus 5 Build/MRA58N) AppleWebKit/537.36 (KHTML, like Gecko) Chrome/99.0.4844.51 Mobile Safari/537.36 MicroMessenger/7.0.1"
42.194.225.248 - - [11/Oct/2025:18:21:15 +0700] "GET /wp-content/plugins/bdthemes-element-pack-lite/assets/css/ep-font.css?ver=5.10.13 HTTP/1.1" 200 9010 "https://dailytaxconsulting.com/" "Mozilla/5.0 (Linux; Android 6.0; Nexus 5 Build/MRA58N) AppleWebKit/537.36 (KHTML, like Gecko) Chrome/99.0.4844.51 Mobile Safari/537.36 MicroMessenger/7.0.1"
81.71.94.236 - - [11/Oct/2025:18:21:15 +0700] "GET /wp-content/plugins/bdthemes-element-pack-lite/assets/css/bdt-uikit.css?ver=3.21.7 HTTP/1.1" 200 102729 "https://dailytaxconsulting.com/" "Mozilla/5.0 (Linux; Android 6.0; Nexus 5 Build/MRA58N) AppleWebKit/537.36 (KHTML, like Gecko) Chrome/99.0.4844.51 Mobile Safari/537.36 MicroMessenger/7.0.1"
42.194.225.248 - - [11/Oct/2025:18:21:15 +0700] "GET /wp-content/plugins/bdthemes-element-pack-lite/assets/css/ep-helper.css?ver=5.10.13 HTTP/1.1" 200 38199 "https://dailytaxconsulting.com/" "Mozilla/5.0 (Linux; Android 6.0; Nexus 5 Build/MRA58N) AppleWebKit/537.36 (KHTML, like Gecko) Chrome/99.0.4844.51 Mobile Safari/537.36 MicroMessenger/7.0.1"
42.194.225.248 - - [11/Oct/2025:18:21:15 +0700] "GET /wp-content/plugins/bdthemes-element-pack-lite/assets/css/ep-static-carousel.css?ver=5.10.13 HTTP/1.1" 200 1053 "https://dailytaxconsulting.com/" "Mozilla/5.0 (Linux; Android 6.0; Nexus 5 Build/MRA58N) AppleWebKit/537.36 (KHTML, like Gecko) Chrome/99.0.4844.51 Mobile Safari/537.36 MicroMessenger/7.0.1"
81.71.94.236 - - [11/Oct/2025:18:21:15 +0700] "GET /wp-content/plugins/elementor/assets/css/widget-image-box.min.css?ver=3.26.0 HTTP/1.1" 200 1409 "https://dailytaxconsulting.com/" "Mozilla/5.0 (Linux; Android 6.0; Nexus 5 Build/MRA58N) AppleWebKit/537.36 (KHTML, like Gecko) Chrome/99.0.4844.51 Mobile Safari/537.36 MicroMessenger/7.0.1"
14.152.91.139 - - [11/Oct/2025:18:21:15 +0700] "GET /wp-content/plugins/elementor/assets/css/widget-image-carousel.min.css?ver=3.26.0 HTTP/1.1" 200 382 "https://dailytaxconsulting.com/" "Mozilla/5.0 (Linux; Android 6.0; Nexus 5 Build/MRA58N) AppleWebKit/537.36 (KHTML, like Gecko) Chrome/99.0.4844.51 Mobile Safari/537.36 MicroMessenger/7.0.1"
42.194.225.248 - - [11/Oct/2025:18:21:15 +0700] "GET /wp-content/plugins/elementor/assets/css/widget-google_maps.min.css?ver=3.26.0 HTTP/1.1" 200 301 "https://dailytaxconsulting.com/" "Mozilla/5.0 (Linux; Android 6.0; Nexus 5 Build/MRA58N) AppleWebKit/537.36 (KHTML, like Gecko) Chrome/99.0.4844.51 Mobile Safari/537.36 MicroMessenger/7.0.1"
14.152.91.139 - - [11/Oct/2025:18:21:15 +0700] "GET /wp-content/plugins/elementor/assets/css/widget-icon-box.min.css?ver=3.26.0 HTTP/1.1" 200 10071 "https://dailytaxconsulting.com/" "Mozilla/5.0 (Linux; Android 6.0; Nexus 5 Build/MRA58N) AppleWebKit/537.36 (KHTML, like Gecko) Chrome/99.0.4844.51 Mobile Safari/537.36 MicroMessenger/7.0.1"
81.71.94.236 - - [11/Oct/2025:18:21:15 +0700] "GET /wp-content/plugins/elementor/assets/css/widget-icon-list.min.css?ver=3.24.3 HTTP/1.1" 200 10310 "https://dailytaxconsulting.com/" "Mozilla/5.0 (Linux; Android 6.0; Nexus 5 Build/MRA58N) AppleWebKit/537.36 (KHTML, like Gecko) Chrome/99.0.4844.51 Mobile Safari/537.36 MicroMessenger/7.0.1"
42.194.225.248 - - [11/Oct/2025:18:21:15 +0700] "GET /wp-content/plugins/elementor/assets/css/widget-social-icons.min.css?ver=3.24.0 HTTP/1.1" 200 5150 "https://dailytaxconsulting.com/" "Mozilla/5.0 (Linux; Android 6.0; Nexus 5 Build/MRA58N) AppleWebKit/537.36 (KHTML, like Gecko) Chrome/99.0.4844.51 Mobile Safari/537.36 MicroMessenger/7.0.1"
81.71.94.236 - - [11/Oct/2025:18:21:16 +0700] "GET /wp-content/plugins/elementor/assets/lib/font-awesome/css/brands.css?ver=5.15.3 HTTP/1.1" 200 732 "https://dailytaxconsulting.com/" "Mozilla/5.0 (Linux; Android 6.0; Nexus 5 Build/MRA58N) AppleWebKit/537.36 (KHTML, like Gecko) Chrome/99.0.4844.51 Mobile Safari/537.36 MicroMessenger/7.0.1"
178.128.86.151 - - [11/Oct/2025:18:21:16 +0700] "POST /wp-admin/admin-ajax.php?action=async_litespeed&nonce=h8IkDwm0JBiBYzMplbPWcR6q2iRbtpDh&litespeed_type=imgoptm HTTP/1.1" 499 0 "-" "WordPress/6.7.2; https://dailytaxconsulting.com"
81.71.94.236 - - [11/Oct/2025:18:21:16 +0700] "GET /wp-content/plugins/elementor/assets/lib/font-awesome/css/fontawesome.css?ver=5.15.3 HTTP/1.1" 200 72184 "https://dailytaxconsulting.com/" "Mozilla/5.0 (Linux; Android 6.0; Nexus 5 Build/MRA58N) AppleWebKit/537.36 (KHTML, like Gecko) Chrome/99.0.4844.51 Mobile Safari/537.36 MicroMessenger/7.0.1"
42.194.225.248 - - [11/Oct/2025:18:21:16 +0700] "GET /wp-content/plugins/elementor/assets/lib/font-awesome/css/solid.css?ver=5.15.3 HTTP/1.1" 200 727 "https://dailytaxconsulting.com/" "Mozilla/5.0 (Linux; Android 6.0; Nexus 5 Build/MRA58N) AppleWebKit/537.36 (KHTML, like Gecko) Chrome/99.0.4844.51 Mobile Safari/537.36 MicroMessenger/7.0.1"
42.194.225.248 - - [11/Oct/2025:18:21:16 +0700] "GET /wp-content/plugins/essential-addons-for-elementor-lite/assets/front-end/css/view/general.min.css?ver=6.2.1 HTTP/1.1" 200 7418 "https://dailytaxconsulting.com/" "Mozilla/5.0 (Linux; Android 6.0; Nexus 5 Build/MRA58N) AppleWebKit/537.36 (KHTML, like Gecko) Chrome/99.0.4844.51 Mobile Safari/537.36 MicroMessenger/7.0.1"
81.71.94.236 - - [11/Oct/2025:18:21:16 +0700] "GET /wp-includes/js/jquery/jquery.min.js?ver=3.7.1 HTTP/1.1" 200 87553 "https://dailytaxconsulting.com/" "Mozilla/5.0 (Linux; Android 6.0; Nexus 5 Build/MRA58N) AppleWebKit/537.36 (KHTML, like Gecko) Chrome/99.0.4844.51 Mobile Safari/537.36 MicroMessenger/7.0.1"
42.194.225.248 - - [11/Oct/2025:18:21:16 +0700] "GET /wp-includes/js/jquery/jquery-migrate.min.js?ver=3.4.1 HTTP/1.1" 200 13577 "https://dailytaxconsulting.com/" "Mozilla/5.0 (Linux; Android 6.0; Nexus 5 Build/MRA58N) AppleWebKit/537.36 (KHTML, like Gecko) Chrome/99.0.4844.51 Mobile Safari/537.36 MicroMessenger/7.0.1"
81.71.94.236 - - [11/Oct/2025:18:21:17 +0700] "GET /wp-content/uploads/2024/10/DT_LAPTOP-ASSET-2048x2048.png HTTP/1.1" 200 756197 "https://dailytaxconsulting.com/" "Mozilla/5.0 (Linux; Android 6.0; Nexus 5 Build/MRA58N) AppleWebKit/537.36 (KHTML, like Gecko) Chrome/99.0.4844.51 Mobile Safari/537.36 MicroMessenger/7.0.1"
42.194.225.248 - - [11/Oct/2025:18:21:18 +0700] "GET /wp-content/themes/astra/assets/js/minified/frontend.min.js?ver=4.8.8 HTTP/1.1" 200 23247 "https://dailytaxconsulting.com/" "Mozilla/5.0 (Linux; Android 6.0; Nexus 5 Build/MRA58N) AppleWebKit/537.36 (KHTML, like Gecko) Chrome/99.0.4844.51 Mobile Safari/537.36 MicroMessenger/7.0.1"
42.194.225.248 - - [11/Oct/2025:18:21:19 +0700] "GET /wp-content/plugins/google-language-translator/js/scripts.js?ver=6.0.20 HTTP/1.1" 200 13397 "https://dailytaxconsulting.com/" "Mozilla/5.0 (Linux; Android 6.0; Nexus 5 Build/MRA58N) AppleWebKit/537.36 (KHTML, like Gecko) Chrome/99.0.4844.51 Mobile Safari/537.36 MicroMessenger/7.0.1"
14.152.91.139 - - [11/Oct/2025:18:21:36 +0700] "GET /wp-content/plugins/google-language-translator/css/style.css?ver=6.0.20 HTTP/1.1" 200 81678 "https://dailytaxconsulting.com/" "Mozilla/5.0 (Linux; Android 6.0; Nexus 5 Build/MRA58N) AppleWebKit/537.36 (KHTML, like Gecko) Chrome/99.0.4844.51 Mobile Safari/537.36 MicroMessenger/7.0.1"
42.194.225.248 - - [11/Oct/2025:18:21:36 +0700] "GET /wp-content/plugins/bdthemes-element-pack-lite/assets/js/common/helper.min.js?ver=5.10.13 HTTP/1.1" 200 3907 "https://dailytaxconsulting.com/" "Mozilla/5.0 (Linux; Android 6.0; Nexus 5 Build/MRA58N) AppleWebKit/537.36 (KHTML, like Gecko) Chrome/99.0.4844.51 Mobile Safari/537.36 MicroMessenger/7.0.1"
208.110.64.178 - - [11/Oct/2025:18:35:45 +0700] "GET /wp-includes/install.php HTTP/1.1" 404 27 "https://dailytaxconsulting.com/wp-includes/install.php" "Mozilla/5.0 (Windows NT 10.0; Win64; x64) AppleWebKit/537.36 (KHTML, like Gecko) Chrome/58.0.3029.110 Safari/537.3"
208.110.64.178 - - [11/Oct/2025:18:41:13 +0700] "GET /wp-includes/install.php HTTP/1.1" 404 27 "https://dailytaxconsulting.com/wp-includes/install.php" "Mozilla/5.0 (Windows NT 10.0; Win64; x64) AppleWebKit/537.36 (KHTML, like Gecko) Chrome/58.0.3029.110 Safari/537.3"
208.110.64.178 - - [11/Oct/2025:19:06:00 +0700] "GET /wp-includes/install.php HTTP/1.1" 404 27 "https://dailytaxconsulting.com/wp-includes/install.php" "Mozilla/5.0 (Windows NT 10.0; Win64; x64) AppleWebKit/537.36 (KHTML, like Gecko) Chrome/58.0.3029.110 Safari/537.3"
162.240.238.172 - - [11/Oct/2025:19:12:03 +0700] "GET /wp-login.php HTTP/1.1" 200 4377 "-" "Mozilla/5.0 (Windows NT 6.1; WOW64; Trident/7.0; NP08; NP08; MAAU; rv:11.0) like Gecko"
162.240.238.172 - - [11/Oct/2025:19:12:09 +0700] "POST /wp-login.php HTTP/1.1" 200 4377 "https://dailytaxconsulting.com/wp-login.php" "Mozilla/5.0 (Windows NT 6.1; WOW64; Trident/7.0; NP08; NP08; MAAU; rv:11.0) like Gecko"
178.128.86.151 - - [11/Oct/2025:19:26:13 +0700] "POST /wp-cron.php?doing_wp_cron=1760185573.4738800525665283203125 HTTP/1.1" 200 31 "-" "WordPress/6.7.2; https://dailytaxconsulting.com"
178.128.86.151 - - [11/Oct/2025:19:26:13 +0700] "POST /wp-cron.php?doing_wp_cron=1760185573.5855081081390380859375 HTTP/1.1" 200 31 "-" "WordPress/6.7.2; https://dailytaxconsulting.com"
43.157.43.147 - - [11/Oct/2025:19:26:14 +0700] "GET / HTTP/1.1" 200 38174 "http://dailytaxconsulting.com" "Mozilla/5.0 (iPhone; CPU iPhone OS 13_2_3 like Mac OS X) AppleWebKit/605.1.15 (KHTML, like Gecko) Version/13.0.3 Mobile/15E148 Safari/604.1"
178.128.86.151 - - [11/Oct/2025:19:26:18 +0700] "POST /wp-admin/admin-ajax.php?action=async_litespeed&nonce=OndZnjGBT5SvA5bmKxm0mYBdfn78WzVm&litespeed_type=imgoptm HTTP/1.1" 499 0 "-" "WordPress/6.7.2; https://dailytaxconsulting.com"
178.128.86.151 - - [11/Oct/2025:19:31:56 +0700] "POST /wp-cron.php?doing_wp_cron=1760185916.6704630851745605468750 HTTP/1.1" 200 31 "-" "WordPress/6.7.2; https://dailytaxconsulting.com"
185.191.171.10 - - [11/Oct/2025:19:31:56 +0700] "GET /robots.txt HTTP/1.1" 200 129 "-" "Mozilla/5.0 (compatible; SemrushBot/7~bl; +http://www.semrush.com/bot.html)"
185.191.171.6 - - [11/Oct/2025:19:31:57 +0700] "GET /wp-comments-post.php HTTP/1.1" 405 31 "-" "Mozilla/5.0 (compatible; SemrushBot/7~bl; +http://www.semrush.com/bot.html)"
178.128.86.151 - - [11/Oct/2025:19:32:01 +0700] "POST /wp-admin/admin-ajax.php?action=async_litespeed&nonce=FZuyFxrmAhQTnL7m9bfY3FmWlecbdxC6&litespeed_type=imgoptm HTTP/1.1" 499 0 "-" "WordPress/6.7.2; https://dailytaxconsulting.com"
178.128.86.151 - - [11/Oct/2025:19:32:06 +0700] "GET /wp-json/jetpack/v4/sync/spawn-sync?time=1760185925&request_lock_id=1760185925.2522 HTTP/1.1" 499 0 "-" "WordPress/6.7.2; https://dailytaxconsulting.com"
178.128.86.151 - - [11/Oct/2025:19:32:23 +0700] "GET /wp-json/jetpack/v4/sync/spawn-sync?time=1760185942&request_lock_id=1760185942.5145 HTTP/1.1" 499 0 "-" "WordPress/6.7.2; https://dailytaxconsulting.com"
204.12.252.98 - - [11/Oct/2025:19:40:17 +0700] "GET /wp-includes/install.php HTTP/1.1" 404 27 "https://dailytaxconsulting.com/wp-includes/install.php" "Mozilla/5.0 (Windows NT 10.0; Win64; x64) AppleWebKit/537.36 (KHTML, like Gecko) Chrome/58.0.3029.110 Safari/537.3"
178.128.86.151 - - [11/Oct/2025:19:48:18 +0700] "POST /wp-cron.php?doing_wp_cron=1760186898.1433410644531250000000 HTTP/1.1" 200 31 "-" "WordPress/6.7.2; https://dailytaxconsulting.com"
66.249.66.7 - - [11/Oct/2025:19:48:19 +0700] "GET / HTTP/1.1" 200 38174 "-" "Mozilla/5.0 (Linux; Android 6.0.1; Nexus 5X Build/MMB29P) AppleWebKit/537.36 (KHTML, like Gecko) Chrome/140.0.7339.207 Mobile Safari/537.36 (compatible; Googlebot/2.1; +http://www.google.com/bot.html)"
66.249.66.7 - - [11/Oct/2025:19:48:22 +0700] "GET /wp-content/plugins/google-language-translator/css/style.css?ver=6.0.20 HTTP/1.1" 200 128983 "https://dailytaxconsulting.com/" "Mozilla/5.0 (Linux; Android 6.0.1; Nexus 5X Build/MMB29P) AppleWebKit/537.36 (KHTML, like Gecko) Chrome/140.0.7339.207 Mobile Safari/537.36 (compatible; Googlebot/2.1; +http://www.google.com/bot.html)"
178.128.86.151 - - [11/Oct/2025:19:48:22 +0700] "POST /wp-admin/admin-ajax.php?action=async_litespeed&nonce=IYfD9gxtP08fRJ7af5ddprDiTPjhczEc&litespeed_type=imgoptm HTTP/1.1" 499 0 "-" "WordPress/6.7.2; https://dailytaxconsulting.com"
66.249.66.6 - - [11/Oct/2025:19:48:27 +0700] "GET /wp-content/plugins/elementor/assets/css/widget-social-icons.min.css?ver=3.24.0 HTTP/1.1" 200 5150 "https://dailytaxconsulting.com/" "Mozilla/5.0 (Linux; Android 6.0.1; Nexus 5X Build/MMB29P) AppleWebKit/537.36 (KHTML, like Gecko) Chrome/140.0.7339.207 Mobile Safari/537.36 (compatible; Googlebot/2.1; +http://www.google.com/bot.html)"
66.249.66.6 - - [11/Oct/2025:19:48:31 +0700] "GET /wp-content/themes/astra/assets/js/minified/frontend.min.js?ver=4.8.8 HTTP/1.1" 200 23247 "https://dailytaxconsulting.com/" "Mozilla/5.0 (Linux; Android 6.0.1; Nexus 5X Build/MMB29P) AppleWebKit/537.36 (KHTML, like Gecko) Chrome/140.0.7339.207 Mobile Safari/537.36 (compatible; Googlebot/2.1; +http://www.google.com/bot.html)"
204.12.252.98 - - [11/Oct/2025:20:06:40 +0700] "GET /wp-includes/install.php HTTP/1.1" 404 27 "https://dailytaxconsulting.com/wp-includes/install.php" "Mozilla/5.0 (Windows NT 10.0; Win64; x64) AppleWebKit/537.36 (KHTML, like Gecko) Chrome/58.0.3029.110 Safari/537.3"
204.12.252.98 - - [11/Oct/2025:20:11:57 +0700] "GET /wp-includes/install.php HTTP/1.1" 404 27 "https://dailytaxconsulting.com/wp-includes/install.php" "Mozilla/5.0 (Windows NT 10.0; Win64; x64) AppleWebKit/537.36 (KHTML, like Gecko) Chrome/58.0.3029.110 Safari/537.3"
204.12.252.98 - - [11/Oct/2025:20:17:30 +0700] "GET /wp-includes/install.php HTTP/1.1" 404 27 "https://dailytaxconsulting.com/wp-includes/install.php" "Mozilla/5.0 (Windows NT 10.0; Win64; x64) AppleWebKit/537.36 (KHTML, like Gecko) Chrome/58.0.3029.110 Safari/537.3"
208.110.64.178 - - [11/Oct/2025:20:24:34 +0700] "GET /wp-includes/install.php HTTP/1.1" 404 27 "https://dailytaxconsulting.com/wp-includes/install.php" "Mozilla/5.0 (Windows NT 10.0; Win64; x64) AppleWebKit/537.36 (KHTML, like Gecko) Chrome/58.0.3029.110 Safari/537.3"
178.128.86.151 - - [11/Oct/2025:20:29:46 +0700] "POST /wp-cron.php?doing_wp_cron=1760189386.6953411102294921875000 HTTP/1.1" 200 31 "-" "WordPress/6.7.2; https://dailytaxconsulting.com"
178.128.86.151 - - [11/Oct/2025:20:29:46 +0700] "POST /wp-cron.php?doing_wp_cron=1760189386.7929461002349853515625 HTTP/1.1" 200 31 "-" "WordPress/6.7.2; https://dailytaxconsulting.com"
66.249.66.6 - - [11/Oct/2025:20:29:47 +0700] "GET / HTTP/1.1" 200 38175 "-" "Mozilla/5.0 (Linux; Android 6.0.1; Nexus 5X Build/MMB29P) AppleWebKit/537.36 (KHTML, like Gecko) Chrome/140.0.7339.207 Mobile Safari/537.36 (compatible; Googlebot/2.1; +http://www.google.com/bot.html)"
66.249.66.6 - - [11/Oct/2025:20:29:50 +0700] "GET /wp-includes/js/mediaelement/mediaelementplayer-legacy.min.css?ver=4.2.17 HTTP/1.1" 200 11256 "https://dailytaxconsulting.com/" "Mozilla/5.0 (Linux; Android 6.0.1; Nexus 5X Build/MMB29P) AppleWebKit/537.36 (KHTML, like Gecko) Chrome/140.0.7339.207 Mobile Safari/537.36 (compatible; Googlebot/2.1; +http://www.google.com/bot.html)"
178.128.86.151 - - [11/Oct/2025:20:29:52 +0700] "POST /wp-admin/admin-ajax.php?action=async_litespeed&nonce=4Ry9iehCRQfMDdsxggDCq8Fy9psVQL15&litespeed_type=imgoptm HTTP/1.1" 499 0 "-" "WordPress/6.7.2; https://dailytaxconsulting.com"
66.249.66.6 - - [11/Oct/2025:20:29:54 +0700] "GET /wp-content/plugins/google-language-translator/css/style.css?ver=6.0.20 HTTP/1.1" 200 128983 "https://dailytaxconsulting.com/" "Mozilla/5.0 (Linux; Android 6.0.1; Nexus 5X Build/MMB29P) AppleWebKit/537.36 (KHTML, like Gecko) Chrome/140.0.7339.207 Mobile Safari/537.36 (compatible; Googlebot/2.1; +http://www.google.com/bot.html)"
66.249.66.6 - - [11/Oct/2025:20:29:59 +0700] "GET /wp-content/plugins/bdthemes-element-pack-lite/assets/js/modules/ep-static-carousel.min.js?ver=5.10.13 HTTP/1.1" 200 533 "https://dailytaxconsulting.com/" "Mozilla/5.0 (Linux; Android 6.0.1; Nexus 5X Build/MMB29P) AppleWebKit/537.36 (KHTML, like Gecko) Chrome/140.0.7339.207 Mobile Safari/537.36 (compatible; Googlebot/2.1; +http://www.google.com/bot.html)"
208.110.64.178 - - [11/Oct/2025:20:37:05 +0700] "GET /wp-includes/install.php HTTP/1.1" 404 27 "https://dailytaxconsulting.com/wp-includes/install.php" "Mozilla/5.0 (Windows NT 10.0; Win64; x64) AppleWebKit/537.36 (KHTML, like Gecko) Chrome/58.0.3029.110 Safari/537.3"
204.12.252.98 - - [11/Oct/2025:20:45:07 +0700] "GET /wp-includes/install.php HTTP/1.1" 404 27 "https://dailytaxconsulting.com/wp-includes/install.php" "Mozilla/5.0 (Windows NT 10.0; Win64; x64) AppleWebKit/537.36 (KHTML, like Gecko) Chrome/58.0.3029.110 Safari/537.3"
204.12.252.98 - - [11/Oct/2025:20:55:43 +0700] "GET /wp-includes/install.php HTTP/1.1" 404 27 "https://dailytaxconsulting.com/wp-includes/install.php" "Mozilla/5.0 (Windows NT 10.0; Win64; x64) AppleWebKit/537.36 (KHTML, like Gecko) Chrome/58.0.3029.110 Safari/537.3"
178.128.86.151 - - [11/Oct/2025:21:01:30 +0700] "POST /wp-cron.php?doing_wp_cron=1760191290.1448810100555419921875 HTTP/1.1" 200 31 "-" "WordPress/6.7.2; https://dailytaxconsulting.com"
162.14.197.180 - - [11/Oct/2025:21:01:31 +0700] "GET / HTTP/1.1" 200 38174 "http://dailytaxconsulting.com" "Mozilla/5.0 (iPhone; CPU iPhone OS 13_2_3 like Mac OS X) AppleWebKit/605.1.15 (KHTML, like Gecko) Version/13.0.3 Mobile/15E148 Safari/604.1"
178.128.86.151 - - [11/Oct/2025:21:01:36 +0700] "POST /wp-admin/admin-ajax.php?action=async_litespeed&nonce=X3dW72oVrRFcJWuFmaNcBNBQeABNi6KE&litespeed_type=imgoptm HTTP/1.1" 499 0 "-" "WordPress/6.7.2; https://dailytaxconsulting.com"
203.161.43.55 - - [11/Oct/2025:21:03:26 +0700] "GET /wp-login.php HTTP/1.1" 200 4375 "-" "Mozilla/5.0 (Windows NT 6.1; WOW64; Trident/7.0; NP08; NP08; MAAU; rv:11.0) like Gecko"
203.161.43.55 - - [11/Oct/2025:21:03:28 +0700] "POST /wp-login.php HTTP/1.1" 200 4381 "https://dailytaxconsulting.com/wp-login.php" "Mozilla/5.0 (Windows NT 6.1; WOW64; Trident/7.0; NP08; NP08; MAAU; rv:11.0) like Gecko"
178.128.86.151 - - [11/Oct/2025:21:03:47 +0700] "POST /wp-cron.php?doing_wp_cron=1760191427.3631470203399658203125 HTTP/1.1" 200 31 "-" "WordPress/6.7.2; https://dailytaxconsulting.com"
178.128.86.151 - - [11/Oct/2025:21:03:54 +0700] "POST /wp-admin/admin-ajax.php?action=async_litespeed&nonce=HhFQOZYnnAXL7LxsubxRzAgLf6mBF60T&litespeed_type=imgoptm HTTP/1.1" 499 0 "-" "WordPress/6.7.2; https://dailytaxconsulting.com"
49.113.94.205 - - [11/Oct/2025:21:03:57 +0700] "GET / HTTP/1.1" 200 48702 "-" "Go-http-client/1.1"
208.110.64.178 - - [11/Oct/2025:21:14:35 +0700] "GET /wp-includes/install.php HTTP/1.1" 404 27 "https://dailytaxconsulting.com/wp-includes/install.php" "Mozilla/5.0 (Windows NT 10.0; Win64; x64) AppleWebKit/537.36 (KHTML, like Gecko) Chrome/58.0.3029.110 Safari/537.3"
208.110.64.178 - - [11/Oct/2025:21:25:01 +0700] "GET /wp-includes/install.php HTTP/1.1" 404 27 "https://dailytaxconsulting.com/wp-includes/install.php" "Mozilla/5.0 (Windows NT 10.0; Win64; x64) AppleWebKit/537.36 (KHTML, like Gecko) Chrome/58.0.3029.110 Safari/537.3"
103.216.118.237 - - [11/Oct/2025:21:34:12 +0700] "GET /wp-login.php HTTP/1.1" 200 4378 "-" "Mozilla/4.0 (compatible; MSIE 7.0; Windows NT 6.2; Trident/7.0; .NET4.0C; .NET4.0E; .NET CLR 2.0.50727; .NET CLR 3.0.30729; .NET CLR 3.5.30729; SLCC2; Media Center PC 6.0)"
103.216.118.237 - - [11/Oct/2025:21:34:16 +0700] "POST /wp-login.php HTTP/1.1" 200 4378 "https://dailytaxconsulting.com/wp-login.php" "Mozilla/4.0 (compatible; MSIE 7.0; Windows NT 6.2; Trident/7.0; .NET4.0C; .NET4.0E; .NET CLR 2.0.50727; .NET CLR 3.0.30729; .NET CLR 3.5.30729; SLCC2; Media Center PC 6.0)"
204.12.252.98 - - [11/Oct/2025:21:38:29 +0700] "GET /wp-includes/install.php HTTP/1.1" 404 27 "https://dailytaxconsulting.com/wp-includes/install.php" "Mozilla/5.0 (Windows NT 10.0; Win64; x64) AppleWebKit/537.36 (KHTML, like Gecko) Chrome/58.0.3029.110 Safari/537.3"
208.110.64.178 - - [11/Oct/2025:21:43:26 +0700] "GET /wp-includes/install.php HTTP/1.1" 404 27 "https://dailytaxconsulting.com/wp-includes/install.php" "Mozilla/5.0 (Windows NT 10.0; Win64; x64) AppleWebKit/537.36 (KHTML, like Gecko) Chrome/58.0.3029.110 Safari/537.3"
162.240.48.171 - - [11/Oct/2025:22:01:53 +0700] "GET /wp-login.php HTTP/1.1" 200 4376 "-" "Mozilla/4.0 (compatible; MSIE 7.0; Windows NT 6.1; WOW64; Trident/7.0; SLCC2; .NET CLR 2.0.50727; .NET CLR 3.5.30729; .NET CLR 3.0.30729; Media Center PC 6.0; .NET4.0C)"
162.240.48.171 - - [11/Oct/2025:22:01:57 +0700] "POST /wp-login.php HTTP/1.1" 200 4376 "https://dailytaxconsulting.com/wp-login.php" "Mozilla/4.0 (compatible; MSIE 7.0; Windows NT 6.1; WOW64; Trident/7.0; SLCC2; .NET CLR 2.0.50727; .NET CLR 3.5.30729; .NET CLR 3.0.30729; Media Center PC 6.0; .NET4.0C)"
204.12.252.98 - - [11/Oct/2025:22:09:18 +0700] "GET /wp-includes/install.php HTTP/1.1" 404 27 "https://dailytaxconsulting.com/wp-includes/install.php" "Mozilla/5.0 (Windows NT 10.0; Win64; x64) AppleWebKit/537.36 (KHTML, like Gecko) Chrome/58.0.3029.110 Safari/537.3"
208.110.64.178 - - [11/Oct/2025:22:11:10 +0700] "GET /wp-includes/install.php HTTP/1.1" 404 27 "https://dailytaxconsulting.com/wp-includes/install.php" "Mozilla/5.0 (Windows NT 10.0; Win64; x64) AppleWebKit/537.36 (KHTML, like Gecko) Chrome/58.0.3029.110 Safari/537.3"
173.224.122.9 - - [11/Oct/2025:22:18:49 +0700] "GET /wp-login.php HTTP/1.1" 200 4376 "-" "Mozilla/5.0 (Windows NT 6.1; WOW64; Trident/7.0; NP08; NP08; MAAU; rv:11.0) like Gecko"
173.224.122.9 - - [11/Oct/2025:22:18:51 +0700] "POST /wp-login.php HTTP/1.1" 200 4382 "https://dailytaxconsulting.com/wp-login.php" "Mozilla/5.0 (Windows NT 6.1; WOW64; Trident/7.0; NP08; NP08; MAAU; rv:11.0) like Gecko"
178.128.86.151 - - [11/Oct/2025:22:30:29 +0700] "POST /wp-cron.php?doing_wp_cron=1760196629.5633330345153808593750 HTTP/1.1" 200 31 "-" "WordPress/6.7.2; https://dailytaxconsulting.com"
38.153.140.233 - - [11/Oct/2025:22:30:29 +0700] "GET /wp-login.php HTTP/1.1" 200 2182 "-" "Mozilla/5.0 (Windows NT 10.0; Win64; x64) AppleWebKit/537.36 (KHTML, like Gecko) Chrome/124.0.6367.207 Safari/537.36"
178.128.86.151 - - [11/Oct/2025:22:30:34 +0700] "POST /wp-admin/admin-ajax.php?action=async_litespeed&nonce=oFAbpULJulFrNB2Noo5c67pUcq90hBKU&litespeed_type=imgoptm HTTP/1.1" 499 0 "-" "WordPress/6.7.2; https://dailytaxconsulting.com"
178.128.86.151 - - [11/Oct/2025:22:30:38 +0700] "POST /wp-cron.php?doing_wp_cron=1760196637.9760630130767822265625 HTTP/1.1" 200 31 "-" "WordPress/6.7.2; https://dailytaxconsulting.com"
178.128.86.151 - - [11/Oct/2025:22:30:56 +0700] "POST /wp-cron.php?doing_wp_cron=1760196656.8167719841003417968750 HTTP/1.1" 200 31 "-" "WordPress/6.7.2; https://dailytaxconsulting.com"
