File: //var/log/nginx/dailytaxconsulting.log
146.59.136.90 - - [13/Oct/2025:00:00:32 +0700] "GET /wp-login.php HTTP/1.1" 200 4384 "-" "Mozilla/5.0 (Windows NT 6.3; WOW64; Trident/7.0; ASJB; rv:11.0) like Gecko"
146.59.136.90 - - [13/Oct/2025:00:00:33 +0700] "POST /wp-login.php HTTP/1.1" 200 4378 "https://dailytaxconsulting.com/wp-login.php" "Mozilla/5.0 (Windows NT 6.3; WOW64; Trident/7.0; ASJB; rv:11.0) like Gecko"
208.110.64.178 - - [13/Oct/2025:00:04:41 +0700] "GET /wp-includes/install.php HTTP/1.1" 404 27 "https://dailytaxconsulting.com/wp-includes/install.php" "Mozilla/5.0 (Windows NT 10.0; Win64; x64) AppleWebKit/537.36 (KHTML, like Gecko) Chrome/58.0.3029.110 Safari/537.3"
178.128.86.151 - - [13/Oct/2025:00:06:38 +0700] "POST /wp-cron.php?doing_wp_cron=1760288798.9326930046081542968750 HTTP/1.1" 200 31 "-" "WordPress/6.7.2; https://dailytaxconsulting.com"
89.45.94.150 - - [13/Oct/2025:00:06:40 +0700] "POST /xmlrpc.php HTTP/1.1" 200 258 "-" "Mozilla/5.0 (Windows NT 10.0; WOW64; Trident/7.0; MATBJS; rv:11.0) like Gecko"
178.128.86.151 - - [13/Oct/2025:00:06:41 +0700] "POST /wp-admin/admin-ajax.php?action=async_litespeed&nonce=IrKtbP10VR9W9sM8oH3ROGp57glirwI0&litespeed_type=imgoptm HTTP/1.1" 499 0 "-" "WordPress/6.7.2; https://dailytaxconsulting.com"
178.128.86.151 - - [13/Oct/2025:00:06:41 +0700] "POST /wp-cron.php?doing_wp_cron=1760288801.5144999027252197265625 HTTP/1.1" 200 31 "-" "WordPress/6.7.2; https://dailytaxconsulting.com"
185.50.25.34 - - [13/Oct/2025:00:07:12 +0700] "GET /wp-login.php HTTP/1.1" 200 4377 "-" "Mozilla/5.0 (Macintosh; Intel Mac OS X 10_13_4) AppleWebKit/537.36 (KHTML, like Gecko) Chrome/66.0.3359.181 Safari/537.36"
185.50.25.34 - - [13/Oct/2025:00:07:15 +0700] "POST /wp-login.php HTTP/1.1" 200 4383 "https://dailytaxconsulting.com/wp-login.php" "Mozilla/5.0 (Macintosh; Intel Mac OS X 10_13_4) AppleWebKit/537.36 (KHTML, like Gecko) Chrome/66.0.3359.181 Safari/537.36"
208.110.64.178 - - [13/Oct/2025:00:08:41 +0700] "GET /wp-includes/install.php HTTP/1.1" 404 27 "https://dailytaxconsulting.com/wp-includes/install.php" "Mozilla/5.0 (Windows NT 10.0; Win64; x64) AppleWebKit/537.36 (KHTML, like Gecko) Chrome/58.0.3029.110 Safari/537.3"
178.128.86.151 - - [13/Oct/2025:00:25:59 +0700] "POST /wp-cron.php?doing_wp_cron=1760289959.7133550643920898437500 HTTP/1.1" 200 31 "-" "WordPress/6.7.2; https://dailytaxconsulting.com"
103.185.74.193 - - [13/Oct/2025:00:26:01 +0700] "POST /xmlrpc.php HTTP/1.1" 200 260 "-" "Mozilla/5.0 (Windows NT 6.3; WOW64) AppleWebKit/537.36 (KHTML, like Gecko) Chrome/66.0.3359.181 Safari/537.36"
178.128.86.151 - - [13/Oct/2025:00:26:03 +0700] "POST /wp-admin/admin-ajax.php?action=async_litespeed&nonce=IBfOBj9pLytyk5WuhZJu1NnndAeZhCU2&litespeed_type=imgoptm HTTP/1.1" 499 0 "-" "WordPress/6.7.2; https://dailytaxconsulting.com"
178.128.86.151 - - [13/Oct/2025:00:30:02 +0700] "POST /wp-cron.php?doing_wp_cron=1760290202.3475289344787597656250 HTTP/1.1" 200 31 "-" "WordPress/6.7.2; https://dailytaxconsulting.com"
103.74.116.219 - - [13/Oct/2025:00:30:03 +0700] "POST /xmlrpc.php HTTP/1.1" 200 259 "-" "Mozilla/5.0 (Windows NT 6.1; Win64; x64) AppleWebKit/537.36 (KHTML, like Gecko) Chrome/66.0.3359.170 Safari/537.36"
178.128.86.151 - - [13/Oct/2025:00:30:05 +0700] "POST /wp-admin/admin-ajax.php?action=async_litespeed&nonce=QeqIu4RGTupOgHdVWP5ppsDFWiJO9A7J&litespeed_type=imgoptm HTTP/1.1" 499 0 "-" "WordPress/6.7.2; https://dailytaxconsulting.com"
185.50.25.47 - - [13/Oct/2025:00:37:46 +0700] "GET /wp-login.php HTTP/1.1" 200 4382 "-" "Mozilla/5.0 (Macintosh; Intel Mac OS X 10_13_1) AppleWebKit/537.36 (KHTML, like Gecko) Chrome/65.0.3325.162 Safari/537.36"
185.50.25.47 - - [13/Oct/2025:00:37:47 +0700] "POST /wp-login.php HTTP/1.1" 200 4382 "https://dailytaxconsulting.com/wp-login.php" "Mozilla/5.0 (Macintosh; Intel Mac OS X 10_13_1) AppleWebKit/537.36 (KHTML, like Gecko) Chrome/65.0.3325.162 Safari/537.36"
95.111.254.218 - - [13/Oct/2025:00:44:36 +0700] "GET /wp-login.php HTTP/1.1" 200 4378 "-" "Mozilla/5.0 (Macintosh; Intel Mac OS X 10_12_6) AppleWebKit/604.5.6 (KHTML, like Gecko) Version/11.0.3 Safari/604.5.6"
95.111.254.218 - - [13/Oct/2025:00:44:39 +0700] "POST /wp-login.php HTTP/1.1" 200 4384 "https://dailytaxconsulting.com/wp-login.php" "Mozilla/5.0 (Macintosh; Intel Mac OS X 10_12_6) AppleWebKit/604.5.6 (KHTML, like Gecko) Version/11.0.3 Safari/604.5.6"
204.12.252.98 - - [13/Oct/2025:00:46:10 +0700] "GET /wp-includes/install.php HTTP/1.1" 404 27 "https://dailytaxconsulting.com/wp-includes/install.php" "Mozilla/5.0 (Windows NT 10.0; Win64; x64) AppleWebKit/537.36 (KHTML, like Gecko) Chrome/58.0.3029.110 Safari/537.3"
178.128.86.151 - - [13/Oct/2025:00:49:19 +0700] "POST /wp-cron.php?doing_wp_cron=1760291359.1360659599304199218750 HTTP/1.1" 200 31 "-" "WordPress/6.7.2; https://dailytaxconsulting.com"
45.86.153.231 - - [13/Oct/2025:00:49:20 +0700] "POST /xmlrpc.php HTTP/1.1" 200 259 "-" "Mozilla/5.0 (Windows NT 6.1; WOW64; Trident/7.0; MDDSJS; rv:11.0) like Gecko"
178.128.86.151 - - [13/Oct/2025:00:49:21 +0700] "POST /wp-admin/admin-ajax.php?action=async_litespeed&nonce=iyu4ac7fT7uf6E2kvO9votPWrw3o2dca&litespeed_type=imgoptm HTTP/1.1" 499 0 "-" "WordPress/6.7.2; https://dailytaxconsulting.com"
204.12.252.98 - - [13/Oct/2025:01:01:15 +0700] "GET /wp-includes/install.php HTTP/1.1" 404 27 "https://dailytaxconsulting.com/wp-includes/install.php" "Mozilla/5.0 (Windows NT 10.0; Win64; x64) AppleWebKit/537.36 (KHTML, like Gecko) Chrome/58.0.3029.110 Safari/537.3"
178.32.113.195 - - [13/Oct/2025:01:02:58 +0700] "GET /wp-login.php HTTP/1.1" 200 4384 "-" "Mozilla/5.0 (Windows NT 6.1; Trident/7.0; MDDRJS; rv:11.0) like Gecko"
178.32.113.195 - - [13/Oct/2025:01:02:59 +0700] "POST /wp-login.php HTTP/1.1" 200 4384 "https://dailytaxconsulting.com/wp-login.php" "Mozilla/5.0 (Windows NT 6.1; Trident/7.0; MDDRJS; rv:11.0) like Gecko"
178.128.86.151 - - [13/Oct/2025:01:05:01 +0700] "POST /wp-cron.php?doing_wp_cron=1760292301.7189619541168212890625 HTTP/1.1" 200 31 "-" "WordPress/6.7.2; https://dailytaxconsulting.com"
87.106.145.45 - - [13/Oct/2025:01:05:03 +0700] "POST /xmlrpc.php HTTP/1.1" 200 259 "-" "Mozilla/5.0 (Windows NT 6.1; Trident/7.0; MDDRJS; rv:11.0) like Gecko"
178.128.86.151 - - [13/Oct/2025:01:05:05 +0700] "POST /wp-admin/admin-ajax.php?action=async_litespeed&nonce=P3ag1M4QaNtnwrooJxxT5T7KCoYvxYSr&litespeed_type=imgoptm HTTP/1.1" 499 0 "-" "WordPress/6.7.2; https://dailytaxconsulting.com"
65.109.97.92 - - [13/Oct/2025:01:08:10 +0700] "GET /wp-login.php HTTP/1.1" 200 4377 "-" "Mozilla/5.0 (X11; CrOS x86_64 10323.67.0) AppleWebKit/537.36 (KHTML, like Gecko) Chrome/65.0.3325.209 Safari/537.36"
65.109.97.92 - - [13/Oct/2025:01:08:13 +0700] "POST /wp-login.php HTTP/1.1" 200 4377 "https://dailytaxconsulting.com/wp-login.php" "Mozilla/5.0 (X11; CrOS x86_64 10323.67.0) AppleWebKit/537.36 (KHTML, like Gecko) Chrome/65.0.3325.209 Safari/537.36"
162.240.101.166 - - [13/Oct/2025:01:18:00 +0700] "GET /wp-login.php HTTP/1.1" 200 4379 "-" "Mozilla/4.0 (compatible; MSIE 7.0; Windows NT 6.2; WOW64; Trident/7.0; .NET4.0E; .NET4.0C; .NET CLR 3.5.30729; .NET CLR 2.0.50727; .NET CLR 3.0.30729; Tablet PC 2.0)"
162.240.101.166 - - [13/Oct/2025:01:18:02 +0700] "POST /wp-login.php HTTP/1.1" 200 4385 "https://dailytaxconsulting.com/wp-login.php" "Mozilla/4.0 (compatible; MSIE 7.0; Windows NT 6.2; WOW64; Trident/7.0; .NET4.0E; .NET4.0C; .NET CLR 3.5.30729; .NET CLR 2.0.50727; .NET CLR 3.0.30729; Tablet PC 2.0)"
178.128.86.151 - - [13/Oct/2025:01:20:08 +0700] "POST /wp-cron.php?doing_wp_cron=1760293208.1306979656219482421875 HTTP/1.1" 200 31 "-" "WordPress/6.7.2; https://dailytaxconsulting.com"
162.241.138.4 - - [13/Oct/2025:01:20:09 +0700] "POST /xmlrpc.php HTTP/1.1" 200 258 "-" "Mozilla/5.0 (Windows NT 6.1; WOW64; Trident/7.0; MASP; rv:11.0) like Gecko"
178.128.86.151 - - [13/Oct/2025:01:20:11 +0700] "POST /wp-admin/admin-ajax.php?action=async_litespeed&nonce=qZysUgLUGWltB53bWpEq4lfUMytX78pn&litespeed_type=imgoptm HTTP/1.1" 499 0 "-" "WordPress/6.7.2; https://dailytaxconsulting.com"
178.128.86.151 - - [13/Oct/2025:01:20:11 +0700] "POST /wp-cron.php?doing_wp_cron=1760293211.7675750255584716796875 HTTP/1.1" 200 31 "-" "WordPress/6.7.2; https://dailytaxconsulting.com"
204.12.252.98 - - [13/Oct/2025:01:21:47 +0700] "GET /wp-includes/install.php HTTP/1.1" 404 27 "https://dailytaxconsulting.com/wp-includes/install.php" "Mozilla/5.0 (Windows NT 10.0; Win64; x64) AppleWebKit/537.36 (KHTML, like Gecko) Chrome/58.0.3029.110 Safari/537.3"
51.195.166.8 - - [13/Oct/2025:01:24:46 +0700] "GET /wp-login.php HTTP/1.1" 200 4383 "-" "Mozilla/5.0 (Windows NT 6.1; WOW64; Trident/7.0; NP06; rv:11.0) like Gecko"
51.195.166.8 - - [13/Oct/2025:01:24:47 +0700] "POST /wp-login.php HTTP/1.1" 200 4377 "https://dailytaxconsulting.com/wp-login.php" "Mozilla/5.0 (Windows NT 6.1; WOW64; Trident/7.0; NP06; rv:11.0) like Gecko"
178.128.86.151 - - [13/Oct/2025:01:25:18 +0700] "POST /wp-cron.php?doing_wp_cron=1760293518.4230399131774902343750 HTTP/1.1" 200 31 "-" "WordPress/6.7.2; https://dailytaxconsulting.com"
103.152.165.148 - - [13/Oct/2025:01:25:19 +0700] "POST /xmlrpc.php HTTP/1.1" 200 260 "-" "Mozilla/4.0 (compatible; MSIE 7.0; Windows NT 6.2; WOW64; Trident/7.0; .NET4.0C; .NET4.0E; .NET CLR 2.0.50727; .NET CLR 3.0.30729; .NET CLR 3.5.30729)"
178.128.86.151 - - [13/Oct/2025:01:25:21 +0700] "POST /wp-admin/admin-ajax.php?action=async_litespeed&nonce=sOzTZOMO8A5DalGMaStQbpgI5kMvLgfW&litespeed_type=imgoptm HTTP/1.1" 499 0 "-" "WordPress/6.7.2; https://dailytaxconsulting.com"
178.128.86.151 - - [13/Oct/2025:01:28:31 +0700] "POST /wp-cron.php?doing_wp_cron=1760293711.1855340003967285156250 HTTP/1.1" 200 31 "-" "WordPress/6.7.2; https://dailytaxconsulting.com"
20.171.207.111 - - [13/Oct/2025:01:28:31 +0700] "GET / HTTP/1.1" 200 38177 "-" "Mozilla/5.0 AppleWebKit/537.36 (KHTML, like Gecko; compatible; GPTBot/1.2; +https://openai.com/gptbot)"
178.128.86.151 - - [13/Oct/2025:01:28:33 +0700] "POST /wp-admin/admin-ajax.php?action=async_litespeed&nonce=WaSjn7FiOtHXbsO9boiGLEqg2ZNwh7s6&litespeed_type=imgoptm HTTP/1.1" 499 0 "-" "WordPress/6.7.2; https://dailytaxconsulting.com"
20.171.207.111 - - [13/Oct/2025:01:28:35 +0700] "GET /wp-content/plugins/header-footer-elementor/assets/css/header-footer-elementor.css?ver=2.0.3 HTTP/1.1" 200 776 "-" "Mozilla/5.0 AppleWebKit/537.36 (KHTML, like Gecko; compatible; GPTBot/1.2; +https://openai.com/gptbot)"
20.171.207.111 - - [13/Oct/2025:01:28:38 +0700] "GET /wp-content/plugins/elementor/assets/js/frontend.min.js?ver=3.26.0 HTTP/1.1" 200 45428 "-" "Mozilla/5.0 AppleWebKit/537.36 (KHTML, like Gecko; compatible; GPTBot/1.2; +https://openai.com/gptbot)"
20.171.207.111 - - [13/Oct/2025:01:28:40 +0700] "GET /wp-content/plugins/bdthemes-element-pack-lite/assets/js/common/helper.min.js?ver=5.10.13 HTTP/1.1" 200 3907 "-" "Mozilla/5.0 AppleWebKit/537.36 (KHTML, like Gecko; compatible; GPTBot/1.2; +https://openai.com/gptbot)"
93.90.73.29 - - [13/Oct/2025:01:31:24 +0700] "GET /wp-login.php HTTP/1.1" 200 4381 "-" "Mozilla/5.0 (Windows NT 6.1; WOW64; Trident/7.0; MATBJS; rv:11.0) like Gecko"
93.90.73.29 - - [13/Oct/2025:01:31:28 +0700] "POST /wp-login.php HTTP/1.1" 200 4375 "https://dailytaxconsulting.com/wp-login.php" "Mozilla/5.0 (Windows NT 6.1; WOW64; Trident/7.0; MATBJS; rv:11.0) like Gecko"
132.148.78.150 - - [13/Oct/2025:01:36:03 +0700] "GET /wp-login.php HTTP/1.1" 200 4377 "-" "Mozilla/4.0 (compatible; MSIE 7.0; Windows NT 6.1; WOW64; Trident/7.0; SLCC2; .NET CLR 2.0.50727; .NET CLR 3.5.30729; .NET CLR 3.0.30729; Media Center PC 6.0; .NET4.0C; .NET4.0E)"
132.148.78.150 - - [13/Oct/2025:01:36:07 +0700] "POST /wp-login.php HTTP/1.1" 200 4383 "https://dailytaxconsulting.com/wp-login.php" "Mozilla/4.0 (compatible; MSIE 7.0; Windows NT 6.1; WOW64; Trident/7.0; SLCC2; .NET CLR 2.0.50727; .NET CLR 3.5.30729; .NET CLR 3.0.30729; Media Center PC 6.0; .NET4.0C; .NET4.0E)"
178.128.86.151 - - [13/Oct/2025:01:36:12 +0700] "POST /wp-cron.php?doing_wp_cron=1760294172.6372280120849609375000 HTTP/1.1" 200 31 "-" "WordPress/6.7.2; https://dailytaxconsulting.com"
185.105.239.101 - - [13/Oct/2025:01:36:13 +0700] "POST /xmlrpc.php HTTP/1.1" 200 260 "-" "Mozilla/5.0 (Macintosh; Intel Mac OS X 10.11; rv:60.0) Gecko/20100101 Firefox/60.0"
178.128.86.151 - - [13/Oct/2025:01:36:15 +0700] "POST /wp-admin/admin-ajax.php?action=async_litespeed&nonce=JoZJ0zvHnwQRpsKI2n2VnQMc50Q9Zb2x&litespeed_type=imgoptm HTTP/1.1" 499 0 "-" "WordPress/6.7.2; https://dailytaxconsulting.com"
45.94.31.52 - - [13/Oct/2025:01:42:14 +0700] "GET /style.php HTTP/1.1" 404 27 "http://dailytaxconsulting.com/style.php" "Go-http-client/1.1"
45.94.31.52 - - [13/Oct/2025:01:42:15 +0700] "GET /wp-content/style.php HTTP/1.1" 404 27 "http://dailytaxconsulting.com/wp-content/style.php" "Go-http-client/1.1"
45.94.31.52 - - [13/Oct/2025:01:42:16 +0700] "GET /wp-content/themes/style.php HTTP/1.1" 404 27 "http://dailytaxconsulting.com/wp-content/themes/style.php" "Go-http-client/1.1"
45.94.31.52 - - [13/Oct/2025:01:42:18 +0700] "GET /wp-admin/style.php HTTP/1.1" 404 27 "http://dailytaxconsulting.com/wp-admin/style.php" "Go-http-client/1.1"
45.94.31.52 - - [13/Oct/2025:01:42:22 +0700] "GET /wp-includes/style.php HTTP/1.1" 404 27 "http://dailytaxconsulting.com/wp-includes/style.php" "Go-http-client/1.1"
45.94.31.52 - - [13/Oct/2025:01:42:23 +0700] "GET /chosen.php?p= HTTP/1.1" 404 27 "http://dailytaxconsulting.com/chosen.php?p=" "Go-http-client/1.1"
45.94.31.52 - - [13/Oct/2025:01:42:24 +0700] "GET /file.php HTTP/1.1" 404 27 "http://dailytaxconsulting.com/file.php" "Go-http-client/1.1"
45.94.31.52 - - [13/Oct/2025:01:42:25 +0700] "GET /flower.php HTTP/1.1" 404 27 "http://dailytaxconsulting.com/flower.php" "Go-http-client/1.1"
45.94.31.52 - - [13/Oct/2025:01:42:25 +0700] "GET /gifclass.php HTTP/1.1" 404 27 "http://dailytaxconsulting.com/gifclass.php#888xyz999" "Go-http-client/1.1"
45.94.31.52 - - [13/Oct/2025:01:42:26 +0700] "GET /bless.php HTTP/1.1" 404 27 "http://dailytaxconsulting.com/bless.php#888xyz999" "Go-http-client/1.1"
45.94.31.52 - - [13/Oct/2025:01:42:26 +0700] "GET /class-t.api.php HTTP/1.1" 404 27 "http://dailytaxconsulting.com/class-t.api.php#888xyz999" "Go-http-client/1.1"
45.94.31.52 - - [13/Oct/2025:01:42:27 +0700] "GET /blurbs.php HTTP/1.1" 404 27 "http://dailytaxconsulting.com/blurbs.php#888xyz999" "Go-http-client/1.1"
45.94.31.52 - - [13/Oct/2025:01:42:27 +0700] "GET /akcc.php HTTP/1.1" 404 27 "http://dailytaxconsulting.com/akcc.php" "Go-http-client/1.1"
45.94.31.52 - - [13/Oct/2025:01:42:28 +0700] "GET /abcd.php HTTP/1.1" 404 27 "http://dailytaxconsulting.com/abcd.php" "Go-http-client/1.1"
45.94.31.52 - - [13/Oct/2025:01:42:28 +0700] "GET /flex.php HTTP/1.1" 404 27 "http://dailytaxconsulting.com/flex.php" "Go-http-client/1.1"
45.94.31.52 - - [13/Oct/2025:01:42:29 +0700] "GET /doc.php HTTP/1.1" 404 27 "http://dailytaxconsulting.com/doc.php" "Go-http-client/1.1"
45.94.31.52 - - [13/Oct/2025:01:42:29 +0700] "GET /wp-includes/js/thickbox/thickbox.php HTTP/1.1" 404 27 "http://dailytaxconsulting.com/wp-includes/js/thickbox/thickbox.php" "Go-http-client/1.1"
45.94.31.52 - - [13/Oct/2025:01:42:30 +0700] "GET /akc.php HTTP/1.1" 404 27 "http://dailytaxconsulting.com/akc.php" "Go-http-client/1.1"
45.94.31.52 - - [13/Oct/2025:01:42:30 +0700] "GET /zoo.php HTTP/1.1" 404 27 "http://dailytaxconsulting.com/zoo.php" "Go-http-client/1.1"
45.94.31.52 - - [13/Oct/2025:01:42:31 +0700] "GET //zwso.php HTTP/1.1" 404 27 "http://dailytaxconsulting.com//zwso.php" "Go-http-client/1.1"
45.94.31.52 - - [13/Oct/2025:01:42:31 +0700] "GET /wp-content/plugins/hellopress/wp_mna.php HTTP/1.1" 404 27 "http://dailytaxconsulting.com/wp-content/plugins/hellopress/wp_mna.php" "Go-http-client/1.1"
45.94.31.52 - - [13/Oct/2025:01:42:32 +0700] "GET /bolt.php HTTP/1.1" 404 27 "http://dailytaxconsulting.com/bolt.php" "Go-http-client/1.1"
45.94.31.52 - - [13/Oct/2025:01:42:32 +0700] "GET /shlo.php HTTP/1.1" 404 27 "http://dailytaxconsulting.com/shlo.php#lufix" "Go-http-client/1.1"
45.94.31.52 - - [13/Oct/2025:01:42:33 +0700] "GET /files.php HTTP/1.1" 404 27 "http://dailytaxconsulting.com/files.php#admin@3tu/T?TJ8v?N" "Go-http-client/1.1"
45.94.31.52 - - [13/Oct/2025:01:42:33 +0700] "GET /wp-editor.php HTTP/1.1" 404 27 "http://dailytaxconsulting.com/wp-editor.php#lufix" "Go-http-client/1.1"
185.202.223.11 - - [13/Oct/2025:01:42:39 +0700] "GET /wp-login.php HTTP/1.1" 200 4378 "-" "Mozilla/5.0 (Windows NT 6.1; Win64; x64) AppleWebKit/537.36 (KHTML, like Gecko) Chrome/65.0.3325.181 Safari/537.36 OPR/52.0.2871.99"
185.202.223.11 - - [13/Oct/2025:01:42:43 +0700] "POST /wp-login.php HTTP/1.1" 200 4378 "https://dailytaxconsulting.com/wp-login.php" "Mozilla/5.0 (Windows NT 6.1; Win64; x64) AppleWebKit/537.36 (KHTML, like Gecko) Chrome/65.0.3325.181 Safari/537.36 OPR/52.0.2871.99"
72.137.132.54 - - [13/Oct/2025:01:48:35 +0700] "GET /wp-login.php HTTP/1.1" 200 4384 "-" "Mozilla/5.0 (Windows NT 6.1; WOW64; Trident/7.0; apetito Gruppe; rv:11.0) like Gecko"
72.137.132.54 - - [13/Oct/2025:01:48:37 +0700] "POST /wp-login.php HTTP/1.1" 200 4384 "https://dailytaxconsulting.com/wp-login.php" "Mozilla/5.0 (Windows NT 6.1; WOW64; Trident/7.0; apetito Gruppe; rv:11.0) like Gecko"
178.128.86.151 - - [13/Oct/2025:01:58:16 +0700] "POST /wp-cron.php?doing_wp_cron=1760295496.8117930889129638671875 HTTP/1.1" 200 31 "-" "WordPress/6.7.2; https://dailytaxconsulting.com"
51.195.166.8 - - [13/Oct/2025:01:58:16 +0700] "POST /xmlrpc.php HTTP/1.1" 200 258 "-" "Mozilla/5.0 (Windows NT 6.1; WOW64; Trident/7.0; CTL_IE11; rv:11.0) like Gecko"
178.128.86.151 - - [13/Oct/2025:01:58:19 +0700] "POST /wp-admin/admin-ajax.php?action=async_litespeed&nonce=OYMBtxPg58ZQzIUdMicc5pshJOQZKkGh&litespeed_type=imgoptm HTTP/1.1" 499 0 "-" "WordPress/6.7.2; https://dailytaxconsulting.com"
178.128.86.151 - - [13/Oct/2025:02:03:53 +0700] "POST /wp-cron.php?doing_wp_cron=1760295833.4536459445953369140625 HTTP/1.1" 200 31 "-" "WordPress/6.7.2; https://dailytaxconsulting.com"
57.129.130.14 - - [13/Oct/2025:02:03:54 +0700] "POST /xmlrpc.php HTTP/1.1" 200 259 "-" "Mozilla/5.0 (Macintosh; Intel Mac OS X 10_9_5) AppleWebKit/537.36 (KHTML, like Gecko) Chrome/66.0.3359.117 Safari/537.36"
178.128.86.151 - - [13/Oct/2025:02:03:56 +0700] "POST /wp-admin/admin-ajax.php?action=async_litespeed&nonce=03wohOaZi1CqBIBVNthNPVCOH3ZB2vtx&litespeed_type=imgoptm HTTP/1.1" 499 0 "-" "WordPress/6.7.2; https://dailytaxconsulting.com"
208.110.64.178 - - [13/Oct/2025:02:08:18 +0700] "GET /wp-includes/install.php HTTP/1.1" 404 27 "https://dailytaxconsulting.com/wp-includes/install.php" "Mozilla/5.0 (Windows NT 10.0; Win64; x64) AppleWebKit/537.36 (KHTML, like Gecko) Chrome/58.0.3029.110 Safari/537.3"
178.128.86.151 - - [13/Oct/2025:02:14:23 +0700] "POST /wp-cron.php?doing_wp_cron=1760296463.1361858844757080078125 HTTP/1.1" 200 31 "-" "WordPress/6.7.2; https://dailytaxconsulting.com"
209.145.52.3 - - [13/Oct/2025:02:14:24 +0700] "POST /xmlrpc.php HTTP/1.1" 200 258 "-" "Mozilla/5.0 (Windows NT 10.0; Win64; x64) AppleWebKit/537.36 (KHTML, like Gecko) Chrome/66.0.3359.170 Safari/537.36 OPR/53.0.2907.99"
178.128.86.151 - - [13/Oct/2025:02:14:25 +0700] "POST /wp-admin/admin-ajax.php?action=async_litespeed&nonce=o2VkxntIjqb27NiL2TkuWhOiEt6cG9L3&litespeed_type=imgoptm HTTP/1.1" 499 0 "-" "WordPress/6.7.2; https://dailytaxconsulting.com"
92.205.213.177 - - [13/Oct/2025:02:17:14 +0700] "GET /wp-login.php HTTP/1.1" 200 4377 "-" "Mozilla/5.0 (Windows NT 6.3; WOW64; Trident/7.0; MATMJS; rv:11.0) like Gecko"
92.205.213.177 - - [13/Oct/2025:02:17:19 +0700] "POST /wp-login.php HTTP/1.1" 200 4377 "https://dailytaxconsulting.com/wp-login.php" "Mozilla/5.0 (Windows NT 6.3; WOW64; Trident/7.0; MATMJS; rv:11.0) like Gecko"
178.128.86.151 - - [13/Oct/2025:02:20:11 +0700] "POST /wp-cron.php?doing_wp_cron=1760296811.2249989509582519531250 HTTP/1.1" 200 31 "-" "WordPress/6.7.2; https://dailytaxconsulting.com"
185.30.32.23 - - [13/Oct/2025:02:20:12 +0700] "POST /xmlrpc.php HTTP/1.1" 200 258 "-" "Mozilla/4.0 (compatible; MSIE 7.0; Windows NT 6.1; WOW64; Trident/7.0; SLCC2; .NET CLR 2.0.50727; .NET CLR 3.5.30729; .NET CLR 3.0.30729; Media Center PC 6.0; .NET4.0C)"
178.128.86.151 - - [13/Oct/2025:02:20:13 +0700] "POST /wp-admin/admin-ajax.php?action=async_litespeed&nonce=MTLl1q94880mqVIhn5X2VuLlZ7InqGsJ&litespeed_type=imgoptm HTTP/1.1" 499 0 "-" "WordPress/6.7.2; https://dailytaxconsulting.com"
178.128.86.151 - - [13/Oct/2025:02:20:13 +0700] "POST /wp-cron.php?doing_wp_cron=1760296813.6448819637298583984375 HTTP/1.1" 200 31 "-" "WordPress/6.7.2; https://dailytaxconsulting.com"
165.154.181.235 - - [13/Oct/2025:02:22:27 +0700] "GET /wp-login.php HTTP/1.1" 200 4385 "-" "Mozilla/5.0 (Windows NT 6.3; WOW64; Trident/7.0; MASBJS; rv:11.0) like Gecko"
165.154.181.235 - - [13/Oct/2025:02:22:28 +0700] "POST /wp-login.php HTTP/1.1" 200 4385 "https://dailytaxconsulting.com/wp-login.php" "Mozilla/5.0 (Windows NT 6.3; WOW64; Trident/7.0; MASBJS; rv:11.0) like Gecko"
3.98.170.128 - - [13/Oct/2025:02:33:21 +0700] "GET /wp-login.php HTTP/1.1" 200 4382 "-" "Mozilla/4.0 (compatible; MSIE 7.0; Windows NT 6.2; WOW64; Trident/7.0; .NET4.0E; .NET4.0C; .NET CLR 3.5.30729; .NET CLR 2.0.50727; .NET CLR 3.0.30729; InfoPath.3)"
3.98.170.128 - - [13/Oct/2025:02:33:24 +0700] "POST /wp-login.php HTTP/1.1" 200 4382 "https://dailytaxconsulting.com/wp-login.php" "Mozilla/4.0 (compatible; MSIE 7.0; Windows NT 6.2; WOW64; Trident/7.0; .NET4.0E; .NET4.0C; .NET CLR 3.5.30729; .NET CLR 2.0.50727; .NET CLR 3.0.30729; InfoPath.3)"
178.128.86.151 - - [13/Oct/2025:02:34:57 +0700] "POST /wp-cron.php?doing_wp_cron=1760297697.1169569492340087890625 HTTP/1.1" 200 31 "-" "WordPress/6.7.2; https://dailytaxconsulting.com"
162.240.238.76 - - [13/Oct/2025:02:34:58 +0700] "POST /xmlrpc.php HTTP/1.1" 200 260 "-" "Mozilla/5.0 (Windows NT 6.3; WOW64; Trident/7.0; ASJB; rv:11.0) like Gecko"
178.128.86.151 - - [13/Oct/2025:02:34:59 +0700] "POST /wp-admin/admin-ajax.php?action=async_litespeed&nonce=YpL4FgewTFzpZs0AVNUeqz6606LopxYM&litespeed_type=imgoptm HTTP/1.1" 499 0 "-" "WordPress/6.7.2; https://dailytaxconsulting.com"
178.128.86.151 - - [13/Oct/2025:02:39:24 +0700] "POST /wp-cron.php?doing_wp_cron=1760297964.7006390094757080078125 HTTP/1.1" 200 31 "-" "WordPress/6.7.2; https://dailytaxconsulting.com"
185.39.19.49 - - [13/Oct/2025:02:39:25 +0700] "GET / HTTP/1.0" 200 256456 "https://dailytaxconsulting.com/" "Mozilla/5.0 (Windows NT 10.0; Win64; x64) AppleWebKit/537.36 (KHTML, like Gecko) Chrome/129.0.0.0 Safari/537.36"
178.128.86.151 - - [13/Oct/2025:02:39:26 +0700] "POST /wp-admin/admin-ajax.php?action=async_litespeed&nonce=EunlkQrRUGAWaVgqn8RRTINzisGgS38j&litespeed_type=imgoptm HTTP/1.1" 499 0 "-" "WordPress/6.7.2; https://dailytaxconsulting.com"
178.128.86.151 - - [13/Oct/2025:02:40:46 +0700] "POST /wp-cron.php?doing_wp_cron=1760298046.1916201114654541015625 HTTP/1.1" 200 31 "-" "WordPress/6.7.2; https://dailytaxconsulting.com"
43.204.111.127 - - [13/Oct/2025:02:40:47 +0700] "POST /xmlrpc.php HTTP/1.1" 200 259 "-" "Mozilla/5.0 (Windows NT 10.0; WOW64) AppleWebKit/537.36 (KHTML, like Gecko) Chrome/65.0.3325.181 Safari/537.36"
178.128.86.151 - - [13/Oct/2025:02:40:48 +0700] "POST /wp-admin/admin-ajax.php?action=async_litespeed&nonce=Bt0QG0Cln5ThgfcN4soq2d8BCZsjNAms&litespeed_type=imgoptm HTTP/1.1" 499 0 "-" "WordPress/6.7.2; https://dailytaxconsulting.com"
203.162.166.162 - - [13/Oct/2025:02:44:26 +0700] "GET /wp-login.php HTTP/1.1" 200 4383 "-" "Mozilla/5.0 (Windows NT 6.3; Win64; x64) AppleWebKit/537.36 (KHTML, like Gecko) Chrome/52.0.2743.116 Safari/537.36 Edge/15.15063"
203.162.166.162 - - [13/Oct/2025:02:44:28 +0700] "POST /wp-login.php HTTP/1.1" 200 4377 "https://dailytaxconsulting.com/wp-login.php" "Mozilla/5.0 (Windows NT 6.3; Win64; x64) AppleWebKit/537.36 (KHTML, like Gecko) Chrome/52.0.2743.116 Safari/537.36 Edge/15.15063"
208.110.64.178 - - [13/Oct/2025:02:46:28 +0700] "GET /wp-includes/install.php HTTP/1.1" 404 27 "https://dailytaxconsulting.com/wp-includes/install.php" "Mozilla/5.0 (Windows NT 10.0; Win64; x64) AppleWebKit/537.36 (KHTML, like Gecko) Chrome/58.0.3029.110 Safari/537.3"
178.128.86.151 - - [13/Oct/2025:02:47:01 +0700] "POST /wp-cron.php?doing_wp_cron=1760298421.9264059066772460937500 HTTP/1.1" 200 31 "-" "WordPress/6.7.2; https://dailytaxconsulting.com"
41.76.108.144 - - [13/Oct/2025:02:47:03 +0700] "POST /xmlrpc.php HTTP/1.1" 200 258 "-" "Mozilla/5.0 (Windows NT 6.3; WOW64; Trident/7.0; Touch; ASU2JS; rv:11.0) like Gecko"
178.128.86.151 - - [13/Oct/2025:02:47:04 +0700] "POST /wp-admin/admin-ajax.php?action=async_litespeed&nonce=53nWpxC9LRFahd3qApjORTn3sapD8b2H&litespeed_type=imgoptm HTTP/1.1" 499 0 "-" "WordPress/6.7.2; https://dailytaxconsulting.com"
204.12.252.98 - - [13/Oct/2025:03:00:29 +0700] "GET /wp-includes/install.php HTTP/1.1" 404 27 "https://dailytaxconsulting.com/wp-includes/install.php" "Mozilla/5.0 (Windows NT 10.0; Win64; x64) AppleWebKit/537.36 (KHTML, like Gecko) Chrome/58.0.3029.110 Safari/537.3"
178.128.86.151 - - [13/Oct/2025:03:03:14 +0700] "POST /wp-cron.php?doing_wp_cron=1760299394.3494849205017089843750 HTTP/1.1" 200 31 "-" "WordPress/6.7.2; https://dailytaxconsulting.com"
77.68.30.96 - - [13/Oct/2025:03:03:15 +0700] "POST /xmlrpc.php HTTP/1.1" 200 257 "-" "Mozilla/5.0 (Windows NT 6.3; Win64; x64) AppleWebKit/537.36 (KHTML, like Gecko) Chrome/66.0.3359.170 Safari/537.36"
178.128.86.151 - - [13/Oct/2025:03:03:16 +0700] "POST /wp-admin/admin-ajax.php?action=async_litespeed&nonce=xgUBGj1TPS7qaNV0zzzfifPw71IblUYd&litespeed_type=imgoptm HTTP/1.1" 499 0 "-" "WordPress/6.7.2; https://dailytaxconsulting.com"
93.90.73.29 - - [13/Oct/2025:03:04:03 +0700] "GET /wp-login.php HTTP/1.1" 200 4381 "-" "Mozilla/5.0 (Macintosh; Intel Mac OS X 10.13; rv:61.0) Gecko/20100101 Firefox/61.0"
93.90.73.29 - - [13/Oct/2025:03:04:12 +0700] "POST /wp-login.php HTTP/1.1" 200 4375 "https://dailytaxconsulting.com/wp-login.php" "Mozilla/5.0 (Macintosh; Intel Mac OS X 10.13; rv:61.0) Gecko/20100101 Firefox/61.0"
178.128.86.151 - - [13/Oct/2025:03:05:07 +0700] "POST /wp-cron.php?doing_wp_cron=1760299507.0554509162902832031250 HTTP/1.1" 200 31 "-" "WordPress/6.7.2; https://dailytaxconsulting.com"
192.0.86.184 - - [13/Oct/2025:03:05:07 +0700] "GET /?rest_route=%2Fjetpack%2Fv4%2Fsync%2Fstatus&_for=jetpack&token=eJlMJNI%23vACeHXHLV00FGZvlF%21lh%21qkO%3A1%3A0×tamp=1760299504&nonce=4RuguyhmVn&body-hash&signature=UCmMMOoftDaN%2FABJgIFfLTjiK84%3D HTTP/1.1" 200 442 "https://dailytaxconsulting.com/?rest_route=%2Fjetpack%2Fv4%2Fsync%2Fstatus&_for=jetpack&token=eJlMJNI%23vACeHXHLV00FGZvlF%21lh%21qkO%3A1%3A0×tamp=1760299504&nonce=4RuguyhmVn&body-hash&signature=UCmMMOoftDaN%2FABJgIFfLTjiK84%3D" "Jetpack by WordPress.com"
178.128.86.151 - - [13/Oct/2025:03:05:10 +0700] "POST /wp-admin/admin-ajax.php?action=async_litespeed&nonce=vjuQNrCeCXCAIudq7XiWOC4W9tQqnQg5&litespeed_type=imgoptm HTTP/1.1" 499 0 "-" "WordPress/6.7.2; https://dailytaxconsulting.com"
192.0.86.184 - - [13/Oct/2025:03:05:10 +0700] "POST /?rest_route=%2Fjetpack%2Fv4%2Fsync%2Fobject&_for=jetpack&token=eJlMJNI%23vACeHXHLV00FGZvlF%21lh%21qkO%3A1%3A0×tamp=1760299507&nonce=DzwdxFimBx&body-hash=9EbFOoJFL1Uq%2BgrQTPG82orr1n0%3D&signature=IZhCTlhcMmjvCA1fkgeYT%2F4sUYo%3D HTTP/1.1" 200 4047 "https://dailytaxconsulting.com/?rest_route=%2Fjetpack%2Fv4%2Fsync%2Fobject&_for=jetpack&token=eJlMJNI%23vACeHXHLV00FGZvlF%21lh%21qkO%3A1%3A0×tamp=1760299507&nonce=DzwdxFimBx&body-hash=9EbFOoJFL1Uq%2BgrQTPG82orr1n0%3D&signature=IZhCTlhcMmjvCA1fkgeYT%2F4sUYo%3D" "Jetpack by WordPress.com"
192.0.86.184 - - [13/Oct/2025:03:05:15 +0700] "POST /?rest_route=%2Fjetpack%2Fv4%2Fsync%2Fobject&_for=jetpack&token=eJlMJNI%23vACeHXHLV00FGZvlF%21lh%21qkO%3A1%3A0×tamp=1760299512&nonce=ltAFZjbZfb&body-hash=SljWaFuv%2BRFGJ5yLzqbQGYJHiFo%3D&signature=PSvxGYJmS9ZPrE3vZQ6G0iFxPbw%3D HTTP/1.1" 200 16032 "https://dailytaxconsulting.com/?rest_route=%2Fjetpack%2Fv4%2Fsync%2Fobject&_for=jetpack&token=eJlMJNI%23vACeHXHLV00FGZvlF%21lh%21qkO%3A1%3A0×tamp=1760299512&nonce=ltAFZjbZfb&body-hash=SljWaFuv%2BRFGJ5yLzqbQGYJHiFo%3D&signature=PSvxGYJmS9ZPrE3vZQ6G0iFxPbw%3D" "Jetpack by WordPress.com"
192.0.86.184 - - [13/Oct/2025:03:05:17 +0700] "POST /?rest_route=%2Fjetpack%2Fv4%2Fsync%2Fobject&_for=jetpack&token=eJlMJNI%23vACeHXHLV00FGZvlF%21lh%21qkO%3A1%3A0×tamp=1760299515&nonce=QpaBO7cgeW&body-hash=f4gz9vN1HJg370THfl9y1cOkQX0%3D&signature=ugGn%2ForKo7f1mXRHPY7%2FnJElQrA%3D HTTP/1.1" 200 436 "https://dailytaxconsulting.com/?rest_route=%2Fjetpack%2Fv4%2Fsync%2Fobject&_for=jetpack&token=eJlMJNI%23vACeHXHLV00FGZvlF%21lh%21qkO%3A1%3A0×tamp=1760299515&nonce=QpaBO7cgeW&body-hash=f4gz9vN1HJg370THfl9y1cOkQX0%3D&signature=ugGn%2ForKo7f1mXRHPY7%2FnJElQrA%3D" "Jetpack by WordPress.com"
192.0.86.184 - - [13/Oct/2025:03:05:22 +0700] "GET /?rest_route=%2Fjetpack%2Fv4%2Fsync%2Fdata-check&_for=jetpack&token=eJlMJNI%23vACeHXHLV00FGZvlF%21lh%21qkO%3A1%3A0×tamp=1760299518&nonce=KTRktVxRg9&body-hash&signature=KXYPg%2BuC6r1V4qZPTbTjNvIy298%3D HTTP/1.1" 200 273 "https://dailytaxconsulting.com/?rest_route=%2Fjetpack%2Fv4%2Fsync%2Fdata-check&_for=jetpack&token=eJlMJNI%23vACeHXHLV00FGZvlF%21lh%21qkO%3A1%3A0×tamp=1760299518&nonce=KTRktVxRg9&body-hash&signature=KXYPg%2BuC6r1V4qZPTbTjNvIy298%3D" "Jetpack by WordPress.com"
192.0.86.184 - - [13/Oct/2025:03:05:24 +0700] "POST /?rest_route=%2Fjetpack%2Fv4%2Fsync%2Fdata-histogram&_for=jetpack&token=eJlMJNI%23vACeHXHLV00FGZvlF%21lh%21qkO%3A1%3A0×tamp=1760299522&nonce=2WuAXusEYK&body-hash=wMmbA0ZSl5yqjZqMiBKMzdD4fBY%3D&signature=g2v4%2FaOlZq1dkICgFDfbGwZhbjw%3D HTTP/1.1" 200 77 "https://dailytaxconsulting.com/?rest_route=%2Fjetpack%2Fv4%2Fsync%2Fdata-histogram&_for=jetpack&token=eJlMJNI%23vACeHXHLV00FGZvlF%21lh%21qkO%3A1%3A0×tamp=1760299522&nonce=2WuAXusEYK&body-hash=wMmbA0ZSl5yqjZqMiBKMzdD4fBY%3D&signature=g2v4%2FaOlZq1dkICgFDfbGwZhbjw%3D" "Jetpack by WordPress.com"
192.0.86.184 - - [13/Oct/2025:03:05:26 +0700] "POST /?rest_route=%2Fjetpack%2Fv4%2Fsync%2Fdata-histogram&_for=jetpack&token=eJlMJNI%23vACeHXHLV00FGZvlF%21lh%21qkO%3A1%3A0×tamp=1760299524&nonce=kpxmBRHaaN&body-hash=n%2BNanPw%2FoUUn3iH%2Ba3KcY14AYVo%3D&signature=AhKBwgUhN86xTp44uSRvm7qktDo%3D HTTP/1.1" 200 77 "https://dailytaxconsulting.com/?rest_route=%2Fjetpack%2Fv4%2Fsync%2Fdata-histogram&_for=jetpack&token=eJlMJNI%23vACeHXHLV00FGZvlF%21lh%21qkO%3A1%3A0×tamp=1760299524&nonce=kpxmBRHaaN&body-hash=n%2BNanPw%2FoUUn3iH%2Ba3KcY14AYVo%3D&signature=AhKBwgUhN86xTp44uSRvm7qktDo%3D" "Jetpack by WordPress.com"
208.110.64.178 - - [13/Oct/2025:03:09:18 +0700] "GET /wp-includes/install.php HTTP/1.1" 404 27 "https://dailytaxconsulting.com/wp-includes/install.php" "Mozilla/5.0 (Windows NT 10.0; Win64; x64) AppleWebKit/537.36 (KHTML, like Gecko) Chrome/58.0.3029.110 Safari/537.3"
103.171.180.119 - - [13/Oct/2025:03:15:28 +0700] "GET /wp-login.php HTTP/1.1" 200 4378 "-" "Mozilla/4.0 (compatible; MSIE 7.0; Windows NT 6.1; Trident/7.0; SLCC2; .NET CLR 2.0.50727; .NET CLR 3.5.30729; .NET CLR 3.0.30729; Media Center PC 6.0; .NET4.0C; .NET4.0E; InfoPath.3; Tablet PC 2.0)"
103.171.180.119 - - [13/Oct/2025:03:15:30 +0700] "POST /wp-login.php HTTP/1.1" 200 4378 "https://dailytaxconsulting.com/wp-login.php" "Mozilla/4.0 (compatible; MSIE 7.0; Windows NT 6.1; Trident/7.0; SLCC2; .NET CLR 2.0.50727; .NET CLR 3.5.30729; .NET CLR 3.0.30729; Media Center PC 6.0; .NET4.0C; .NET4.0E; InfoPath.3; Tablet PC 2.0)"
208.110.64.178 - - [13/Oct/2025:03:17:15 +0700] "GET /wp-includes/install.php HTTP/1.1" 404 27 "https://dailytaxconsulting.com/wp-includes/install.php" "Mozilla/5.0 (Windows NT 10.0; Win64; x64) AppleWebKit/537.36 (KHTML, like Gecko) Chrome/58.0.3029.110 Safari/537.3"
178.128.86.151 - - [13/Oct/2025:03:19:23 +0700] "POST /wp-cron.php?doing_wp_cron=1760300363.1251809597015380859375 HTTP/1.1" 200 31 "-" "WordPress/6.7.2; https://dailytaxconsulting.com"
20.82.229.75 - - [13/Oct/2025:03:19:24 +0700] "POST /xmlrpc.php HTTP/1.1" 200 258 "-" "Mozilla/5.0 (X11; Linux x86_64) AppleWebKit/537.36 (KHTML, like Gecko) Chrome/65.0.3325.162 Safari/537.36"
178.128.86.151 - - [13/Oct/2025:03:19:25 +0700] "POST /wp-admin/admin-ajax.php?action=async_litespeed&nonce=X0IiMqG6jeA4jaEEUlDj9sl1iuifZKPv&litespeed_type=imgoptm HTTP/1.1" 499 0 "-" "WordPress/6.7.2; https://dailytaxconsulting.com"
185.183.110.3 - - [13/Oct/2025:03:21:36 +0700] "GET /wp-login.php HTTP/1.1" 200 4377 "-" "Mozilla/5.0 (Windows NT 6.2; ARM; Trident/7.0; Touch; rv:11.0; WPDesktop; NOKIA; Lumia 630) like Gecko"
185.183.110.3 - - [13/Oct/2025:03:21:41 +0700] "POST /wp-login.php HTTP/1.1" 200 4383 "https://dailytaxconsulting.com/wp-login.php" "Mozilla/5.0 (Windows NT 6.2; ARM; Trident/7.0; Touch; rv:11.0; WPDesktop; NOKIA; Lumia 630) like Gecko"
178.128.86.151 - - [13/Oct/2025:03:23:51 +0700] "POST /wp-cron.php?doing_wp_cron=1760300631.4549899101257324218750 HTTP/1.1" 200 31 "-" "WordPress/6.7.2; https://dailytaxconsulting.com"
82.165.60.30 - - [13/Oct/2025:03:23:52 +0700] "POST /xmlrpc.php HTTP/1.1" 200 258 "-" "Mozilla/5.0 (Windows NT 10.0; Win64; x64) AppleWebKit/537.36 (KHTML, like Gecko) Chrome/65.0.3325.181 Safari/537.36 OPR/52.0.2871.40"
178.128.86.151 - - [13/Oct/2025:03:23:54 +0700] "POST /wp-admin/admin-ajax.php?action=async_litespeed&nonce=d477mM0AEALoggZkIpgcVthNTJQhd4e3&litespeed_type=imgoptm HTTP/1.1" 499 0 "-" "WordPress/6.7.2; https://dailytaxconsulting.com"
178.128.86.151 - - [13/Oct/2025:03:23:54 +0700] "POST /wp-cron.php?doing_wp_cron=1760300634.7485399246215820312500 HTTP/1.1" 200 31 "-" "WordPress/6.7.2; https://dailytaxconsulting.com"
208.110.64.178 - - [13/Oct/2025:03:29:02 +0700] "GET /wp-includes/install.php HTTP/1.1" 404 27 "https://dailytaxconsulting.com/wp-includes/install.php" "Mozilla/5.0 (Windows NT 10.0; Win64; x64) AppleWebKit/537.36 (KHTML, like Gecko) Chrome/58.0.3029.110 Safari/537.3"
178.128.86.151 - - [13/Oct/2025:03:29:05 +0700] "POST /wp-cron.php?doing_wp_cron=1760300945.1881349086761474609375 HTTP/1.1" 200 31 "-" "WordPress/6.7.2; https://dailytaxconsulting.com"
54.36.95.199 - - [13/Oct/2025:03:29:06 +0700] "POST /xmlrpc.php HTTP/1.1" 200 258 "-" "Mozilla/5.0 (Windows NT 6.1; WOW64; Trident/7.0; managedpc; rv:11.0) like Gecko"
178.128.86.151 - - [13/Oct/2025:03:29:07 +0700] "POST /wp-admin/admin-ajax.php?action=async_litespeed&nonce=rC8lrI3Qj4c6Lplzj5aA2OfGBrBhzvp0&litespeed_type=imgoptm HTTP/1.1" 499 0 "-" "WordPress/6.7.2; https://dailytaxconsulting.com"
185.182.184.169 - - [13/Oct/2025:03:31:45 +0700] "GET /wp-login.php HTTP/1.1" 200 4379 "-" "Mozilla/5.0 (Macintosh; Intel Mac OS X 10_12_3) AppleWebKit/602.4.8 (KHTML, like Gecko) Version/10.0.3 Safari/602.4.8"
185.182.184.169 - - [13/Oct/2025:03:31:49 +0700] "POST /wp-login.php HTTP/1.1" 200 4379 "https://dailytaxconsulting.com/wp-login.php" "Mozilla/5.0 (Macintosh; Intel Mac OS X 10_12_3) AppleWebKit/602.4.8 (KHTML, like Gecko) Version/10.0.3 Safari/602.4.8"
178.128.86.151 - - [13/Oct/2025:03:33:32 +0700] "POST /wp-cron.php?doing_wp_cron=1760301212.8734591007232666015625 HTTP/1.1" 200 31 "-" "WordPress/6.7.2; https://dailytaxconsulting.com"
139.59.60.172 - - [13/Oct/2025:03:33:34 +0700] "POST /xmlrpc.php HTTP/1.1" 200 259 "-" "Mozilla/5.0 (Windows NT 6.3; WOW64; Trident/7.0; Touch; MAGWJS; rv:11.0) like Gecko"
178.128.86.151 - - [13/Oct/2025:03:33:35 +0700] "POST /wp-admin/admin-ajax.php?action=async_litespeed&nonce=XrTDWFBMQvFakWhaQmdZbICPJakL9BYC&litespeed_type=imgoptm HTTP/1.1" 499 0 "-" "WordPress/6.7.2; https://dailytaxconsulting.com"
208.110.64.178 - - [13/Oct/2025:03:34:33 +0700] "GET /wp-includes/install.php HTTP/1.1" 404 27 "https://dailytaxconsulting.com/wp-includes/install.php" "Mozilla/5.0 (Windows NT 10.0; Win64; x64) AppleWebKit/537.36 (KHTML, like Gecko) Chrome/58.0.3029.110 Safari/537.3"
208.110.64.178 - - [13/Oct/2025:03:41:27 +0700] "GET /wp-includes/install.php HTTP/1.1" 404 27 "https://dailytaxconsulting.com/wp-includes/install.php" "Mozilla/5.0 (Windows NT 10.0; Win64; x64) AppleWebKit/537.36 (KHTML, like Gecko) Chrome/58.0.3029.110 Safari/537.3"
216.7.91.132 - - [13/Oct/2025:03:41:30 +0700] "GET /wp-login.php HTTP/1.1" 200 4376 "-" "Mozilla/5.0 (X11; CrOS x86_64 10323.67.0) AppleWebKit/537.36 (KHTML, like Gecko) Chrome/65.0.3325.209 Safari/537.36"
216.7.91.132 - - [13/Oct/2025:03:41:31 +0700] "POST /wp-login.php HTTP/1.1" 200 4382 "https://dailytaxconsulting.com/wp-login.php" "Mozilla/5.0 (X11; CrOS x86_64 10323.67.0) AppleWebKit/537.36 (KHTML, like Gecko) Chrome/65.0.3325.209 Safari/537.36"
162.214.55.193 - - [13/Oct/2025:03:57:36 +0700] "GET /wp-login.php HTTP/1.1" 200 4378 "-" "Mozilla/5.0 (Windows NT 6.3; WOW64; Trident/7.0; MASMJS; rv:11.0) like Gecko"
162.214.55.193 - - [13/Oct/2025:03:57:39 +0700] "POST /wp-login.php HTTP/1.1" 200 4378 "https://dailytaxconsulting.com/wp-login.php" "Mozilla/5.0 (Windows NT 6.3; WOW64; Trident/7.0; MASMJS; rv:11.0) like Gecko"
178.128.86.151 - - [13/Oct/2025:03:59:37 +0700] "POST /wp-cron.php?doing_wp_cron=1760302777.4495680332183837890625 HTTP/1.1" 200 31 "-" "WordPress/6.7.2; https://dailytaxconsulting.com"
69.63.189.43 - - [13/Oct/2025:03:59:37 +0700] "GET /robots.txt HTTP/1.1" 200 134 "-" "facebookexternalhit/1.1 (+http://www.facebook.com/externalhit_uatext.php)"
178.128.86.151 - - [13/Oct/2025:03:59:39 +0700] "POST /wp-admin/admin-ajax.php?action=async_litespeed&nonce=7Pp2C34KL9dQv97kF4uD1aUcDijDPazA&litespeed_type=imgoptm HTTP/1.1" 499 0 "-" "WordPress/6.7.2; https://dailytaxconsulting.com"
204.12.252.98 - - [13/Oct/2025:04:02:16 +0700] "GET /wp-includes/install.php HTTP/1.1" 404 27 "https://dailytaxconsulting.com/wp-includes/install.php" "Mozilla/5.0 (Windows NT 10.0; Win64; x64) AppleWebKit/537.36 (KHTML, like Gecko) Chrome/58.0.3029.110 Safari/537.3"
162.240.238.76 - - [13/Oct/2025:04:03:01 +0700] "GET /wp-login.php HTTP/1.1" 200 4384 "-" "Mozilla/5.0 (Windows NT 6.3; Win64; x64) AppleWebKit/537.36 (KHTML, like Gecko) Chrome/66.0.3359.139 Safari/537.36"
162.240.238.76 - - [13/Oct/2025:04:03:06 +0700] "POST /wp-login.php HTTP/1.1" 200 4378 "https://dailytaxconsulting.com/wp-login.php" "Mozilla/5.0 (Windows NT 6.3; Win64; x64) AppleWebKit/537.36 (KHTML, like Gecko) Chrome/66.0.3359.139 Safari/537.36"
204.12.252.98 - - [13/Oct/2025:04:04:42 +0700] "GET /wp-includes/install.php HTTP/1.1" 404 27 "https://dailytaxconsulting.com/wp-includes/install.php" "Mozilla/5.0 (Windows NT 10.0; Win64; x64) AppleWebKit/537.36 (KHTML, like Gecko) Chrome/58.0.3029.110 Safari/537.3"
178.128.86.151 - - [13/Oct/2025:04:15:09 +0700] "POST /wp-cron.php?doing_wp_cron=1760303709.5529179573059082031250 HTTP/1.1" 200 31 "-" "WordPress/6.7.2; https://dailytaxconsulting.com"
93.186.176.130 - - [13/Oct/2025:04:15:10 +0700] "POST /xmlrpc.php HTTP/1.1" 200 259 "-" "Mozilla/5.0 (Windows NT 6.3; WOW64; Trident/7.0; MASMJS; rv:11.0) like Gecko"
178.128.86.151 - - [13/Oct/2025:04:15:11 +0700] "POST /wp-admin/admin-ajax.php?action=async_litespeed&nonce=wzoAHI51I2BbfRC2UESXQsCw3h4hhGdV&litespeed_type=imgoptm HTTP/1.1" 499 0 "-" "WordPress/6.7.2; https://dailytaxconsulting.com"
178.128.86.151 - - [13/Oct/2025:04:19:28 +0700] "POST /wp-cron.php?doing_wp_cron=1760303968.1373879909515380859375 HTTP/1.1" 200 31 "-" "WordPress/6.7.2; https://dailytaxconsulting.com"
104.210.140.138 - - [13/Oct/2025:04:19:28 +0700] "GET /robots.txt HTTP/1.1" 200 129 "-" "Mozilla/5.0 (Macintosh; Intel Mac OS X 10_15_7) AppleWebKit/537.36 (KHTML, like Gecko) Chrome/131.0.0.0 Safari/537.36; compatible; OAI-SearchBot/1.0; +https://openai.com/searchbot"
178.128.86.151 - - [13/Oct/2025:04:19:30 +0700] "POST /wp-admin/admin-ajax.php?action=async_litespeed&nonce=N9SUV8KuaP1pkvVq7CIixMgORI6d78Uu&litespeed_type=imgoptm HTTP/1.1" 499 0 "-" "WordPress/6.7.2; https://dailytaxconsulting.com"
162.240.38.165 - - [13/Oct/2025:04:21:43 +0700] "GET /wp-login.php HTTP/1.1" 200 4384 "-" "Mozilla/5.0 (Windows NT 10.0; Win64; x64; rv:60.0) Gecko/20100101 Firefox/60.0"
162.240.38.165 - - [13/Oct/2025:04:21:46 +0700] "POST /wp-login.php HTTP/1.1" 200 4384 "https://dailytaxconsulting.com/wp-login.php" "Mozilla/5.0 (Windows NT 10.0; Win64; x64; rv:60.0) Gecko/20100101 Firefox/60.0"
204.12.252.98 - - [13/Oct/2025:04:25:14 +0700] "GET /wp-includes/install.php HTTP/1.1" 404 27 "https://dailytaxconsulting.com/wp-includes/install.php" "Mozilla/5.0 (Windows NT 10.0; Win64; x64) AppleWebKit/537.36 (KHTML, like Gecko) Chrome/58.0.3029.110 Safari/537.3"
51.254.63.208 - - [13/Oct/2025:04:25:57 +0700] "GET /wp-login.php HTTP/1.1" 200 4378 "-" "Mozilla/5.0 (Windows NT 6.1; WOW64; Trident/7.0; MAFSJS; rv:11.0) like Gecko"
51.254.63.208 - - [13/Oct/2025:04:25:59 +0700] "POST /wp-login.php HTTP/1.1" 200 4384 "https://dailytaxconsulting.com/wp-login.php" "Mozilla/5.0 (Windows NT 6.1; WOW64; Trident/7.0; MAFSJS; rv:11.0) like Gecko"
178.128.86.151 - - [13/Oct/2025:04:26:13 +0700] "POST /wp-cron.php?doing_wp_cron=1760304373.4858610630035400390625 HTTP/1.1" 200 31 "-" "WordPress/6.7.2; https://dailytaxconsulting.com"
50.6.7.129 - - [13/Oct/2025:04:26:14 +0700] "POST /xmlrpc.php HTTP/1.1" 200 256 "-" "Mozilla/4.0 (compatible; MSIE 7.0; Windows NT 6.2; Trident/7.0; .NET4.0C; .NET4.0E)"
178.128.86.151 - - [13/Oct/2025:04:26:15 +0700] "POST /wp-admin/admin-ajax.php?action=async_litespeed&nonce=uBfc5wHyZ0i1nGgDMlWFQ0prM7OEXm4E&litespeed_type=imgoptm HTTP/1.1" 499 0 "-" "WordPress/6.7.2; https://dailytaxconsulting.com"
178.128.86.151 - - [13/Oct/2025:04:26:16 +0700] "POST /wp-cron.php?doing_wp_cron=1760304376.2830219268798828125000 HTTP/1.1" 200 31 "-" "WordPress/6.7.2; https://dailytaxconsulting.com"
178.128.86.151 - - [13/Oct/2025:04:32:57 +0700] "POST /wp-cron.php?doing_wp_cron=1760304777.7795660495758056640625 HTTP/1.1" 200 31 "-" "WordPress/6.7.2; https://dailytaxconsulting.com"
104.239.41.72 - - [13/Oct/2025:04:32:57 +0700] "GET /wp-login.php HTTP/1.1" 200 2182 "-" "Mozilla/5.0 (Windows NT 10.0; Win64; x64) AppleWebKit/537.36 (KHTML, like Gecko) Chrome/124.0.6367.207 Safari/537.36"
178.128.86.151 - - [13/Oct/2025:04:33:00 +0700] "POST /wp-admin/admin-ajax.php?action=async_litespeed&nonce=jsyF5dPqNluE11XAfUQABHgolwRUPCEa&litespeed_type=imgoptm HTTP/1.1" 499 0 "-" "WordPress/6.7.2; https://dailytaxconsulting.com"
178.128.86.151 - - [13/Oct/2025:04:33:09 +0700] "POST /wp-cron.php?doing_wp_cron=1760304789.3220019340515136718750 HTTP/1.1" 200 31 "-" "WordPress/6.7.2; https://dailytaxconsulting.com"
104.253.55.85 - - [13/Oct/2025:04:33:10 +0700] "GET / HTTP/1.1" 200 38177 "-" "Mozilla/5.0 (Windows NT 10.0; Win64; x64) AppleWebKit/537.36 (KHTML, like Gecko) Chrome/124.0.6367.207 Safari/537.36"
178.128.86.151 - - [13/Oct/2025:04:33:12 +0700] "POST /wp-admin/admin-ajax.php?action=async_litespeed&nonce=z729w8BB3jcQIVcA5ulYPK4lDRaz1iml&litespeed_type=imgoptm HTTP/1.1" 499 0 "-" "WordPress/6.7.2; https://dailytaxconsulting.com"
104.239.41.72 - - [13/Oct/2025:04:33:21 +0700] "GET /wp-login.php?wp_lang=en_US HTTP/1.1" 200 2182 "-" "Mozilla/5.0 (Windows NT 10.0; Win64; x64) AppleWebKit/537.36 (KHTML, like Gecko) Chrome/124.0.6367.207 Safari/537.36"
178.128.86.151 - - [13/Oct/2025:04:33:28 +0700] "GET /wp-json/jetpack/v4/sync/spawn-sync?time=1760304807&request_lock_id=1760304807.3069 HTTP/1.1" 200 48 "-" "WordPress/6.7.2; https://dailytaxconsulting.com"
104.239.41.72 - - [13/Oct/2025:04:33:28 +0700] "POST /wp-login.php?wp_lang=en_US HTTP/1.1" 302 31 "https://dailytaxconsulting.com/wp-login.php?wp_lang=en_US" "Mozilla/5.0 (Windows NT 10.0; Win64; x64) AppleWebKit/537.36 (KHTML, like Gecko) Chrome/124.0.6367.207 Safari/537.36"
104.239.41.72 - - [13/Oct/2025:04:33:37 +0700] "GET /wp-admin/ HTTP/1.1" 200 52696 "https://dailytaxconsulting.com/wp-login.php?wp_lang=en_US" "Mozilla/5.0 (Windows NT 10.0; Win64; x64) AppleWebKit/537.36 (KHTML, like Gecko) Chrome/124.0.6367.207 Safari/537.36"
178.128.86.151 - - [13/Oct/2025:04:33:43 +0700] "POST /wp-cron.php?doing_wp_cron=1760304823.6641969680786132812500 HTTP/1.1" 200 31 "-" "WordPress/6.7.2; https://dailytaxconsulting.com"
104.239.41.72 - - [13/Oct/2025:04:33:45 +0700] "GET /wp-admin/theme-editor.php?file=assets%2Fjs%2Fminified%2Ffrontend.min.js&theme=astra HTTP/1.1" 200 63848 "-" "Mozilla/5.0 (Windows NT 10.0; Win64; x64) AppleWebKit/537.36 (KHTML, like Gecko) Chrome/124.0.6367.207 Safari/537.36"
104.239.41.72 - - [13/Oct/2025:04:33:50 +0700] "POST /wp-admin/admin-ajax.php HTTP/1.1" 200 89 "https://dailytaxconsulting.com/wp-admin/admin-ajax.php" "Mozilla/5.0 (Windows NT 10.0; Win64; x64) AppleWebKit/537.36 (KHTML, like Gecko) Chrome/124.0.6367.207 Safari/537.36"
104.239.41.72 - - [13/Oct/2025:04:33:57 +0700] "GET /wp-admin/plugin-editor.php?file=essential-addons-for-elementor-lite%2Fassets%2Ffront-end%2Fjs%2Fview%2Fgeneral.min.js&plugin=essential-addons-for-elementor-lite%2Fessential-addons-for-elementor-lite.php HTTP/1.1" 200 64727 "-" "Mozilla/5.0 (Windows NT 10.0; Win64; x64) AppleWebKit/537.36 (KHTML, like Gecko) Chrome/124.0.6367.207 Safari/537.36"
178.128.86.151 - - [13/Oct/2025:04:34:03 +0700] "POST /wp-cron.php?doing_wp_cron=1760304843.6575150489807128906250 HTTP/1.1" 200 31 "-" "WordPress/6.7.2; https://dailytaxconsulting.com"
104.239.41.72 - - [13/Oct/2025:04:34:04 +0700] "POST /wp-admin/admin-ajax.php HTTP/1.1" 200 89 "https://dailytaxconsulting.com/wp-admin/admin-ajax.php" "Mozilla/5.0 (Windows NT 10.0; Win64; x64) AppleWebKit/537.36 (KHTML, like Gecko) Chrome/124.0.6367.207 Safari/537.36"
178.128.86.151 - - [13/Oct/2025:04:34:06 +0700] "POST /wp-admin/admin-ajax.php?action=async_litespeed&nonce=4MKcTL9DYoAVDogZdIDVKU4kFNzXHHrG&litespeed_type=imgoptm HTTP/1.1" 499 0 "-" "WordPress/6.7.2; https://dailytaxconsulting.com"
104.239.41.72 - - [13/Oct/2025:04:34:13 +0700] "GET /wp-admin/plugin-editor.php?file=bdthemes-element-pack-lite%2Fassets%2Fjs%2Fbdt-uikit.min.js&plugin=bdthemes-element-pack-lite%2Fbdthemes-element-pack-lite.php HTTP/1.1" 200 117132 "-" "Mozilla/5.0 (Windows NT 10.0; Win64; x64) AppleWebKit/537.36 (KHTML, like Gecko) Chrome/124.0.6367.207 Safari/537.36"
104.239.41.72 - - [13/Oct/2025:04:34:24 +0700] "POST /wp-admin/admin-ajax.php HTTP/1.1" 200 89 "https://dailytaxconsulting.com/wp-admin/admin-ajax.php" "Mozilla/5.0 (Windows NT 10.0; Win64; x64) AppleWebKit/537.36 (KHTML, like Gecko) Chrome/124.0.6367.207 Safari/537.36"
104.239.41.72 - - [13/Oct/2025:04:34:33 +0700] "GET /wp-admin/plugin-editor.php?file=elementor%2Fassets%2Fjs%2Ffrontend.min.js&plugin=elementor%2Felementor.php HTTP/1.1" 200 93493 "-" "Mozilla/5.0 (Windows NT 10.0; Win64; x64) AppleWebKit/537.36 (KHTML, like Gecko) Chrome/124.0.6367.207 Safari/537.36"
178.128.86.151 - - [13/Oct/2025:04:34:41 +0700] "POST /wp-cron.php?doing_wp_cron=1760304881.0138170719146728515625 HTTP/1.1" 200 31 "-" "WordPress/6.7.2; https://dailytaxconsulting.com"
104.239.41.72 - - [13/Oct/2025:04:34:41 +0700] "POST /wp-admin/admin-ajax.php HTTP/1.1" 200 89 "https://dailytaxconsulting.com/wp-admin/admin-ajax.php" "Mozilla/5.0 (Windows NT 10.0; Win64; x64) AppleWebKit/537.36 (KHTML, like Gecko) Chrome/124.0.6367.207 Safari/537.36"
104.239.41.72 - - [13/Oct/2025:04:34:51 +0700] "GET /wp-admin/plugin-editor.php?file=bdthemes-element-pack-lite%2Fassets%2Fjs%2Fmodules%2Fep-static-carousel.min.js&plugin=bdthemes-element-pack-lite%2Fbdthemes-element-pack-lite.php HTTP/1.1" 200 63991 "-" "Mozilla/5.0 (Windows NT 10.0; Win64; x64) AppleWebKit/537.36 (KHTML, like Gecko) Chrome/124.0.6367.207 Safari/537.36"
104.239.41.72 - - [13/Oct/2025:04:34:58 +0700] "POST /wp-admin/admin-ajax.php HTTP/1.1" 200 89 "https://dailytaxconsulting.com/wp-admin/admin-ajax.php" "Mozilla/5.0 (Windows NT 10.0; Win64; x64) AppleWebKit/537.36 (KHTML, like Gecko) Chrome/124.0.6367.207 Safari/537.36"
178.128.86.151 - - [13/Oct/2025:04:35:04 +0700] "POST /wp-cron.php?doing_wp_cron=1760304904.5483770370483398437500 HTTP/1.1" 200 31 "-" "WordPress/6.7.2; https://dailytaxconsulting.com"
104.239.41.72 - - [13/Oct/2025:04:35:05 +0700] "GET /wp-admin/plugin-editor.php?file=google-language-translator%2Fjs%2Fscripts.js&plugin=google-language-translator%2Fgoogle-language-translator.php HTTP/1.1" 200 51489 "-" "Mozilla/5.0 (Windows NT 10.0; Win64; x64) AppleWebKit/537.36 (KHTML, like Gecko) Chrome/124.0.6367.207 Safari/537.36"
178.128.86.151 - - [13/Oct/2025:04:35:07 +0700] "POST /wp-admin/admin-ajax.php?action=async_litespeed&nonce=ziAdAqF6bddqCawAgOkMbKy16GB1xpiS&litespeed_type=imgoptm HTTP/1.1" 499 0 "-" "WordPress/6.7.2; https://dailytaxconsulting.com"
104.239.41.72 - - [13/Oct/2025:04:35:10 +0700] "POST /wp-admin/admin-ajax.php HTTP/1.1" 200 89 "https://dailytaxconsulting.com/wp-admin/admin-ajax.php" "Mozilla/5.0 (Windows NT 10.0; Win64; x64) AppleWebKit/537.36 (KHTML, like Gecko) Chrome/124.0.6367.207 Safari/537.36"
104.239.41.72 - - [13/Oct/2025:04:35:17 +0700] "GET /wp-admin/plugin-editor.php?file=elementor%2Fassets%2Fjs%2Ffrontend-modules.min.js&plugin=elementor%2Felementor.php HTTP/1.1" 200 95145 "-" "Mozilla/5.0 (Windows NT 10.0; Win64; x64) AppleWebKit/537.36 (KHTML, like Gecko) Chrome/124.0.6367.207 Safari/537.36"
104.239.41.72 - - [13/Oct/2025:04:35:23 +0700] "POST /wp-admin/admin-ajax.php HTTP/1.1" 200 89 "https://dailytaxconsulting.com/wp-admin/admin-ajax.php" "Mozilla/5.0 (Windows NT 10.0; Win64; x64) AppleWebKit/537.36 (KHTML, like Gecko) Chrome/124.0.6367.207 Safari/537.36"
208.110.64.178 - - [13/Oct/2025:04:35:28 +0700] "GET /wp-includes/install.php HTTP/1.1" 404 27 "https://dailytaxconsulting.com/wp-includes/install.php" "Mozilla/5.0 (Windows NT 10.0; Win64; x64) AppleWebKit/537.36 (KHTML, like Gecko) Chrome/58.0.3029.110 Safari/537.3"
104.239.41.72 - - [13/Oct/2025:04:35:33 +0700] "GET /wp-admin/plugin-editor.php?file=elementor%2Fassets%2Fjs%2Fwebpack.runtime.min.js&plugin=elementor%2Felementor.php HTTP/1.1" 200 81737 "-" "Mozilla/5.0 (Windows NT 10.0; Win64; x64) AppleWebKit/537.36 (KHTML, like Gecko) Chrome/124.0.6367.207 Safari/537.36"
104.239.41.72 - - [13/Oct/2025:04:35:39 +0700] "POST /wp-admin/admin-ajax.php HTTP/1.1" 200 89 "https://dailytaxconsulting.com/wp-admin/admin-ajax.php" "Mozilla/5.0 (Windows NT 10.0; Win64; x64) AppleWebKit/537.36 (KHTML, like Gecko) Chrome/124.0.6367.207 Safari/537.36"
