File: //var/log/nginx/bydslipi-error.log
2025/10/12 12:19:45 [error] 867363#867363: *3071088 FastCGI sent in stderr: "Primary script unknown" while reading response header from upstream, client: 172.69.166.125, server: bydslipi.com, request: "GET /wordpress/wp-admin/setup-config.php?step=1&language=en_GB HTTP/1.1", upstream: "fastcgi://unix:/var/run/php-bydslipi.sock:", host: "bydslipi.com"
2025/10/12 12:19:45 [error] 867363#867363: *3071097 FastCGI sent in stderr: "Primary script unknown" while reading response header from upstream, client: 162.158.88.84, server: bydslipi.com, request: "GET /wordpress/wp-admin/install.php?step=1&language=en_GB HTTP/1.1", upstream: "fastcgi://unix:/var/run/php-bydslipi.sock:", host: "bydslipi.com"
2025/10/12 12:19:45 [error] 867363#867363: *3071099 FastCGI sent in stderr: "Primary script unknown" while reading response header from upstream, client: 162.158.108.161, server: bydslipi.com, request: "GET /wp/wp-admin/setup-config.php?step=1&language=en_GB HTTP/1.1", upstream: "fastcgi://unix:/var/run/php-bydslipi.sock:", host: "bydslipi.com"
2025/10/12 12:19:45 [error] 867364#867364: *3071102 FastCGI sent in stderr: "Primary script unknown" while reading response header from upstream, client: 172.70.188.161, server: bydslipi.com, request: "GET /wp/wp-admin/install.php?step=1&language=en_GB HTTP/1.1", upstream: "fastcgi://unix:/var/run/php-bydslipi.sock:", host: "bydslipi.com"
2025/10/12 12:19:45 [error] 867364#867364: *3071104 FastCGI sent in stderr: "Primary script unknown" while reading response header from upstream, client: 104.23.176.8, server: bydslipi.com, request: "GET /new/wp-admin/setup-config.php?step=1&language=en_GB HTTP/1.1", upstream: "fastcgi://unix:/var/run/php-bydslipi.sock:", host: "bydslipi.com"
2025/10/12 12:19:46 [error] 867363#867363: *3071097 FastCGI sent in stderr: "Primary script unknown" while reading response header from upstream, client: 162.158.88.84, server: bydslipi.com, request: "GET /new/wp-admin/install.php?step=1&language=en_GB HTTP/1.1", upstream: "fastcgi://unix:/var/run/php-bydslipi.sock:", host: "bydslipi.com"
2025/10/12 12:19:46 [error] 867364#867364: *3071107 FastCGI sent in stderr: "Primary script unknown" while reading response header from upstream, client: 162.158.162.37, server: bydslipi.com, request: "GET /old/wp-admin/setup-config.php?step=1&language=en_GB HTTP/1.1", upstream: "fastcgi://unix:/var/run/php-bydslipi.sock:", host: "bydslipi.com"
2025/10/12 12:19:46 [error] 867364#867364: *3071107 FastCGI sent in stderr: "Primary script unknown" while reading response header from upstream, client: 162.158.162.37, server: bydslipi.com, request: "GET /old/wp-admin/install.php?step=1&language=en_GB HTTP/1.1", upstream: "fastcgi://unix:/var/run/php-bydslipi.sock:", host: "bydslipi.com"
2025/10/12 12:19:46 [error] 867364#867364: *3071104 FastCGI sent in stderr: "Primary script unknown" while reading response header from upstream, client: 104.23.176.8, server: bydslipi.com, request: "GET /blog/wp-admin/setup-config.php?step=1&language=en_GB HTTP/1.1", upstream: "fastcgi://unix:/var/run/php-bydslipi.sock:", host: "bydslipi.com"
2025/10/12 12:19:46 [error] 867364#867364: *3071113 FastCGI sent in stderr: "Primary script unknown" while reading response header from upstream, client: 172.70.208.166, server: bydslipi.com, request: "GET /blog/wp-admin/install.php?step=1&language=en_GB HTTP/1.1", upstream: "fastcgi://unix:/var/run/php-bydslipi.sock:", host: "bydslipi.com"
2025/10/12 12:19:47 [error] 867363#867363: *3071099 FastCGI sent in stderr: "Primary script unknown" while reading response header from upstream, client: 162.158.108.161, server: bydslipi.com, request: "GET /test/wp-admin/setup-config.php?step=1&language=en_GB HTTP/1.1", upstream: "fastcgi://unix:/var/run/php-bydslipi.sock:", host: "bydslipi.com"
2025/10/12 12:19:48 [error] 867364#867364: *3071119 FastCGI sent in stderr: "Primary script unknown" while reading response header from upstream, client: 172.70.147.160, server: bydslipi.com, request: "GET /test/wp-admin/install.php?step=1&language=en_GB HTTP/1.1", upstream: "fastcgi://unix:/var/run/php-bydslipi.sock:", host: "bydslipi.com"
2025/10/12 12:19:48 [error] 867364#867364: *3071121 FastCGI sent in stderr: "Primary script unknown" while reading response header from upstream, client: 104.23.175.244, server: bydslipi.com, request: "GET /shop/wp-admin/setup-config.php?step=1&language=en_GB HTTP/1.1", upstream: "fastcgi://unix:/var/run/php-bydslipi.sock:", host: "bydslipi.com"
2025/10/12 12:19:48 [error] 867364#867364: *3071123 FastCGI sent in stderr: "Primary script unknown" while reading response header from upstream, client: 162.158.170.76, server: bydslipi.com, request: "GET /shop/wp-admin/install.php?step=1&language=en_GB HTTP/1.1", upstream: "fastcgi://unix:/var/run/php-bydslipi.sock:", host: "bydslipi.com"
2025/10/12 14:37:31 [error] 867363#867363: *3112674 FastCGI sent in stderr: "Primary script unknown" while reading response header from upstream, client: 162.158.189.157, server: bydslipi.com, request: "GET /%5C/bydslipi.com%5C/wp-admin%5C/admin-ajax.php HTTP/1.1", upstream: "fastcgi://unix:/var/run/php-bydslipi.sock:", host: "bydslipi.com"
2025/10/12 14:37:31 [error] 867363#867363: *3112677 FastCGI sent in stderr: "PHP message: PHP Warning: Undefined array key "action" in /var/www/bydslipi/wp-content/plugins/jeg-elementor-kit/class/ajax/class-ajax.php on line 110; PHP message: PHP Warning: Undefined array key "action" in /var/www/bydslipi/wp-content/plugins/jeg-elementor-kit/class/ajax/class-ajax.php on line 131" while reading response header from upstream, client: 172.70.93.108, server: bydslipi.com, request: "GET /?jkit-ajax-request=jkit_elements HTTP/1.1", upstream: "fastcgi://unix:/var/run/php-bydslipi.sock:", host: "bydslipi.com"
2025/10/12 14:37:38 [error] 867363#867363: *3112674 FastCGI sent in stderr: "Primary script unknown" while reading response header from upstream, client: 162.158.189.157, server: bydslipi.com, request: "GET /%5C/bydslipi.com%5C/wp-admin%5C/authorize-application.php HTTP/1.1", upstream: "fastcgi://unix:/var/run/php-bydslipi.sock:", host: "bydslipi.com"
2025/10/12 18:46:18 [error] 1007981#1007981: *3202924 directory index of "/var/www/bydslipi/wp-content/uploads/" is forbidden, client: 104.23.176.8, server: bydslipi.com, request: "GET /wp-content/uploads/ HTTP/1.1", host: "bydslipi.com"
2025/10/12 18:46:18 [error] 1007981#1007981: *3202924 directory index of "/var/www/bydslipi/wp-includes/" is forbidden, client: 104.23.176.8, server: bydslipi.com, request: "GET /wp-includes/ HTTP/1.1", host: "bydslipi.com"
2025/10/12 18:46:19 [error] 1007981#1007981: *3202939 directory index of "/var/www/bydslipi/wp-includes/css/" is forbidden, client: 172.70.142.162, server: bydslipi.com, request: "GET /wp-includes/css/ HTTP/1.1", host: "bydslipi.com"
2025/10/12 18:46:19 [error] 1007981#1007981: *3202949 directory index of "/var/www/bydslipi/wp-includes/ID3/" is forbidden, client: 162.158.189.156, server: bydslipi.com, request: "GET /wp-includes/ID3/ HTTP/1.1", host: "bydslipi.com"
2025/10/12 18:46:20 [error] 1007981#1007981: *3202962 directory index of "/var/www/bydslipi/wp-includes/IXR/" is forbidden, client: 172.71.81.217, server: bydslipi.com, request: "GET /wp-includes/IXR/ HTTP/1.1", host: "bydslipi.com"
2025/10/12 18:46:21 [error] 1007981#1007981: *3202968 directory index of "/var/www/bydslipi/wp-includes/Requests/" is forbidden, client: 172.68.242.30, server: bydslipi.com, request: "GET /wp-includes/Requests/ HTTP/1.1", host: "bydslipi.com"
2025/10/12 18:46:21 [error] 1007980#1007980: *3202979 directory index of "/var/www/bydslipi/wp-includes/SimplePie/" is forbidden, client: 172.70.188.161, server: bydslipi.com, request: "GET /wp-includes/SimplePie/ HTTP/1.1", host: "bydslipi.com"
2025/10/12 18:46:22 [error] 1007980#1007980: *3202984 directory index of "/var/www/bydslipi/wp-includes/Text/" is forbidden, client: 172.71.124.247, server: bydslipi.com, request: "GET /wp-includes/Text/ HTTP/1.1", host: "bydslipi.com"
2025/10/12 18:46:31 [error] 1007980#1007980: *3203109 directory index of "/var/www/bydslipi/wp-includes/Text/Diff/Renderer/" is forbidden, client: 162.158.108.161, server: bydslipi.com, request: "GET /wp-includes/Text/Diff/Renderer/ HTTP/1.1", host: "bydslipi.com"
2025/10/12 18:46:32 [error] 1007980#1007980: *3202984 directory index of "/var/www/bydslipi/wp-includes/certificates/" is forbidden, client: 172.71.124.247, server: bydslipi.com, request: "GET /wp-includes/certificates/ HTTP/1.1", host: "bydslipi.com"
2025/10/12 18:46:32 [error] 1007981#1007981: *3203134 directory index of "/var/www/bydslipi/wp-includes/customize/" is forbidden, client: 172.70.142.180, server: bydslipi.com, request: "GET /wp-includes/customize/ HTTP/1.1", host: "bydslipi.com"
2025/10/12 18:46:33 [error] 1007981#1007981: *3203144 directory index of "/var/www/bydslipi/wp-includes/fonts/" is forbidden, client: 172.70.147.161, server: bydslipi.com, request: "GET /wp-includes/fonts/ HTTP/1.1", host: "bydslipi.com"
2025/10/12 18:46:34 [error] 1007981#1007981: *3203158 directory index of "/var/www/bydslipi/wp-includes/images/" is forbidden, client: 172.70.208.167, server: bydslipi.com, request: "GET /wp-includes/images/ HTTP/1.1", host: "bydslipi.com"
2025/10/12 18:46:35 [error] 1007981#1007981: *3202962 directory index of "/var/www/bydslipi/.well-known/" is forbidden, client: 172.71.81.217, server: bydslipi.com, request: "GET /.well-known/ HTTP/1.1", host: "bydslipi.com"
2025/10/12 18:46:39 [error] 1007981#1007981: *3203199 directory index of "/var/www/bydslipi/.well-known/acme-challenge/" is forbidden, client: 172.68.164.112, server: bydslipi.com, request: "GET /.well-known/acme-challenge/ HTTP/1.1", host: "bydslipi.com"
2025/10/12 18:47:28 [error] 1007980#1007980: *3203617 directory index of "/var/www/bydslipi/wp-admin/css/" is forbidden, client: 162.158.170.76, server: bydslipi.com, request: "GET /wp-admin/css/ HTTP/1.1", host: "bydslipi.com"
2025/10/12 18:47:31 [error] 1007980#1007980: *3203487 directory index of "/var/www/bydslipi/wp-admin/maint/" is forbidden, client: 172.69.165.15, server: bydslipi.com, request: "GET /wp-admin/maint/ HTTP/1.1", host: "bydslipi.com"
2025/10/12 18:47:33 [error] 1007980#1007980: *3203633 directory index of "/var/www/bydslipi/wp-includes/assets/" is forbidden, client: 108.162.227.59, server: bydslipi.com, request: "GET /wp-includes/assets/ HTTP/1.1", host: "bydslipi.com"
2025/10/12 18:47:33 [error] 1007980#1007980: *3203636 directory index of "/var/www/bydslipi/wp-includes/block-patterns/" is forbidden, client: 162.158.88.62, server: bydslipi.com, request: "GET /wp-includes/block-patterns/ HTTP/1.1", host: "bydslipi.com"
2025/10/12 18:47:34 [error] 1007980#1007980: *3203445 directory index of "/var/www/bydslipi/wp-includes/block-supports/" is forbidden, client: 162.158.88.84, server: bydslipi.com, request: "GET /wp-includes/block-supports/ HTTP/1.1", host: "bydslipi.com"
2025/10/12 18:47:34 [error] 1007981#1007981: *3203158 directory index of "/var/www/bydslipi/wp-includes/html-api/" is forbidden, client: 172.70.208.167, server: bydslipi.com, request: "GET /wp-includes/html-api/ HTTP/1.1", host: "bydslipi.com"
2025/10/12 18:47:35 [error] 1007980#1007980: *3203051 directory index of "/var/www/bydslipi/wp-includes/js/" is forbidden, client: 172.68.164.74, server: bydslipi.com, request: "GET /wp-includes/js/ HTTP/1.1", host: "bydslipi.com"
2025/10/12 18:47:35 [error] 1007980#1007980: *3203487 directory index of "/var/www/bydslipi/wp-includes/php-compat/" is forbidden, client: 172.69.165.15, server: bydslipi.com, request: "GET /wp-includes/php-compat/ HTTP/1.1", host: "bydslipi.com"
2025/10/12 18:47:36 [error] 1007980#1007980: *3203644 directory index of "/var/www/bydslipi/wp-includes/PHPMailer/" is forbidden, client: 172.70.189.82, server: bydslipi.com, request: "GET /wp-includes/PHPMailer/ HTTP/1.1", host: "bydslipi.com"
2025/10/12 18:47:37 [error] 1007980#1007980: *3203633 directory index of "/var/www/bydslipi/wp-includes/pomo/" is forbidden, client: 108.162.227.59, server: bydslipi.com, request: "GET /wp-includes/pomo/ HTTP/1.1", host: "bydslipi.com"
2025/10/12 18:47:39 [error] 1007980#1007980: *3203109 directory index of "/var/www/bydslipi/wp-includes/rest-api/" is forbidden, client: 162.158.108.161, server: bydslipi.com, request: "GET /wp-includes/rest-api/ HTTP/1.1", host: "bydslipi.com"
2025/10/12 18:47:39 [error] 1007981#1007981: *3203158 directory index of "/var/www/bydslipi/wp-includes/sitemaps/" is forbidden, client: 172.70.208.167, server: bydslipi.com, request: "GET /wp-includes/sitemaps/ HTTP/1.1", host: "bydslipi.com"
2025/10/12 18:47:40 [error] 1007980#1007980: *3202990 directory index of "/var/www/bydslipi/wp-includes/sodium_compat/" is forbidden, client: 172.69.176.130, server: bydslipi.com, request: "GET /wp-includes/sodium_compat/ HTTP/1.1", host: "bydslipi.com"
2025/10/12 18:47:40 [error] 1007981#1007981: *3202939 directory index of "/var/www/bydslipi/wp-includes/style-engine/" is forbidden, client: 172.70.142.162, server: bydslipi.com, request: "GET /wp-includes/style-engine/ HTTP/1.1", host: "bydslipi.com"
2025/10/12 18:47:41 [error] 1007981#1007981: *3203199 directory index of "/var/www/bydslipi/wp-includes/theme-compat/" is forbidden, client: 172.68.164.112, server: bydslipi.com, request: "GET /wp-includes/theme-compat/ HTTP/1.1", host: "bydslipi.com"
2025/10/12 18:47:41 [error] 1007980#1007980: *3203487 directory index of "/var/www/bydslipi/wp-includes/widgets/" is forbidden, client: 172.69.165.15, server: bydslipi.com, request: "GET /wp-includes/widgets/ HTTP/1.1", host: "bydslipi.com"
2025/10/12 18:47:42 [error] 1007981#1007981: *3203144 directory index of "/var/www/bydslipi/wp-admin/css/colors/ectoplasm/" is forbidden, client: 172.70.147.161, server: bydslipi.com, request: "GET /wp-admin/css/colors/ectoplasm/ HTTP/1.1", host: "bydslipi.com"
2025/10/12 18:47:42 [error] 1007980#1007980: *3202984 directory index of "/var/www/bydslipi/wp-admin/css/colors/" is forbidden, client: 172.71.124.247, server: bydslipi.com, request: "GET /wp-admin/css/colors/ HTTP/1.1", host: "bydslipi.com"
2025/10/12 18:48:01 [error] 1007980#1007980: *3202984 directory index of "/var/www/bydslipi/wp-admin/images/" is forbidden, client: 172.71.124.247, server: bydslipi.com, request: "GET /wp-admin/images/ HTTP/1.1", host: "bydslipi.com"
2025/10/12 18:48:17 [error] 1007980#1007980: *3203051 directory index of "/var/www/bydslipi/wp-admin/includes/" is forbidden, client: 172.68.164.74, server: bydslipi.com, request: "GET /wp-admin/includes/ HTTP/1.1", host: "bydslipi.com"
2025/10/12 18:48:18 [error] 1007981#1007981: *3203144 directory index of "/var/www/bydslipi/wp-content/upgrade/" is forbidden, client: 172.70.147.161, server: bydslipi.com, request: "GET /wp-content/upgrade/ HTTP/1.1", host: "bydslipi.com"
2025/10/12 20:10:04 [error] 1007980#1007980: *3236817 FastCGI sent in stderr: "Primary script unknown" while reading response header from upstream, client: 162.158.107.70, server: bydslipi.com, request: "GET /info.php HTTP/1.1", upstream: "fastcgi://unix:/var/run/php-bydslipi.sock:", host: "bydslipi.com"