66.249.75.2 - - [08/Jul/2025:18:19:41 +0700] "GET /infos.php?shopdetail/304382443 HTTP/1.1" 404 27 "-" "Mozilla/5.0 (Linux; Android 6.0.1; Nexus 5X Build/MMB29P) AppleWebKit/537.36 (KHTML, like Gecko) Chrome/137.0.7151.103 Mobile Safari/537.36 (compatible; Googlebot/2.1; +http://www.google.com/bot.html)"
208.110.64.178 - - [08/Jul/2025:18:20:12 +0700] "GET /wp-includes/install.php HTTP/1.1" 404 27 "https://bliteexpo.com/wp-includes/install.php" "Mozilla/5.0 (Windows NT 10.0; Win64; x64) AppleWebKit/537.36 (KHTML, like Gecko) Chrome/58.0.3029.110 Safari/537.3"
66.249.75.3 - - [08/Jul/2025:18:20:18 +0700] "GET /items/swnyo85/33941?key=alongside HTTP/1.1" 404 27 "-" "Mozilla/5.0 (Linux; Android 6.0.1; Nexus 5X Build/MMB29P) AppleWebKit/537.36 (KHTML, like Gecko) Chrome/137.0.7151.103 Mobile Safari/537.36 (compatible; Googlebot/2.1; +http://www.google.com/bot.html)"
66.249.75.3 - - [08/Jul/2025:18:21:31 +0700] "GET /items/zdctd37/34305?key=partner HTTP/1.1" 404 27 "-" "Mozilla/5.0 (Linux; Android 6.0.1; Nexus 5X Build/MMB29P) AppleWebKit/537.36 (KHTML, like Gecko) Chrome/137.0.7151.103 Mobile Safari/537.36 (compatible; Googlebot/2.1; +http://www.google.com/bot.html)"
208.110.64.178 - - [08/Jul/2025:18:22:05 +0700] "GET /wp-includes/install.php HTTP/1.1" 404 27 "https://bliteexpo.com/wp-includes/install.php" "Mozilla/5.0 (Windows NT 10.0; Win64; x64) AppleWebKit/537.36 (KHTML, like Gecko) Chrome/58.0.3029.110 Safari/537.3"
66.249.71.66 - - [08/Jul/2025:18:22:07 +0700] "GET /items/kvabs172/12708?key=refuse HTTP/1.1" 404 27 "-" "Mozilla/5.0 (Linux; Android 6.0.1; Nexus 5X Build/MMB29P) AppleWebKit/537.36 (KHTML, like Gecko) Chrome/137.0.7151.103 Mobile Safari/537.36 (compatible; Googlebot/2.1; +http://www.google.com/bot.html)"
66.249.71.65 - - [08/Jul/2025:18:22:44 +0700] "GET /items/humsg127/6321?key=recommend HTTP/1.1" 404 27 "-" "Mozilla/5.0 (Linux; Android 6.0.1; Nexus 5X Build/MMB29P) AppleWebKit/537.36 (KHTML, like Gecko) Chrome/137.0.7151.103 Mobile Safari/537.36 (compatible; Googlebot/2.1; +http://www.google.com/bot.html)"
66.249.71.64 - - [08/Jul/2025:18:23:21 +0700] "GET /items/onovd195/18193?key=republic HTTP/1.1" 404 27 "-" "Mozilla/5.0 (Linux; Android 6.0.1; Nexus 5X Build/MMB29P) AppleWebKit/537.36 (KHTML, like Gecko) Chrome/137.0.7151.103 Mobile Safari/537.36 (compatible; Googlebot/2.1; +http://www.google.com/bot.html)"
66.249.71.64 - - [08/Jul/2025:18:23:57 +0700] "GET /product/airport63?c=g&l=2640 HTTP/1.1" 404 27 "-" "Mozilla/5.0 (Linux; Android 6.0.1; Nexus 5X Build/MMB29P) AppleWebKit/537.36 (KHTML, like Gecko) Chrome/137.0.7151.103 Mobile Safari/537.36 (compatible; Googlebot/2.1; +http://www.google.com/bot.html)"
66.249.71.65 - - [08/Jul/2025:18:23:59 +0700] "GET /pages.php?items/086001868.html?srsltid=AfmBOowcxqaJLNTyROPsOknHQzKaCwnjx6Sp1WhaBzV4VgEErKY3 HTTP/1.1" 404 27 "-" "Mozilla/5.0 (Linux; Android 6.0.1; Nexus 5X Build/MMB29P) AppleWebKit/537.36 (KHTML, like Gecko) Chrome/137.0.7151.103 Mobile Safari/537.36 (compatible; Googlebot/2.1; +http://www.google.com/bot.html)"
66.249.75.1 - - [08/Jul/2025:18:24:01 +0700] "GET /wp-includes/search.php?mirror/mine64/wwit5-39827/ HTTP/1.1" 404 27 "-" "Mozilla/5.0 (Linux; Android 6.0.1; Nexus 5X Build/MMB29P) AppleWebKit/537.36 (KHTML, like Gecko) Chrome/137.0.7151.103 Mobile Safari/537.36 (compatible; Googlebot/2.1; +http://www.google.com/bot.html)"
66.249.75.1 - - [08/Jul/2025:18:24:43 +0700] "GET /wp-includes/search.php?critical/reportedly86/4cl5i-24651/ HTTP/1.1" 404 27 "-" "Mozilla/5.0 (Linux; Android 6.0.1; Nexus 5X Build/MMB29P) AppleWebKit/537.36 (KHTML, like Gecko) Chrome/137.0.7151.103 Mobile Safari/537.36 (compatible; Googlebot/2.1; +http://www.google.com/bot.html)"
66.249.71.66 - - [08/Jul/2025:18:25:28 +0700] "GET /pages.php?items/135020527.html?srsltid=AfmBOokmbBGgwVbmecGEKtiRFifUMEGupbpjvDbKv65LtzYV7bXs HTTP/1.1" 404 27 "-" "Mozilla/5.0 (Linux; Android 6.0.1; Nexus 5X Build/MMB29P) AppleWebKit/537.36 (KHTML, like Gecko) Chrome/137.0.7151.103 Mobile Safari/537.36 (compatible; Googlebot/2.1; +http://www.google.com/bot.html)"
66.249.75.3 - - [08/Jul/2025:18:26:14 +0700] "GET /items/xuwkf13/31909?key=forest HTTP/1.1" 404 27 "-" "Mozilla/5.0 (Linux; Android 6.0.1; Nexus 5X Build/MMB29P) AppleWebKit/537.36 (KHTML, like Gecko) Chrome/137.0.7151.103 Mobile Safari/537.36 (compatible; Googlebot/2.1; +http://www.google.com/bot.html)"
66.249.71.64 - - [08/Jul/2025:18:26:59 +0700] "GET /wp-includes/search.php?item/u57/36829/ HTTP/1.1" 404 27 "-" "Mozilla/5.0 (Linux; Android 6.0.1; Nexus 5X Build/MMB29P) AppleWebKit/537.36 (KHTML, like Gecko) Chrome/137.0.7151.103 Mobile Safari/537.36 (compatible; Googlebot/2.1; +http://www.google.com/bot.html)"
66.249.75.1 - - [08/Jul/2025:18:27:45 +0700] "GET /items/uvthh173/23257?key=drag HTTP/1.1" 404 27 "-" "Mozilla/5.0 (Linux; Android 6.0.1; Nexus 5X Build/MMB29P) AppleWebKit/537.36 (KHTML, like Gecko) Chrome/137.0.7151.103 Mobile Safari/537.36 (compatible; Googlebot/2.1; +http://www.google.com/bot.html)"
66.249.71.64 - - [08/Jul/2025:18:27:46 +0700] "GET /product/tool28?c=g&l=861 HTTP/1.1" 404 27 "-" "Mozilla/5.0 (Linux; Android 6.0.1; Nexus 5X Build/MMB29P) AppleWebKit/537.36 (KHTML, like Gecko) Chrome/137.0.7151.103 Mobile Safari/537.36 (compatible; Googlebot/2.1; +http://www.google.com/bot.html)"
66.249.75.3 - - [08/Jul/2025:18:28:48 +0700] "GET /items/zosah198/17378?key=scare HTTP/1.1" 404 27 "-" "Mozilla/5.0 (Linux; Android 6.0.1; Nexus 5X Build/MMB29P) AppleWebKit/537.36 (KHTML, like Gecko) Chrome/137.0.7151.103 Mobile Safari/537.36 (compatible; Googlebot/2.1; +http://www.google.com/bot.html)"
66.249.75.2 - - [08/Jul/2025:18:29:25 +0700] "GET /items/hebut178/24972?key=membership HTTP/1.1" 404 27 "-" "Mozilla/5.0 (Linux; Android 6.0.1; Nexus 5X Build/MMB29P) AppleWebKit/537.36 (KHTML, like Gecko) Chrome/137.0.7151.103 Mobile Safari/537.36 (compatible; Googlebot/2.1; +http://www.google.com/bot.html)"
66.249.75.2 - - [08/Jul/2025:18:29:26 +0700] "GET /wp-includes/search.php?salary/matter105/mty1d-33418/ HTTP/1.1" 404 27 "-" "Mozilla/5.0 (Linux; Android 6.0.1; Nexus 5X Build/MMB29P) AppleWebKit/537.36 (KHTML, like Gecko) Chrome/137.0.7151.103 Mobile Safari/537.36 (compatible; Googlebot/2.1; +http://www.google.com/bot.html)"
66.249.75.2 - - [08/Jul/2025:18:30:03 +0700] "GET /items/cbmcd77/1641?key=occur HTTP/1.1" 404 27 "-" "Mozilla/5.0 (Linux; Android 6.0.1; Nexus 5X Build/MMB29P) AppleWebKit/537.36 (KHTML, like Gecko) Chrome/137.0.7151.103 Mobile Safari/537.36 (compatible; Googlebot/2.1; +http://www.google.com/bot.html)"
66.249.75.1 - - [08/Jul/2025:18:31:16 +0700] "GET /pages.php?items/016043336.html?srsltid=AfmBOorunjVMHpJRLglC80eVTKbSBxFtXrNYBqjCVqPO5ZwKAnEB HTTP/1.1" 404 27 "-" "Mozilla/5.0 (Linux; Android 6.0.1; Nexus 5X Build/MMB29P) AppleWebKit/537.36 (KHTML, like Gecko) Chrome/137.0.7151.103 Mobile Safari/537.36 (compatible; Googlebot/2.1; +http://www.google.com/bot.html)"
66.249.71.65 - - [08/Jul/2025:18:31:55 +0700] "GET /pages.php?item/u34/42073/ HTTP/1.1" 404 27 "-" "Mozilla/5.0 (Linux; Android 6.0.1; Nexus 5X Build/MMB29P) AppleWebKit/537.36 (KHTML, like Gecko) Chrome/137.0.7151.103 Mobile Safari/537.36 (compatible; Googlebot/2.1; +http://www.google.com/bot.html)"
66.249.75.2 - - [08/Jul/2025:18:32:31 +0700] "GET /pages.php?items/199000549.html?srsltid=AfmBOoalryDcKgaqfbCOz7iIUwKhXSnmd213wUxaEKsecBFG55QH HTTP/1.1" 404 27 "-" "Mozilla/5.0 (Linux; Android 6.0.1; Nexus 5X Build/MMB29P) AppleWebKit/537.36 (KHTML, like Gecko) Chrome/137.0.7151.103 Mobile Safari/537.36 (compatible; Googlebot/2.1; +http://www.google.com/bot.html)"
66.249.75.3 - - [08/Jul/2025:18:33:08 +0700] "GET /wp-includes/search.php?item/u78/36154/ HTTP/1.1" 404 27 "-" "Mozilla/5.0 (Linux; Android 6.0.1; Nexus 5X Build/MMB29P) AppleWebKit/537.36 (KHTML, like Gecko) Chrome/137.0.7151.103 Mobile Safari/537.36 (compatible; Googlebot/2.1; +http://www.google.com/bot.html)"
66.249.75.1 - - [08/Jul/2025:18:34:21 +0700] "GET /items/esqkz77/423?key=dinner HTTP/1.1" 404 27 "-" "Mozilla/5.0 (Linux; Android 6.0.1; Nexus 5X Build/MMB29P) AppleWebKit/537.36 (KHTML, like Gecko) Chrome/137.0.7151.103 Mobile Safari/537.36 (compatible; Googlebot/2.1; +http://www.google.com/bot.html)"
66.249.75.2 - - [08/Jul/2025:18:34:23 +0700] "GET /pages.php?item/u54/42751/ HTTP/1.1" 404 27 "-" "Mozilla/5.0 (Linux; Android 6.0.1; Nexus 5X Build/MMB29P) AppleWebKit/537.36 (KHTML, like Gecko) Chrome/137.0.7151.103 Mobile Safari/537.36 (compatible; Googlebot/2.1; +http://www.google.com/bot.html)"
66.249.71.65 - - [08/Jul/2025:18:34:25 +0700] "GET /wp-includes/search.php?item/u158/38268/ HTTP/1.1" 404 27 "-" "Mozilla/5.0 (Linux; Android 6.0.1; Nexus 5X Build/MMB29P) AppleWebKit/537.36 (KHTML, like Gecko) Chrome/137.0.7151.103 Mobile Safari/537.36 (compatible; Googlebot/2.1; +http://www.google.com/bot.html)"
66.249.75.1 - - [08/Jul/2025:18:34:27 +0700] "GET /infos.php?shopdetail/263918743 HTTP/1.1" 404 27 "-" "Mozilla/5.0 (Linux; Android 6.0.1; Nexus 5X Build/MMB29P) AppleWebKit/537.36 (KHTML, like Gecko) Chrome/137.0.7151.103 Mobile Safari/537.36 (compatible; Googlebot/2.1; +http://www.google.com/bot.html)"
66.249.75.2 - - [08/Jul/2025:18:35:03 +0700] "GET /pages.php?items/115044725.html?srsltid=AfmBOobzrzWQczffqjGPPfumZJjwwVBWafA9ME3yCRlykU9yyTkn HTTP/1.1" 404 27 "-" "Mozilla/5.0 (Linux; Android 6.0.1; Nexus 5X Build/MMB29P) AppleWebKit/537.36 (KHTML, like Gecko) Chrome/137.0.7151.103 Mobile Safari/537.36 (compatible; Googlebot/2.1; +http://www.google.com/bot.html)"
66.249.75.2 - - [08/Jul/2025:18:35:39 +0700] "GET /pages.php?item/u155/18758/ HTTP/1.1" 404 27 "-" "Mozilla/5.0 (Linux; Android 6.0.1; Nexus 5X Build/MMB29P) AppleWebKit/537.36 (KHTML, like Gecko) Chrome/137.0.7151.103 Mobile Safari/537.36 (compatible; Googlebot/2.1; +http://www.google.com/bot.html)"
66.249.75.1 - - [08/Jul/2025:18:36:16 +0700] "GET /pages.php?items/011015627.html?srsltid=AfmBOopkgmbTOBuKfEcFxxMXNaidInlJDHtZQ5CBK2NVazr19g3f HTTP/1.1" 404 27 "-" "Mozilla/5.0 (Linux; Android 6.0.1; Nexus 5X Build/MMB29P) AppleWebKit/537.36 (KHTML, like Gecko) Chrome/137.0.7151.103 Mobile Safari/537.36 (compatible; Googlebot/2.1; +http://www.google.com/bot.html)"
114.117.233.112 - - [08/Jul/2025:18:36:28 +0700] "GET / HTTP/1.1" 404 27 "http://bliteexpo.com" "Mozilla/5.0 (iPhone; CPU iPhone OS 13_2_3 like Mac OS X) AppleWebKit/605.1.15 (KHTML, like Gecko) Version/13.0.3 Mobile/15E148 Safari/604.1"
66.249.75.1 - - [08/Jul/2025:18:36:55 +0700] "GET /pages.php?item/u128/11783/ HTTP/1.1" 404 27 "-" "Mozilla/5.0 (Linux; Android 6.0.1; Nexus 5X Build/MMB29P) AppleWebKit/537.36 (KHTML, like Gecko) Chrome/137.0.7151.103 Mobile Safari/537.36 (compatible; Googlebot/2.1; +http://www.google.com/bot.html)"
66.249.75.2 - - [08/Jul/2025:18:36:57 +0700] "GET /29621442872.html HTTP/1.1" 404 27 "-" "Mozilla/5.0 (Linux; Android 6.0.1; Nexus 5X Build/MMB29P) AppleWebKit/537.36 (KHTML, like Gecko) Chrome/137.0.7151.103 Mobile Safari/537.36 (compatible; Googlebot/2.1; +http://www.google.com/bot.html)"
66.249.71.65 - - [08/Jul/2025:18:37:38 +0700] "GET /pages.php?item/u197/20020/ HTTP/1.1" 404 27 "-" "Mozilla/5.0 (Linux; Android 6.0.1; Nexus 5X Build/MMB29P) AppleWebKit/537.36 (KHTML, like Gecko) Chrome/137.0.7151.103 Mobile Safari/537.36 (compatible; Googlebot/2.1; +http://www.google.com/bot.html)"
208.110.64.178 - - [08/Jul/2025:18:38:18 +0700] "GET /wp-includes/install.php HTTP/1.1" 404 27 "https://bliteexpo.com/wp-includes/install.php" "Mozilla/5.0 (Windows NT 10.0; Win64; x64) AppleWebKit/537.36 (KHTML, like Gecko) Chrome/58.0.3029.110 Safari/537.3"
66.249.75.1 - - [08/Jul/2025:18:39:00 +0700] "GET /wp-includes/search.php?item/u132/6332/ HTTP/1.1" 404 27 "-" "Mozilla/5.0 (Linux; Android 6.0.1; Nexus 5X Build/MMB29P) AppleWebKit/537.36 (KHTML, like Gecko) Chrome/137.0.7151.103 Mobile Safari/537.36 (compatible; Googlebot/2.1; +http://www.google.com/bot.html)"
66.249.75.1 - - [08/Jul/2025:18:39:36 +0700] "GET /items/cnjcy23/2837?key=desire HTTP/1.1" 404 27 "-" "Mozilla/5.0 (Linux; Android 6.0.1; Nexus 5X Build/MMB29P) AppleWebKit/537.36 (KHTML, like Gecko) Chrome/137.0.7151.103 Mobile Safari/537.36 (compatible; Googlebot/2.1; +http://www.google.com/bot.html)"
66.249.75.1 - - [08/Jul/2025:18:39:38 +0700] "GET /items/cebep122/34560?key=ticket HTTP/1.1" 404 27 "-" "Mozilla/5.0 (Linux; Android 6.0.1; Nexus 5X Build/MMB29P) AppleWebKit/537.36 (KHTML, like Gecko) Chrome/137.0.7151.103 Mobile Safari/537.36 (compatible; Googlebot/2.1; +http://www.google.com/bot.html)"
66.249.75.1 - - [08/Jul/2025:18:39:40 +0700] "GET /wp-includes/search.php?group/twist20/8mgmk-34417/ HTTP/1.1" 404 27 "-" "Mozilla/5.0 (Linux; Android 6.0.1; Nexus 5X Build/MMB29P) AppleWebKit/537.36 (KHTML, like Gecko) Chrome/137.0.7151.103 Mobile Safari/537.36 (compatible; Googlebot/2.1; +http://www.google.com/bot.html)"
66.249.71.65 - - [08/Jul/2025:18:40:16 +0700] "GET /items/zngbm126/22828?key=listen HTTP/1.1" 404 27 "-" "Mozilla/5.0 (Linux; Android 6.0.1; Nexus 5X Build/MMB29P) AppleWebKit/537.36 (KHTML, like Gecko) Chrome/137.0.7151.103 Mobile Safari/537.36 (compatible; Googlebot/2.1; +http://www.google.com/bot.html)"
66.249.75.1 - - [08/Jul/2025:18:40:53 +0700] "GET /29631662187.html HTTP/1.1" 404 27 "-" "Mozilla/5.0 (Linux; Android 6.0.1; Nexus 5X Build/MMB29P) AppleWebKit/537.36 (KHTML, like Gecko) Chrome/137.0.7151.103 Mobile Safari/537.36 (compatible; Googlebot/2.1; +http://www.google.com/bot.html)"
66.249.75.1 - - [08/Jul/2025:18:41:30 +0700] "GET /items/vocif163/32109?key=evident HTTP/1.1" 404 27 "-" "Mozilla/5.0 (Linux; Android 6.0.1; Nexus 5X Build/MMB29P) AppleWebKit/537.36 (KHTML, like Gecko) Chrome/137.0.7151.103 Mobile Safari/537.36 (compatible; Googlebot/2.1; +http://www.google.com/bot.html)"
66.249.75.1 - - [08/Jul/2025:18:41:32 +0700] "GET /wp-includes/search.php?turkey/argument1/toguj-25774/ HTTP/1.1" 404 27 "-" "Mozilla/5.0 (Linux; Android 6.0.1; Nexus 5X Build/MMB29P) AppleWebKit/537.36 (KHTML, like Gecko) Chrome/137.0.7151.103 Mobile Safari/537.36 (compatible; Googlebot/2.1; +http://www.google.com/bot.html)"
66.249.71.65 - - [08/Jul/2025:18:42:11 +0700] "GET /items/comot27/44141?key=mood HTTP/1.1" 404 27 "-" "Mozilla/5.0 (Linux; Android 6.0.1; Nexus 5X Build/MMB29P) AppleWebKit/537.36 (KHTML, like Gecko) Chrome/137.0.7151.103 Mobile Safari/537.36 (compatible; Googlebot/2.1; +http://www.google.com/bot.html)"
66.249.71.65 - - [08/Jul/2025:18:42:57 +0700] "GET /pages.php?items/059040863.html?srsltid=AfmBOofkynrcvOFKjkkJtOeOPISYzMHH9PnnK3165rnSLUA6dzka HTTP/1.1" 404 27 "-" "Mozilla/5.0 (Linux; Android 6.0.1; Nexus 5X Build/MMB29P) AppleWebKit/537.36 (KHTML, like Gecko) Chrome/137.0.7151.103 Mobile Safari/537.36 (compatible; Googlebot/2.1; +http://www.google.com/bot.html)"
66.249.75.1 - - [08/Jul/2025:18:43:43 +0700] "GET /product/patent5?c=g&l=8558 HTTP/1.1" 404 27 "-" "Mozilla/5.0 (Linux; Android 6.0.1; Nexus 5X Build/MMB29P) AppleWebKit/537.36 (KHTML, like Gecko) Chrome/137.0.7151.103 Mobile Safari/537.36 (compatible; Googlebot/2.1; +http://www.google.com/bot.html)"
66.249.71.66 - - [08/Jul/2025:18:44:28 +0700] "GET /pages.php?item/u198/47125/ HTTP/1.1" 404 27 "-" "Mozilla/5.0 (Linux; Android 6.0.1; Nexus 5X Build/MMB29P) AppleWebKit/537.36 (KHTML, like Gecko) Chrome/137.0.7151.103 Mobile Safari/537.36 (compatible; Googlebot/2.1; +http://www.google.com/bot.html)"
66.249.75.3 - - [08/Jul/2025:18:45:14 +0700] "GET /product/pressure81?c=g&l=7454 HTTP/1.1" 404 27 "-" "Mozilla/5.0 (Linux; Android 6.0.1; Nexus 5X Build/MMB29P) AppleWebKit/537.36 (KHTML, like Gecko) Chrome/137.0.7151.103 Mobile Safari/537.36 (compatible; Googlebot/2.1; +http://www.google.com/bot.html)"
66.249.71.65 - - [08/Jul/2025:18:45:59 +0700] "GET /pages.php?item/u130/45015/ HTTP/1.1" 404 27 "-" "Mozilla/5.0 (Linux; Android 6.0.1; Nexus 5X Build/MMB29P) AppleWebKit/537.36 (KHTML, like Gecko) Chrome/137.0.7151.103 Mobile Safari/537.36 (compatible; Googlebot/2.1; +http://www.google.com/bot.html)"
66.249.75.1 - - [08/Jul/2025:18:46:45 +0700] "GET /pages.php?items/112017988.html?srsltid=AfmBOoiihRjZTeKicYThjKLkCTLJBljTmRxZyfsSWmpsyVyu2Zla HTTP/1.1" 404 27 "-" "Mozilla/5.0 (Linux; Android 6.0.1; Nexus 5X Build/MMB29P) AppleWebKit/537.36 (KHTML, like Gecko) Chrome/137.0.7151.103 Mobile Safari/537.36 (compatible; Googlebot/2.1; +http://www.google.com/bot.html)"
66.249.75.3 - - [08/Jul/2025:18:47:31 +0700] "GET /items/gdido124/46596?key=culture HTTP/1.1" 404 27 "-" "Mozilla/5.0 (Linux; Android 6.0.1; Nexus 5X Build/MMB29P) AppleWebKit/537.36 (KHTML, like Gecko) Chrome/137.0.7151.103 Mobile Safari/537.36 (compatible; Googlebot/2.1; +http://www.google.com/bot.html)"
66.249.71.66 - - [08/Jul/2025:18:48:16 +0700] "GET /wp-includes/search.php?technical/competition5/n6pld-12192/ HTTP/1.1" 404 27 "-" "Mozilla/5.0 (Linux; Android 6.0.1; Nexus 5X Build/MMB29P) AppleWebKit/537.36 (KHTML, like Gecko) Chrome/137.0.7151.103 Mobile Safari/537.36 (compatible; Googlebot/2.1; +http://www.google.com/bot.html)"
66.249.75.3 - - [08/Jul/2025:18:49:02 +0700] "GET /items/riqtv29/20581?key=cousin HTTP/1.1" 404 27 "-" "Mozilla/5.0 (Linux; Android 6.0.1; Nexus 5X Build/MMB29P) AppleWebKit/537.36 (KHTML, like Gecko) Chrome/137.0.7151.103 Mobile Safari/537.36 (compatible; Googlebot/2.1; +http://www.google.com/bot.html)"
66.249.75.1 - - [08/Jul/2025:18:49:06 +0700] "GET /items/buasc152/7570?key=ribbon HTTP/1.1" 404 27 "-" "Mozilla/5.0 (Linux; Android 6.0.1; Nexus 5X Build/MMB29P) AppleWebKit/537.36 (KHTML, like Gecko) Chrome/137.0.7151.103 Mobile Safari/537.36 (compatible; Googlebot/2.1; +http://www.google.com/bot.html)"
198.204.232.2 - - [08/Jul/2025:18:49:39 +0700] "GET / HTTP/1.1" 404 27 "-" "Mozilla/5.0 (compatible; Googlebot/2.1; +http://www.google.com/bot.html)"
66.249.75.1 - - [08/Jul/2025:18:49:47 +0700] "GET /items/uqpeb21/30881?key=quote HTTP/1.1" 404 27 "-" "Mozilla/5.0 (Linux; Android 6.0.1; Nexus 5X Build/MMB29P) AppleWebKit/537.36 (KHTML, like Gecko) Chrome/137.0.7151.103 Mobile Safari/537.36 (compatible; Googlebot/2.1; +http://www.google.com/bot.html)"
66.249.71.66 - - [08/Jul/2025:18:50:33 +0700] "GET /items/ijqyw134/19114?key=assembly HTTP/1.1" 404 27 "-" "Mozilla/5.0 (Linux; Android 6.0.1; Nexus 5X Build/MMB29P) AppleWebKit/537.36 (KHTML, like Gecko) Chrome/137.0.7151.103 Mobile Safari/537.36 (compatible; Googlebot/2.1; +http://www.google.com/bot.html)"
66.249.75.3 - - [08/Jul/2025:18:51:19 +0700] "GET /pages.php?item/u139/32782/ HTTP/1.1" 404 27 "-" "Mozilla/5.0 (Linux; Android 6.0.1; Nexus 5X Build/MMB29P) AppleWebKit/537.36 (KHTML, like Gecko) Chrome/137.0.7151.103 Mobile Safari/537.36 (compatible; Googlebot/2.1; +http://www.google.com/bot.html)"
66.249.71.65 - - [08/Jul/2025:18:51:54 +0700] "GET /infos.php?shopdetail/263643643 HTTP/1.1" 404 27 "-" "Mozilla/5.0 (Linux; Android 6.0.1; Nexus 5X Build/MMB29P) AppleWebKit/537.36 (KHTML, like Gecko) Chrome/137.0.7151.103 Mobile Safari/537.36 (compatible; Googlebot/2.1; +http://www.google.com/bot.html)"
66.249.71.64 - - [08/Jul/2025:18:52:04 +0700] "GET /items/odyca21/14697?key=Christian HTTP/1.1" 404 27 "-" "Mozilla/5.0 (Linux; Android 6.0.1; Nexus 5X Build/MMB29P) AppleWebKit/537.36 (KHTML, like Gecko) Chrome/137.0.7151.103 Mobile Safari/537.36 (compatible; Googlebot/2.1; +http://www.google.com/bot.html)"
66.249.75.1 - - [08/Jul/2025:18:52:50 +0700] "GET /items/hiekj85/14807?key=immediate HTTP/1.1" 404 27 "-" "Mozilla/5.0 (Linux; Android 6.0.1; Nexus 5X Build/MMB29P) AppleWebKit/537.36 (KHTML, like Gecko) Chrome/137.0.7151.103 Mobile Safari/537.36 (compatible; Googlebot/2.1; +http://www.google.com/bot.html)"
66.249.75.3 - - [08/Jul/2025:18:53:36 +0700] "GET /wp-includes/search.php?ethics/sake32/n8e99-36483/ HTTP/1.1" 404 27 "-" "Mozilla/5.0 (Linux; Android 6.0.1; Nexus 5X Build/MMB29P) AppleWebKit/537.36 (KHTML, like Gecko) Chrome/137.0.7151.103 Mobile Safari/537.36 (compatible; Googlebot/2.1; +http://www.google.com/bot.html)"
66.249.75.2 - - [08/Jul/2025:18:54:21 +0700] "GET /pages.php?item/u131/32516/ HTTP/1.1" 404 27 "-" "Mozilla/5.0 (Linux; Android 6.0.1; Nexus 5X Build/MMB29P) AppleWebKit/537.36 (KHTML, like Gecko) Chrome/137.0.7151.103 Mobile Safari/537.36 (compatible; Googlebot/2.1; +http://www.google.com/bot.html)"
40.77.167.70 - - [08/Jul/2025:18:54:39 +0700] "GET /infos.php?shopdetail/74912943 HTTP/1.1" 404 27 "-" "Mozilla/5.0 AppleWebKit/537.36 (KHTML, like Gecko; compatible; bingbot/2.0; +http://www.bing.com/bingbot.htm) Chrome/116.0.1938.76 Safari/537.36"
66.249.75.1 - - [08/Jul/2025:18:55:19 +0700] "GET /items/jcovo162/43892?key=third HTTP/1.1" 404 27 "-" "Mozilla/5.0 (Linux; Android 6.0.1; Nexus 5X Build/MMB29P) AppleWebKit/537.36 (KHTML, like Gecko) Chrome/137.0.7151.103 Mobile Safari/537.36 (compatible; Googlebot/2.1; +http://www.google.com/bot.html)"
69.197.182.50 - - [08/Jul/2025:18:55:33 +0700] "GET /wp-includes/install.php HTTP/1.1" 404 27 "https://bliteexpo.com/wp-includes/install.php" "Mozilla/5.0 (Windows NT 10.0; Win64; x64) AppleWebKit/537.36 (KHTML, like Gecko) Chrome/58.0.3029.110 Safari/537.3"
66.249.75.1 - - [08/Jul/2025:18:55:56 +0700] "GET /pages.php?item/u140/32733/ HTTP/1.1" 404 27 "-" "Mozilla/5.0 (Linux; Android 6.0.1; Nexus 5X Build/MMB29P) AppleWebKit/537.36 (KHTML, like Gecko) Chrome/137.0.7151.103 Mobile Safari/537.36 (compatible; Googlebot/2.1; +http://www.google.com/bot.html)"
52.167.144.139 - - [08/Jul/2025:18:56:19 +0700] "GET /infos.php?shopdetail/348722143 HTTP/1.1" 404 27 "-" "Mozilla/5.0 AppleWebKit/537.36 (KHTML, like Gecko; compatible; bingbot/2.0; +http://www.bing.com/bingbot.htm) Chrome/116.0.1938.76 Safari/537.36"
66.249.71.65 - - [08/Jul/2025:18:57:08 +0700] "GET /pages.php?item/u83/14000/ HTTP/1.1" 404 27 "-" "Mozilla/5.0 (Linux; Android 6.0.1; Nexus 5X Build/MMB29P) AppleWebKit/537.36 (KHTML, like Gecko) Chrome/137.0.7151.103 Mobile Safari/537.36 (compatible; Googlebot/2.1; +http://www.google.com/bot.html)"
66.249.75.2 - - [08/Jul/2025:18:57:11 +0700] "GET /wp-includes/search.php?item/u109/17591/ HTTP/1.1" 404 27 "-" "Mozilla/5.0 (Linux; Android 6.0.1; Nexus 5X Build/MMB29P) AppleWebKit/537.36 (KHTML, like Gecko) Chrome/137.0.7151.103 Mobile Safari/537.36 (compatible; Googlebot/2.1; +http://www.google.com/bot.html)"
66.249.75.2 - - [08/Jul/2025:18:57:47 +0700] "GET /items/rawsi23/1121?key=story HTTP/1.1" 404 27 "-" "Mozilla/5.0 (Linux; Android 6.0.1; Nexus 5X Build/MMB29P) AppleWebKit/537.36 (KHTML, like Gecko) Chrome/137.0.7151.103 Mobile Safari/537.36 (compatible; Googlebot/2.1; +http://www.google.com/bot.html)"
212.118.53.218 - - [08/Jul/2025:18:58:17 +0700] "GET / HTTP/1.1" 404 27 "-" "Mozilla/5.0 (Macintosh; Intel Mac OS X 10_15_7) AppleWebKit/537.36 (KHTML, like Gecko) Chrome/133.0.0.0 Safari/537.36"
66.249.75.3 - - [08/Jul/2025:18:59:01 +0700] "GET /pages.php?item/u17/31048/ HTTP/1.1" 404 27 "-" "Mozilla/5.0 (Linux; Android 6.0.1; Nexus 5X Build/MMB29P) AppleWebKit/537.36 (KHTML, like Gecko) Chrome/137.0.7151.103 Mobile Safari/537.36 (compatible; Googlebot/2.1; +http://www.google.com/bot.html)"
66.249.75.2 - - [08/Jul/2025:18:59:38 +0700] "GET /product/activist2?c=g&l=43691 HTTP/1.1" 404 27 "-" "Mozilla/5.0 (Linux; Android 6.0.1; Nexus 5X Build/MMB29P) AppleWebKit/537.36 (KHTML, like Gecko) Chrome/137.0.7151.103 Mobile Safari/537.36 (compatible; Googlebot/2.1; +http://www.google.com/bot.html)"
66.249.75.2 - - [08/Jul/2025:18:59:39 +0700] "GET /pages.php?item/u12/41015/ HTTP/1.1" 404 27 "-" "Mozilla/5.0 (Linux; Android 6.0.1; Nexus 5X Build/MMB29P) AppleWebKit/537.36 (KHTML, like Gecko) Chrome/137.0.7151.103 Mobile Safari/537.36 (compatible; Googlebot/2.1; +http://www.google.com/bot.html)"
66.249.75.1 - - [08/Jul/2025:18:59:42 +0700] "GET /wp-includes/search.php?education/presidency109/pmzse-38410/ HTTP/1.1" 404 27 "-" "Mozilla/5.0 (Linux; Android 6.0.1; Nexus 5X Build/MMB29P) AppleWebKit/537.36 (KHTML, like Gecko) Chrome/137.0.7151.103 Mobile Safari/537.36 (compatible; Googlebot/2.1; +http://www.google.com/bot.html)"
66.249.75.3 - - [08/Jul/2025:19:00:19 +0700] "GET /pages.php?item/u93/7966/ HTTP/1.1" 404 27 "-" "Mozilla/5.0 (Linux; Android 6.0.1; Nexus 5X Build/MMB29P) AppleWebKit/537.36 (KHTML, like Gecko) Chrome/137.0.7151.103 Mobile Safari/537.36 (compatible; Googlebot/2.1; +http://www.google.com/bot.html)"
66.249.75.1 - - [08/Jul/2025:19:00:20 +0700] "GET /wp-includes/search.php?item/u128/24188/ HTTP/1.1" 404 27 "-" "Mozilla/5.0 (Linux; Android 6.0.1; Nexus 5X Build/MMB29P) AppleWebKit/537.36 (KHTML, like Gecko) Chrome/137.0.7151.103 Mobile Safari/537.36 (compatible; Googlebot/2.1; +http://www.google.com/bot.html)"
66.249.75.2 - - [08/Jul/2025:19:00:41 +0700] "GET /items/erhtk117/21427?key=path HTTP/1.1" 404 27 "-" "Mozilla/5.0 (Linux; Android 6.0.1; Nexus 5X Build/MMB29P) AppleWebKit/537.36 (KHTML, like Gecko) Chrome/137.0.7151.103 Mobile Safari/537.36 (compatible; Googlebot/2.1; +http://www.google.com/bot.html)"
66.249.71.64 - - [08/Jul/2025:19:01:11 +0700] "GET /wp-includes/search.php?item/u130/12166/ HTTP/1.1" 404 27 "-" "Mozilla/5.0 (Linux; Android 6.0.1; Nexus 5X Build/MMB29P) AppleWebKit/537.36 (KHTML, like Gecko) Chrome/137.0.7151.103 Mobile Safari/537.36 (compatible; Googlebot/2.1; +http://www.google.com/bot.html)"
66.249.71.64 - - [08/Jul/2025:19:01:57 +0700] "GET /items/noztj184/45272?key=album HTTP/1.1" 404 27 "-" "Mozilla/5.0 (Linux; Android 6.0.1; Nexus 5X Build/MMB29P) AppleWebKit/537.36 (KHTML, like Gecko) Chrome/137.0.7151.103 Mobile Safari/537.36 (compatible; Googlebot/2.1; +http://www.google.com/bot.html)"
66.249.75.3 - - [08/Jul/2025:19:02:43 +0700] "GET /items/iawzh25/19019?key=performer HTTP/1.1" 404 27 "-" "Mozilla/5.0 (Linux; Android 6.0.1; Nexus 5X Build/MMB29P) AppleWebKit/537.36 (KHTML, like Gecko) Chrome/137.0.7151.103 Mobile Safari/537.36 (compatible; Googlebot/2.1; +http://www.google.com/bot.html)"
66.249.71.64 - - [08/Jul/2025:19:03:28 +0700] "GET /pages.php?item/u145/46574/ HTTP/1.1" 404 27 "-" "Mozilla/5.0 (Linux; Android 6.0.1; Nexus 5X Build/MMB29P) AppleWebKit/537.36 (KHTML, like Gecko) Chrome/137.0.7151.103 Mobile Safari/537.36 (compatible; Googlebot/2.1; +http://www.google.com/bot.html)"
66.249.75.3 - - [08/Jul/2025:19:04:14 +0700] "GET /items/jktvh131/31743?key=voluntary HTTP/1.1" 404 27 "-" "Mozilla/5.0 (Linux; Android 6.0.1; Nexus 5X Build/MMB29P) AppleWebKit/537.36 (KHTML, like Gecko) Chrome/137.0.7151.103 Mobile Safari/537.36 (compatible; Googlebot/2.1; +http://www.google.com/bot.html)"
52.167.144.229 - - [08/Jul/2025:19:04:30 +0700] "GET /infos.php?shopdetail/314803643 HTTP/1.1" 404 27 "-" "Mozilla/5.0 AppleWebKit/537.36 (KHTML, like Gecko; compatible; bingbot/2.0; +http://www.bing.com/bingbot.htm) Chrome/116.0.1938.76 Safari/537.36"
66.249.75.2 - - [08/Jul/2025:19:04:59 +0700] "GET /wp-includes/search.php?item/u140/21072/ HTTP/1.1" 404 27 "-" "Mozilla/5.0 (Linux; Android 6.0.1; Nexus 5X Build/MMB29P) AppleWebKit/537.36 (KHTML, like Gecko) Chrome/137.0.7151.103 Mobile Safari/537.36 (compatible; Googlebot/2.1; +http://www.google.com/bot.html)"
69.171.231.6 - - [08/Jul/2025:19:05:40 +0700] "GET /robots.txt HTTP/1.1" 404 27 "-" "facebookexternalhit/1.1 (+http://www.facebook.com/externalhit_uatext.php)"
66.249.71.64 - - [08/Jul/2025:19:05:45 +0700] "GET /items/xfrke40/612?key=pain HTTP/1.1" 404 27 "-" "Mozilla/5.0 (Linux; Android 6.0.1; Nexus 5X Build/MMB29P) AppleWebKit/537.36 (KHTML, like Gecko) Chrome/137.0.7151.103 Mobile Safari/537.36 (compatible; Googlebot/2.1; +http://www.google.com/bot.html)"
66.249.75.2 - - [08/Jul/2025:19:06:31 +0700] "GET /pages.php?item/u83/7676/ HTTP/1.1" 404 27 "-" "Mozilla/5.0 (Linux; Android 6.0.1; Nexus 5X Build/MMB29P) AppleWebKit/537.36 (KHTML, like Gecko) Chrome/137.0.7151.103 Mobile Safari/537.36 (compatible; Googlebot/2.1; +http://www.google.com/bot.html)"
66.249.71.65 - - [08/Jul/2025:19:07:31 +0700] "GET /items/zjrxn159/35657?key=orbit HTTP/1.1" 404 27 "-" "Mozilla/5.0 (Linux; Android 6.0.1; Nexus 5X Build/MMB29P) AppleWebKit/537.36 (KHTML, like Gecko) Chrome/137.0.7151.103 Mobile Safari/537.36 (compatible; Googlebot/2.1; +http://www.google.com/bot.html)"
66.249.71.66 - - [08/Jul/2025:19:08:08 +0700] "GET /pages.php?item/u266/593/ HTTP/1.1" 404 27 "-" "Mozilla/5.0 (Linux; Android 6.0.1; Nexus 5X Build/MMB29P) AppleWebKit/537.36 (KHTML, like Gecko) Chrome/137.0.7151.103 Mobile Safari/537.36 (compatible; Googlebot/2.1; +http://www.google.com/bot.html)"
66.249.71.64 - - [08/Jul/2025:19:09:20 +0700] "GET /items/nvlan23/22759?key=follow HTTP/1.1" 404 27 "-" "Mozilla/5.0 (Linux; Android 6.0.1; Nexus 5X Build/MMB29P) AppleWebKit/537.36 (KHTML, like Gecko) Chrome/137.0.7151.103 Mobile Safari/537.36 (compatible; Googlebot/2.1; +http://www.google.com/bot.html)"
194.145.227.125 - - [08/Jul/2025:19:10:01 +0700] "GET /sites/all/modules/contrib/civicrm/packages/OpenFlashChart/php-ofc-library/ofc_upload_image.php HTTP/1.1" 404 27 "-" "ALittle Client"
66.249.75.1 - - [08/Jul/2025:19:10:33 +0700] "GET /pages.php?item/u106/43879/ HTTP/1.1" 404 27 "-" "Mozilla/5.0 (Linux; Android 6.0.1; Nexus 5X Build/MMB29P) AppleWebKit/537.36 (KHTML, like Gecko) Chrome/137.0.7151.103 Mobile Safari/537.36 (compatible; Googlebot/2.1; +http://www.google.com/bot.html)"
66.249.75.3 - - [08/Jul/2025:19:11:07 +0700] "GET /items/wfrhy198/26800?key=prove HTTP/1.1" 404 27 "-" "Mozilla/5.0 (Linux; Android 6.0.1; Nexus 5X Build/MMB29P) AppleWebKit/537.36 (KHTML, like Gecko) Chrome/137.0.7151.103 Mobile Safari/537.36 (compatible; Googlebot/2.1; +http://www.google.com/bot.html)"
66.249.75.1 - - [08/Jul/2025:19:11:47 +0700] "GET /items/vprgo3/16761?key=detailed HTTP/1.1" 404 27 "-" "Mozilla/5.0 (Linux; Android 6.0.1; Nexus 5X Build/MMB29P) AppleWebKit/537.36 (KHTML, like Gecko) Chrome/137.0.7151.103 Mobile Safari/537.36 (compatible; Googlebot/2.1; +http://www.google.com/bot.html)"
66.249.75.2 - - [08/Jul/2025:19:12:26 +0700] "GET /items/ufxvc47/14891?key=attention HTTP/1.1" 404 27 "-" "Mozilla/5.0 (Linux; Android 6.0.1; Nexus 5X Build/MMB29P) AppleWebKit/537.36 (KHTML, like Gecko) Chrome/137.0.7151.103 Mobile Safari/537.36 (compatible; Googlebot/2.1; +http://www.google.com/bot.html)"
66.249.75.1 - - [08/Jul/2025:19:13:03 +0700] "GET /wp-includes/search.php?kind/suburban180/7hvwf-30595/ HTTP/1.1" 404 27 "-" "Mozilla/5.0 (Linux; Android 6.0.1; Nexus 5X Build/MMB29P) AppleWebKit/537.36 (KHTML, like Gecko) Chrome/137.0.7151.103 Mobile Safari/537.36 (compatible; Googlebot/2.1; +http://www.google.com/bot.html)"
66.249.75.1 - - [08/Jul/2025:19:13:39 +0700] "GET /wp-includes/search.php?item/u99/17797/ HTTP/1.1" 404 27 "-" "Mozilla/5.0 (Linux; Android 6.0.1; Nexus 5X Build/MMB29P) AppleWebKit/537.36 (KHTML, like Gecko) Chrome/137.0.7151.103 Mobile Safari/537.36 (compatible; Googlebot/2.1; +http://www.google.com/bot.html)"
66.249.75.2 - - [08/Jul/2025:19:14:16 +0700] "GET /items/joypg10/2130?key=cross HTTP/1.1" 404 27 "-" "Mozilla/5.0 (Linux; Android 6.0.1; Nexus 5X Build/MMB29P) AppleWebKit/537.36 (KHTML, like Gecko) Chrome/137.0.7151.103 Mobile Safari/537.36 (compatible; Googlebot/2.1; +http://www.google.com/bot.html)"
196.251.66.105 - - [08/Jul/2025:19:14:19 +0700] "GET /a.php HTTP/1.1" 404 27 "https://www.google.com" "Mozilla/5.0 (Linux; Android 7.0; SM-G892A Build/NRD90M; wv) AppleWebKit/537.36 (KHTML, Gecko) Version/4.0 Chrome/60.0.3112.107 Mobile Safari/537.36"
196.251.66.105 - - [08/Jul/2025:19:14:25 +0700] "GET /uploaded_script.php HTTP/1.1" 404 27 "https://www.google.com" "Mozilla/5.0 (Linux; Android 7.0; SM-G892A Build/NRD90M; wv) AppleWebKit/537.36 (KHTML, Gecko) Version/4.0 Chrome/60.0.3112.107 Mobile Safari/537.36"
66.249.75.2 - - [08/Jul/2025:19:14:25 +0700] "GET /items/odvtf176/30862?key=drum HTTP/1.1" 404 27 "-" "Mozilla/5.0 (Linux; Android 6.0.1; Nexus 5X Build/MMB29P) AppleWebKit/537.36 (KHTML, like Gecko) Chrome/137.0.7151.103 Mobile Safari/537.36 (compatible; Googlebot/2.1; +http://www.google.com/bot.html)"
196.251.66.105 - - [08/Jul/2025:19:14:31 +0700] "GET /wp-admin/maint/fie.php HTTP/1.1" 404 27 "https://www.google.com" "Mozilla/5.0 (Linux; Android 7.0; SM-G892A Build/NRD90M; wv) AppleWebKit/537.36 (KHTML, Gecko) Version/4.0 Chrome/60.0.3112.107 Mobile Safari/537.36"
66.249.71.64 - - [08/Jul/2025:19:14:34 +0700] "GET /wp-includes/search.php?continuous/electricity142/sqpnk-49115/ HTTP/1.1" 404 27 "-" "Mozilla/5.0 (Linux; Android 6.0.1; Nexus 5X Build/MMB29P) AppleWebKit/537.36 (KHTML, like Gecko) Chrome/137.0.7151.103 Mobile Safari/537.36 (compatible; Googlebot/2.1; +http://www.google.com/bot.html)"
196.251.66.105 - - [08/Jul/2025:19:14:34 +0700] "GET /wp-content/index.php HTTP/1.1" 404 27 "https://www.google.com" "Mozilla/5.0 (Linux; Android 7.0; SM-G892A Build/NRD90M; wv) AppleWebKit/537.36 (KHTML, Gecko) Version/4.0 Chrome/60.0.3112.107 Mobile Safari/537.36"
196.251.66.105 - - [08/Jul/2025:19:14:35 +0700] "GET /wp-content/plugins/fix/up.php HTTP/1.1" 404 27 "https://www.google.com" "Mozilla/5.0 (Linux; Android 7.0; SM-G892A Build/NRD90M; wv) AppleWebKit/537.36 (KHTML, Gecko) Version/4.0 Chrome/60.0.3112.107 Mobile Safari/537.36"
196.251.66.105 - - [08/Jul/2025:19:14:39 +0700] "GET /autoload_classmap.php HTTP/1.1" 404 27 "https://www.google.com" "Mozilla/5.0 (Linux; Android 7.0; SM-G892A Build/NRD90M; wv) AppleWebKit/537.36 (KHTML, Gecko) Version/4.0 Chrome/60.0.3112.107 Mobile Safari/537.36"
66.249.75.1 - - [08/Jul/2025:19:14:40 +0700] "GET /items/hmoig107/20257?key=concentration HTTP/1.1" 404 27 "-" "Mozilla/5.0 (Linux; Android 6.0.1; Nexus 5X Build/MMB29P) AppleWebKit/537.36 (KHTML, like Gecko) Chrome/137.0.7151.103 Mobile Safari/537.36 (compatible; Googlebot/2.1; +http://www.google.com/bot.html)"
196.251.66.105 - - [08/Jul/2025:19:14:41 +0700] "GET /wp-content/plugins/pwnd/pwnd.php HTTP/1.1" 404 27 "https://www.google.com" "Mozilla/5.0 (Linux; Android 7.0; SM-G892A Build/NRD90M; wv) AppleWebKit/537.36 (KHTML, Gecko) Version/4.0 Chrome/60.0.3112.107 Mobile Safari/537.36"
196.251.66.105 - - [08/Jul/2025:19:14:44 +0700] "GET /wp-content/plugins/pwnd-1/pwnd.php HTTP/1.1" 404 27 "https://www.google.com" "Mozilla/5.0 (Linux; Android 7.0; SM-G892A Build/NRD90M; wv) AppleWebKit/537.36 (KHTML, Gecko) Version/4.0 Chrome/60.0.3112.107 Mobile Safari/537.36"
196.251.66.105 - - [08/Jul/2025:19:14:50 +0700] "GET /wp-content/plugins/simple/simple.php HTTP/1.1" 404 27 "https://www.google.com" "Mozilla/5.0 (Linux; Android 7.0; SM-G892A Build/NRD90M; wv) AppleWebKit/537.36 (KHTML, Gecko) Version/4.0 Chrome/60.0.3112.107 Mobile Safari/537.36"
196.251.66.105 - - [08/Jul/2025:19:14:52 +0700] "GET /worksec.php HTTP/1.1" 404 27 "https://www.google.com" "Mozilla/5.0 (Linux; Android 7.0; SM-G892A Build/NRD90M; wv) AppleWebKit/537.36 (KHTML, Gecko) Version/4.0 Chrome/60.0.3112.107 Mobile Safari/537.36"
196.251.66.105 - - [08/Jul/2025:19:14:56 +0700] "GET /wp-content/worksec.php HTTP/1.1" 404 27 "https://www.google.com" "Mozilla/5.0 (Linux; Android 7.0; SM-G892A Build/NRD90M; wv) AppleWebKit/537.36 (KHTML, Gecko) Version/4.0 Chrome/60.0.3112.107 Mobile Safari/537.36"
196.251.66.105 - - [08/Jul/2025:19:15:02 +0700] "GET /wp-content/cache/index.php HTTP/1.1" 404 27 "https://www.google.com" "Mozilla/5.0 (Linux; Android 7.0; SM-G892A Build/NRD90M; wv) AppleWebKit/537.36 (KHTML, Gecko) Version/4.0 Chrome/60.0.3112.107 Mobile Safari/537.36"
196.251.66.105 - - [08/Jul/2025:19:15:06 +0700] "GET /wp-content/index.php HTTP/1.1" 404 27 "https://www.google.com" "Mozilla/5.0 (Linux; Android 7.0; SM-G892A Build/NRD90M; wv) AppleWebKit/537.36 (KHTML, Gecko) Version/4.0 Chrome/60.0.3112.107 Mobile Safari/537.36"
196.251.66.105 - - [08/Jul/2025:19:15:07 +0700] "GET /wp-content/languages/index.php HTTP/1.1" 404 27 "https://www.google.com" "Mozilla/5.0 (Linux; Android 7.0; SM-G892A Build/NRD90M; wv) AppleWebKit/537.36 (KHTML, Gecko) Version/4.0 Chrome/60.0.3112.107 Mobile Safari/537.36"
66.249.71.65 - - [08/Jul/2025:19:15:08 +0700] "GET /items/erpkm122/43144?key=lesson HTTP/1.1" 404 27 "-" "Mozilla/5.0 (Linux; Android 6.0.1; Nexus 5X Build/MMB29P) AppleWebKit/537.36 (KHTML, like Gecko) Chrome/137.0.7151.103 Mobile Safari/537.36 (compatible; Googlebot/2.1; +http://www.google.com/bot.html)"
196.251.66.105 - - [08/Jul/2025:19:15:12 +0700] "GET /wp-content/plugins/index.php HTTP/1.1" 404 27 "https://www.google.com" "Mozilla/5.0 (Linux; Android 7.0; SM-G892A Build/NRD90M; wv) AppleWebKit/537.36 (KHTML, Gecko) Version/4.0 Chrome/60.0.3112.107 Mobile Safari/537.36"
196.251.66.105 - - [08/Jul/2025:19:15:15 +0700] "GET /wp-content/themes/index.php HTTP/1.1" 404 27 "https://www.google.com" "Mozilla/5.0 (Linux; Android 7.0; SM-G892A Build/NRD90M; wv) AppleWebKit/537.36 (KHTML, Gecko) Version/4.0 Chrome/60.0.3112.107 Mobile Safari/537.36"
196.251.66.105 - - [08/Jul/2025:19:15:22 +0700] "GET /wp-content/upgrade/index.php HTTP/1.1" 404 27 "https://www.google.com" "Mozilla/5.0 (Linux; Android 7.0; SM-G892A Build/NRD90M; wv) AppleWebKit/537.36 (KHTML, Gecko) Version/4.0 Chrome/60.0.3112.107 Mobile Safari/537.36"
196.251.66.105 - - [08/Jul/2025:19:15:23 +0700] "GET /wp-content/uploads/index.php HTTP/1.1" 404 27 "https://www.google.com" "Mozilla/5.0 (Linux; Android 7.0; SM-G892A Build/NRD90M; wv) AppleWebKit/537.36 (KHTML, Gecko) Version/4.0 Chrome/60.0.3112.107 Mobile Safari/537.36"
196.251.66.105 - - [08/Jul/2025:19:15:25 +0700] "GET /wp-admin/index.php HTTP/1.1" 404 27 "https://www.google.com" "Mozilla/5.0 (Linux; Android 7.0; SM-G892A Build/NRD90M; wv) AppleWebKit/537.36 (KHTML, Gecko) Version/4.0 Chrome/60.0.3112.107 Mobile Safari/537.36"
196.251.66.105 - - [08/Jul/2025:19:15:26 +0700] "GET /wp-admin/css/index.php HTTP/1.1" 404 27 "https://www.google.com" "Mozilla/5.0 (Linux; Android 7.0; SM-G892A Build/NRD90M; wv) AppleWebKit/537.36 (KHTML, Gecko) Version/4.0 Chrome/60.0.3112.107 Mobile Safari/537.36"
196.251.66.105 - - [08/Jul/2025:19:15:29 +0700] "GET /wp-admin/images/index.php HTTP/1.1" 404 27 "https://www.google.com" "Mozilla/5.0 (Linux; Android 7.0; SM-G892A Build/NRD90M; wv) AppleWebKit/537.36 (KHTML, Gecko) Version/4.0 Chrome/60.0.3112.107 Mobile Safari/537.36"
196.251.66.105 - - [08/Jul/2025:19:15:34 +0700] "GET /wp-admin/includes/index.php HTTP/1.1" 404 27 "https://www.google.com" "Mozilla/5.0 (Linux; Android 7.0; SM-G892A Build/NRD90M; wv) AppleWebKit/537.36 (KHTML, Gecko) Version/4.0 Chrome/60.0.3112.107 Mobile Safari/537.36"
66.249.75.1 - - [08/Jul/2025:19:15:35 +0700] "GET /wp-includes/search.php?item/u37/3491/ HTTP/1.1" 404 27 "-" "Mozilla/5.0 (Linux; Android 6.0.1; Nexus 5X Build/MMB29P) AppleWebKit/537.36 (KHTML, like Gecko) Chrome/137.0.7151.103 Mobile Safari/537.36 (compatible; Googlebot/2.1; +http://www.google.com/bot.html)"
196.251.66.105 - - [08/Jul/2025:19:15:35 +0700] "GET /wp-admin/js/index.php HTTP/1.1" 404 27 "https://www.google.com" "Mozilla/5.0 (Linux; Android 7.0; SM-G892A Build/NRD90M; wv) AppleWebKit/537.36 (KHTML, Gecko) Version/4.0 Chrome/60.0.3112.107 Mobile Safari/537.36"
196.251.66.105 - - [08/Jul/2025:19:15:38 +0700] "GET /wp-admin/maint/index.php HTTP/1.1" 404 27 "https://www.google.com" "Mozilla/5.0 (Linux; Android 7.0; SM-G892A Build/NRD90M; wv) AppleWebKit/537.36 (KHTML, Gecko) Version/4.0 Chrome/60.0.3112.107 Mobile Safari/537.36"
196.251.66.105 - - [08/Jul/2025:19:15:40 +0700] "GET /wp-admin/network/index.php HTTP/1.1" 404 27 "https://www.google.com" "Mozilla/5.0 (Linux; Android 7.0; SM-G892A Build/NRD90M; wv) AppleWebKit/537.36 (KHTML, Gecko) Version/4.0 Chrome/60.0.3112.107 Mobile Safari/537.36"
196.251.66.105 - - [08/Jul/2025:19:15:42 +0700] "GET /wp-admin/user/index.php HTTP/1.1" 404 27 "https://www.google.com" "Mozilla/5.0 (Linux; Android 7.0; SM-G892A Build/NRD90M; wv) AppleWebKit/537.36 (KHTML, Gecko) Version/4.0 Chrome/60.0.3112.107 Mobile Safari/537.36"
196.251.66.105 - - [08/Jul/2025:19:15:47 +0700] "GET /wp-includes/index.php HTTP/1.1" 404 27 "https://www.google.com" "Mozilla/5.0 (Linux; Android 7.0; SM-G892A Build/NRD90M; wv) AppleWebKit/537.36 (KHTML, Gecko) Version/4.0 Chrome/60.0.3112.107 Mobile Safari/537.36"
196.251.66.105 - - [08/Jul/2025:19:15:53 +0700] "GET /wp-includes/html-api/index.php HTTP/1.1" 404 27 "https://www.google.com" "Mozilla/5.0 (Linux; Android 7.0; SM-G892A Build/NRD90M; wv) AppleWebKit/537.36 (KHTML, Gecko) Version/4.0 Chrome/60.0.3112.107 Mobile Safari/537.36"
196.251.66.105 - - [08/Jul/2025:19:16:00 +0700] "GET /wp-includes/ID3/index.php HTTP/1.1" 404 27 "https://www.google.com" "Mozilla/5.0 (Linux; Android 7.0; SM-G892A Build/NRD90M; wv) AppleWebKit/537.36 (KHTML, Gecko) Version/4.0 Chrome/60.0.3112.107 Mobile Safari/537.36"
66.249.75.1 - - [08/Jul/2025:19:16:02 +0700] "GET /items/zdeai71/20137?key=eventually HTTP/1.1" 404 27 "-" "Mozilla/5.0 (Linux; Android 6.0.1; Nexus 5X Build/MMB29P) AppleWebKit/537.36 (KHTML, like Gecko) Chrome/137.0.7151.103 Mobile Safari/537.36 (compatible; Googlebot/2.1; +http://www.google.com/bot.html)"
196.251.66.105 - - [08/Jul/2025:19:16:03 +0700] "GET /wp-includes/IXR/index.php HTTP/1.1" 404 27 "https://www.google.com" "Mozilla/5.0 (Linux; Android 7.0; SM-G892A Build/NRD90M; wv) AppleWebKit/537.36 (KHTML, Gecko) Version/4.0 Chrome/60.0.3112.107 Mobile Safari/537.36"
196.251.66.105 - - [08/Jul/2025:19:16:06 +0700] "GET /wp-includes/PHPMailer/index.php HTTP/1.1" 404 27 "https://www.google.com" "Mozilla/5.0 (Linux; Android 7.0; SM-G892A Build/NRD90M; wv) AppleWebKit/537.36 (KHTML, Gecko) Version/4.0 Chrome/60.0.3112.107 Mobile Safari/537.36"
66.249.75.2 - - [08/Jul/2025:19:16:06 +0700] "GET /?_gl=1*s6cqrzf*_ga*UjepXNXbSyxnuDnLqMPMCxwOKuIC*_ga_PCLQBSERZ*VMnDjNYdpGJAKbPlUQO3lV1K4e7BNFk66XmBC15XD36ipfcJ0atzaXy.*_gcl_au=1.1.191065206.179434258*_gcl_aw=ZCN.179491380.dUrD1akADon11yLnS4RrsKsfEvkZfnT2whxW9OL4GzljbNoXQEDwIlA1iy2t3nsVnR1UdEWjr34w9uas7eGkR9Cz8F..&_gz=2.195814685.195558432.179284825-865810682.163453303&_bdsid=g8ali8.n~PSOKX.175925534.178969609&_bd_prev_page=https://bliteexpo.com/spark.php?item/u58/26846/ HTTP/1.1" 404 27 "-" "Mozilla/5.0 (Linux; Android 6.0.1; Nexus 5X Build/MMB29P) AppleWebKit/537.36 (KHTML, like Gecko) Chrome/137.0.7151.103 Mobile Safari/537.36 (compatible; Googlebot/2.1; +http://www.google.com/bot.html)"
196.251.66.105 - - [08/Jul/2025:19:16:09 +0700] "GET /wp-includes/Requests/index.php HTTP/1.1" 404 27 "https://www.google.com" "Mozilla/5.0 (Linux; Android 7.0; SM-G892A Build/NRD90M; wv) AppleWebKit/537.36 (KHTML, Gecko) Version/4.0 Chrome/60.0.3112.107 Mobile Safari/537.36"
196.251.66.105 - - [08/Jul/2025:19:16:11 +0700] "GET /wp-includes/Requests/Auth/index.php HTTP/1.1" 404 27 "https://www.google.com" "Mozilla/5.0 (Linux; Android 7.0; SM-G892A Build/NRD90M; wv) AppleWebKit/537.36 (KHTML, Gecko) Version/4.0 Chrome/60.0.3112.107 Mobile Safari/537.36"
196.251.66.105 - - [08/Jul/2025:19:16:14 +0700] "GET /wp-includes/Requests/Cookie/index.php HTTP/1.1" 404 27 "https://www.google.com" "Mozilla/5.0 (Linux; Android 7.0; SM-G892A Build/NRD90M; wv) AppleWebKit/537.36 (KHTML, Gecko) Version/4.0 Chrome/60.0.3112.107 Mobile Safari/537.36"
196.251.66.105 - - [08/Jul/2025:19:16:17 +0700] "GET /wp-includes/Requests/Exception/index.php HTTP/1.1" 404 27 "https://www.google.com" "Mozilla/5.0 (Linux; Android 7.0; SM-G892A Build/NRD90M; wv) AppleWebKit/537.36 (KHTML, Gecko) Version/4.0 Chrome/60.0.3112.107 Mobile Safari/537.36"
196.251.66.105 - - [08/Jul/2025:19:16:21 +0700] "GET /wp-includes/Requests/Exception/HTTP/index.php HTTP/1.1" 404 27 "https://www.google.com" "Mozilla/5.0 (Linux; Android 7.0; SM-G892A Build/NRD90M; wv) AppleWebKit/537.36 (KHTML, Gecko) Version/4.0 Chrome/60.0.3112.107 Mobile Safari/537.36"
196.251.66.105 - - [08/Jul/2025:19:16:26 +0700] "GET /wp-includes/Requests/Exception/Transport/index.php HTTP/1.1" 404 27 "https://www.google.com" "Mozilla/5.0 (Linux; Android 7.0; SM-G892A Build/NRD90M; wv) AppleWebKit/537.36 (KHTML, Gecko) Version/4.0 Chrome/60.0.3112.107 Mobile Safari/537.36"
196.251.66.105 - - [08/Jul/2025:19:16:28 +0700] "GET /wp-includes/Requests/Proxy/index.php HTTP/1.1" 404 27 "https://www.google.com" "Mozilla/5.0 (Linux; Android 7.0; SM-G892A Build/NRD90M; wv) AppleWebKit/537.36 (KHTML, Gecko) Version/4.0 Chrome/60.0.3112.107 Mobile Safari/537.36"
196.251.66.105 - - [08/Jul/2025:19:16:29 +0700] "GET /wp-includes/Requests/Response/index.php HTTP/1.1" 404 27 "https://www.google.com" "Mozilla/5.0 (Linux; Android 7.0; SM-G892A Build/NRD90M; wv) AppleWebKit/537.36 (KHTML, Gecko) Version/4.0 Chrome/60.0.3112.107 Mobile Safari/537.36"
66.249.71.64 - - [08/Jul/2025:19:16:33 +0700] "GET /pages.php?items/004045878.html?srsltid=AfmBOopthXPRjxnkhBmPyX8OYyfPeScoDfCJyRW72QiuR3c1DAif HTTP/1.1" 404 27 "-" "Mozilla/5.0 (Linux; Android 6.0.1; Nexus 5X Build/MMB29P) AppleWebKit/537.36 (KHTML, like Gecko) Chrome/137.0.7151.103 Mobile Safari/537.36 (compatible; Googlebot/2.1; +http://www.google.com/bot.html)"
196.251.66.105 - - [08/Jul/2025:19:16:34 +0700] "GET /wp-includes/Requests/Transport/index.php HTTP/1.1" 404 27 "https://www.google.com" "Mozilla/5.0 (Linux; Android 7.0; SM-G892A Build/NRD90M; wv) AppleWebKit/537.36 (KHTML, Gecko) Version/4.0 Chrome/60.0.3112.107 Mobile Safari/537.36"
196.251.66.105 - - [08/Jul/2025:19:16:35 +0700] "GET /wp-includes/Requests/Utility/index.php HTTP/1.1" 404 27 "https://www.google.com" "Mozilla/5.0 (Linux; Android 7.0; SM-G892A Build/NRD90M; wv) AppleWebKit/537.36 (KHTML, Gecko) Version/4.0 Chrome/60.0.3112.107 Mobile Safari/537.36"
196.251.66.105 - - [08/Jul/2025:19:16:40 +0700] "GET /wp-includes/SimplePie/index.php HTTP/1.1" 404 27 "https://www.google.com" "Mozilla/5.0 (Linux; Android 7.0; SM-G892A Build/NRD90M; wv) AppleWebKit/537.36 (KHTML, Gecko) Version/4.0 Chrome/60.0.3112.107 Mobile Safari/537.36"
196.251.66.105 - - [08/Jul/2025:19:16:42 +0700] "GET /wp-includes/SimplePie/Cache/index.php HTTP/1.1" 404 27 "https://www.google.com" "Mozilla/5.0 (Linux; Android 7.0; SM-G892A Build/NRD90M; wv) AppleWebKit/537.36 (KHTML, Gecko) Version/4.0 Chrome/60.0.3112.107 Mobile Safari/537.36"
208.110.64.178 - - [08/Jul/2025:19:16:48 +0700] "GET /wp-includes/install.php HTTP/1.1" 404 27 "https://bliteexpo.com/wp-includes/install.php" "Mozilla/5.0 (Windows NT 10.0; Win64; x64) AppleWebKit/537.36 (KHTML, like Gecko) Chrome/58.0.3029.110 Safari/537.3"
196.251.66.105 - - [08/Jul/2025:19:16:50 +0700] "GET /wp-includes/SimplePie/Content/Type/index.php HTTP/1.1" 404 27 "https://www.google.com" "Mozilla/5.0 (Linux; Android 7.0; SM-G892A Build/NRD90M; wv) AppleWebKit/537.36 (KHTML, Gecko) Version/4.0 Chrome/60.0.3112.107 Mobile Safari/537.36"
196.251.66.105 - - [08/Jul/2025:19:16:55 +0700] "GET /wp-includes/SimplePie/Decode/HTML/index.php HTTP/1.1" 404 27 "https://www.google.com" "Mozilla/5.0 (Linux; Android 7.0; SM-G892A Build/NRD90M; wv) AppleWebKit/537.36 (KHTML, Gecko) Version/4.0 Chrome/60.0.3112.107 Mobile Safari/537.36"
196.251.66.105 - - [08/Jul/2025:19:16:57 +0700] "GET /wp-includes/SimplePie/HTTP/index.php HTTP/1.1" 404 27 "https://www.google.com" "Mozilla/5.0 (Linux; Android 7.0; SM-G892A Build/NRD90M; wv) AppleWebKit/537.36 (KHTML, Gecko) Version/4.0 Chrome/60.0.3112.107 Mobile Safari/537.36"
66.249.75.1 - - [08/Jul/2025:19:17:00 +0700] "GET /items/pzcqn128/30062?key=specialist HTTP/1.1" 404 27 "-" "Mozilla/5.0 (Linux; Android 6.0.1; Nexus 5X Build/MMB29P) AppleWebKit/537.36 (KHTML, like Gecko) Chrome/137.0.7151.103 Mobile Safari/537.36 (compatible; Googlebot/2.1; +http://www.google.com/bot.html)"
196.251.66.105 - - [08/Jul/2025:19:17:02 +0700] "GET /wp-includes/SimplePie/Net/index.php HTTP/1.1" 404 27 "https://www.google.com" "Mozilla/5.0 (Linux; Android 7.0; SM-G892A Build/NRD90M; wv) AppleWebKit/537.36 (KHTML, Gecko) Version/4.0 Chrome/60.0.3112.107 Mobile Safari/537.36"
196.251.66.105 - - [08/Jul/2025:19:17:04 +0700] "GET /wp-includes/SimplePie/Parse/index.php HTTP/1.1" 404 27 "https://www.google.com" "Mozilla/5.0 (Linux; Android 7.0; SM-G892A Build/NRD90M; wv) AppleWebKit/537.36 (KHTML, Gecko) Version/4.0 Chrome/60.0.3112.107 Mobile Safari/537.36"
196.251.66.105 - - [08/Jul/2025:19:17:06 +0700] "GET /wp-includes/SimplePie/XML/Declaration/index.php HTTP/1.1" 404 27 "https://www.google.com" "Mozilla/5.0 (Linux; Android 7.0; SM-G892A Build/NRD90M; wv) AppleWebKit/537.36 (KHTML, Gecko) Version/4.0 Chrome/60.0.3112.107 Mobile Safari/537.36"
196.251.66.105 - - [08/Jul/2025:19:17:11 +0700] "GET /wp-includes/Text/index.php HTTP/1.1" 404 27 "https://www.google.com" "Mozilla/5.0 (Linux; Android 7.0; SM-G892A Build/NRD90M; wv) AppleWebKit/537.36 (KHTML, Gecko) Version/4.0 Chrome/60.0.3112.107 Mobile Safari/537.36"
196.251.66.105 - - [08/Jul/2025:19:17:12 +0700] "GET /wp-includes/Text/Diff/index.php HTTP/1.1" 404 27 "https://www.google.com" "Mozilla/5.0 (Linux; Android 7.0; SM-G892A Build/NRD90M; wv) AppleWebKit/537.36 (KHTML, Gecko) Version/4.0 Chrome/60.0.3112.107 Mobile Safari/537.36"
196.251.66.105 - - [08/Jul/2025:19:17:17 +0700] "GET /wp-includes/Text/Diff/Engine/index.php HTTP/1.1" 404 27 "https://www.google.com" "Mozilla/5.0 (Linux; Android 7.0; SM-G892A Build/NRD90M; wv) AppleWebKit/537.36 (KHTML, Gecko) Version/4.0 Chrome/60.0.3112.107 Mobile Safari/537.36"
196.251.66.105 - - [08/Jul/2025:19:17:24 +0700] "GET /wp-includes/Text/Diff/Renderer/index.php HTTP/1.1" 404 27 "https://www.google.com" "Mozilla/5.0 (Linux; Android 7.0; SM-G892A Build/NRD90M; wv) AppleWebKit/537.36 (KHTML, Gecko) Version/4.0 Chrome/60.0.3112.107 Mobile Safari/537.36"
196.251.66.105 - - [08/Jul/2025:19:17:27 +0700] "GET /wp-includes/assets/index.php HTTP/1.1" 404 27 "https://www.google.com" "Mozilla/5.0 (Linux; Android 7.0; SM-G892A Build/NRD90M; wv) AppleWebKit/537.36 (KHTML, Gecko) Version/4.0 Chrome/60.0.3112.107 Mobile Safari/537.36"
66.249.71.65 - - [08/Jul/2025:19:17:27 +0700] "GET /wp-includes/search.php?aide/palace189/uc8wu-35812/ HTTP/1.1" 404 27 "-" "Mozilla/5.0 (Linux; Android 6.0.1; Nexus 5X Build/MMB29P) AppleWebKit/537.36 (KHTML, like Gecko) Chrome/137.0.7151.103 Mobile Safari/537.36 (compatible; Googlebot/2.1; +http://www.google.com/bot.html)"
