66.249.71.64 - - [08/Jul/2025:21:20:40 +0700] "GET /shopdetail/190895243 HTTP/1.1" 404 27 "-" "Mozilla/5.0 (Linux; Android 6.0.1; Nexus 5X Build/MMB29P) AppleWebKit/537.36 (KHTML, like Gecko) Chrome/137.0.7151.103 Mobile Safari/537.36 (compatible; Googlebot/2.1; +http://www.google.com/bot.html)"
192.178.6.73 - - [08/Jul/2025:21:21:11 +0700] "GET /pages.php?item/u12/32303/ HTTP/1.1" 404 27 "-" "Mozilla/5.0 (Linux; Android 6.0.1; Nexus 5X Build/MMB29P) AppleWebKit/537.36 (KHTML, like Gecko) Chrome/137.0.7151.103 Mobile Safari/537.36 (compatible; Googlebot/2.1; +http://www.google.com/bot.html)"
54.36.148.125 - - [08/Jul/2025:21:21:15 +0700] "GET /1105086463.htm HTTP/1.1" 404 27 "-" "Mozilla/5.0 (compatible; AhrefsBot/7.0; +http://ahrefs.com/robot/)"
192.178.6.72 - - [08/Jul/2025:21:21:45 +0700] "GET /pages.php?item/u33/21750/ HTTP/1.1" 404 27 "-" "Mozilla/5.0 (Linux; Android 6.0.1; Nexus 5X Build/MMB29P) AppleWebKit/537.36 (KHTML, like Gecko) Chrome/137.0.7151.103 Mobile Safari/537.36 (compatible; Googlebot/2.1; +http://www.google.com/bot.html)"
192.178.6.73 - - [08/Jul/2025:21:22:14 +0700] "GET /items/yjred238/1854?key=fat HTTP/1.1" 404 27 "-" "Mozilla/5.0 (Linux; Android 6.0.1; Nexus 5X Build/MMB29P) AppleWebKit/537.36 (KHTML, like Gecko) Chrome/137.0.7151.103 Mobile Safari/537.36 (compatible; Googlebot/2.1; +http://www.google.com/bot.html)"
192.178.6.72 - - [08/Jul/2025:21:22:45 +0700] "GET /pages.php?item/u43/21618/ HTTP/1.1" 404 27 "-" "Mozilla/5.0 (Linux; Android 6.0.1; Nexus 5X Build/MMB29P) AppleWebKit/537.36 (KHTML, like Gecko) Chrome/137.0.7151.103 Mobile Safari/537.36 (compatible; Googlebot/2.1; +http://www.google.com/bot.html)"
69.197.182.50 - - [08/Jul/2025:21:23:11 +0700] "GET /wp-includes/install.php HTTP/1.1" 404 27 "https://bliteexpo.com/wp-includes/install.php" "Mozilla/5.0 (Windows NT 10.0; Win64; x64) AppleWebKit/537.36 (KHTML, like Gecko) Chrome/58.0.3029.110 Safari/537.3"
192.178.6.64 - - [08/Jul/2025:21:23:17 +0700] "GET /pages.php?items/295024893.html?srsltid=AfmBOouwzPGOhHQXDbgSjRB1AUFIgqtJh39dlBIOEbZdtIofNd4A HTTP/1.1" 404 27 "-" "Mozilla/5.0 (Linux; Android 6.0.1; Nexus 5X Build/MMB29P) AppleWebKit/537.36 (KHTML, like Gecko) Chrome/137.0.7151.103 Mobile Safari/537.36 (compatible; Googlebot/2.1; +http://www.google.com/bot.html)"
54.36.149.62 - - [08/Jul/2025:21:23:20 +0700] "GET /19769103422.htm HTTP/1.1" 404 27 "-" "Mozilla/5.0 (compatible; AhrefsBot/7.0; +http://ahrefs.com/robot/)"
66.249.71.65 - - [08/Jul/2025:21:23:48 +0700] "GET /pages.php?item/u149/48640/ HTTP/1.1" 404 27 "-" "Mozilla/5.0 (Linux; Android 6.0.1; Nexus 5X Build/MMB29P) AppleWebKit/537.36 (KHTML, like Gecko) Chrome/137.0.7151.103 Mobile Safari/537.36 (compatible; Googlebot/2.1; +http://www.google.com/bot.html)"
192.178.6.72 - - [08/Jul/2025:21:24:20 +0700] "GET /wp-includes/search.php?item/u224/36324/ HTTP/1.1" 404 27 "-" "Mozilla/5.0 (Linux; Android 6.0.1; Nexus 5X Build/MMB29P) AppleWebKit/537.36 (KHTML, like Gecko) Chrome/137.0.7151.103 Mobile Safari/537.36 (compatible; Googlebot/2.1; +http://www.google.com/bot.html)"
66.249.71.64 - - [08/Jul/2025:21:24:55 +0700] "GET /items/ibunb40/13920?key=material HTTP/1.1" 404 27 "-" "Mozilla/5.0 (Linux; Android 6.0.1; Nexus 5X Build/MMB29P) AppleWebKit/537.36 (KHTML, like Gecko) Chrome/137.0.7151.103 Mobile Safari/537.36 (compatible; Googlebot/2.1; +http://www.google.com/bot.html)"
43.153.86.78 - - [08/Jul/2025:21:24:58 +0700] "GET / HTTP/1.1" 404 27 "http://bliteexpo.com" "Mozilla/5.0 (iPhone; CPU iPhone OS 13_2_3 like Mac OS X) AppleWebKit/605.1.15 (KHTML, like Gecko) Version/13.0.3 Mobile/15E148 Safari/604.1"
192.178.6.73 - - [08/Jul/2025:21:25:17 +0700] "GET /items/ylpre19/45173?key=fit HTTP/1.1" 404 27 "-" "Mozilla/5.0 (Linux; Android 6.0.1; Nexus 5X Build/MMB29P) AppleWebKit/537.36 (KHTML, like Gecko) Chrome/137.0.7151.103 Mobile Safari/537.36 (compatible; Googlebot/2.1; +http://www.google.com/bot.html)"
66.249.71.65 - - [08/Jul/2025:21:25:18 +0700] "GET /items/ylpre19/45173?key=fit HTTP/1.1" 404 27 "-" "Mozilla/5.0 (compatible; Googlebot/2.1; +http://www.google.com/bot.html)"
66.249.71.65 - - [08/Jul/2025:21:25:22 +0700] "GET /pages.php?item/u243/36326/ HTTP/1.1" 404 27 "-" "Mozilla/5.0 (Linux; Android 6.0.1; Nexus 5X Build/MMB29P) AppleWebKit/537.36 (KHTML, like Gecko) Chrome/137.0.7151.103 Mobile Safari/537.36 (compatible; Googlebot/2.1; +http://www.google.com/bot.html)"
66.249.71.65 - - [08/Jul/2025:21:25:24 +0700] "GET /items/ztuii131/15791?key=extension HTTP/1.1" 404 27 "-" "Mozilla/5.0 (Linux; Android 6.0.1; Nexus 5X Build/MMB29P) AppleWebKit/537.36 (KHTML, like Gecko) Chrome/137.0.7151.103 Mobile Safari/537.36 (compatible; Googlebot/2.1; +http://www.google.com/bot.html)"
54.36.148.219 - - [08/Jul/2025:21:25:29 +0700] "GET /1976980301.htm HTTP/1.1" 404 27 "-" "Mozilla/5.0 (compatible; AhrefsBot/7.0; +http://ahrefs.com/robot/)"
192.178.6.64 - - [08/Jul/2025:21:26:18 +0700] "GET /pages.php?items/234004508.html?srsltid=AfmBOoxplsagWPvhDIByKj0LIThOaepc3A9SPU3WfZHZc9VTxKcp HTTP/1.1" 404 27 "-" "Mozilla/5.0 (Linux; Android 6.0.1; Nexus 5X Build/MMB29P) AppleWebKit/537.36 (KHTML, like Gecko) Chrome/137.0.7151.103 Mobile Safari/537.36 (compatible; Googlebot/2.1; +http://www.google.com/bot.html)"
66.249.71.66 - - [08/Jul/2025:21:26:19 +0700] "GET /wp-includes/search.php?move/moreover172/lbfnf-13737/ HTTP/1.1" 404 27 "-" "Mozilla/5.0 (Linux; Android 6.0.1; Nexus 5X Build/MMB29P) AppleWebKit/537.36 (KHTML, like Gecko) Chrome/137.0.7151.103 Mobile Safari/537.36 (compatible; Googlebot/2.1; +http://www.google.com/bot.html)"
192.178.6.72 - - [08/Jul/2025:21:26:34 +0700] "GET /pages.php?item/u109/40036/ HTTP/1.1" 404 27 "-" "Mozilla/5.0 (Linux; Android 6.0.1; Nexus 5X Build/MMB29P) AppleWebKit/537.36 (KHTML, like Gecko) Chrome/137.0.7151.103 Mobile Safari/537.36 (compatible; Googlebot/2.1; +http://www.google.com/bot.html)"
66.249.71.64 - - [08/Jul/2025:21:26:56 +0700] "GET /product/length62?c=g&l=21993 HTTP/1.1" 404 27 "-" "Mozilla/5.0 (Linux; Android 6.0.1; Nexus 5X Build/MMB29P) AppleWebKit/537.36 (KHTML, like Gecko) Chrome/137.0.7151.103 Mobile Safari/537.36 (compatible; Googlebot/2.1; +http://www.google.com/bot.html)"
54.36.148.96 - - [08/Jul/2025:21:27:11 +0700] "GET /7303680802.htm HTTP/1.1" 404 27 "-" "Mozilla/5.0 (compatible; AhrefsBot/7.0; +http://ahrefs.com/robot/)"
192.178.6.73 - - [08/Jul/2025:21:27:40 +0700] "GET /pages.php?item/u194/25905/ HTTP/1.1" 404 27 "-" "Mozilla/5.0 (Linux; Android 6.0.1; Nexus 5X Build/MMB29P) AppleWebKit/537.36 (KHTML, like Gecko) Chrome/137.0.7151.103 Mobile Safari/537.36 (compatible; Googlebot/2.1; +http://www.google.com/bot.html)"
192.178.6.64 - - [08/Jul/2025:21:27:42 +0700] "GET /items/zttfl10/532?key=solely HTTP/1.1" 404 27 "-" "Mozilla/5.0 (Linux; Android 6.0.1; Nexus 5X Build/MMB29P) AppleWebKit/537.36 (KHTML, like Gecko) Chrome/137.0.7151.103 Mobile Safari/537.36 (compatible; Googlebot/2.1; +http://www.google.com/bot.html)"
192.178.6.73 - - [08/Jul/2025:21:27:58 +0700] "GET /pages.php?item/u172/32375/ HTTP/1.1" 404 27 "-" "Mozilla/5.0 (Linux; Android 6.0.1; Nexus 5X Build/MMB29P) AppleWebKit/537.36 (KHTML, like Gecko) Chrome/137.0.7151.103 Mobile Safari/537.36 (compatible; Googlebot/2.1; +http://www.google.com/bot.html)"
192.178.6.72 - - [08/Jul/2025:21:28:30 +0700] "GET /pages.php?item/u37/15564/ HTTP/1.1" 404 27 "-" "Mozilla/5.0 (Linux; Android 6.0.1; Nexus 5X Build/MMB29P) AppleWebKit/537.36 (KHTML, like Gecko) Chrome/137.0.7151.103 Mobile Safari/537.36 (compatible; Googlebot/2.1; +http://www.google.com/bot.html)"
208.110.64.178 - - [08/Jul/2025:21:28:59 +0700] "GET /wp-includes/install.php HTTP/1.1" 404 27 "https://bliteexpo.com/wp-includes/install.php" "Mozilla/5.0 (Windows NT 10.0; Win64; x64) AppleWebKit/537.36 (KHTML, like Gecko) Chrome/58.0.3029.110 Safari/537.3"
66.249.71.66 - - [08/Jul/2025:21:29:01 +0700] "GET /pages.php?items/088046806.html?srsltid=AfmBOosapIxNHsjHsDrv5sv6XJnSJnCQGdeJmPkm64HuV57TFYJT HTTP/1.1" 404 27 "-" "Mozilla/5.0 (Linux; Android 6.0.1; Nexus 5X Build/MMB29P) AppleWebKit/537.36 (KHTML, like Gecko) Chrome/137.0.7151.103 Mobile Safari/537.36 (compatible; Googlebot/2.1; +http://www.google.com/bot.html)"
54.36.148.148 - - [08/Jul/2025:21:29:06 +0700] "GET /8625316768.htm HTTP/1.1" 404 27 "-" "Mozilla/5.0 (compatible; AhrefsBot/7.0; +http://ahrefs.com/robot/)"
66.249.71.64 - - [08/Jul/2025:21:29:32 +0700] "GET /pages.php?item/u270/15189/ HTTP/1.1" 404 27 "-" "Mozilla/5.0 (Linux; Android 6.0.1; Nexus 5X Build/MMB29P) AppleWebKit/537.36 (KHTML, like Gecko) Chrome/137.0.7151.103 Mobile Safari/537.36 (compatible; Googlebot/2.1; +http://www.google.com/bot.html)"
192.178.6.72 - - [08/Jul/2025:21:30:04 +0700] "GET /pages.php?items/246018748.html?srsltid=AfmBOolmkoMHrxxItsqRELLIIZqqmQnz8KfQoEVMI9KnAJaAJcoR HTTP/1.1" 404 27 "-" "Mozilla/5.0 (Linux; Android 6.0.1; Nexus 5X Build/MMB29P) AppleWebKit/537.36 (KHTML, like Gecko) Chrome/137.0.7151.103 Mobile Safari/537.36 (compatible; Googlebot/2.1; +http://www.google.com/bot.html)"
192.178.6.72 - - [08/Jul/2025:21:30:35 +0700] "GET /items/zqent168/27498?key=representation HTTP/1.1" 404 27 "-" "Mozilla/5.0 (Linux; Android 6.0.1; Nexus 5X Build/MMB29P) AppleWebKit/537.36 (KHTML, like Gecko) Chrome/137.0.7151.103 Mobile Safari/537.36 (compatible; Googlebot/2.1; +http://www.google.com/bot.html)"
208.110.64.178 - - [08/Jul/2025:21:31:00 +0700] "GET /wp-includes/install.php HTTP/1.1" 404 27 "https://bliteexpo.com/wp-includes/install.php" "Mozilla/5.0 (Windows NT 10.0; Win64; x64) AppleWebKit/537.36 (KHTML, like Gecko) Chrome/58.0.3029.110 Safari/537.3"
192.178.6.64 - - [08/Jul/2025:21:31:07 +0700] "GET /product/moderate118?c=g&l=2695 HTTP/1.1" 404 27 "-" "Mozilla/5.0 (Linux; Android 6.0.1; Nexus 5X Build/MMB29P) AppleWebKit/537.36 (KHTML, like Gecko) Chrome/137.0.7151.103 Mobile Safari/537.36 (compatible; Googlebot/2.1; +http://www.google.com/bot.html)"
54.36.148.42 - - [08/Jul/2025:21:31:11 +0700] "GET /6106980827.htm HTTP/1.1" 404 27 "-" "Mozilla/5.0 (compatible; AhrefsBot/7.0; +http://ahrefs.com/robot/)"
66.249.71.64 - - [08/Jul/2025:21:31:38 +0700] "GET /pages.php?item/u161/33156/ HTTP/1.1" 404 27 "-" "Mozilla/5.0 (Linux; Android 6.0.1; Nexus 5X Build/MMB29P) AppleWebKit/537.36 (KHTML, like Gecko) Chrome/137.0.7151.103 Mobile Safari/537.36 (compatible; Googlebot/2.1; +http://www.google.com/bot.html)"
66.249.71.66 - - [08/Jul/2025:21:32:09 +0700] "GET /pages.php?items/046046200.html?srsltid=AfmBOolrqKlGPDCiagNVDWn6HdTqNJVjGTFdlZXySZmccFoq50HD HTTP/1.1" 404 27 "-" "Mozilla/5.0 (Linux; Android 6.0.1; Nexus 5X Build/MMB29P) AppleWebKit/537.36 (KHTML, like Gecko) Chrome/137.0.7151.103 Mobile Safari/537.36 (compatible; Googlebot/2.1; +http://www.google.com/bot.html)"
66.249.71.65 - - [08/Jul/2025:21:32:40 +0700] "GET /pages.php?item/u140/28591/ HTTP/1.1" 404 27 "-" "Mozilla/5.0 (Linux; Android 6.0.1; Nexus 5X Build/MMB29P) AppleWebKit/537.36 (KHTML, like Gecko) Chrome/137.0.7151.103 Mobile Safari/537.36 (compatible; Googlebot/2.1; +http://www.google.com/bot.html)"
54.36.149.17 - - [08/Jul/2025:21:33:02 +0700] "GET /65816126548.htm HTTP/1.1" 404 27 "-" "Mozilla/5.0 (compatible; AhrefsBot/7.0; +http://ahrefs.com/robot/)"
66.249.71.65 - - [08/Jul/2025:21:33:11 +0700] "GET /pages.php?items/183025609.html?srsltid=AfmBOoarnoqXornWdMaVXIuhPReWsCKQbdb5jTnxzrLfT7VVXj7L HTTP/1.1" 404 27 "-" "Mozilla/5.0 (Linux; Android 6.0.1; Nexus 5X Build/MMB29P) AppleWebKit/537.36 (KHTML, like Gecko) Chrome/137.0.7151.103 Mobile Safari/537.36 (compatible; Googlebot/2.1; +http://www.google.com/bot.html)"
192.178.6.73 - - [08/Jul/2025:21:33:43 +0700] "GET /items/yfvfh24/44758?key=taste HTTP/1.1" 404 27 "-" "Mozilla/5.0 (Linux; Android 6.0.1; Nexus 5X Build/MMB29P) AppleWebKit/537.36 (KHTML, like Gecko) Chrome/137.0.7151.103 Mobile Safari/537.36 (compatible; Googlebot/2.1; +http://www.google.com/bot.html)"
192.178.6.64 - - [08/Jul/2025:21:34:39 +0700] "GET /pages.php?items/155025325.html?srsltid=AfmBOouarzvtMdJQAnbslls4OZjLzCqSJb4djijUNOpF27SNJ5Mc HTTP/1.1" 404 27 "-" "Mozilla/5.0 (Linux; Android 6.0.1; Nexus 5X Build/MMB29P) AppleWebKit/537.36 (KHTML, like Gecko) Chrome/137.0.7151.103 Mobile Safari/537.36 (compatible; Googlebot/2.1; +http://www.google.com/bot.html)"
54.36.148.99 - - [08/Jul/2025:21:34:57 +0700] "GET /8967740395.htm HTTP/1.1" 404 27 "-" "Mozilla/5.0 (compatible; AhrefsBot/7.0; +http://ahrefs.com/robot/)"
66.249.71.64 - - [08/Jul/2025:21:35:06 +0700] "GET /pages.php?items/094018128.html?srsltid=AfmBOozgbWdPgouaIzPn63h0SVZQJjGmmzneFv5eMTyVyYeBw5hE HTTP/1.1" 404 27 "-" "Mozilla/5.0 (Linux; Android 6.0.1; Nexus 5X Build/MMB29P) AppleWebKit/537.36 (KHTML, like Gecko) Chrome/137.0.7151.103 Mobile Safari/537.36 (compatible; Googlebot/2.1; +http://www.google.com/bot.html)"
192.178.6.72 - - [08/Jul/2025:21:35:34 +0700] "GET /pages.php?items/001026541.html?srsltid=AfmBOodpoHeLqMGumzCMBiBhArPyAhBn46Qc0lLFp8eNKXUg1XgP HTTP/1.1" 404 27 "-" "Mozilla/5.0 (Linux; Android 6.0.1; Nexus 5X Build/MMB29P) AppleWebKit/537.36 (KHTML, like Gecko) Chrome/137.0.7151.103 Mobile Safari/537.36 (compatible; Googlebot/2.1; +http://www.google.com/bot.html)"
192.178.6.73 - - [08/Jul/2025:21:35:35 +0700] "GET /infos.php?shopdetail/329537743 HTTP/1.1" 404 27 "-" "Mozilla/5.0 (Linux; Android 6.0.1; Nexus 5X Build/MMB29P) AppleWebKit/537.36 (KHTML, like Gecko) Chrome/137.0.7151.103 Mobile Safari/537.36 (compatible; Googlebot/2.1; +http://www.google.com/bot.html)"
192.178.6.72 - - [08/Jul/2025:21:35:49 +0700] "GET /pages.php?item/u259/18572/ HTTP/1.1" 404 27 "-" "Mozilla/5.0 (Linux; Android 6.0.1; Nexus 5X Build/MMB29P) AppleWebKit/537.36 (KHTML, like Gecko) Chrome/137.0.7151.103 Mobile Safari/537.36 (compatible; Googlebot/2.1; +http://www.google.com/bot.html)"
66.249.71.64 - - [08/Jul/2025:21:36:19 +0700] "GET /pages.php?item/u219/32610/ HTTP/1.1" 404 27 "-" "Mozilla/5.0 (Linux; Android 6.0.1; Nexus 5X Build/MMB29P) AppleWebKit/537.36 (KHTML, like Gecko) Chrome/137.0.7151.103 Mobile Safari/537.36 (compatible; Googlebot/2.1; +http://www.google.com/bot.html)"
192.178.6.72 - - [08/Jul/2025:21:36:51 +0700] "GET /pages.php?item/u297/23054/ HTTP/1.1" 404 27 "-" "Mozilla/5.0 (Linux; Android 6.0.1; Nexus 5X Build/MMB29P) AppleWebKit/537.36 (KHTML, like Gecko) Chrome/137.0.7151.103 Mobile Safari/537.36 (compatible; Googlebot/2.1; +http://www.google.com/bot.html)"
54.36.148.47 - - [08/Jul/2025:21:36:58 +0700] "GET /5020954673.htm HTTP/1.1" 404 27 "-" "Mozilla/5.0 (compatible; AhrefsBot/7.0; +http://ahrefs.com/robot/)"
66.249.71.66 - - [08/Jul/2025:21:37:22 +0700] "GET /pages.php?item/u3/19962/ HTTP/1.1" 404 27 "-" "Mozilla/5.0 (Linux; Android 6.0.1; Nexus 5X Build/MMB29P) AppleWebKit/537.36 (KHTML, like Gecko) Chrome/137.0.7151.103 Mobile Safari/537.36 (compatible; Googlebot/2.1; +http://www.google.com/bot.html)"
88.198.16.117 - - [08/Jul/2025:21:37:47 +0700] "GET /xmlrpc.php HTTP/1.1" 404 27 "http://bliteexpo.com" "Mozilla/5.0 (Windows NT 10.0; Win64; x64) AppleWebKit/537.36 (KHTML, like Gecko) Chrome/114.0.5735.199 Safari/537.36 Edg/114.0.1823.67"
192.178.6.73 - - [08/Jul/2025:21:37:54 +0700] "GET /items/natte35/43785?key=till HTTP/1.1" 404 27 "-" "Mozilla/5.0 (Linux; Android 6.0.1; Nexus 5X Build/MMB29P) AppleWebKit/537.36 (KHTML, like Gecko) Chrome/137.0.7151.103 Mobile Safari/537.36 (compatible; Googlebot/2.1; +http://www.google.com/bot.html)"
192.178.6.73 - - [08/Jul/2025:21:38:24 +0700] "GET /pages.php?item/u101/41956/ HTTP/1.1" 404 27 "-" "Mozilla/5.0 (Linux; Android 6.0.1; Nexus 5X Build/MMB29P) AppleWebKit/537.36 (KHTML, like Gecko) Chrome/137.0.7151.103 Mobile Safari/537.36 (compatible; Googlebot/2.1; +http://www.google.com/bot.html)"
54.36.149.36 - - [08/Jul/2025:21:38:54 +0700] "GET /65816124395.htm HTTP/1.1" 404 27 "-" "Mozilla/5.0 (compatible; AhrefsBot/7.0; +http://ahrefs.com/robot/)"
192.178.6.73 - - [08/Jul/2025:21:38:56 +0700] "GET /pages.php?item/u189/47914/ HTTP/1.1" 404 27 "-" "Mozilla/5.0 (Linux; Android 6.0.1; Nexus 5X Build/MMB29P) AppleWebKit/537.36 (KHTML, like Gecko) Chrome/137.0.7151.103 Mobile Safari/537.36 (compatible; Googlebot/2.1; +http://www.google.com/bot.html)"
66.249.71.64 - - [08/Jul/2025:21:39:43 +0700] "GET /pages.php?item/u71/41092/ HTTP/1.1" 404 27 "-" "Mozilla/5.0 (Linux; Android 6.0.1; Nexus 5X Build/MMB29P) AppleWebKit/537.36 (KHTML, like Gecko) Chrome/137.0.7151.103 Mobile Safari/537.36 (compatible; Googlebot/2.1; +http://www.google.com/bot.html)"
192.178.6.73 - - [08/Jul/2025:21:40:10 +0700] "GET /items/cwgya285/46463?key=one HTTP/1.1" 404 27 "-" "Mozilla/5.0 (Linux; Android 6.0.1; Nexus 5X Build/MMB29P) AppleWebKit/537.36 (KHTML, like Gecko) Chrome/137.0.7151.103 Mobile Safari/537.36 (compatible; Googlebot/2.1; +http://www.google.com/bot.html)"
192.178.6.72 - - [08/Jul/2025:21:40:38 +0700] "GET /pages.php?item/u122/46229/ HTTP/1.1" 404 27 "-" "Mozilla/5.0 (Linux; Android 6.0.1; Nexus 5X Build/MMB29P) AppleWebKit/537.36 (KHTML, like Gecko) Chrome/137.0.7151.103 Mobile Safari/537.36 (compatible; Googlebot/2.1; +http://www.google.com/bot.html)"
208.110.64.178 - - [08/Jul/2025:21:40:50 +0700] "GET /wp-includes/install.php HTTP/1.1" 499 0 "https://bliteexpo.com/wp-includes/install.php" "Mozilla/5.0 (Windows NT 10.0; Win64; x64) AppleWebKit/537.36 (KHTML, like Gecko) Chrome/58.0.3029.110 Safari/537.3"
208.110.64.178 - - [08/Jul/2025:21:40:51 +0700] "GET /wp-includes/install.php HTTP/1.1" 404 27 "https://bliteexpo.com/wp-includes/install.php" "Mozilla/5.0 (Windows NT 10.0; Win64; x64) AppleWebKit/537.36 (KHTML, like Gecko) Chrome/58.0.3029.110 Safari/537.3"
54.36.148.238 - - [08/Jul/2025:21:41:00 +0700] "GET /1105069903.htm HTTP/1.1" 404 27 "-" "Mozilla/5.0 (compatible; AhrefsBot/7.0; +http://ahrefs.com/robot/)"
66.249.71.65 - - [08/Jul/2025:21:41:05 +0700] "GET /items/nhexs265/20275?key=embarrassed HTTP/1.1" 404 27 "-" "Mozilla/5.0 (Linux; Android 6.0.1; Nexus 5X Build/MMB29P) AppleWebKit/537.36 (KHTML, like Gecko) Chrome/137.0.7151.103 Mobile Safari/537.36 (compatible; Googlebot/2.1; +http://www.google.com/bot.html)"
66.249.71.64 - - [08/Jul/2025:21:41:59 +0700] "GET /pages.php?item/u276/33215/ HTTP/1.1" 404 27 "-" "Mozilla/5.0 (Linux; Android 6.0.1; Nexus 5X Build/MMB29P) AppleWebKit/537.36 (KHTML, like Gecko) Chrome/137.0.7151.103 Mobile Safari/537.36 (compatible; Googlebot/2.1; +http://www.google.com/bot.html)"
204.12.252.98 - - [08/Jul/2025:21:42:10 +0700] "GET /wp-includes/install.php HTTP/1.1" 404 27 "https://bliteexpo.com/wp-includes/install.php" "Mozilla/5.0 (Windows NT 10.0; Win64; x64) AppleWebKit/537.36 (KHTML, like Gecko) Chrome/58.0.3029.110 Safari/537.3"
66.249.71.66 - - [08/Jul/2025:21:42:26 +0700] "GET /items/zwxfn96/11612?key=gently HTTP/1.1" 404 27 "-" "Mozilla/5.0 (Linux; Android 6.0.1; Nexus 5X Build/MMB29P) AppleWebKit/537.36 (KHTML, like Gecko) Chrome/137.0.7151.103 Mobile Safari/537.36 (compatible; Googlebot/2.1; +http://www.google.com/bot.html)"
54.36.148.43 - - [08/Jul/2025:21:42:51 +0700] "GET /4598959136.htm HTTP/1.1" 404 27 "-" "Mozilla/5.0 (compatible; AhrefsBot/7.0; +http://ahrefs.com/robot/)"
192.178.6.72 - - [08/Jul/2025:21:42:53 +0700] "GET /items/gcspi1/43307?key=handle HTTP/1.1" 404 27 "-" "Mozilla/5.0 (Linux; Android 6.0.1; Nexus 5X Build/MMB29P) AppleWebKit/537.36 (KHTML, like Gecko) Chrome/137.0.7151.103 Mobile Safari/537.36 (compatible; Googlebot/2.1; +http://www.google.com/bot.html)"
66.249.71.64 - - [08/Jul/2025:21:43:20 +0700] "GET /items/nlbya237/2421?key=dough HTTP/1.1" 404 27 "-" "Mozilla/5.0 (Linux; Android 6.0.1; Nexus 5X Build/MMB29P) AppleWebKit/537.36 (KHTML, like Gecko) Chrome/137.0.7151.103 Mobile Safari/537.36 (compatible; Googlebot/2.1; +http://www.google.com/bot.html)"
192.178.6.72 - - [08/Jul/2025:21:43:47 +0700] "GET /pages.php?item/u270/18353/ HTTP/1.1" 404 27 "-" "Mozilla/5.0 (Linux; Android 6.0.1; Nexus 5X Build/MMB29P) AppleWebKit/537.36 (KHTML, like Gecko) Chrome/137.0.7151.103 Mobile Safari/537.36 (compatible; Googlebot/2.1; +http://www.google.com/bot.html)"
66.249.71.65 - - [08/Jul/2025:21:44:15 +0700] "GET /pages.php?items/136004152.html?srsltid=AfmBOosfngjvQBTogCzXGW3MLQfVHCnogbbFa9QLmyF3APNZeH7q HTTP/1.1" 404 27 "-" "Mozilla/5.0 (Linux; Android 6.0.1; Nexus 5X Build/MMB29P) AppleWebKit/537.36 (KHTML, like Gecko) Chrome/137.0.7151.103 Mobile Safari/537.36 (compatible; Googlebot/2.1; +http://www.google.com/bot.html)"
66.249.71.64 - - [08/Jul/2025:21:44:42 +0700] "GET /pages.php?items/141008079.html?srsltid=AfmBOoukaeSRQaPNgJpPXcoTYqTitQJfyu4wblTAC5clI6I1R6Lh HTTP/1.1" 404 27 "-" "Mozilla/5.0 (Linux; Android 6.0.1; Nexus 5X Build/MMB29P) AppleWebKit/537.36 (KHTML, like Gecko) Chrome/137.0.7151.103 Mobile Safari/537.36 (compatible; Googlebot/2.1; +http://www.google.com/bot.html)"
54.36.149.94 - - [08/Jul/2025:21:44:45 +0700] "GET /11050112812.htm HTTP/1.1" 404 27 "-" "Mozilla/5.0 (compatible; AhrefsBot/7.0; +http://ahrefs.com/robot/)"
40.77.167.132 - - [08/Jul/2025:21:44:51 +0700] "GET /infos.php?shopdetail/205056443 HTTP/1.1" 404 27 "-" "Mozilla/5.0 AppleWebKit/537.36 (KHTML, like Gecko; compatible; bingbot/2.0; +http://www.bing.com/bingbot.htm) Chrome/116.0.1938.76 Safari/537.36"
66.249.71.64 - - [08/Jul/2025:21:45:36 +0700] "GET /pages.php?item/u220/8031/ HTTP/1.1" 404 27 "-" "Mozilla/5.0 (Linux; Android 6.0.1; Nexus 5X Build/MMB29P) AppleWebKit/537.36 (KHTML, like Gecko) Chrome/137.0.7151.103 Mobile Safari/537.36 (compatible; Googlebot/2.1; +http://www.google.com/bot.html)"
192.178.6.72 - - [08/Jul/2025:21:45:38 +0700] "GET /pages.php?pcmypage?callback=/product%2Fdetail%2m36793068494 HTTP/1.1" 404 27 "-" "Mozilla/5.0 (Linux; Android 6.0.1; Nexus 5X Build/MMB29P) AppleWebKit/537.36 (KHTML, like Gecko) Chrome/137.0.7151.103 Mobile Safari/537.36 (compatible; Googlebot/2.1; +http://www.google.com/bot.html)"
192.178.6.73 - - [08/Jul/2025:21:46:05 +0700] "GET /pages.php?item/u147/13070/ HTTP/1.1" 404 27 "-" "Mozilla/5.0 (Linux; Android 6.0.1; Nexus 5X Build/MMB29P) AppleWebKit/537.36 (KHTML, like Gecko) Chrome/137.0.7151.103 Mobile Safari/537.36 (compatible; Googlebot/2.1; +http://www.google.com/bot.html)"
192.178.6.73 - - [08/Jul/2025:21:46:32 +0700] "GET /pages.php?items/177019077.html?srsltid=AfmBOoefwubXHscwkVeI9rspZeMArDvfyGuHAsQHVbeRcuJrAKeQ HTTP/1.1" 404 27 "-" "Mozilla/5.0 (Linux; Android 6.0.1; Nexus 5X Build/MMB29P) AppleWebKit/537.36 (KHTML, like Gecko) Chrome/137.0.7151.103 Mobile Safari/537.36 (compatible; Googlebot/2.1; +http://www.google.com/bot.html)"
192.178.6.72 - - [08/Jul/2025:21:46:34 +0700] "GET /items/apqkd39/28483?key=ultimate HTTP/1.1" 404 27 "-" "Mozilla/5.0 (Linux; Android 6.0.1; Nexus 5X Build/MMB29P) AppleWebKit/537.36 (KHTML, like Gecko) Chrome/137.0.7151.103 Mobile Safari/537.36 (compatible; Googlebot/2.1; +http://www.google.com/bot.html)"
54.36.149.15 - - [08/Jul/2025:21:46:50 +0700] "GET /2145138185.htm HTTP/1.1" 404 27 "-" "Mozilla/5.0 (compatible; AhrefsBot/7.0; +http://ahrefs.com/robot/)"
66.249.71.64 - - [08/Jul/2025:21:46:50 +0700] "GET /items/ziixl266/39016?key=diplomat HTTP/1.1" 404 27 "-" "Mozilla/5.0 (Linux; Android 6.0.1; Nexus 5X Build/MMB29P) AppleWebKit/537.36 (KHTML, like Gecko) Chrome/137.0.7151.103 Mobile Safari/537.36 (compatible; Googlebot/2.1; +http://www.google.com/bot.html)"
192.178.6.72 - - [08/Jul/2025:21:47:17 +0700] "GET /robots.txt HTTP/1.1" 404 27 "-" "Mozilla/5.0 (compatible; Googlebot/2.1; +http://www.google.com/bot.html)"
66.249.71.65 - - [08/Jul/2025:21:47:17 +0700] "GET /pages.php?items/013010431.html?srsltid=AfmBOoyjmBKqKGKEGnAbBe4zRKiKdiGvDmRocF0JrGHtPYeGXahD HTTP/1.1" 404 27 "-" "Mozilla/5.0 (Linux; Android 6.0.1; Nexus 5X Build/MMB29P) AppleWebKit/537.36 (KHTML, like Gecko) Chrome/137.0.7151.103 Mobile Safari/537.36 (compatible; Googlebot/2.1; +http://www.google.com/bot.html)"
192.178.6.72 - - [08/Jul/2025:21:47:48 +0700] "GET /pages.php?items/249003269.html?srsltid=AfmBOoyucbsqzEfUQVagarH3INQHBZRjTZAjjHG7Hb8geNSXCvwJ HTTP/1.1" 404 27 "-" "Mozilla/5.0 (Linux; Android 6.0.1; Nexus 5X Build/MMB29P) AppleWebKit/537.36 (KHTML, like Gecko) Chrome/137.0.7151.103 Mobile Safari/537.36 (compatible; Googlebot/2.1; +http://www.google.com/bot.html)"
66.249.71.65 - - [08/Jul/2025:21:48:36 +0700] "GET /robots.txt HTTP/1.1" 404 27 "-" "Mozilla/5.0 (compatible; Googlebot/2.1; +http://www.google.com/bot.html)"
192.178.6.73 - - [08/Jul/2025:21:48:36 +0700] "GET /items/oonxk140/42324?key=fantasy HTTP/1.1" 404 27 "-" "Mozilla/5.0 (Linux; Android 6.0.1; Nexus 5X Build/MMB29P) AppleWebKit/537.36 (KHTML, like Gecko) Chrome/137.0.7151.103 Mobile Safari/537.36 (compatible; Googlebot/2.1; +http://www.google.com/bot.html)"
66.249.71.65 - - [08/Jul/2025:21:48:38 +0700] "GET /pages.php?items/092039570.html?srsltid=AfmBOophecjZippuMJALmXxjQfJJAapxEo7rYnkPtvm1amiIrEId HTTP/1.1" 404 27 "-" "Mozilla/5.0 (Linux; Android 6.0.1; Nexus 5X Build/MMB29P) AppleWebKit/537.36 (KHTML, like Gecko) Chrome/137.0.7151.103 Mobile Safari/537.36 (compatible; Googlebot/2.1; +http://www.google.com/bot.html)"
54.36.148.130 - - [08/Jul/2025:21:48:41 +0700] "GET /33884142708.htm HTTP/1.1" 404 27 "-" "Mozilla/5.0 (compatible; AhrefsBot/7.0; +http://ahrefs.com/robot/)"
192.178.6.73 - - [08/Jul/2025:21:48:52 +0700] "GET /pages.php?items/228020276.html?srsltid=AfmBOocugfsKXmjzRLtfSy3ZYkxlbDZenGxRndRjfrNgH0aA8JU5 HTTP/1.1" 404 27 "-" "Mozilla/5.0 (Linux; Android 6.0.1; Nexus 5X Build/MMB29P) AppleWebKit/537.36 (KHTML, like Gecko) Chrome/137.0.7151.103 Mobile Safari/537.36 (compatible; Googlebot/2.1; +http://www.google.com/bot.html)"
192.178.6.73 - - [08/Jul/2025:21:49:22 +0700] "GET /pages.php?items/071034587.html?srsltid=AfmBOogeeVVUxryZxaYkzSSIAsRArszvhcLcgBTjqfaVAlrgMs0g HTTP/1.1" 404 27 "-" "Mozilla/5.0 (Linux; Android 6.0.1; Nexus 5X Build/MMB29P) AppleWebKit/537.36 (KHTML, like Gecko) Chrome/137.0.7151.103 Mobile Safari/537.36 (compatible; Googlebot/2.1; +http://www.google.com/bot.html)"
66.249.71.64 - - [08/Jul/2025:21:49:53 +0700] "GET /items/qcsst282/42088?key=prediction HTTP/1.1" 404 27 "-" "Mozilla/5.0 (Linux; Android 6.0.1; Nexus 5X Build/MMB29P) AppleWebKit/537.36 (KHTML, like Gecko) Chrome/137.0.7151.103 Mobile Safari/537.36 (compatible; Googlebot/2.1; +http://www.google.com/bot.html)"
192.178.6.72 - - [08/Jul/2025:21:49:54 +0700] "GET /robots.txt HTTP/1.1" 404 27 "-" "Mozilla/5.0 (compatible; Googlebot/2.1; +http://www.google.com/bot.html)"
192.178.6.64 - - [08/Jul/2025:21:50:25 +0700] "GET /items/pddpj20/18390?key=if HTTP/1.1" 404 27 "-" "Mozilla/5.0 (Linux; Android 6.0.1; Nexus 5X Build/MMB29P) AppleWebKit/537.36 (KHTML, like Gecko) Chrome/137.0.7151.103 Mobile Safari/537.36 (compatible; Googlebot/2.1; +http://www.google.com/bot.html)"
54.36.148.155 - - [08/Jul/2025:21:50:34 +0700] "GET /8967768168.htm HTTP/1.1" 404 27 "-" "Mozilla/5.0 (compatible; AhrefsBot/7.0; +http://ahrefs.com/robot/)"
66.249.71.65 - - [08/Jul/2025:21:50:56 +0700] "GET /items/xjwhg63/44225?key=training HTTP/1.1" 404 27 "-" "Mozilla/5.0 (Linux; Android 6.0.1; Nexus 5X Build/MMB29P) AppleWebKit/537.36 (KHTML, like Gecko) Chrome/137.0.7151.103 Mobile Safari/537.36 (compatible; Googlebot/2.1; +http://www.google.com/bot.html)"
192.178.6.73 - - [08/Jul/2025:21:50:56 +0700] "GET /robots.txt HTTP/1.1" 404 27 "-" "Mozilla/5.0 (compatible; Googlebot/2.1; +http://www.google.com/bot.html)"
192.178.6.73 - - [08/Jul/2025:21:51:27 +0700] "GET /pages.php?item/u282/29861/ HTTP/1.1" 404 27 "-" "Mozilla/5.0 (Linux; Android 6.0.1; Nexus 5X Build/MMB29P) AppleWebKit/537.36 (KHTML, like Gecko) Chrome/137.0.7151.103 Mobile Safari/537.36 (compatible; Googlebot/2.1; +http://www.google.com/bot.html)"
192.178.6.73 - - [08/Jul/2025:21:51:59 +0700] "GET /pages.php?item/u276/31133/ HTTP/1.1" 404 27 "-" "Mozilla/5.0 (Linux; Android 6.0.1; Nexus 5X Build/MMB29P) AppleWebKit/537.36 (KHTML, like Gecko) Chrome/137.0.7151.103 Mobile Safari/537.36 (compatible; Googlebot/2.1; +http://www.google.com/bot.html)"
192.178.6.72 - - [08/Jul/2025:21:51:59 +0700] "GET /robots.txt HTTP/1.1" 404 27 "-" "Mozilla/5.0 (compatible; Googlebot/2.1; +http://www.google.com/bot.html)"
54.36.148.49 - - [08/Jul/2025:21:52:29 +0700] "GET /1976916854.htm HTTP/1.1" 404 27 "-" "Mozilla/5.0 (compatible; AhrefsBot/7.0; +http://ahrefs.com/robot/)"
66.249.71.64 - - [08/Jul/2025:21:52:30 +0700] "GET /pages.php?item/u211/48548/ HTTP/1.1" 404 27 "-" "Mozilla/5.0 (Linux; Android 6.0.1; Nexus 5X Build/MMB29P) AppleWebKit/537.36 (KHTML, like Gecko) Chrome/137.0.7151.103 Mobile Safari/537.36 (compatible; Googlebot/2.1; +http://www.google.com/bot.html)"
69.197.135.226 - - [08/Jul/2025:21:52:43 +0700] "GET /wp-includes/install.php HTTP/1.1" 404 27 "https://bliteexpo.com/wp-includes/install.php" "Mozilla/5.0 (Windows NT 10.0; Win64; x64) AppleWebKit/537.36 (KHTML, like Gecko) Chrome/58.0.3029.110 Safari/537.3"
192.178.6.72 - - [08/Jul/2025:21:53:01 +0700] "GET /items/xisvi153/40577?key=verdict HTTP/1.1" 404 27 "-" "Mozilla/5.0 (Linux; Android 6.0.1; Nexus 5X Build/MMB29P) AppleWebKit/537.36 (KHTML, like Gecko) Chrome/137.0.7151.103 Mobile Safari/537.36 (compatible; Googlebot/2.1; +http://www.google.com/bot.html)"
66.249.71.65 - - [08/Jul/2025:21:53:01 +0700] "GET /robots.txt HTTP/1.1" 404 27 "-" "Mozilla/5.0 (compatible; Googlebot/2.1; +http://www.google.com/bot.html)"
192.178.6.73 - - [08/Jul/2025:21:53:33 +0700] "GET /items/qceep281/24539?key=counterpart HTTP/1.1" 404 27 "-" "Mozilla/5.0 (Linux; Android 6.0.1; Nexus 5X Build/MMB29P) AppleWebKit/537.36 (KHTML, like Gecko) Chrome/137.0.7151.103 Mobile Safari/537.36 (compatible; Googlebot/2.1; +http://www.google.com/bot.html)"
66.249.71.65 - - [08/Jul/2025:21:54:04 +0700] "GET /pages.php?item/u156/25589/ HTTP/1.1" 404 27 "-" "Mozilla/5.0 (Linux; Android 6.0.1; Nexus 5X Build/MMB29P) AppleWebKit/537.36 (KHTML, like Gecko) Chrome/137.0.7151.103 Mobile Safari/537.36 (compatible; Googlebot/2.1; +http://www.google.com/bot.html)"
66.249.71.66 - - [08/Jul/2025:21:54:04 +0700] "GET /robots.txt HTTP/1.1" 404 27 "-" "Mozilla/5.0 (compatible; Googlebot/2.1; +http://www.google.com/bot.html)"
192.178.6.72 - - [08/Jul/2025:21:54:35 +0700] "GET /wp-includes/search.php?item/u16/10866/ HTTP/1.1" 404 27 "-" "Mozilla/5.0 (Linux; Android 6.0.1; Nexus 5X Build/MMB29P) AppleWebKit/537.36 (KHTML, like Gecko) Chrome/137.0.7151.103 Mobile Safari/537.36 (compatible; Googlebot/2.1; +http://www.google.com/bot.html)"
54.36.148.134 - - [08/Jul/2025:21:54:40 +0700] "GET /21451145937.htm HTTP/1.1" 404 27 "-" "Mozilla/5.0 (compatible; AhrefsBot/7.0; +http://ahrefs.com/robot/)"
66.249.71.65 - - [08/Jul/2025:21:55:06 +0700] "GET /robots.txt HTTP/1.1" 404 27 "-" "Mozilla/5.0 (compatible; Googlebot/2.1; +http://www.google.com/bot.html)"
192.178.6.73 - - [08/Jul/2025:21:55:07 +0700] "GET /items/pbmws43/5645?key=chemistry HTTP/1.1" 404 27 "-" "Mozilla/5.0 (Linux; Android 6.0.1; Nexus 5X Build/MMB29P) AppleWebKit/537.36 (KHTML, like Gecko) Chrome/137.0.7151.103 Mobile Safari/537.36 (compatible; Googlebot/2.1; +http://www.google.com/bot.html)"
40.77.167.74 - - [08/Jul/2025:21:55:10 +0700] "GET /infos.phpshopdetail/397311743 HTTP/1.1" 404 27 "-" "Mozilla/5.0 AppleWebKit/537.36 (KHTML, like Gecko; compatible; bingbot/2.0; +http://www.bing.com/bingbot.htm) Chrome/116.0.1938.76 Safari/537.36"
192.178.6.72 - - [08/Jul/2025:21:55:38 +0700] "GET /items/iimgp68/22256?key=humanity HTTP/1.1" 404 27 "-" "Mozilla/5.0 (Linux; Android 6.0.1; Nexus 5X Build/MMB29P) AppleWebKit/537.36 (KHTML, like Gecko) Chrome/137.0.7151.103 Mobile Safari/537.36 (compatible; Googlebot/2.1; +http://www.google.com/bot.html)"
192.178.6.72 - - [08/Jul/2025:21:56:09 +0700] "GET /robots.txt HTTP/1.1" 404 27 "-" "Mozilla/5.0 (compatible; Googlebot/2.1; +http://www.google.com/bot.html)"
192.178.6.64 - - [08/Jul/2025:21:56:09 +0700] "GET /pages.php?item/u115/14004/ HTTP/1.1" 404 27 "-" "Mozilla/5.0 (Linux; Android 6.0.1; Nexus 5X Build/MMB29P) AppleWebKit/537.36 (KHTML, like Gecko) Chrome/137.0.7151.103 Mobile Safari/537.36 (compatible; Googlebot/2.1; +http://www.google.com/bot.html)"
192.178.6.73 - - [08/Jul/2025:21:56:41 +0700] "GET /pages.php?items/017049175.html?srsltid=AfmBOogcbScFzzaSjYzv27SUSHHoUhwHn3t53O9pxgosEsyylpxA HTTP/1.1" 404 27 "-" "Mozilla/5.0 (Linux; Android 6.0.1; Nexus 5X Build/MMB29P) AppleWebKit/537.36 (KHTML, like Gecko) Chrome/137.0.7151.103 Mobile Safari/537.36 (compatible; Googlebot/2.1; +http://www.google.com/bot.html)"
54.36.148.52 - - [08/Jul/2025:21:56:43 +0700] "GET /2145117841.htm HTTP/1.1" 404 27 "-" "Mozilla/5.0 (compatible; AhrefsBot/7.0; +http://ahrefs.com/robot/)"
192.178.6.73 - - [08/Jul/2025:21:57:12 +0700] "GET /robots.txt HTTP/1.1" 404 27 "-" "Mozilla/5.0 (compatible; Googlebot/2.1; +http://www.google.com/bot.html)"
192.178.6.73 - - [08/Jul/2025:21:57:12 +0700] "GET /wp-includes/search.php?funeral/refugee123/i68ot-28152/ HTTP/1.1" 404 27 "-" "Mozilla/5.0 (Linux; Android 6.0.1; Nexus 5X Build/MMB29P) AppleWebKit/537.36 (KHTML, like Gecko) Chrome/137.0.7151.103 Mobile Safari/537.36 (compatible; Googlebot/2.1; +http://www.google.com/bot.html)"
66.249.71.64 - - [08/Jul/2025:21:57:43 +0700] "GET /items/duoku56/18092?key=sure HTTP/1.1" 404 27 "-" "Mozilla/5.0 (Linux; Android 6.0.1; Nexus 5X Build/MMB29P) AppleWebKit/537.36 (KHTML, like Gecko) Chrome/137.0.7151.103 Mobile Safari/537.36 (compatible; Googlebot/2.1; +http://www.google.com/bot.html)"
66.249.71.66 - - [08/Jul/2025:21:58:14 +0700] "GET /pages.php?item/u252/38043/ HTTP/1.1" 404 27 "-" "Mozilla/5.0 (Linux; Android 6.0.1; Nexus 5X Build/MMB29P) AppleWebKit/537.36 (KHTML, like Gecko) Chrome/137.0.7151.103 Mobile Safari/537.36 (compatible; Googlebot/2.1; +http://www.google.com/bot.html)"
192.178.6.72 - - [08/Jul/2025:21:58:15 +0700] "GET /robots.txt HTTP/1.1" 404 27 "-" "Mozilla/5.0 (compatible; Googlebot/2.1; +http://www.google.com/bot.html)"
54.36.148.207 - - [08/Jul/2025:21:58:37 +0700] "GET /4598992638.htm HTTP/1.1" 404 27 "-" "Mozilla/5.0 (compatible; AhrefsBot/7.0; +http://ahrefs.com/robot/)"
192.178.6.73 - - [08/Jul/2025:21:58:46 +0700] "GET /pages.php?item/u236/22917/ HTTP/1.1" 404 27 "-" "Mozilla/5.0 (Linux; Android 6.0.1; Nexus 5X Build/MMB29P) AppleWebKit/537.36 (KHTML, like Gecko) Chrome/137.0.7151.103 Mobile Safari/537.36 (compatible; Googlebot/2.1; +http://www.google.com/bot.html)"
208.110.64.178 - - [08/Jul/2025:21:59:13 +0700] "GET /wp-includes/install.php HTTP/1.1" 404 27 "https://bliteexpo.com/wp-includes/install.php" "Mozilla/5.0 (Windows NT 10.0; Win64; x64) AppleWebKit/537.36 (KHTML, like Gecko) Chrome/58.0.3029.110 Safari/537.3"
66.249.71.64 - - [08/Jul/2025:21:59:21 +0700] "GET /pages.php?items/277024783.html?srsltid=AfmBOojdyLvwLfnnFmPUxQFADIcDDhWBRIk0wVPAKakfAGdfIpzx HTTP/1.1" 404 27 "-" "Mozilla/5.0 (Linux; Android 6.0.1; Nexus 5X Build/MMB29P) AppleWebKit/537.36 (KHTML, like Gecko) Chrome/137.0.7151.103 Mobile Safari/537.36 (compatible; Googlebot/2.1; +http://www.google.com/bot.html)"
192.178.6.72 - - [08/Jul/2025:21:59:23 +0700] "GET /wp-includes/search.php?item/u185/41465/ HTTP/1.1" 404 27 "-" "Mozilla/5.0 (Linux; Android 6.0.1; Nexus 5X Build/MMB29P) AppleWebKit/537.36 (KHTML, like Gecko) Chrome/137.0.7151.103 Mobile Safari/537.36 (compatible; Googlebot/2.1; +http://www.google.com/bot.html)"
66.249.71.65 - - [08/Jul/2025:21:59:50 +0700] "GET /items/innqr54/45408?key=class HTTP/1.1" 404 27 "-" "Mozilla/5.0 (Linux; Android 6.0.1; Nexus 5X Build/MMB29P) AppleWebKit/537.36 (KHTML, like Gecko) Chrome/137.0.7151.103 Mobile Safari/537.36 (compatible; Googlebot/2.1; +http://www.google.com/bot.html)"
66.249.71.66 - - [08/Jul/2025:22:00:44 +0700] "GET /pages.php?items/271003947.html?srsltid=AfmBOovxhEhQoUfgsuUVkVS6COxSrbVxycjek5zOxQlGW2qnzBWa HTTP/1.1" 404 27 "-" "Mozilla/5.0 (Linux; Android 6.0.1; Nexus 5X Build/MMB29P) AppleWebKit/537.36 (KHTML, like Gecko) Chrome/137.0.7151.103 Mobile Safari/537.36 (compatible; Googlebot/2.1; +http://www.google.com/bot.html)"
54.36.148.220 - - [08/Jul/2025:22:00:51 +0700] "GET /11050101423.htm HTTP/1.1" 404 27 "-" "Mozilla/5.0 (compatible; AhrefsBot/7.0; +http://ahrefs.com/robot/)"
192.178.6.73 - - [08/Jul/2025:22:01:12 +0700] "GET /items/zdqjv98/18794?key=afford HTTP/1.1" 404 27 "-" "Mozilla/5.0 (Linux; Android 6.0.1; Nexus 5X Build/MMB29P) AppleWebKit/537.36 (KHTML, like Gecko) Chrome/137.0.7151.103 Mobile Safari/537.36 (compatible; Googlebot/2.1; +http://www.google.com/bot.html)"
192.178.6.72 - - [08/Jul/2025:22:01:40 +0700] "GET /items/bzfrw232/49274?key=isolation HTTP/1.1" 404 27 "-" "Mozilla/5.0 (Linux; Android 6.0.1; Nexus 5X Build/MMB29P) AppleWebKit/537.36 (KHTML, like Gecko) Chrome/137.0.7151.103 Mobile Safari/537.36 (compatible; Googlebot/2.1; +http://www.google.com/bot.html)"
192.178.6.73 - - [08/Jul/2025:22:01:41 +0700] "GET /pages.php?items/132026414.html?srsltid=AfmBOoakwyIrcTEyEytKMOiLFMxDODOR5gCoX2ldiFOvkFv7kx8M HTTP/1.1" 404 27 "-" "Mozilla/5.0 (Linux; Android 6.0.1; Nexus 5X Build/MMB29P) AppleWebKit/537.36 (KHTML, like Gecko) Chrome/137.0.7151.103 Mobile Safari/537.36 (compatible; Googlebot/2.1; +http://www.google.com/bot.html)"
66.249.71.64 - - [08/Jul/2025:22:01:55 +0700] "GET /items/xqjyz226/39264?key=trailer HTTP/1.1" 404 27 "-" "Mozilla/5.0 (Linux; Android 6.0.1; Nexus 5X Build/MMB29P) AppleWebKit/537.36 (KHTML, like Gecko) Chrome/137.0.7151.103 Mobile Safari/537.36 (compatible; Googlebot/2.1; +http://www.google.com/bot.html)"
66.249.71.66 - - [08/Jul/2025:22:02:25 +0700] "GET /items/dvjle228/40626?key=protection HTTP/1.1" 404 27 "-" "Mozilla/5.0 (Linux; Android 6.0.1; Nexus 5X Build/MMB29P) AppleWebKit/537.36 (KHTML, like Gecko) Chrome/137.0.7151.103 Mobile Safari/537.36 (compatible; Googlebot/2.1; +http://www.google.com/bot.html)"
192.178.6.73 - - [08/Jul/2025:22:02:56 +0700] "GET /wp-includes/search.php?item/u268/42684/ HTTP/1.1" 404 27 "-" "Mozilla/5.0 (Linux; Android 6.0.1; Nexus 5X Build/MMB29P) AppleWebKit/537.36 (KHTML, like Gecko) Chrome/137.0.7151.103 Mobile Safari/537.36 (compatible; Googlebot/2.1; +http://www.google.com/bot.html)"
54.36.148.16 - - [08/Jul/2025:22:02:57 +0700] "GET /8625321634.htm HTTP/1.1" 404 27 "-" "Mozilla/5.0 (compatible; AhrefsBot/7.0; +http://ahrefs.com/robot/)"
192.178.6.72 - - [08/Jul/2025:22:03:28 +0700] "GET /items/weldm100/7516?key=photograph HTTP/1.1" 404 27 "-" "Mozilla/5.0 (Linux; Android 6.0.1; Nexus 5X Build/MMB29P) AppleWebKit/537.36 (KHTML, like Gecko) Chrome/137.0.7151.103 Mobile Safari/537.36 (compatible; Googlebot/2.1; +http://www.google.com/bot.html)"
192.178.6.73 - - [08/Jul/2025:22:03:59 +0700] "GET /pages.php?item/u178/9259/ HTTP/1.1" 404 27 "-" "Mozilla/5.0 (Linux; Android 6.0.1; Nexus 5X Build/MMB29P) AppleWebKit/537.36 (KHTML, like Gecko) Chrome/137.0.7151.103 Mobile Safari/537.36 (compatible; Googlebot/2.1; +http://www.google.com/bot.html)"
66.249.71.64 - - [08/Jul/2025:22:04:30 +0700] "GET /pages.php?items/232013072.html?srsltid=AfmBOozrzhInkdpuTlfPDEWsBBHsuzmRL3ds4LnZWJSGQ31YYSEd HTTP/1.1" 404 27 "-" "Mozilla/5.0 (Linux; Android 6.0.1; Nexus 5X Build/MMB29P) AppleWebKit/537.36 (KHTML, like Gecko) Chrome/137.0.7151.103 Mobile Safari/537.36 (compatible; Googlebot/2.1; +http://www.google.com/bot.html)"
192.178.6.72 - - [08/Jul/2025:22:05:02 +0700] "GET /items/beiwi265/27781?key=convinced HTTP/1.1" 404 27 "-" "Mozilla/5.0 (Linux; Android 6.0.1; Nexus 5X Build/MMB29P) AppleWebKit/537.36 (KHTML, like Gecko) Chrome/137.0.7151.103 Mobile Safari/537.36 (compatible; Googlebot/2.1; +http://www.google.com/bot.html)"
54.36.148.194 - - [08/Jul/2025:22:05:07 +0700] "GET /89677117861.htm HTTP/1.1" 404 27 "-" "Mozilla/5.0 (compatible; AhrefsBot/7.0; +http://ahrefs.com/robot/)"
208.110.64.178 - - [08/Jul/2025:22:05:28 +0700] "GET /wp-includes/install.php HTTP/1.1" 404 27 "https://bliteexpo.com/wp-includes/install.php" "Mozilla/5.0 (Windows NT 10.0; Win64; x64) AppleWebKit/537.36 (KHTML, like Gecko) Chrome/58.0.3029.110 Safari/537.3"
192.178.6.73 - - [08/Jul/2025:22:05:33 +0700] "GET /pages.php?item/u58/16815/ HTTP/1.1" 404 27 "-" "Mozilla/5.0 (Linux; Android 6.0.1; Nexus 5X Build/MMB29P) AppleWebKit/537.36 (KHTML, like Gecko) Chrome/137.0.7151.103 Mobile Safari/537.36 (compatible; Googlebot/2.1; +http://www.google.com/bot.html)"
192.178.6.73 - - [08/Jul/2025:22:06:04 +0700] "GET /pages.php?items/191036565.html?srsltid=AfmBOomzqLAXkCkviipKHtYWZvWvZiiNtwgh6xFwG1JBAn47kXdz HTTP/1.1" 404 27 "-" "Mozilla/5.0 (Linux; Android 6.0.1; Nexus 5X Build/MMB29P) AppleWebKit/537.36 (KHTML, like Gecko) Chrome/137.0.7151.103 Mobile Safari/537.36 (compatible; Googlebot/2.1; +http://www.google.com/bot.html)"
66.249.71.66 - - [08/Jul/2025:22:07:01 +0700] "GET /items/grfir63/23037?key=environment HTTP/1.1" 404 27 "-" "Mozilla/5.0 (Linux; Android 6.0.1; Nexus 5X Build/MMB29P) AppleWebKit/537.36 (KHTML, like Gecko) Chrome/137.0.7151.103 Mobile Safari/537.36 (compatible; Googlebot/2.1; +http://www.google.com/bot.html)"
54.36.148.204 - - [08/Jul/2025:22:07:21 +0700] "GET /1976917963.htm HTTP/1.1" 404 27 "-" "Mozilla/5.0 (compatible; AhrefsBot/7.0; +http://ahrefs.com/robot/)"
192.178.6.73 - - [08/Jul/2025:22:07:29 +0700] "GET /items/gufdz165/47893?key=folk HTTP/1.1" 404 27 "-" "Mozilla/5.0 (Linux; Android 6.0.1; Nexus 5X Build/MMB29P) AppleWebKit/537.36 (KHTML, like Gecko) Chrome/137.0.7151.103 Mobile Safari/537.36 (compatible; Googlebot/2.1; +http://www.google.com/bot.html)"
192.178.6.72 - - [08/Jul/2025:22:07:56 +0700] "GET /wp-includes/search.php?item/u85/11899/ HTTP/1.1" 404 27 "-" "Mozilla/5.0 (Linux; Android 6.0.1; Nexus 5X Build/MMB29P) AppleWebKit/537.36 (KHTML, like Gecko) Chrome/137.0.7151.103 Mobile Safari/537.36 (compatible; Googlebot/2.1; +http://www.google.com/bot.html)"
66.249.74.169 - - [08/Jul/2025:22:08:24 +0700] "GET /items/vtyhs208/36508?key=build HTTP/1.1" 404 27 "-" "Mozilla/5.0 (Linux; Android 6.0.1; Nexus 5X Build/MMB29P) AppleWebKit/537.36 (KHTML, like Gecko) Chrome/137.0.7151.103 Mobile Safari/537.36 (compatible; Googlebot/2.1; +http://www.google.com/bot.html)"
192.178.6.73 - - [08/Jul/2025:22:08:53 +0700] "GET /items/ojmht197/11831?key=riot HTTP/1.1" 404 27 "-" "Mozilla/5.0 (Linux; Android 6.0.1; Nexus 5X Build/MMB29P) AppleWebKit/537.36 (KHTML, like Gecko) Chrome/137.0.7151.103 Mobile Safari/537.36 (compatible; Googlebot/2.1; +http://www.google.com/bot.html)"
192.178.6.73 - - [08/Jul/2025:22:09:21 +0700] "GET /pages.php?item/u217/45202/ HTTP/1.1" 404 27 "-" "Mozilla/5.0 (Linux; Android 6.0.1; Nexus 5X Build/MMB29P) AppleWebKit/537.36 (KHTML, like Gecko) Chrome/137.0.7151.103 Mobile Safari/537.36 (compatible; Googlebot/2.1; +http://www.google.com/bot.html)"
54.36.148.171 - - [08/Jul/2025:22:09:27 +0700] "GET /33884122661.htm HTTP/1.1" 404 27 "-" "Mozilla/5.0 (compatible; AhrefsBot/7.0; +http://ahrefs.com/robot/)"
66.249.71.65 - - [08/Jul/2025:22:09:48 +0700] "GET /pages.php?item/u68/3365/ HTTP/1.1" 404 27 "-" "Mozilla/5.0 (Linux; Android 6.0.1; Nexus 5X Build/MMB29P) AppleWebKit/537.36 (KHTML, like Gecko) Chrome/137.0.7151.103 Mobile Safari/537.36 (compatible; Googlebot/2.1; +http://www.google.com/bot.html)"
66.249.71.64 - - [08/Jul/2025:22:10:42 +0700] "GET /pages.php?item/u86/997/ HTTP/1.1" 404 27 "-" "Mozilla/5.0 (Linux; Android 6.0.1; Nexus 5X Build/MMB29P) AppleWebKit/537.36 (KHTML, like Gecko) Chrome/137.0.7151.103 Mobile Safari/537.36 (compatible; Googlebot/2.1; +http://www.google.com/bot.html)"
192.178.6.72 - - [08/Jul/2025:22:11:09 +0700] "GET /pages.php?pcmypage?callback=product%2Fdetail%2F1305 HTTP/1.1" 404 27 "-" "Mozilla/5.0 (Linux; Android 6.0.1; Nexus 5X Build/MMB29P) AppleWebKit/537.36 (KHTML, like Gecko) Chrome/137.0.7151.103 Mobile Safari/537.36 (compatible; Googlebot/2.1; +http://www.google.com/bot.html)"
66.249.71.65 - - [08/Jul/2025:22:11:15 +0700] "GET /wp-includes/search.php?introduction/severely237/7t4xk-2820/ HTTP/1.1" 404 27 "-" "Mozilla/5.0 (Linux; Android 6.0.1; Nexus 5X Build/MMB29P) AppleWebKit/537.36 (KHTML, like Gecko) Chrome/137.0.7151.103 Mobile Safari/537.36 (compatible; Googlebot/2.1; +http://www.google.com/bot.html)"
192.178.6.72 - - [08/Jul/2025:22:11:24 +0700] "GET /shopdetail/103601643 HTTP/1.1" 404 27 "-" "Mozilla/5.0 (Linux; Android 6.0.1; Nexus 5X Build/MMB29P) AppleWebKit/537.36 (KHTML, like Gecko) Chrome/137.0.7151.103 Mobile Safari/537.36 (compatible; Googlebot/2.1; +http://www.google.com/bot.html)"
54.36.149.10 - - [08/Jul/2025:22:11:39 +0700] "GET /45989140046.htm HTTP/1.1" 404 27 "-" "Mozilla/5.0 (compatible; AhrefsBot/7.0; +http://ahrefs.com/robot/)"
192.178.6.72 - - [08/Jul/2025:22:11:49 +0700] "GET /shopdetail/103863243 HTTP/1.1" 404 27 "-" "Mozilla/5.0 (Linux; Android 6.0.1; Nexus 5X Build/MMB29P) AppleWebKit/537.36 (KHTML, like Gecko) Chrome/137.0.7151.103 Mobile Safari/537.36 (compatible; Googlebot/2.1; +http://www.google.com/bot.html)"
66.249.71.65 - - [08/Jul/2025:22:12:17 +0700] "GET /pages.php?item/u106/36701/ HTTP/1.1" 404 27 "-" "Mozilla/5.0 (Linux; Android 6.0.1; Nexus 5X Build/MMB29P) AppleWebKit/537.36 (KHTML, like Gecko) Chrome/137.0.7151.103 Mobile Safari/537.36 (compatible; Googlebot/2.1; +http://www.google.com/bot.html)"
192.178.6.64 - - [08/Jul/2025:22:12:21 +0700] "GET /pages.php?items/141014219.html?srsltid=AfmBOozktoJPPnhqCche7AUwJBFVuptVjKvz6KT63DBVtJQMx8Wk HTTP/1.1" 404 27 "-" "Mozilla/5.0 (Linux; Android 6.0.1; Nexus 5X Build/MMB29P) AppleWebKit/537.36 (KHTML, like Gecko) Chrome/137.0.7151.103 Mobile Safari/537.36 (compatible; Googlebot/2.1; +http://www.google.com/bot.html)"
192.178.6.73 - - [08/Jul/2025:22:12:51 +0700] "GET /items/qavrl161/34033?key=intensity HTTP/1.1" 404 27 "-" "Mozilla/5.0 (Linux; Android 6.0.1; Nexus 5X Build/MMB29P) AppleWebKit/537.36 (KHTML, like Gecko) Chrome/137.0.7151.103 Mobile Safari/537.36 (compatible; Googlebot/2.1; +http://www.google.com/bot.html)"
192.178.6.72 - - [08/Jul/2025:22:13:23 +0700] "GET /items/cczsi147/42229?key=sigh HTTP/1.1" 404 27 "-" "Mozilla/5.0 (Linux; Android 6.0.1; Nexus 5X Build/MMB29P) AppleWebKit/537.36 (KHTML, like Gecko) Chrome/137.0.7151.103 Mobile Safari/537.36 (compatible; Googlebot/2.1; +http://www.google.com/bot.html)"
192.178.6.72 - - [08/Jul/2025:22:13:54 +0700] "GET /shopdetail/500688943 HTTP/1.1" 404 27 "-" "Mozilla/5.0 (Linux; Android 6.0.1; Nexus 5X Build/MMB29P) AppleWebKit/537.36 (KHTML, like Gecko) Chrome/137.0.7151.103 Mobile Safari/537.36 (compatible; Googlebot/2.1; +http://www.google.com/bot.html)"
54.36.148.50 - - [08/Jul/2025:22:13:59 +0700] "GET /4598923452.htm HTTP/1.1" 404 27 "-" "Mozilla/5.0 (compatible; AhrefsBot/7.0; +http://ahrefs.com/robot/)"
192.178.6.72 - - [08/Jul/2025:22:14:25 +0700] "GET /items/xwtqx154/28132?key=passing HTTP/1.1" 404 27 "-" "Mozilla/5.0 (Linux; Android 6.0.1; Nexus 5X Build/MMB29P) AppleWebKit/537.36 (KHTML, like Gecko) Chrome/137.0.7151.103 Mobile Safari/537.36 (compatible; Googlebot/2.1; +http://www.google.com/bot.html)"
66.249.71.64 - - [08/Jul/2025:22:14:56 +0700] "GET /items/dihpd5/33167?key=monkey HTTP/1.1" 404 27 "-" "Mozilla/5.0 (Linux; Android 6.0.1; Nexus 5X Build/MMB29P) AppleWebKit/537.36 (KHTML, like Gecko) Chrome/137.0.7151.103 Mobile Safari/537.36 (compatible; Googlebot/2.1; +http://www.google.com/bot.html)"
69.197.182.50 - - [08/Jul/2025:22:15:07 +0700] "GET /wp-includes/install.php HTTP/1.1" 404 27 "https://bliteexpo.com/wp-includes/install.php" "Mozilla/5.0 (Windows NT 10.0; Win64; x64) AppleWebKit/537.36 (KHTML, like Gecko) Chrome/58.0.3029.110 Safari/537.3"
192.178.6.73 - - [08/Jul/2025:22:15:28 +0700] "GET /pages.php?item/u288/9805/ HTTP/1.1" 404 27 "-" "Mozilla/5.0 (Linux; Android 6.0.1; Nexus 5X Build/MMB29P) AppleWebKit/537.36 (KHTML, like Gecko) Chrome/137.0.7151.103 Mobile Safari/537.36 (compatible; Googlebot/2.1; +http://www.google.com/bot.html)"
192.178.6.73 - - [08/Jul/2025:22:15:59 +0700] "GET /pages.php?items/278013974.html?srsltid=AfmBOoyudQoZFggTITgQ96yACAggRmRgRMucMPQPIGr8nxmhPnYG HTTP/1.1" 404 27 "-" "Mozilla/5.0 (Linux; Android 6.0.1; Nexus 5X Build/MMB29P) AppleWebKit/537.36 (KHTML, like Gecko) Chrome/137.0.7151.103 Mobile Safari/537.36 (compatible; Googlebot/2.1; +http://www.google.com/bot.html)"
54.36.148.124 - - [08/Jul/2025:22:16:09 +0700] "GET /4598993305.htm HTTP/1.1" 404 27 "-" "Mozilla/5.0 (compatible; AhrefsBot/7.0; +http://ahrefs.com/robot/)"
66.249.71.65 - - [08/Jul/2025:22:16:30 +0700] "GET /pages.php?item/u244/46283/ HTTP/1.1" 404 27 "-" "Mozilla/5.0 (Linux; Android 6.0.1; Nexus 5X Build/MMB29P) AppleWebKit/537.36 (KHTML, like Gecko) Chrome/137.0.7151.103 Mobile Safari/537.36 (compatible; Googlebot/2.1; +http://www.google.com/bot.html)"
66.249.71.64 - - [08/Jul/2025:22:17:02 +0700] "GET /pages.php?item/u41/45958/ HTTP/1.1" 404 27 "-" "Mozilla/5.0 (Linux; Android 6.0.1; Nexus 5X Build/MMB29P) AppleWebKit/537.36 (KHTML, like Gecko) Chrome/137.0.7151.103 Mobile Safari/537.36 (compatible; Googlebot/2.1; +http://www.google.com/bot.html)"
52.167.144.189 - - [08/Jul/2025:22:17:18 +0700] "GET /infos.php?shopdetail/363570243 HTTP/1.1" 404 27 "-" "Mozilla/5.0 AppleWebKit/537.36 (KHTML, like Gecko; compatible; bingbot/2.0; +http://www.bing.com/bingbot.htm) Chrome/116.0.1938.76 Safari/537.36"
192.178.6.73 - - [08/Jul/2025:22:17:33 +0700] "GET /pages.php?items/102031306.html?srsltid=AfmBOogghGhIuXEDBcZF9xKYHpUXGswElGfFIfYjQpzUTdzuDVwe HTTP/1.1" 404 27 "-" "Mozilla/5.0 (Linux; Android 6.0.1; Nexus 5X Build/MMB29P) AppleWebKit/537.36 (KHTML, like Gecko) Chrome/137.0.7151.103 Mobile Safari/537.36 (compatible; Googlebot/2.1; +http://www.google.com/bot.html)"
192.178.6.73 - - [08/Jul/2025:22:18:04 +0700] "GET /pages.php?items/030020634.html?srsltid=AfmBOomucHxebwkUIGrErstsZFtOzDSiXI1qPj1BJzysvGNPwD16 HTTP/1.1" 404 27 "-" "Mozilla/5.0 (Linux; Android 6.0.1; Nexus 5X Build/MMB29P) AppleWebKit/537.36 (KHTML, like Gecko) Chrome/137.0.7151.103 Mobile Safari/537.36 (compatible; Googlebot/2.1; +http://www.google.com/bot.html)"
192.178.6.72 - - [08/Jul/2025:22:18:23 +0700] "GET /wp-includes/search.php?item/u19/38561/ HTTP/1.1" 404 27 "-" "Mozilla/5.0 (Linux; Android 6.0.1; Nexus 5X Build/MMB29P) AppleWebKit/537.36 (KHTML, like Gecko) Chrome/137.0.7151.103 Mobile Safari/537.36 (compatible; Googlebot/2.1; +http://www.google.com/bot.html)"
