66.249.71.65 - - [08/Jul/2025:09:47:52 +0700] "GET /pages.php?item/u79/7860/ HTTP/1.1" 404 27 "-" "Mozilla/5.0 (Linux; Android 6.0.1; Nexus 5X Build/MMB29P) AppleWebKit/537.36 (KHTML, like Gecko) Chrome/137.0.7151.103 Mobile Safari/537.36 (compatible; Googlebot/2.1; +http://www.google.com/bot.html)"
66.249.71.65 - - [08/Jul/2025:09:50:02 +0700] "GET /pages.php?item/u13/20174/ HTTP/1.1" 404 27 "-" "Mozilla/5.0 (Linux; Android 6.0.1; Nexus 5X Build/MMB29P) AppleWebKit/537.36 (KHTML, like Gecko) Chrome/137.0.7151.103 Mobile Safari/537.36 (compatible; Googlebot/2.1; +http://www.google.com/bot.html)"
198.204.232.2 - - [08/Jul/2025:09:50:43 +0700] "GET / HTTP/1.1" 404 27 "-" "Mozilla/5.0 (compatible; Googlebot/2.1; +http://www.google.com/bot.html)"
51.222.253.17 - - [08/Jul/2025:09:51:34 +0700] "GET /4683374440.htm HTTP/1.1" 404 27 "-" "Mozilla/5.0 (compatible; AhrefsBot/7.0; +http://ahrefs.com/robot/)"
66.249.71.65 - - [08/Jul/2025:09:52:13 +0700] "GET /pages.php?item/u296/16255/ HTTP/1.1" 404 27 "-" "Mozilla/5.0 (Linux; Android 6.0.1; Nexus 5X Build/MMB29P) AppleWebKit/537.36 (KHTML, like Gecko) Chrome/137.0.7151.103 Mobile Safari/537.36 (compatible; Googlebot/2.1; +http://www.google.com/bot.html)"
43.153.123.3 - - [08/Jul/2025:09:52:59 +0700] "GET / HTTP/1.1" 404 27 "http://bliteexpo.com" "Mozilla/5.0 (iPhone; CPU iPhone OS 13_2_3 like Mac OS X) AppleWebKit/605.1.15 (KHTML, like Gecko) Version/13.0.3 Mobile/15E148 Safari/604.1"
66.249.75.1 - - [08/Jul/2025:09:54:58 +0700] "GET /pages.php?item/u217/46354/ HTTP/1.1" 404 27 "-" "Mozilla/5.0 (Linux; Android 6.0.1; Nexus 5X Build/MMB29P) AppleWebKit/537.36 (KHTML, like Gecko) Chrome/137.0.7151.103 Mobile Safari/537.36 (compatible; Googlebot/2.1; +http://www.google.com/bot.html)"
66.249.75.3 - - [08/Jul/2025:09:55:01 +0700] "GET /infos.php?shopdetail/327697843 HTTP/1.1" 404 27 "-" "Mozilla/5.0 (Linux; Android 6.0.1; Nexus 5X Build/MMB29P) AppleWebKit/537.36 (KHTML, like Gecko) Chrome/137.0.7151.103 Mobile Safari/537.36 (compatible; Googlebot/2.1; +http://www.google.com/bot.html)"
51.222.253.8 - - [08/Jul/2025:09:55:16 +0700] "GET /9814182701.htm HTTP/1.1" 404 27 "-" "Mozilla/5.0 (compatible; AhrefsBot/7.0; +http://ahrefs.com/robot/)"
66.249.75.1 - - [08/Jul/2025:09:57:02 +0700] "GET /pages.php?item/u20/27889/ HTTP/1.1" 404 27 "-" "Mozilla/5.0 (Linux; Android 6.0.1; Nexus 5X Build/MMB29P) AppleWebKit/537.36 (KHTML, like Gecko) Chrome/137.0.7151.103 Mobile Safari/537.36 (compatible; Googlebot/2.1; +http://www.google.com/bot.html)"
52.167.144.18 - - [08/Jul/2025:09:58:37 +0700] "GET /infos.php?shopdetail/189370343 HTTP/1.1" 404 27 "-" "Mozilla/5.0 AppleWebKit/537.36 (KHTML, like Gecko; compatible; bingbot/2.0; +http://www.bing.com/bingbot.htm) Chrome/116.0.1938.76 Safari/537.36"
51.222.253.19 - - [08/Jul/2025:09:59:00 +0700] "GET /338844081.htm HTTP/1.1" 404 27 "-" "Mozilla/5.0 (compatible; AhrefsBot/7.0; +http://ahrefs.com/robot/)"
66.249.75.1 - - [08/Jul/2025:10:00:03 +0700] "GET /wp-includes/search.php?item/u102/30952/ HTTP/1.1" 404 27 "-" "Mozilla/5.0 (Linux; Android 6.0.1; Nexus 5X Build/MMB29P) AppleWebKit/537.36 (KHTML, like Gecko) Chrome/137.0.7151.103 Mobile Safari/537.36 (compatible; Googlebot/2.1; +http://www.google.com/bot.html)"
51.222.253.5 - - [08/Jul/2025:10:02:21 +0700] "GET /46833119129.htm HTTP/1.1" 404 27 "-" "Mozilla/5.0 (compatible; AhrefsBot/7.0; +http://ahrefs.com/robot/)"
66.249.71.64 - - [08/Jul/2025:10:04:03 +0700] "GET /product/lawsuit5?c=g&l=3492 HTTP/1.1" 404 27 "-" "Mozilla/5.0 (Linux; Android 6.0.1; Nexus 5X Build/MMB29P) AppleWebKit/537.36 (KHTML, like Gecko) Chrome/137.0.7151.103 Mobile Safari/537.36 (compatible; Googlebot/2.1; +http://www.google.com/bot.html)"
51.222.253.20 - - [08/Jul/2025:10:06:05 +0700] "GET /50209137016.htm HTTP/1.1" 404 27 "-" "Mozilla/5.0 (compatible; AhrefsBot/7.0; +http://ahrefs.com/robot/)"
66.249.75.3 - - [08/Jul/2025:10:07:04 +0700] "GET /pages.php?items/276046242.html?srsltid=AfmBOozxgMUspSvpwNOjOpoyZglXgAfnmEUxbCCBgtpo0DaljnHr HTTP/1.1" 404 27 "-" "Mozilla/5.0 (Linux; Android 6.0.1; Nexus 5X Build/MMB29P) AppleWebKit/537.36 (KHTML, like Gecko) Chrome/137.0.7151.103 Mobile Safari/537.36 (compatible; Googlebot/2.1; +http://www.google.com/bot.html)"
178.20.28.140 - - [08/Jul/2025:10:08:36 +0700] "POST /xmlrpc.php HTTP/1.1" 404 27 "-" "Mozilla/5.0 (Linux; Android 5.1; HUAWEI TIT-U02) AppleWebKit/537.36 (KHTML, like Gecko) Chrome/84.0.4147.111 Mobile Safari/537.36"
51.222.253.17 - - [08/Jul/2025:10:09:31 +0700] "GET /65816130623.htm HTTP/1.1" 404 27 "-" "Mozilla/5.0 (compatible; AhrefsBot/7.0; +http://ahrefs.com/robot/)"
69.197.182.50 - - [08/Jul/2025:10:09:38 +0700] "GET /wp-includes/install.php HTTP/1.1" 404 27 "https://bliteexpo.com/wp-includes/install.php" "Mozilla/5.0 (Windows NT 10.0; Win64; x64) AppleWebKit/537.36 (KHTML, like Gecko) Chrome/58.0.3029.110 Safari/537.3"
66.249.71.66 - - [08/Jul/2025:10:10:04 +0700] "GET /pages.php?item/u106/16153/ HTTP/1.1" 404 27 "-" "Mozilla/5.0 (Linux; Android 6.0.1; Nexus 5X Build/MMB29P) AppleWebKit/537.36 (KHTML, like Gecko) Chrome/137.0.7151.103 Mobile Safari/537.36 (compatible; Googlebot/2.1; +http://www.google.com/bot.html)"
66.249.75.1 - - [08/Jul/2025:10:13:05 +0700] "GET /citem/588981 HTTP/1.1" 404 27 "-" "Mozilla/5.0 (Linux; Android 6.0.1; Nexus 5X Build/MMB29P) AppleWebKit/537.36 (KHTML, like Gecko) Chrome/137.0.7151.103 Mobile Safari/537.36 (compatible; Googlebot/2.1; +http://www.google.com/bot.html)"
51.222.253.16 - - [08/Jul/2025:10:13:23 +0700] "GET /896779657.htm HTTP/1.1" 404 27 "-" "Mozilla/5.0 (compatible; AhrefsBot/7.0; +http://ahrefs.com/robot/)"
66.249.75.3 - - [08/Jul/2025:10:14:16 +0700] "GET /wp-includes/search.php?origin/indeed19/buiew-40312/ HTTP/1.1" 404 27 "-" "Mozilla/5.0 (Linux; Android 6.0.1; Nexus 5X Build/MMB29P) AppleWebKit/537.36 (KHTML, like Gecko) Chrome/137.0.7151.103 Mobile Safari/537.36 (compatible; Googlebot/2.1; +http://www.google.com/bot.html)"
66.249.71.66 - - [08/Jul/2025:10:17:10 +0700] "GET /product/workout83?c=g&l=854 HTTP/1.1" 404 27 "-" "Mozilla/5.0 (Linux; Android 6.0.1; Nexus 5X Build/MMB29P) AppleWebKit/537.36 (KHTML, like Gecko) Chrome/137.0.7151.103 Mobile Safari/537.36 (compatible; Googlebot/2.1; +http://www.google.com/bot.html)"
51.222.253.13 - - [08/Jul/2025:10:18:01 +0700] "GET /4683367386.htm HTTP/1.1" 404 27 "-" "Mozilla/5.0 (compatible; AhrefsBot/7.0; +http://ahrefs.com/robot/)"
66.249.71.65 - - [08/Jul/2025:10:20:10 +0700] "GET /pages.php?item/u145/6436/ HTTP/1.1" 404 27 "-" "Mozilla/5.0 (Linux; Android 6.0.1; Nexus 5X Build/MMB29P) AppleWebKit/537.36 (KHTML, like Gecko) Chrome/137.0.7151.103 Mobile Safari/537.36 (compatible; Googlebot/2.1; +http://www.google.com/bot.html)"
3.146.99.138 - - [08/Jul/2025:10:20:24 +0700] "GET / HTTP/1.1" 404 27 "http://bliteexpo.com/" "Mozilla/5.0 zgrab/0.x"
51.222.253.11 - - [08/Jul/2025:10:21:23 +0700] "GET /8967786441.htm HTTP/1.1" 404 27 "-" "Mozilla/5.0 (compatible; AhrefsBot/7.0; +http://ahrefs.com/robot/)"
66.249.75.3 - - [08/Jul/2025:10:23:11 +0700] "GET /pages.php?item/u125/29366/ HTTP/1.1" 404 27 "-" "Mozilla/5.0 (Linux; Android 6.0.1; Nexus 5X Build/MMB29P) AppleWebKit/537.36 (KHTML, like Gecko) Chrome/137.0.7151.103 Mobile Safari/537.36 (compatible; Googlebot/2.1; +http://www.google.com/bot.html)"
66.249.75.1 - - [08/Jul/2025:10:23:15 +0700] "GET /infos.php?shopdetail/372913943 HTTP/1.1" 404 27 "-" "Mozilla/5.0 (Linux; Android 6.0.1; Nexus 5X Build/MMB29P) AppleWebKit/537.36 (KHTML, like Gecko) Chrome/137.0.7151.103 Mobile Safari/537.36 (compatible; Googlebot/2.1; +http://www.google.com/bot.html)"
66.249.71.65 - - [08/Jul/2025:10:25:15 +0700] "GET /infos.php?shopdetail/207369343 HTTP/1.1" 404 27 "-" "Mozilla/5.0 (Linux; Android 6.0.1; Nexus 5X Build/MMB29P) AppleWebKit/537.36 (KHTML, like Gecko) Chrome/137.0.7151.103 Mobile Safari/537.36 (compatible; Googlebot/2.1; +http://www.google.com/bot.html)"
51.222.253.6 - - [08/Jul/2025:10:25:22 +0700] "GET /8967798322.htm HTTP/1.1" 404 27 "-" "Mozilla/5.0 (compatible; AhrefsBot/7.0; +http://ahrefs.com/robot/)"
66.249.71.65 - - [08/Jul/2025:10:26:15 +0700] "GET /items/ozcsb10/758?key=cooperation HTTP/1.1" 404 27 "-" "Mozilla/5.0 (Linux; Android 6.0.1; Nexus 5X Build/MMB29P) AppleWebKit/537.36 (KHTML, like Gecko) Chrome/137.0.7151.103 Mobile Safari/537.36 (compatible; Googlebot/2.1; +http://www.google.com/bot.html)"
217.69.8.76 - - [08/Jul/2025:10:27:23 +0700] "GET /xmlrpc.php HTTP/1.1" 404 27 "http://bliteexpo.com/xmlrpc.php" "Mozilla/5.0 (X11; Ubuntu; Linux x86_64; rv:85.0) Gecko/20100101 Firefox/91.0"
66.249.75.2 - - [08/Jul/2025:10:30:16 +0700] "GET /items/jgakp46/484?key=super HTTP/1.1" 404 27 "-" "Mozilla/5.0 (Linux; Android 6.0.1; Nexus 5X Build/MMB29P) AppleWebKit/537.36 (KHTML, like Gecko) Chrome/137.0.7151.103 Mobile Safari/537.36 (compatible; Googlebot/2.1; +http://www.google.com/bot.html)"
51.222.253.7 - - [08/Jul/2025:10:32:31 +0700] "GET /2145137622.htm HTTP/1.1" 404 27 "-" "Mozilla/5.0 (compatible; AhrefsBot/7.0; +http://ahrefs.com/robot/)"
66.249.75.1 - - [08/Jul/2025:10:33:17 +0700] "GET /items/zgllu9/13?key=empire HTTP/1.1" 404 27 "-" "Mozilla/5.0 (Linux; Android 6.0.1; Nexus 5X Build/MMB29P) AppleWebKit/537.36 (KHTML, like Gecko) Chrome/137.0.7151.103 Mobile Safari/537.36 (compatible; Googlebot/2.1; +http://www.google.com/bot.html)"
51.222.253.3 - - [08/Jul/2025:10:35:51 +0700] "GET /45989112556.htm HTTP/1.1" 404 27 "-" "Mozilla/5.0 (compatible; AhrefsBot/7.0; +http://ahrefs.com/robot/)"
66.249.71.64 - - [08/Jul/2025:10:36:17 +0700] "GET /items/xfjqc18/46?key=instantly HTTP/1.1" 404 27 "-" "Mozilla/5.0 (Linux; Android 6.0.1; Nexus 5X Build/MMB29P) AppleWebKit/537.36 (KHTML, like Gecko) Chrome/137.0.7151.103 Mobile Safari/537.36 (compatible; Googlebot/2.1; +http://www.google.com/bot.html)"
208.110.64.178 - - [08/Jul/2025:10:37:18 +0700] "GET /wp-includes/install.php HTTP/1.1" 404 27 "https://bliteexpo.com/wp-includes/install.php" "Mozilla/5.0 (Windows NT 10.0; Win64; x64) AppleWebKit/537.36 (KHTML, like Gecko) Chrome/58.0.3029.110 Safari/537.3"
51.222.253.12 - - [08/Jul/2025:10:38:51 +0700] "GET /8625334589.htm HTTP/1.1" 404 27 "-" "Mozilla/5.0 (compatible; AhrefsBot/7.0; +http://ahrefs.com/robot/)"
66.249.75.2 - - [08/Jul/2025:10:40:18 +0700] "GET /items/lsuju29/1665?key=nobody HTTP/1.1" 404 27 "-" "Mozilla/5.0 (Linux; Android 6.0.1; Nexus 5X Build/MMB29P) AppleWebKit/537.36 (KHTML, like Gecko) Chrome/137.0.7151.103 Mobile Safari/537.36 (compatible; Googlebot/2.1; +http://www.google.com/bot.html)"
51.222.253.20 - - [08/Jul/2025:10:42:41 +0700] "GET /4683371356.htm HTTP/1.1" 404 27 "-" "Mozilla/5.0 (compatible; AhrefsBot/7.0; +http://ahrefs.com/robot/)"
66.249.71.64 - - [08/Jul/2025:10:43:18 +0700] "GET /items/mksha138/13064?key=challenge HTTP/1.1" 404 27 "-" "Mozilla/5.0 (Linux; Android 6.0.1; Nexus 5X Build/MMB29P) AppleWebKit/537.36 (KHTML, like Gecko) Chrome/137.0.7151.103 Mobile Safari/537.36 (compatible; Googlebot/2.1; +http://www.google.com/bot.html)"
66.249.75.1 - - [08/Jul/2025:10:45:19 +0700] "GET /infos.php?shopdetail/291167543 HTTP/1.1" 404 27 "-" "Mozilla/5.0 (Linux; Android 6.0.1; Nexus 5X Build/MMB29P) AppleWebKit/537.36 (KHTML, like Gecko) Chrome/137.0.7151.103 Mobile Safari/537.36 (compatible; Googlebot/2.1; +http://www.google.com/bot.html)"
51.222.253.3 - - [08/Jul/2025:10:45:58 +0700] "GET /91531135706.htm HTTP/1.1" 404 27 "-" "Mozilla/5.0 (compatible; AhrefsBot/7.0; +http://ahrefs.com/robot/)"
66.249.75.1 - - [08/Jul/2025:10:46:19 +0700] "GET /product/musician28?c=g&l=733 HTTP/1.1" 404 27 "-" "Mozilla/5.0 (Linux; Android 6.0.1; Nexus 5X Build/MMB29P) AppleWebKit/537.36 (KHTML, like Gecko) Chrome/137.0.7151.103 Mobile Safari/537.36 (compatible; Googlebot/2.1; +http://www.google.com/bot.html)"
66.249.71.66 - - [08/Jul/2025:10:47:54 +0700] "GET /wp-includes/search.php?agenda/league12/wthgz-13015/ HTTP/1.1" 404 27 "-" "Mozilla/5.0 (Linux; Android 6.0.1; Nexus 5X Build/MMB29P) AppleWebKit/537.36 (KHTML, like Gecko) Chrome/137.0.7151.103 Mobile Safari/537.36 (compatible; Googlebot/2.1; +http://www.google.com/bot.html)"
51.222.253.16 - - [08/Jul/2025:10:49:24 +0700] "GET /98141118450.htm HTTP/1.1" 404 27 "-" "Mozilla/5.0 (compatible; AhrefsBot/7.0; +http://ahrefs.com/robot/)"
66.249.75.2 - - [08/Jul/2025:10:49:55 +0700] "GET /pages.php?items/061024117.html?srsltid=AfmBOojpaayjZXYcUstaxFgPVWOmodsAF30ukkCBCLhtUlYNpORn HTTP/1.1" 404 27 "-" "Mozilla/5.0 (Linux; Android 6.0.1; Nexus 5X Build/MMB29P) AppleWebKit/537.36 (KHTML, like Gecko) Chrome/137.0.7151.103 Mobile Safari/537.36 (compatible; Googlebot/2.1; +http://www.google.com/bot.html)"
51.222.253.16 - - [08/Jul/2025:10:52:23 +0700] "GET /1105021873.htm HTTP/1.1" 404 27 "-" "Mozilla/5.0 (compatible; AhrefsBot/7.0; +http://ahrefs.com/robot/)"
66.249.71.64 - - [08/Jul/2025:10:52:55 +0700] "GET /items/intvx168/49126?key=implementation HTTP/1.1" 404 27 "-" "Mozilla/5.0 (Linux; Android 6.0.1; Nexus 5X Build/MMB29P) AppleWebKit/537.36 (KHTML, like Gecko) Chrome/137.0.7151.103 Mobile Safari/537.36 (compatible; Googlebot/2.1; +http://www.google.com/bot.html)"
51.222.253.19 - - [08/Jul/2025:10:55:31 +0700] "GET /46833135741.htm HTTP/1.1" 404 27 "-" "Mozilla/5.0 (compatible; AhrefsBot/7.0; +http://ahrefs.com/robot/)"
208.110.64.178 - - [08/Jul/2025:10:57:50 +0700] "GET /wp-includes/install.php HTTP/1.1" 404 27 "https://bliteexpo.com/wp-includes/install.php" "Mozilla/5.0 (Windows NT 10.0; Win64; x64) AppleWebKit/537.36 (KHTML, like Gecko) Chrome/58.0.3029.110 Safari/537.3"
51.222.253.1 - - [08/Jul/2025:10:58:33 +0700] "GET /46833144603.htm HTTP/1.1" 404 27 "-" "Mozilla/5.0 (compatible; AhrefsBot/7.0; +http://ahrefs.com/robot/)"
198.204.232.2 - - [08/Jul/2025:10:58:37 +0700] "GET / HTTP/1.1" 404 27 "-" "Mozilla/5.0 (compatible; Googlebot/2.1; +http://www.google.com/bot.html)"
66.249.75.3 - - [08/Jul/2025:10:59:03 +0700] "GET /wp-includes/search.php?humor/very165/bo9l6-43516/ HTTP/1.1" 404 27 "-" "Mozilla/5.0 (Linux; Android 6.0.1; Nexus 5X Build/MMB29P) AppleWebKit/537.36 (KHTML, like Gecko) Chrome/137.0.7151.103 Mobile Safari/537.36 (compatible; Googlebot/2.1; +http://www.google.com/bot.html)"
66.249.75.2 - - [08/Jul/2025:10:59:07 +0700] "GET /product/bread174?c=g&l=14217 HTTP/1.1" 404 27 "-" "Mozilla/5.0 (Linux; Android 6.0.1; Nexus 5X Build/MMB29P) AppleWebKit/537.36 (KHTML, like Gecko) Chrome/137.0.7151.103 Mobile Safari/537.36 (compatible; Googlebot/2.1; +http://www.google.com/bot.html)"
66.249.71.65 - - [08/Jul/2025:10:59:09 +0700] "GET /items/nveok54/12724?key=always HTTP/1.1" 404 27 "-" "Mozilla/5.0 (Linux; Android 6.0.1; Nexus 5X Build/MMB29P) AppleWebKit/537.36 (KHTML, like Gecko) Chrome/137.0.7151.103 Mobile Safari/537.36 (compatible; Googlebot/2.1; +http://www.google.com/bot.html)"
51.222.253.16 - - [08/Jul/2025:11:01:56 +0700] "GET /11050105166.htm HTTP/1.1" 404 27 "-" "Mozilla/5.0 (compatible; AhrefsBot/7.0; +http://ahrefs.com/robot/)"
192.185.4.121 - - [08/Jul/2025:11:03:00 +0700] "POST /xmlrpc.php HTTP/1.1" 404 27 "-" "Mozilla/5.0 (X11; Ubuntu; Linux x86_64; rv:85.0) Gecko/20100101 Firefox/91.0"
66.249.75.2 - - [08/Jul/2025:11:03:10 +0700] "GET /product/suicide59?c=g&l=742 HTTP/1.1" 404 27 "-" "Mozilla/5.0 (Linux; Android 6.0.1; Nexus 5X Build/MMB29P) AppleWebKit/537.36 (KHTML, like Gecko) Chrome/137.0.7151.103 Mobile Safari/537.36 (compatible; Googlebot/2.1; +http://www.google.com/bot.html)"
51.222.253.5 - - [08/Jul/2025:11:05:29 +0700] "GET /1105013046.htm HTTP/1.1" 404 27 "-" "Mozilla/5.0 (compatible; AhrefsBot/7.0; +http://ahrefs.com/robot/)"
66.249.71.65 - - [08/Jul/2025:11:06:10 +0700] "GET /items/kxtgl22/962?key=magazine HTTP/1.1" 404 27 "-" "Mozilla/5.0 (Linux; Android 6.0.1; Nexus 5X Build/MMB29P) AppleWebKit/537.36 (KHTML, like Gecko) Chrome/137.0.7151.103 Mobile Safari/537.36 (compatible; Googlebot/2.1; +http://www.google.com/bot.html)"
66.249.75.1 - - [08/Jul/2025:11:09:11 +0700] "GET /items/batfb45/46125?key=anyway HTTP/1.1" 404 27 "-" "Mozilla/5.0 (Linux; Android 6.0.1; Nexus 5X Build/MMB29P) AppleWebKit/537.36 (KHTML, like Gecko) Chrome/137.0.7151.103 Mobile Safari/537.36 (compatible; Googlebot/2.1; +http://www.google.com/bot.html)"
69.197.135.226 - - [08/Jul/2025:11:09:19 +0700] "GET /wp-includes/install.php HTTP/1.1" 404 27 "https://bliteexpo.com/wp-includes/install.php" "Mozilla/5.0 (Windows NT 10.0; Win64; x64) AppleWebKit/537.36 (KHTML, like Gecko) Chrome/58.0.3029.110 Safari/537.3"
51.222.253.19 - - [08/Jul/2025:11:09:29 +0700] "GET /19769133729.htm HTTP/1.1" 404 27 "-" "Mozilla/5.0 (compatible; AhrefsBot/7.0; +http://ahrefs.com/robot/)"
66.249.75.2 - - [08/Jul/2025:11:12:12 +0700] "GET /product/spine6?c=g&l=20129 HTTP/1.1" 404 27 "-" "Mozilla/5.0 (Linux; Android 6.0.1; Nexus 5X Build/MMB29P) AppleWebKit/537.36 (KHTML, like Gecko) Chrome/137.0.7151.103 Mobile Safari/537.36 (compatible; Googlebot/2.1; +http://www.google.com/bot.html)"
66.249.75.1 - - [08/Jul/2025:11:13:13 +0700] "GET /items/switq15/28503?key=perhaps HTTP/1.1" 404 27 "-" "Mozilla/5.0 (Linux; Android 6.0.1; Nexus 5X Build/MMB29P) AppleWebKit/537.36 (KHTML, like Gecko) Chrome/137.0.7151.103 Mobile Safari/537.36 (compatible; Googlebot/2.1; +http://www.google.com/bot.html)"
51.222.253.6 - - [08/Jul/2025:11:13:27 +0700] "GET /1976929941.htm HTTP/1.1" 404 27 "-" "Mozilla/5.0 (compatible; AhrefsBot/7.0; +http://ahrefs.com/robot/)"
66.249.75.2 - - [08/Jul/2025:11:15:13 +0700] "GET /items/kzrqo25/333?key=television HTTP/1.1" 404 27 "-" "Mozilla/5.0 (Linux; Android 6.0.1; Nexus 5X Build/MMB29P) AppleWebKit/537.36 (KHTML, like Gecko) Chrome/137.0.7151.103 Mobile Safari/537.36 (compatible; Googlebot/2.1; +http://www.google.com/bot.html)"
66.249.71.64 - - [08/Jul/2025:11:16:14 +0700] "GET /infos.php?shopdetail/344923443 HTTP/1.1" 404 27 "-" "Mozilla/5.0 (Linux; Android 6.0.1; Nexus 5X Build/MMB29P) AppleWebKit/537.36 (KHTML, like Gecko) Chrome/137.0.7151.103 Mobile Safari/537.36 (compatible; Googlebot/2.1; +http://www.google.com/bot.html)"
66.249.75.1 - - [08/Jul/2025:11:16:16 +0700] "GET /wp-includes/search.php?category/4624/1/listing HTTP/1.1" 404 27 "-" "Mozilla/5.0 (Linux; Android 6.0.1; Nexus 5X Build/MMB29P) AppleWebKit/537.36 (KHTML, like Gecko) Chrome/137.0.7151.103 Mobile Safari/537.36 (compatible; Googlebot/2.1; +http://www.google.com/bot.html)"
51.222.253.4 - - [08/Jul/2025:11:17:16 +0700] "GET /33884146467.htm HTTP/1.1" 404 27 "-" "Mozilla/5.0 (compatible; AhrefsBot/7.0; +http://ahrefs.com/robot/)"
66.249.71.66 - - [08/Jul/2025:11:21:10 +0700] "GET /product/parish8?c=g&l=26127 HTTP/1.1" 404 27 "-" "Mozilla/5.0 (Linux; Android 6.0.1; Nexus 5X Build/MMB29P) AppleWebKit/537.36 (KHTML, like Gecko) Chrome/137.0.7151.103 Mobile Safari/537.36 (compatible; Googlebot/2.1; +http://www.google.com/bot.html)"
51.222.253.13 - - [08/Jul/2025:11:21:35 +0700] "GET /86253107140.htm HTTP/1.1" 404 27 "-" "Mozilla/5.0 (compatible; AhrefsBot/7.0; +http://ahrefs.com/robot/)"
66.249.75.3 - - [08/Jul/2025:11:23:11 +0700] "GET /wp-includes/search.php?smart/lightly11/vp1bz-13500/ HTTP/1.1" 404 27 "-" "Mozilla/5.0 (Linux; Android 6.0.1; Nexus 5X Build/MMB29P) AppleWebKit/537.36 (KHTML, like Gecko) Chrome/137.0.7151.103 Mobile Safari/537.36 (compatible; Googlebot/2.1; +http://www.google.com/bot.html)"
66.249.75.2 - - [08/Jul/2025:11:23:52 +0700] "GET /wp-includes/search.php?item/u120/16060/ HTTP/1.1" 404 27 "-" "Mozilla/5.0 (Linux; Android 6.0.1; Nexus 5X Build/MMB29P) AppleWebKit/537.36 (KHTML, like Gecko) Chrome/137.0.7151.103 Mobile Safari/537.36 (compatible; Googlebot/2.1; +http://www.google.com/bot.html)"
66.249.71.65 - - [08/Jul/2025:11:24:42 +0700] "GET /wp-includes/search.php?panic/flood101/rexup-9552/ HTTP/1.1" 404 27 "-" "Mozilla/5.0 (Linux; Android 6.0.1; Nexus 5X Build/MMB29P) AppleWebKit/537.36 (KHTML, like Gecko) Chrome/137.0.7151.103 Mobile Safari/537.36 (compatible; Googlebot/2.1; +http://www.google.com/bot.html)"
66.249.75.3 - - [08/Jul/2025:11:25:43 +0700] "GET /pages.php?item/u9/9296/ HTTP/1.1" 404 27 "-" "Mozilla/5.0 (Linux; Android 6.0.1; Nexus 5X Build/MMB29P) AppleWebKit/537.36 (KHTML, like Gecko) Chrome/137.0.7151.103 Mobile Safari/537.36 (compatible; Googlebot/2.1; +http://www.google.com/bot.html)"
66.249.71.64 - - [08/Jul/2025:11:26:28 +0700] "GET /wp-includes/search.php?port/overwhelm53/xkatw-33396/ HTTP/1.1" 404 27 "-" "Mozilla/5.0 (Linux; Android 6.0.1; Nexus 5X Build/MMB29P) AppleWebKit/537.36 (KHTML, like Gecko) Chrome/137.0.7151.103 Mobile Safari/537.36 (compatible; Googlebot/2.1; +http://www.google.com/bot.html)"
51.222.253.9 - - [08/Jul/2025:11:29:16 +0700] "GET /2145195156.htm HTTP/1.1" 404 27 "-" "Mozilla/5.0 (compatible; AhrefsBot/7.0; +http://ahrefs.com/robot/)"
66.249.71.65 - - [08/Jul/2025:11:29:28 +0700] "GET /pages.php?item/u87/3524/ HTTP/1.1" 404 27 "-" "Mozilla/5.0 (Linux; Android 6.0.1; Nexus 5X Build/MMB29P) AppleWebKit/537.36 (KHTML, like Gecko) Chrome/137.0.7151.103 Mobile Safari/537.36 (compatible; Googlebot/2.1; +http://www.google.com/bot.html)"
198.204.232.2 - - [08/Jul/2025:11:30:52 +0700] "GET / HTTP/1.1" 404 27 "-" "Mozilla/5.0 (compatible; Googlebot/2.1; +http://www.google.com/bot.html)"
66.249.71.64 - - [08/Jul/2025:11:32:29 +0700] "GET /items/dnoqk83/35481?key=provided HTTP/1.1" 404 27 "-" "Mozilla/5.0 (Linux; Android 6.0.1; Nexus 5X Build/MMB29P) AppleWebKit/537.36 (KHTML, like Gecko) Chrome/137.0.7151.103 Mobile Safari/537.36 (compatible; Googlebot/2.1; +http://www.google.com/bot.html)"
66.249.75.2 - - [08/Jul/2025:11:33:29 +0700] "GET /pages.php?item/u120/28515/ HTTP/1.1" 404 27 "-" "Mozilla/5.0 (Linux; Android 6.0.1; Nexus 5X Build/MMB29P) AppleWebKit/537.36 (KHTML, like Gecko) Chrome/137.0.7151.103 Mobile Safari/537.36 (compatible; Googlebot/2.1; +http://www.google.com/bot.html)"
51.222.253.7 - - [08/Jul/2025:11:35:17 +0700] "GET /9637763898.htm HTTP/1.1" 404 27 "-" "Mozilla/5.0 (compatible; AhrefsBot/7.0; +http://ahrefs.com/robot/)"
89.110.115.121 - - [08/Jul/2025:11:35:20 +0700] "GET / HTTP/1.1" 404 27 "-" "Mozilla/5.0 (Macintosh; Intel Mac OS X 10_15_7) AppleWebKit/537.36 (KHTML, like Gecko) Chrome/133.0.0.0 Safari/537.36"
66.249.71.65 - - [08/Jul/2025:11:36:56 +0700] "GET /infos.php?shopdetail/395925843 HTTP/1.1" 404 27 "-" "Mozilla/5.0 (Linux; Android 6.0.1; Nexus 5X Build/MMB29P) AppleWebKit/537.36 (KHTML, like Gecko) Chrome/137.0.7151.103 Mobile Safari/537.36 (compatible; Googlebot/2.1; +http://www.google.com/bot.html)"
66.249.71.65 - - [08/Jul/2025:11:38:56 +0700] "GET /infos.php?shopdetail/445595643 HTTP/1.1" 404 27 "-" "Mozilla/5.0 (Linux; Android 6.0.1; Nexus 5X Build/MMB29P) AppleWebKit/537.36 (KHTML, like Gecko) Chrome/137.0.7151.103 Mobile Safari/537.36 (compatible; Googlebot/2.1; +http://www.google.com/bot.html)"
51.222.253.13 - - [08/Jul/2025:11:39:37 +0700] "GET /21451143301.htm HTTP/1.1" 404 27 "-" "Mozilla/5.0 (compatible; AhrefsBot/7.0; +http://ahrefs.com/robot/)"
52.167.144.161 - - [08/Jul/2025:11:40:41 +0700] "GET /infos.php/pcmypage?callback=product/review/79862994 HTTP/1.1" 404 27 "-" "Mozilla/5.0 AppleWebKit/537.36 (KHTML, like Gecko; compatible; bingbot/2.0; +http://www.bing.com/bingbot.htm) Chrome/116.0.1938.76 Safari/537.36"
51.222.253.8 - - [08/Jul/2025:11:42:56 +0700] "GET /65816113543.htm HTTP/1.1" 404 27 "-" "Mozilla/5.0 (compatible; AhrefsBot/7.0; +http://ahrefs.com/robot/)"
66.249.75.2 - - [08/Jul/2025:11:42:57 +0700] "GET /wp-includes/search.php?category/69112/1/listing HTTP/1.1" 404 27 "-" "Mozilla/5.0 (Linux; Android 6.0.1; Nexus 5X Build/MMB29P) AppleWebKit/537.36 (KHTML, like Gecko) Chrome/137.0.7151.103 Mobile Safari/537.36 (compatible; Googlebot/2.1; +http://www.google.com/bot.html)"
51.222.253.7 - - [08/Jul/2025:11:46:10 +0700] "GET /9153149595.htm HTTP/1.1" 404 27 "-" "Mozilla/5.0 (compatible; AhrefsBot/7.0; +http://ahrefs.com/robot/)"
66.249.75.2 - - [08/Jul/2025:11:46:58 +0700] "GET /items/ohxhg46/86?key=demonstration HTTP/1.1" 404 27 "-" "Mozilla/5.0 (Linux; Android 6.0.1; Nexus 5X Build/MMB29P) AppleWebKit/537.36 (KHTML, like Gecko) Chrome/137.0.7151.103 Mobile Safari/537.36 (compatible; Googlebot/2.1; +http://www.google.com/bot.html)"
15.235.185.210 - - [08/Jul/2025:11:48:57 +0700] "GET /xmlrpc.php HTTP/1.1" 404 27 "http://bliteexpo.com/xmlrpc.php" "Mozilla/5.0 (X11; Ubuntu; Linux x86_64; rv:85.0) Gecko/20100101 Firefox/91.0"
66.249.75.3 - - [08/Jul/2025:11:49:28 +0700] "GET /items/ildck1/38395?key=cease HTTP/1.1" 404 27 "-" "Mozilla/5.0 (Linux; Android 6.0.1; Nexus 5X Build/MMB29P) AppleWebKit/537.36 (KHTML, like Gecko) Chrome/137.0.7151.103 Mobile Safari/537.36 (compatible; Googlebot/2.1; +http://www.google.com/bot.html)"
51.222.253.13 - - [08/Jul/2025:11:49:56 +0700] "GET /1105011669.htm HTTP/1.1" 404 27 "-" "Mozilla/5.0 (compatible; AhrefsBot/7.0; +http://ahrefs.com/robot/)"
66.249.75.2 - - [08/Jul/2025:11:50:29 +0700] "GET /pages.php?item/u64/47677/ HTTP/1.1" 404 27 "-" "Mozilla/5.0 (Linux; Android 6.0.1; Nexus 5X Build/MMB29P) AppleWebKit/537.36 (KHTML, like Gecko) Chrome/137.0.7151.103 Mobile Safari/537.36 (compatible; Googlebot/2.1; +http://www.google.com/bot.html)"
66.249.75.2 - - [08/Jul/2025:11:52:29 +0700] "GET /items/oromc51/12745?key=shelf HTTP/1.1" 404 27 "-" "Mozilla/5.0 (Linux; Android 6.0.1; Nexus 5X Build/MMB29P) AppleWebKit/537.36 (KHTML, like Gecko) Chrome/137.0.7151.103 Mobile Safari/537.36 (compatible; Googlebot/2.1; +http://www.google.com/bot.html)"
66.249.75.1 - - [08/Jul/2025:11:52:33 +0700] "GET /wp-includes/search.php?rumor/adequate142/a5n3y-31885/ HTTP/1.1" 404 27 "-" "Mozilla/5.0 (Linux; Android 6.0.1; Nexus 5X Build/MMB29P) AppleWebKit/537.36 (KHTML, like Gecko) Chrome/137.0.7151.103 Mobile Safari/537.36 (compatible; Googlebot/2.1; +http://www.google.com/bot.html)"
51.222.253.19 - - [08/Jul/2025:11:53:06 +0700] "GET /21451122511.htm HTTP/1.1" 404 27 "-" "Mozilla/5.0 (compatible; AhrefsBot/7.0; +http://ahrefs.com/robot/)"
66.249.75.3 - - [08/Jul/2025:11:55:33 +0700] "GET /pages.php?items/059032799.html?srsltid=AfmBOonpnrfHbcUBiifZq8azZQwgnaaxKUmdlXpMRk7fZMVWKFlz HTTP/1.1" 404 27 "-" "Mozilla/5.0 (Linux; Android 6.0.1; Nexus 5X Build/MMB29P) AppleWebKit/537.36 (KHTML, like Gecko) Chrome/137.0.7151.103 Mobile Safari/537.36 (compatible; Googlebot/2.1; +http://www.google.com/bot.html)"
51.222.253.5 - - [08/Jul/2025:11:56:13 +0700] "GET /8967750277.htm HTTP/1.1" 404 27 "-" "Mozilla/5.0 (compatible; AhrefsBot/7.0; +http://ahrefs.com/robot/)"
66.249.75.2 - - [08/Jul/2025:11:56:35 +0700] "GET /wp-includes/search.php?demonstration/specialty117/ltjc2-20984/ HTTP/1.1" 404 27 "-" "Mozilla/5.0 (Linux; Android 6.0.1; Nexus 5X Build/MMB29P) AppleWebKit/537.36 (KHTML, like Gecko) Chrome/137.0.7151.103 Mobile Safari/537.36 (compatible; Googlebot/2.1; +http://www.google.com/bot.html)"
66.249.75.2 - - [08/Jul/2025:11:59:36 +0700] "GET /wp-includes/search.php?item/u233/46465/ HTTP/1.1" 404 27 "-" "Mozilla/5.0 (Linux; Android 6.0.1; Nexus 5X Build/MMB29P) AppleWebKit/537.36 (KHTML, like Gecko) Chrome/137.0.7151.103 Mobile Safari/537.36 (compatible; Googlebot/2.1; +http://www.google.com/bot.html)"
66.249.71.65 - - [08/Jul/2025:11:59:39 +0700] "GET /wp-includes/search.php?conscious/chef169/xm1kg-29122/ HTTP/1.1" 404 27 "-" "Mozilla/5.0 (Linux; Android 6.0.1; Nexus 5X Build/MMB29P) AppleWebKit/537.36 (KHTML, like Gecko) Chrome/137.0.7151.103 Mobile Safari/537.36 (compatible; Googlebot/2.1; +http://www.google.com/bot.html)"
51.222.253.6 - - [08/Jul/2025:11:59:39 +0700] "GET /8967750405.htm HTTP/1.1" 404 27 "-" "Mozilla/5.0 (compatible; AhrefsBot/7.0; +http://ahrefs.com/robot/)"
66.249.75.1 - - [08/Jul/2025:11:59:41 +0700] "GET /wp-includes/search.php?render/spy123/js7o6-21242/ HTTP/1.1" 404 27 "-" "Mozilla/5.0 (Linux; Android 6.0.1; Nexus 5X Build/MMB29P) AppleWebKit/537.36 (KHTML, like Gecko) Chrome/137.0.7151.103 Mobile Safari/537.36 (compatible; Googlebot/2.1; +http://www.google.com/bot.html)"
69.197.182.50 - - [08/Jul/2025:12:00:19 +0700] "GET /wp-includes/install.php HTTP/1.1" 404 27 "https://bliteexpo.com/wp-includes/install.php" "Mozilla/5.0 (Windows NT 10.0; Win64; x64) AppleWebKit/537.36 (KHTML, like Gecko) Chrome/58.0.3029.110 Safari/537.3"
3.17.255.71 - - [08/Jul/2025:12:02:19 +0700] "GET / HTTP/1.1" 404 27 "-" "Mozilla/5.0 zgrab/0.x"
66.249.75.1 - - [08/Jul/2025:12:02:42 +0700] "GET /infos.php/safe_search/config?return_url=%2Fproduct%2Fdetail%2F88789670 HTTP/1.1" 404 27 "-" "Mozilla/5.0 (Linux; Android 6.0.1; Nexus 5X Build/MMB29P) AppleWebKit/537.36 (KHTML, like Gecko) Chrome/137.0.7151.103 Mobile Safari/537.36 (compatible; Googlebot/2.1; +http://www.google.com/bot.html)"
66.249.75.3 - - [08/Jul/2025:12:02:45 +0700] "GET /wp-includes/search.php?verdict/beside7/0ki1o-47576/ HTTP/1.1" 404 27 "-" "Mozilla/5.0 (Linux; Android 6.0.1; Nexus 5X Build/MMB29P) AppleWebKit/537.36 (KHTML, like Gecko) Chrome/137.0.7151.103 Mobile Safari/537.36 (compatible; Googlebot/2.1; +http://www.google.com/bot.html)"
66.249.75.2 - - [08/Jul/2025:12:02:48 +0700] "GET /product/actor194?c=g&l=33633 HTTP/1.1" 404 27 "-" "Mozilla/5.0 (Linux; Android 6.0.1; Nexus 5X Build/MMB29P) AppleWebKit/537.36 (KHTML, like Gecko) Chrome/137.0.7151.103 Mobile Safari/537.36 (compatible; Googlebot/2.1; +http://www.google.com/bot.html)"
51.222.253.13 - - [08/Jul/2025:12:03:45 +0700] "GET /8967751421.htm HTTP/1.1" 404 27 "-" "Mozilla/5.0 (compatible; AhrefsBot/7.0; +http://ahrefs.com/robot/)"
198.204.232.2 - - [08/Jul/2025:12:05:08 +0700] "GET / HTTP/1.1" 404 27 "-" "Mozilla/5.0 (compatible; Googlebot/2.1; +http://www.google.com/bot.html)"
66.249.75.1 - - [08/Jul/2025:12:05:13 +0700] "GET /pages.php?item/u193/13664/ HTTP/1.1" 404 27 "-" "Mozilla/5.0 (Linux; Android 6.0.1; Nexus 5X Build/MMB29P) AppleWebKit/537.36 (KHTML, like Gecko) Chrome/137.0.7151.103 Mobile Safari/537.36 (compatible; Googlebot/2.1; +http://www.google.com/bot.html)"
51.222.253.16 - - [08/Jul/2025:12:07:43 +0700] "GET /46833100453.htm HTTP/1.1" 404 27 "-" "Mozilla/5.0 (compatible; AhrefsBot/7.0; +http://ahrefs.com/robot/)"
66.249.71.64 - - [08/Jul/2025:12:09:28 +0700] "GET /pages.php?items/032040680.html?srsltid=AfmBOofdjgJuTtxAVkom9AB5OXuZKyQWWvNNHrHriimjcZMQt5DV HTTP/1.1" 404 27 "-" "Mozilla/5.0 (Linux; Android 6.0.1; Nexus 5X Build/MMB29P) AppleWebKit/537.36 (KHTML, like Gecko) Chrome/137.0.7151.103 Mobile Safari/537.36 (compatible; Googlebot/2.1; +http://www.google.com/bot.html)"
66.249.71.66 - - [08/Jul/2025:12:09:32 +0700] "GET /infos.php?shopdetail/104897143 HTTP/1.1" 404 27 "-" "Mozilla/5.0 (Linux; Android 6.0.1; Nexus 5X Build/MMB29P) AppleWebKit/537.36 (KHTML, like Gecko) Chrome/137.0.7151.103 Mobile Safari/537.36 (compatible; Googlebot/2.1; +http://www.google.com/bot.html)"
51.222.253.9 - - [08/Jul/2025:12:10:48 +0700] "GET /4683390398.htm HTTP/1.1" 404 27 "-" "Mozilla/5.0 (compatible; AhrefsBot/7.0; +http://ahrefs.com/robot/)"
66.249.75.1 - - [08/Jul/2025:12:12:06 +0700] "GET /pages.php?item/u160/2651/ HTTP/1.1" 404 27 "-" "Mozilla/5.0 (Linux; Android 6.0.1; Nexus 5X Build/MMB29P) AppleWebKit/537.36 (KHTML, like Gecko) Chrome/137.0.7151.103 Mobile Safari/537.36 (compatible; Googlebot/2.1; +http://www.google.com/bot.html)"
51.222.253.15 - - [08/Jul/2025:12:13:56 +0700] "GET /3388473873.htm HTTP/1.1" 404 27 "-" "Mozilla/5.0 (compatible; AhrefsBot/7.0; +http://ahrefs.com/robot/)"
66.249.75.1 - - [08/Jul/2025:12:15:07 +0700] "GET /pages.php?item/u58/29729/ HTTP/1.1" 404 27 "-" "Mozilla/5.0 (Linux; Android 6.0.1; Nexus 5X Build/MMB29P) AppleWebKit/537.36 (KHTML, like Gecko) Chrome/137.0.7151.103 Mobile Safari/537.36 (compatible; Googlebot/2.1; +http://www.google.com/bot.html)"
51.222.253.20 - - [08/Jul/2025:12:17:18 +0700] "GET /4598968421.htm HTTP/1.1" 404 27 "-" "Mozilla/5.0 (compatible; AhrefsBot/7.0; +http://ahrefs.com/robot/)"
66.249.71.66 - - [08/Jul/2025:12:18:24 +0700] "GET /product/concerning158?c=g&l=23467 HTTP/1.1" 404 27 "-" "Mozilla/5.0 (Linux; Android 6.0.1; Nexus 5X Build/MMB29P) AppleWebKit/537.36 (KHTML, like Gecko) Chrome/137.0.7151.103 Mobile Safari/537.36 (compatible; Googlebot/2.1; +http://www.google.com/bot.html)"
66.249.75.1 - - [08/Jul/2025:12:22:42 +0700] "GET /items/ffwjf57/10983?key=safety HTTP/1.1" 404 27 "-" "Mozilla/5.0 (Linux; Android 6.0.1; Nexus 5X Build/MMB29P) AppleWebKit/537.36 (KHTML, like Gecko) Chrome/137.0.7151.103 Mobile Safari/537.36 (compatible; Googlebot/2.1; +http://www.google.com/bot.html)"
51.222.253.16 - - [08/Jul/2025:12:23:54 +0700] "GET /338847576.htm HTTP/1.1" 404 27 "-" "Mozilla/5.0 (compatible; AhrefsBot/7.0; +http://ahrefs.com/robot/)"
66.249.75.2 - - [08/Jul/2025:12:24:29 +0700] "GET /infos.php?shopdetail/354448643 HTTP/1.1" 404 27 "-" "Mozilla/5.0 (Linux; Android 6.0.1; Nexus 5X Build/MMB29P) AppleWebKit/537.36 (KHTML, like Gecko) Chrome/137.0.7151.103 Mobile Safari/537.36 (compatible; Googlebot/2.1; +http://www.google.com/bot.html)"
66.249.71.65 - - [08/Jul/2025:12:25:01 +0700] "GET /pages.php?items/089038261.html?srsltid=AfmBOosutTvjvNNawRBlwrckDeVVpCzobjiIHgNj0Hh7DkLm3G15 HTTP/1.1" 404 27 "-" "Mozilla/5.0 (Linux; Android 6.0.1; Nexus 5X Build/MMB29P) AppleWebKit/537.36 (KHTML, like Gecko) Chrome/137.0.7151.103 Mobile Safari/537.36 (compatible; Googlebot/2.1; +http://www.google.com/bot.html)"
51.222.253.8 - - [08/Jul/2025:12:26:55 +0700] "GET /9637787437.htm HTTP/1.1" 404 27 "-" "Mozilla/5.0 (compatible; AhrefsBot/7.0; +http://ahrefs.com/robot/)"
207.244.255.76 - - [08/Jul/2025:12:27:53 +0700] "POST /xmlrpc.php HTTP/1.1" 404 27 "-" "Mozilla/5.0 (X11; Ubuntu; Linux x86_64; rv:85.0) Gecko/20100101 Firefox/91.0"
66.249.75.3 - - [08/Jul/2025:12:28:16 +0700] "GET /items/fryqm104/33244?key=previously HTTP/1.1" 404 27 "-" "Mozilla/5.0 (Linux; Android 6.0.1; Nexus 5X Build/MMB29P) AppleWebKit/537.36 (KHTML, like Gecko) Chrome/137.0.7151.103 Mobile Safari/537.36 (compatible; Googlebot/2.1; +http://www.google.com/bot.html)"
66.249.71.65 - - [08/Jul/2025:12:29:17 +0700] "GET /wp-includes/search.php?item/u95/39943/ HTTP/1.1" 404 27 "-" "Mozilla/5.0 (Linux; Android 6.0.1; Nexus 5X Build/MMB29P) AppleWebKit/537.36 (KHTML, like Gecko) Chrome/137.0.7151.103 Mobile Safari/537.36 (compatible; Googlebot/2.1; +http://www.google.com/bot.html)"
51.222.253.6 - - [08/Jul/2025:12:29:57 +0700] "GET /98141125993.htm HTTP/1.1" 404 27 "-" "Mozilla/5.0 (compatible; AhrefsBot/7.0; +http://ahrefs.com/robot/)"
66.249.75.3 - - [08/Jul/2025:12:31:10 +0700] "GET /items/csekk78/38546?key=tile HTTP/1.1" 404 27 "-" "Mozilla/5.0 (compatible; Googlebot/2.1; +http://www.google.com/bot.html)"
66.249.75.2 - - [08/Jul/2025:12:32:17 +0700] "GET /items/zievn122/2334?key=breathing HTTP/1.1" 404 27 "-" "Mozilla/5.0 (Linux; Android 6.0.1; Nexus 5X Build/MMB29P) AppleWebKit/537.36 (KHTML, like Gecko) Chrome/137.0.7151.103 Mobile Safari/537.36 (compatible; Googlebot/2.1; +http://www.google.com/bot.html)"
51.222.253.20 - - [08/Jul/2025:12:33:30 +0700] "GET /3388422450.htm HTTP/1.1" 404 27 "-" "Mozilla/5.0 (compatible; AhrefsBot/7.0; +http://ahrefs.com/robot/)"
66.249.71.65 - - [08/Jul/2025:12:33:45 +0700] "GET /?_gl=1*s6cqrzf*_ga*UjepXNXbSyxnuDnLqMPMCxwOKuIC*_ga_PCLQBSERZ*VMnDjNYdpGJAKbPlUQO3lV1K4e7BNFk66XmBC15XD36ipfcJ0atzaXy.*_gcl_au=1.1.191065206.179434258*_gcl_aw=ZCN.179491380.dUrD1akADon11yLnS4RrsKsfEvkZfnT2whxW9OL4GzljbNoXQEDwIlA1iy2t3nsVnR1UdEWjr34w9uas7eGkR9Cz8F..&_gz=2.195814685.195558432.179284825-865810682.163453303&_bdsid=g8ali8.n~PSOKX.175925534.178969609&_bd_prev_page=https://bliteexpo.com/spark.php?item/u87/24899/ HTTP/1.1" 404 27 "-" "Mozilla/5.0 (compatible; Googlebot/2.1; +http://www.google.com/bot.html)"
66.249.71.64 - - [08/Jul/2025:12:35:18 +0700] "GET /pages.php?items/088012944.html?srsltid=AfmBOonsfHEpqIFQwkIYIx3FGWONZKJOsTBr87tRXoFjhLifdK3T HTTP/1.1" 404 27 "-" "Mozilla/5.0 (Linux; Android 6.0.1; Nexus 5X Build/MMB29P) AppleWebKit/537.36 (KHTML, like Gecko) Chrome/137.0.7151.103 Mobile Safari/537.36 (compatible; Googlebot/2.1; +http://www.google.com/bot.html)"
66.249.75.2 - - [08/Jul/2025:12:35:21 +0700] "GET /wp-includes/search.php?myself/uh3/u0o8z-26060/ HTTP/1.1" 404 27 "-" "Mozilla/5.0 (Linux; Android 6.0.1; Nexus 5X Build/MMB29P) AppleWebKit/537.36 (KHTML, like Gecko) Chrome/137.0.7151.103 Mobile Safari/537.36 (compatible; Googlebot/2.1; +http://www.google.com/bot.html)"
69.197.182.50 - - [08/Jul/2025:12:37:21 +0700] "GET /wp-includes/install.php HTTP/1.1" 404 27 "https://bliteexpo.com/wp-includes/install.php" "Mozilla/5.0 (Windows NT 10.0; Win64; x64) AppleWebKit/537.36 (KHTML, like Gecko) Chrome/58.0.3029.110 Safari/537.3"
51.222.253.13 - - [08/Jul/2025:12:37:22 +0700] "GET /459893919.htm HTTP/1.1" 404 27 "-" "Mozilla/5.0 (compatible; AhrefsBot/7.0; +http://ahrefs.com/robot/)"
66.249.75.3 - - [08/Jul/2025:12:38:22 +0700] "GET /items/alxby40/11030?key=central HTTP/1.1" 404 27 "-" "Mozilla/5.0 (Linux; Android 6.0.1; Nexus 5X Build/MMB29P) AppleWebKit/537.36 (KHTML, like Gecko) Chrome/137.0.7151.103 Mobile Safari/537.36 (compatible; Googlebot/2.1; +http://www.google.com/bot.html)"
51.222.253.12 - - [08/Jul/2025:12:40:26 +0700] "GET /8967751209.htm HTTP/1.1" 404 27 "-" "Mozilla/5.0 (compatible; AhrefsBot/7.0; +http://ahrefs.com/robot/)"
198.204.232.2 - - [08/Jul/2025:12:40:51 +0700] "GET / HTTP/1.1" 404 27 "-" "Mozilla/5.0 (compatible; Googlebot/2.1; +http://www.google.com/bot.html)"
66.249.71.65 - - [08/Jul/2025:12:41:22 +0700] "GET /infos.php?shopdetail/159154043 HTTP/1.1" 404 27 "-" "Mozilla/5.0 (Linux; Android 6.0.1; Nexus 5X Build/MMB29P) AppleWebKit/537.36 (KHTML, like Gecko) Chrome/137.0.7151.103 Mobile Safari/537.36 (compatible; Googlebot/2.1; +http://www.google.com/bot.html)"
66.249.71.64 - - [08/Jul/2025:12:42:23 +0700] "GET /items/zjtmz58/34376?key=onto HTTP/1.1" 404 27 "-" "Mozilla/5.0 (Linux; Android 6.0.1; Nexus 5X Build/MMB29P) AppleWebKit/537.36 (KHTML, like Gecko) Chrome/137.0.7151.103 Mobile Safari/537.36 (compatible; Googlebot/2.1; +http://www.google.com/bot.html)"
51.222.253.2 - - [08/Jul/2025:12:43:54 +0700] "GET /9637790703.htm HTTP/1.1" 404 27 "-" "Mozilla/5.0 (compatible; AhrefsBot/7.0; +http://ahrefs.com/robot/)"
66.249.71.64 - - [08/Jul/2025:12:45:23 +0700] "GET /items/ujefa172/48778?key=scope HTTP/1.1" 404 27 "-" "Mozilla/5.0 (Linux; Android 6.0.1; Nexus 5X Build/MMB29P) AppleWebKit/537.36 (KHTML, like Gecko) Chrome/137.0.7151.103 Mobile Safari/537.36 (compatible; Googlebot/2.1; +http://www.google.com/bot.html)"
66.249.75.2 - - [08/Jul/2025:12:46:24 +0700] "GET /items/dxrpi8/44010?key=opposed HTTP/1.1" 404 27 "-" "Mozilla/5.0 (Linux; Android 6.0.1; Nexus 5X Build/MMB29P) AppleWebKit/537.36 (KHTML, like Gecko) Chrome/137.0.7151.103 Mobile Safari/537.36 (compatible; Googlebot/2.1; +http://www.google.com/bot.html)"
51.222.253.1 - - [08/Jul/2025:12:46:54 +0700] "GET /1976932091.htm HTTP/1.1" 404 27 "-" "Mozilla/5.0 (compatible; AhrefsBot/7.0; +http://ahrefs.com/robot/)"
66.249.75.2 - - [08/Jul/2025:12:48:15 +0700] "GET /items/zcfow86/34420?key=Hispanic HTTP/1.1" 404 27 "-" "Mozilla/5.0 (Linux; Android 6.0.1; Nexus 5X Build/MMB29P) AppleWebKit/537.36 (KHTML, like Gecko) Chrome/137.0.7151.103 Mobile Safari/537.36 (compatible; Googlebot/2.1; +http://www.google.com/bot.html)"
52.178.138.105 - - [08/Jul/2025:12:48:16 +0700] "GET /wp-includes/SimplePie/ HTTP/1.1" 404 27 "-" "-"
52.178.138.105 - - [08/Jul/2025:12:48:16 +0700] "GET /wp-includes/js/crop/ HTTP/1.1" 404 27 "-" "-"
52.178.138.105 - - [08/Jul/2025:12:48:17 +0700] "GET /wp-content/uploads/ HTTP/1.1" 404 27 "-" "-"
52.178.138.105 - - [08/Jul/2025:12:48:17 +0700] "GET /css/xmrlpc.php?p= HTTP/1.1" 404 27 "-" "-"
52.178.138.105 - - [08/Jul/2025:12:48:17 +0700] "GET /wp-includes/repeater.php HTTP/1.1" 404 27 "-" "-"
52.178.138.105 - - [08/Jul/2025:12:48:18 +0700] "GET /wp-admin/network/xmrlpc.php?p= HTTP/1.1" 404 27 "-" "-"
52.178.138.105 - - [08/Jul/2025:12:48:18 +0700] "GET /wp-includes/sodium_compat/namespaced/Core/ HTTP/1.1" 404 27 "-" "-"
52.178.138.105 - - [08/Jul/2025:12:48:18 +0700] "GET /wp-includes/Text/Diff/Renderer/ HTTP/1.1" 404 27 "-" "-"
52.178.138.105 - - [08/Jul/2025:12:48:19 +0700] "GET /wp-admin/includes/ HTTP/1.1" 404 27 "-" "-"
52.178.138.105 - - [08/Jul/2025:12:48:19 +0700] "GET /sites/default/files/ HTTP/1.1" 404 27 "-" "-"
52.178.138.105 - - [08/Jul/2025:12:48:19 +0700] "GET /wp-admin/xmrlpc.php?p= HTTP/1.1" 404 27 "-" "-"
52.178.138.105 - - [08/Jul/2025:12:48:20 +0700] "GET /assets/images/ HTTP/1.1" 404 27 "-" "-"
52.178.138.105 - - [08/Jul/2025:12:48:20 +0700] "GET /wp-content/ HTTP/1.1" 404 27 "-" "-"
52.178.138.105 - - [08/Jul/2025:12:48:20 +0700] "GET /wp-includes/rest-api/endpoints/ HTTP/1.1" 404 27 "-" "-"
52.178.138.105 - - [08/Jul/2025:12:48:21 +0700] "GET /wp-activate.php HTTP/1.1" 404 27 "-" "-"
52.178.138.105 - - [08/Jul/2025:12:48:21 +0700] "GET /cache-compat.php HTTP/1.1" 404 27 "-" "-"
52.178.138.105 - - [08/Jul/2025:12:48:21 +0700] "GET /admin-post.php HTTP/1.1" 404 27 "-" "-"
52.178.138.105 - - [08/Jul/2025:12:48:22 +0700] "GET /wp-sigunq.php HTTP/1.1" 404 27 "-" "-"
52.178.138.105 - - [08/Jul/2025:12:48:22 +0700] "GET /index/function.php/img/ HTTP/1.1" 404 27 "-" "-"
52.178.138.105 - - [08/Jul/2025:12:48:22 +0700] "GET /wp-content/plugins/about.php HTTP/1.1" 404 27 "-" "-"
52.178.138.105 - - [08/Jul/2025:12:48:23 +0700] "GET /upload/ HTTP/1.1" 404 27 "-" "-"
52.178.138.105 - - [08/Jul/2025:12:48:23 +0700] "GET /wp-content/updraft/about.php HTTP/1.1" 404 27 "-" "-"
52.178.138.105 - - [08/Jul/2025:12:48:23 +0700] "GET /wp-content/plugins/index.php HTTP/1.1" 404 27 "-" "-"
52.178.138.105 - - [08/Jul/2025:12:48:23 +0700] "GET /ALFA_DATA/ HTTP/1.1" 404 27 "-" "-"
52.178.138.105 - - [08/Jul/2025:12:48:24 +0700] "GET /wp-includes/sodium_compat/src/ HTTP/1.1" 404 27 "-" "-"
52.178.138.105 - - [08/Jul/2025:12:48:24 +0700] "GET /wp-includes/js/imgareaselect/ HTTP/1.1" 404 27 "-" "-"
52.178.138.105 - - [08/Jul/2025:12:48:24 +0700] "GET /wp-signup.php HTTP/1.1" 404 27 "-" "-"
52.178.138.105 - - [08/Jul/2025:12:48:25 +0700] "GET /wp-admin/network/cloud.php HTTP/1.1" 404 27 "-" "-"
52.178.138.105 - - [08/Jul/2025:12:48:25 +0700] "GET /wp-login.php HTTP/1.1" 404 27 "-" "-"
52.178.138.105 - - [08/Jul/2025:12:48:25 +0700] "GET /vendor/phpunit/phpunit/src/Util/PHP/ HTTP/1.1" 404 27 "-" "-"
52.178.138.105 - - [08/Jul/2025:12:48:26 +0700] "GET /post.php HTTP/1.1" 404 27 "-" "-"
52.178.138.105 - - [08/Jul/2025:12:48:26 +0700] "GET /images/xmrlpc.php?p= HTTP/1.1" 404 27 "-" "-"
52.178.138.105 - - [08/Jul/2025:12:48:26 +0700] "GET /wp-admin/js/widgets/cloud.php HTTP/1.1" 404 27 "-" "-"
52.178.138.105 - - [08/Jul/2025:12:48:27 +0700] "GET /wp-admin/network/index.php HTTP/1.1" 404 27 "-" "-"
52.178.138.105 - - [08/Jul/2025:12:48:27 +0700] "GET /wsoyanz.php HTTP/1.1" 404 27 "-" "-"
52.178.138.105 - - [08/Jul/2025:12:48:27 +0700] "GET /wp-content/gallery/about.php HTTP/1.1" 404 27 "-" "-"
52.178.138.105 - - [08/Jul/2025:12:48:28 +0700] "GET /wp-admin/user/ HTTP/1.1" 404 27 "-" "-"
52.178.138.105 - - [08/Jul/2025:12:48:28 +0700] "GET /as/function HTTP/1.1" 404 27 "-" "-"
52.178.138.105 - - [08/Jul/2025:12:48:28 +0700] "GET /images/cloud.php HTTP/1.1" 404 27 "-" "-"
52.178.138.105 - - [08/Jul/2025:12:48:29 +0700] "GET /wp-content/plugins/Cache/Cache.php HTTP/1.1" 404 27 "-" "-"
52.178.138.105 - - [08/Jul/2025:12:48:29 +0700] "GET /alfa-rex.php7 HTTP/1.1" 404 27 "-" "-"
52.178.138.105 - - [08/Jul/2025:12:48:29 +0700] "GET /wp-includes/IXR/ HTTP/1.1" 404 27 "-" "-"
52.178.138.105 - - [08/Jul/2025:12:48:30 +0700] "GET /wp-admin/includes/cloud.php HTTP/1.1" 404 27 "-" "-"
52.178.138.105 - - [08/Jul/2025:12:48:30 +0700] "GET /cgi-bin/xmrlpc.php?p= HTTP/1.1" 404 27 "-" "-"
52.178.138.105 - - [08/Jul/2025:12:48:30 +0700] "GET /wp-comments-post.php HTTP/1.1" 404 27 "-" "-"
52.178.138.105 - - [08/Jul/2025:12:48:31 +0700] "GET /wp-cron.php HTTP/1.1" 404 27 "-" "-"
52.178.138.105 - - [08/Jul/2025:12:48:31 +0700] "GET /alfa-rex2.php7 HTTP/1.1" 404 27 "-" "-"
52.178.138.105 - - [08/Jul/2025:12:48:31 +0700] "GET /ws.php7 HTTP/1.1" 404 27 "-" "-"
52.178.138.105 - - [08/Jul/2025:12:48:31 +0700] "GET /wp-admin/css/colors/cloud.php HTTP/1.1" 404 27 "-" "-"
52.178.138.105 - - [08/Jul/2025:12:48:32 +0700] "GET /wp-includes/block-patterns/about.php HTTP/1.1" 404 27 "-" "-"
52.178.138.105 - - [08/Jul/2025:12:48:32 +0700] "GET /wp-admin/cloud.php HTTP/1.1" 404 27 "-" "-"
52.178.138.105 - - [08/Jul/2025:12:48:32 +0700] "GET /mah/function.php HTTP/1.1" 404 27 "-" "-"
52.178.138.105 - - [08/Jul/2025:12:48:33 +0700] "GET /wp-content/plugins/pwnd-1/pwnd.php HTTP/1.1" 404 27 "-" "-"
52.178.138.105 - - [08/Jul/2025:12:48:33 +0700] "GET /bak.php HTTP/1.1" 404 27 "-" "-"
52.178.138.105 - - [08/Jul/2025:12:48:33 +0700] "GET /wp-includes/fonts/ HTTP/1.1" 404 27 "-" "-"
52.178.138.105 - - [08/Jul/2025:12:48:34 +0700] "GET /wp-content/plugins/admin.php HTTP/1.1" 404 27 "-" "-"
52.178.138.105 - - [08/Jul/2025:12:48:34 +0700] "GET /ws.php HTTP/1.1" 404 27 "-" "-"
52.178.138.105 - - [08/Jul/2025:12:48:34 +0700] "GET /wp-admin/js/about.php HTTP/1.1" 404 27 "-" "-"
52.178.138.105 - - [08/Jul/2025:12:48:35 +0700] "GET /yanz.php HTTP/1.1" 404 27 "-" "-"
52.178.138.105 - - [08/Jul/2025:12:48:35 +0700] "GET /makeasmtp.php HTTP/1.1" 404 27 "-" "-"
52.178.138.105 - - [08/Jul/2025:12:48:35 +0700] "GET /shell.php HTTP/1.1" 404 27 "-" "-"
52.178.138.105 - - [08/Jul/2025:12:48:36 +0700] "GET /wp-admin/images/ HTTP/1.1" 404 27 "-" "-"
52.178.138.105 - - [08/Jul/2025:12:48:36 +0700] "GET /wp-includes/widgets/ HTTP/1.1" 404 27 "-" "-"
52.178.138.105 - - [08/Jul/2025:12:48:36 +0700] "GET /libraries/vendor/updates.php HTTP/1.1" 404 27 "-" "-"
52.178.138.105 - - [08/Jul/2025:12:48:37 +0700] "GET /wp-content/plugins/clara/clara.php HTTP/1.1" 404 27 "-" "-"
52.178.138.105 - - [08/Jul/2025:12:48:37 +0700] "GET /log.php HTTP/1.1" 404 27 "-" "-"
52.178.138.105 - - [08/Jul/2025:12:48:37 +0700] "GET /wp-includes/Text/Diff/ HTTP/1.1" 404 27 "-" "-"
52.178.138.105 - - [08/Jul/2025:12:48:38 +0700] "GET /wp-includes/IXR/index.php HTTP/1.1" 404 27 "-" "-"
52.178.138.105 - - [08/Jul/2025:12:48:38 +0700] "GET /wp-includes/IXR/about.php HTTP/1.1" 404 27 "-" "-"
52.178.138.105 - - [08/Jul/2025:12:48:38 +0700] "GET /wp-admin/network/ HTTP/1.1" 404 27 "-" "-"
52.178.138.105 - - [08/Jul/2025:12:48:39 +0700] "GET /wp-content/themes/ HTTP/1.1" 404 27 "-" "-"
52.178.138.105 - - [08/Jul/2025:12:48:39 +0700] "GET /wp-admin/js/widgets/about.php7 HTTP/1.1" 404 27 "-" "-"
52.178.138.105 - - [08/Jul/2025:12:48:39 +0700] "GET /wp-load.php HTTP/1.1" 404 27 "-" "-"
52.178.138.105 - - [08/Jul/2025:12:48:40 +0700] "GET /wp-content/themes/pridmag/db.php?u HTTP/1.1" 404 27 "-" "-"
52.178.138.105 - - [08/Jul/2025:12:48:40 +0700] "GET /wp-includes/sodium_compat/namespaced HTTP/1.1" 404 27 "-" "-"
52.178.138.105 - - [08/Jul/2025:12:48:40 +0700] "GET /css.php HTTP/1.1" 404 27 "-" "-"
52.178.138.105 - - [08/Jul/2025:12:48:41 +0700] "GET /libraries/phpmailer/updates.php HTTP/1.1" 404 27 "-" "-"
52.178.138.105 - - [08/Jul/2025:12:48:41 +0700] "GET /blog.php HTTP/1.1" 404 27 "-" "-"
52.178.138.105 - - [08/Jul/2025:12:48:41 +0700] "GET /wp-admin/maint/maint/ajax-actions.php HTTP/1.1" 404 27 "-" "-"
52.178.138.105 - - [08/Jul/2025:12:48:42 +0700] "GET /wp-admin/css/index.php HTTP/1.1" 404 27 "-" "-"
52.178.138.105 - - [08/Jul/2025:12:48:42 +0700] "GET /wp-includes/customize/ HTTP/1.1" 404 27 "-" "-"
52.178.138.105 - - [08/Jul/2025:12:48:42 +0700] "GET /wp-content/plugins/ HTTP/1.1" 404 27 "-" "-"
52.178.138.105 - - [08/Jul/2025:12:48:42 +0700] "GET /wp-includes/blocks/about.php HTTP/1.1" 404 27 "-" "-"
52.178.138.105 - - [08/Jul/2025:12:48:43 +0700] "GET /wp-content/languages/about.php HTTP/1.1" 404 27 "-" "-"
52.178.138.105 - - [08/Jul/2025:12:48:43 +0700] "GET /wp-content/plugins/seoo/wsoyanz.php HTTP/1.1" 404 27 "-" "-"
52.178.138.105 - - [08/Jul/2025:12:48:43 +0700] "GET /cgi-bin/about.php HTTP/1.1" 404 27 "-" "-"
52.178.138.105 - - [08/Jul/2025:12:48:44 +0700] "GET /wp-includes/js/tinymce/skins/lightgray/ HTTP/1.1" 404 27 "-" "-"
52.178.138.105 - - [08/Jul/2025:12:48:44 +0700] "GET /wp-includes/rest-api/search/ HTTP/1.1" 404 27 "-" "-"
52.178.138.105 - - [08/Jul/2025:12:48:44 +0700] "GET /wp-content/plugins/fix/up.php HTTP/1.1" 404 27 "-" "-"
52.178.138.105 - - [08/Jul/2025:12:48:45 +0700] "GET /wp-admin/css/colors/blue/cloud.php HTTP/1.1" 404 27 "-" "-"
52.178.138.105 - - [08/Jul/2025:12:48:45 +0700] "GET /img/about.php HTTP/1.1" 404 27 "-" "-"
52.178.138.105 - - [08/Jul/2025:12:48:45 +0700] "GET /alfanew2.php7 HTTP/1.1" 404 27 "-" "-"
52.178.138.105 - - [08/Jul/2025:12:48:46 +0700] "GET /admin/controller/extension/extension/ HTTP/1.1" 404 27 "-" "-"
52.178.138.105 - - [08/Jul/2025:12:48:46 +0700] "GET /inputs.php HTTP/1.1" 404 27 "-" "-"
52.178.138.105 - - [08/Jul/2025:12:48:46 +0700] "GET /wp-content/plugins/shell/noimg.php HTTP/1.1" 404 27 "-" "-"
52.178.138.105 - - [08/Jul/2025:12:48:47 +0700] "GET /wp-content/updates.php HTTP/1.1" 404 27 "-" "-"
52.178.138.105 - - [08/Jul/2025:12:48:47 +0700] "GET /wp-admin/css/about.php HTTP/1.1" 404 27 "-" "-"
52.178.138.105 - - [08/Jul/2025:12:48:47 +0700] "GET /wp-includes/js/ HTTP/1.1" 404 27 "-" "-"
52.178.138.105 - - [08/Jul/2025:12:48:48 +0700] "GET /wp-includes/ID3/index.php HTTP/1.1" 404 27 "-" "-"
52.178.138.105 - - [08/Jul/2025:12:48:48 +0700] "GET /wp-includes/js/tinymce/plugins/compat3x/ HTTP/1.1" 404 27 "-" "-"
52.178.138.105 - - [08/Jul/2025:12:48:48 +0700] "GET /img/xmrlpc.php?p= HTTP/1.1" 404 27 "-" "-"
52.178.138.105 - - [08/Jul/2025:12:48:49 +0700] "GET /.well-known/pki-validation/cloud.php HTTP/1.1" 404 27 "-" "-"
52.178.138.105 - - [08/Jul/2025:12:48:49 +0700] "GET /wp-includes/widgets/about.php HTTP/1.1" 404 27 "-" "-"
52.178.138.105 - - [08/Jul/2025:12:48:49 +0700] "GET /plugins/function.php HTTP/1.1" 404 27 "-" "-"
52.178.138.105 - - [08/Jul/2025:12:48:50 +0700] "GET /wp-includes/ID3/ HTTP/1.1" 404 27 "-" "-"
52.178.138.105 - - [08/Jul/2025:12:48:50 +0700] "GET /plugins.php HTTP/1.1" 404 27 "-" "-"
52.178.138.105 - - [08/Jul/2025:12:48:50 +0700] "GET /wp-includes/style-engine/about.php HTTP/1.1" 404 27 "-" "-"
52.178.138.105 - - [08/Jul/2025:12:48:51 +0700] "GET /wp-consar.php HTTP/1.1" 404 27 "-" "-"
