66.249.75.2 - - [08/Jul/2025:16:56:20 +0700] "GET /wp-includes/search.php?complex/essential66/fktms-31029/ HTTP/1.1" 404 27 "-" "Mozilla/5.0 (Linux; Android 6.0.1; Nexus 5X Build/MMB29P) AppleWebKit/537.36 (KHTML, like Gecko) Chrome/137.0.7151.103 Mobile Safari/537.36 (compatible; Googlebot/2.1; +http://www.google.com/bot.html)"
66.249.75.1 - - [08/Jul/2025:16:56:57 +0700] "GET /items/torvm117/37019?key=female HTTP/1.1" 404 27 "-" "Mozilla/5.0 (Linux; Android 6.0.1; Nexus 5X Build/MMB29P) AppleWebKit/537.36 (KHTML, like Gecko) Chrome/137.0.7151.103 Mobile Safari/537.36 (compatible; Googlebot/2.1; +http://www.google.com/bot.html)"
66.249.75.1 - - [08/Jul/2025:16:57:33 +0700] "GET /items/eooxb65/46423?key=survive HTTP/1.1" 404 27 "-" "Mozilla/5.0 (Linux; Android 6.0.1; Nexus 5X Build/MMB29P) AppleWebKit/537.36 (KHTML, like Gecko) Chrome/137.0.7151.103 Mobile Safari/537.36 (compatible; Googlebot/2.1; +http://www.google.com/bot.html)"
66.249.71.65 - - [08/Jul/2025:16:57:48 +0700] "GET /items/ynrdg58/21388?key=rental HTTP/1.1" 404 27 "-" "Mozilla/5.0 (compatible; Googlebot/2.1; +http://www.google.com/bot.html)"
66.249.71.65 - - [08/Jul/2025:16:58:10 +0700] "GET /items/vatpx87/25037?key=brush HTTP/1.1" 404 27 "-" "Mozilla/5.0 (Linux; Android 6.0.1; Nexus 5X Build/MMB29P) AppleWebKit/537.36 (KHTML, like Gecko) Chrome/137.0.7151.103 Mobile Safari/537.36 (compatible; Googlebot/2.1; +http://www.google.com/bot.html)"
66.249.75.1 - - [08/Jul/2025:16:59:23 +0700] "GET /pages.php?items/121024453.html?srsltid=AfmBOowoiEpIgCuzAvloHAWGTEngWfsz31v316i3UsLQnpRCb7EB HTTP/1.1" 404 27 "-" "Mozilla/5.0 (Linux; Android 6.0.1; Nexus 5X Build/MMB29P) AppleWebKit/537.36 (KHTML, like Gecko) Chrome/137.0.7151.103 Mobile Safari/537.36 (compatible; Googlebot/2.1; +http://www.google.com/bot.html)"
66.249.75.1 - - [08/Jul/2025:16:59:25 +0700] "GET /wp-includes/search.php?creativity/hit4/n3pm6-15007/ HTTP/1.1" 404 27 "-" "Mozilla/5.0 (Linux; Android 6.0.1; Nexus 5X Build/MMB29P) AppleWebKit/537.36 (KHTML, like Gecko) Chrome/137.0.7151.103 Mobile Safari/537.36 (compatible; Googlebot/2.1; +http://www.google.com/bot.html)"
66.249.75.1 - - [08/Jul/2025:16:59:28 +0700] "GET /product/meet134?c=g&l=40979 HTTP/1.1" 404 27 "-" "Mozilla/5.0 (Linux; Android 6.0.1; Nexus 5X Build/MMB29P) AppleWebKit/537.36 (KHTML, like Gecko) Chrome/137.0.7151.103 Mobile Safari/537.36 (compatible; Googlebot/2.1; +http://www.google.com/bot.html)"
66.249.71.66 - - [08/Jul/2025:17:00:05 +0700] "GET /pages.php?items/011026249.html?srsltid=AfmBOopcjfAjbyMyLdjcUewuBdSoSnGTsv3qE2fLhQ2rOJu3AckS HTTP/1.1" 404 27 "-" "Mozilla/5.0 (Linux; Android 6.0.1; Nexus 5X Build/MMB29P) AppleWebKit/537.36 (KHTML, like Gecko) Chrome/137.0.7151.103 Mobile Safari/537.36 (compatible; Googlebot/2.1; +http://www.google.com/bot.html)"
66.249.75.1 - - [08/Jul/2025:17:00:42 +0700] "GET /items/fqplw96/47956?key=immigrant HTTP/1.1" 404 27 "-" "Mozilla/5.0 (Linux; Android 6.0.1; Nexus 5X Build/MMB29P) AppleWebKit/537.36 (KHTML, like Gecko) Chrome/137.0.7151.103 Mobile Safari/537.36 (compatible; Googlebot/2.1; +http://www.google.com/bot.html)"
66.249.75.3 - - [08/Jul/2025:17:01:19 +0700] "GET /infos.php/cd.html HTTP/1.1" 404 27 "-" "Mozilla/5.0 (Linux; Android 6.0.1; Nexus 5X Build/MMB29P) AppleWebKit/537.36 (KHTML, like Gecko) Chrome/137.0.7151.103 Mobile Safari/537.36 (compatible; Googlebot/2.1; +http://www.google.com/bot.html)"
66.249.71.65 - - [08/Jul/2025:17:01:55 +0700] "GET /items/baizg14/20138?key=beast HTTP/1.1" 404 27 "-" "Mozilla/5.0 (Linux; Android 6.0.1; Nexus 5X Build/MMB29P) AppleWebKit/537.36 (KHTML, like Gecko) Chrome/137.0.7151.103 Mobile Safari/537.36 (compatible; Googlebot/2.1; +http://www.google.com/bot.html)"
66.249.71.65 - - [08/Jul/2025:17:01:57 +0700] "GET /product/root174?c=g&l=16429 HTTP/1.1" 404 27 "-" "Mozilla/5.0 (Linux; Android 6.0.1; Nexus 5X Build/MMB29P) AppleWebKit/537.36 (KHTML, like Gecko) Chrome/137.0.7151.103 Mobile Safari/537.36 (compatible; Googlebot/2.1; +http://www.google.com/bot.html)"
66.249.75.3 - - [08/Jul/2025:17:02:00 +0700] "GET /wp-includes/search.php?fee/wing114/9lsji-23131/ HTTP/1.1" 404 27 "-" "Mozilla/5.0 (Linux; Android 6.0.1; Nexus 5X Build/MMB29P) AppleWebKit/537.36 (KHTML, like Gecko) Chrome/137.0.7151.103 Mobile Safari/537.36 (compatible; Googlebot/2.1; +http://www.google.com/bot.html)"
69.197.182.50 - - [08/Jul/2025:17:02:26 +0700] "GET /wp-includes/install.php HTTP/1.1" 404 27 "https://bliteexpo.com/wp-includes/install.php" "Mozilla/5.0 (Windows NT 10.0; Win64; x64) AppleWebKit/537.36 (KHTML, like Gecko) Chrome/58.0.3029.110 Safari/537.3"
66.249.75.3 - - [08/Jul/2025:17:03:13 +0700] "GET /items/htboz186/196?key=pour HTTP/1.1" 404 27 "-" "Mozilla/5.0 (Linux; Android 6.0.1; Nexus 5X Build/MMB29P) AppleWebKit/537.36 (KHTML, like Gecko) Chrome/137.0.7151.103 Mobile Safari/537.36 (compatible; Googlebot/2.1; +http://www.google.com/bot.html)"
66.249.75.1 - - [08/Jul/2025:17:03:50 +0700] "GET /items/xdsqk56/48076?key=transmit HTTP/1.1" 404 27 "-" "Mozilla/5.0 (Linux; Android 6.0.1; Nexus 5X Build/MMB29P) AppleWebKit/537.36 (KHTML, like Gecko) Chrome/137.0.7151.103 Mobile Safari/537.36 (compatible; Googlebot/2.1; +http://www.google.com/bot.html)"
66.249.71.65 - - [08/Jul/2025:17:04:27 +0700] "GET /items/xenlu153/40169?key=spoon HTTP/1.1" 404 27 "-" "Mozilla/5.0 (Linux; Android 6.0.1; Nexus 5X Build/MMB29P) AppleWebKit/537.36 (KHTML, like Gecko) Chrome/137.0.7151.103 Mobile Safari/537.36 (compatible; Googlebot/2.1; +http://www.google.com/bot.html)"
66.249.75.1 - - [08/Jul/2025:17:05:07 +0700] "GET /items/ybeho11/8337?key=come HTTP/1.1" 404 27 "-" "Mozilla/5.0 (Linux; Android 6.0.1; Nexus 5X Build/MMB29P) AppleWebKit/537.36 (KHTML, like Gecko) Chrome/137.0.7151.103 Mobile Safari/537.36 (compatible; Googlebot/2.1; +http://www.google.com/bot.html)"
66.249.75.2 - - [08/Jul/2025:17:05:44 +0700] "GET /items/hhfsv72/740?key=daily HTTP/1.1" 404 27 "-" "Mozilla/5.0 (Linux; Android 6.0.1; Nexus 5X Build/MMB29P) AppleWebKit/537.36 (KHTML, like Gecko) Chrome/137.0.7151.103 Mobile Safari/537.36 (compatible; Googlebot/2.1; +http://www.google.com/bot.html)"
69.197.182.50 - - [08/Jul/2025:17:06:07 +0700] "GET /wp-includes/install.php HTTP/1.1" 404 27 "https://bliteexpo.com/wp-includes/install.php" "Mozilla/5.0 (Windows NT 10.0; Win64; x64) AppleWebKit/537.36 (KHTML, like Gecko) Chrome/58.0.3029.110 Safari/537.3"
66.249.75.3 - - [08/Jul/2025:17:06:57 +0700] "GET /pages.php?item/u194/39589/ HTTP/1.1" 404 27 "-" "Mozilla/5.0 (Linux; Android 6.0.1; Nexus 5X Build/MMB29P) AppleWebKit/537.36 (KHTML, like Gecko) Chrome/137.0.7151.103 Mobile Safari/537.36 (compatible; Googlebot/2.1; +http://www.google.com/bot.html)"
66.249.71.64 - - [08/Jul/2025:17:07:34 +0700] "GET /pages.php?items/040017838.html?srsltid=AfmBOoiqfpcoksPEwSmeRavtAANoJWpebvsSY4oQBpzAgKM1qp4V HTTP/1.1" 404 27 "-" "Mozilla/5.0 (Linux; Android 6.0.1; Nexus 5X Build/MMB29P) AppleWebKit/537.36 (KHTML, like Gecko) Chrome/137.0.7151.103 Mobile Safari/537.36 (compatible; Googlebot/2.1; +http://www.google.com/bot.html)"
66.249.71.64 - - [08/Jul/2025:17:07:47 +0700] "GET /items/dafwk117/24715?key=shift HTTP/1.1" 404 27 "-" "Mozilla/5.0 (Linux; Android 6.0.1; Nexus 5X Build/MMB29P) AppleWebKit/537.36 (KHTML, like Gecko) Chrome/137.0.7151.103 Mobile Safari/537.36 (compatible; Googlebot/2.1; +http://www.google.com/bot.html)"
66.249.71.65 - - [08/Jul/2025:17:08:11 +0700] "GET /items/zqhsi98/13130?key=construct HTTP/1.1" 404 27 "-" "Mozilla/5.0 (Linux; Android 6.0.1; Nexus 5X Build/MMB29P) AppleWebKit/537.36 (KHTML, like Gecko) Chrome/137.0.7151.103 Mobile Safari/537.36 (compatible; Googlebot/2.1; +http://www.google.com/bot.html)"
66.249.75.2 - - [08/Jul/2025:17:08:48 +0700] "GET /items/epbbs20/21430?key=compound HTTP/1.1" 404 27 "-" "Mozilla/5.0 (Linux; Android 6.0.1; Nexus 5X Build/MMB29P) AppleWebKit/537.36 (KHTML, like Gecko) Chrome/137.0.7151.103 Mobile Safari/537.36 (compatible; Googlebot/2.1; +http://www.google.com/bot.html)"
66.249.75.1 - - [08/Jul/2025:17:08:50 +0700] "GET /?_ga=2.191587845.1959589304.1724646173-118935029.1699511430&_bdsid=6bkvtq.n~SAVHP.1774765505565.1700627990&_bd_prev_page=https://bliteexpo.com/shop.xhtml?item/u121/36334/ HTTP/1.1" 404 27 "-" "Mozilla/5.0 (Linux; Android 6.0.1; Nexus 5X Build/MMB29P) AppleWebKit/537.36 (KHTML, like Gecko) Chrome/137.0.7151.103 Mobile Safari/537.36 (compatible; Googlebot/2.1; +http://www.google.com/bot.html)"
66.249.75.3 - - [08/Jul/2025:17:09:29 +0700] "GET /items/xwvei100/9380?key=verdict HTTP/1.1" 404 27 "-" "Mozilla/5.0 (Linux; Android 6.0.1; Nexus 5X Build/MMB29P) AppleWebKit/537.36 (KHTML, like Gecko) Chrome/137.0.7151.103 Mobile Safari/537.36 (compatible; Googlebot/2.1; +http://www.google.com/bot.html)"
66.249.71.65 - - [08/Jul/2025:17:10:14 +0700] "GET /items/fzkvx100/27968?key=fashion HTTP/1.1" 404 27 "-" "Mozilla/5.0 (Linux; Android 6.0.1; Nexus 5X Build/MMB29P) AppleWebKit/537.36 (KHTML, like Gecko) Chrome/137.0.7151.103 Mobile Safari/537.36 (compatible; Googlebot/2.1; +http://www.google.com/bot.html)"
66.249.71.65 - - [08/Jul/2025:17:11:34 +0700] "GET /items/awziy199/8303?key=identify HTTP/1.1" 404 27 "-" "Mozilla/5.0 (Linux; Android 6.0.1; Nexus 5X Build/MMB29P) AppleWebKit/537.36 (KHTML, like Gecko) Chrome/137.0.7151.103 Mobile Safari/537.36 (compatible; Googlebot/2.1; +http://www.google.com/bot.html)"
66.249.75.1 - - [08/Jul/2025:17:12:11 +0700] "GET /items/unwzt95/43833?key=calm HTTP/1.1" 404 27 "-" "Mozilla/5.0 (Linux; Android 6.0.1; Nexus 5X Build/MMB29P) AppleWebKit/537.36 (KHTML, like Gecko) Chrome/137.0.7151.103 Mobile Safari/537.36 (compatible; Googlebot/2.1; +http://www.google.com/bot.html)"
66.249.75.1 - - [08/Jul/2025:17:12:47 +0700] "GET /pages.php?item/u82/19645/ HTTP/1.1" 404 27 "-" "Mozilla/5.0 (Linux; Android 6.0.1; Nexus 5X Build/MMB29P) AppleWebKit/537.36 (KHTML, like Gecko) Chrome/137.0.7151.103 Mobile Safari/537.36 (compatible; Googlebot/2.1; +http://www.google.com/bot.html)"
66.249.75.1 - - [08/Jul/2025:17:13:24 +0700] "GET /items/fsqzk80/2394?key=plate HTTP/1.1" 404 27 "-" "Mozilla/5.0 (Linux; Android 6.0.1; Nexus 5X Build/MMB29P) AppleWebKit/537.36 (KHTML, like Gecko) Chrome/137.0.7151.103 Mobile Safari/537.36 (compatible; Googlebot/2.1; +http://www.google.com/bot.html)"
66.249.75.2 - - [08/Jul/2025:17:13:26 +0700] "GET /infos.php?shopdetail/238563443 HTTP/1.1" 404 27 "-" "Mozilla/5.0 (Linux; Android 6.0.1; Nexus 5X Build/MMB29P) AppleWebKit/537.36 (KHTML, like Gecko) Chrome/137.0.7151.103 Mobile Safari/537.36 (compatible; Googlebot/2.1; +http://www.google.com/bot.html)"
66.249.75.3 - - [08/Jul/2025:17:14:24 +0700] "GET /items/jzyay106/36412?key=upstairs HTTP/1.1" 404 27 "-" "Mozilla/5.0 (Linux; Android 6.0.1; Nexus 5X Build/MMB29P) AppleWebKit/537.36 (KHTML, like Gecko) Chrome/137.0.7151.103 Mobile Safari/537.36 (compatible; Googlebot/2.1; +http://www.google.com/bot.html)"
66.249.71.66 - - [08/Jul/2025:17:14:26 +0700] "GET /wp-includes/search.php?sound/sue22/6klrk-37935/ HTTP/1.1" 404 27 "-" "Mozilla/5.0 (Linux; Android 6.0.1; Nexus 5X Build/MMB29P) AppleWebKit/537.36 (KHTML, like Gecko) Chrome/137.0.7151.103 Mobile Safari/537.36 (compatible; Googlebot/2.1; +http://www.google.com/bot.html)"
66.249.75.2 - - [08/Jul/2025:17:14:48 +0700] "GET /items/phuhq156/3492?key=on HTTP/1.1" 404 27 "-" "Mozilla/5.0 (Linux; Android 6.0.1; Nexus 5X Build/MMB29P) AppleWebKit/537.36 (KHTML, like Gecko) Chrome/137.0.7151.103 Mobile Safari/537.36 (compatible; Googlebot/2.1; +http://www.google.com/bot.html)"
66.249.75.2 - - [08/Jul/2025:17:15:33 +0700] "GET /items/qthaq120/6156?key=shut HTTP/1.1" 404 27 "-" "Mozilla/5.0 (Linux; Android 6.0.1; Nexus 5X Build/MMB29P) AppleWebKit/537.36 (KHTML, like Gecko) Chrome/137.0.7151.103 Mobile Safari/537.36 (compatible; Googlebot/2.1; +http://www.google.com/bot.html)"
66.249.71.65 - - [08/Jul/2025:17:16:19 +0700] "GET /items/jkzas98/17974?key=agriculture HTTP/1.1" 404 27 "-" "Mozilla/5.0 (Linux; Android 6.0.1; Nexus 5X Build/MMB29P) AppleWebKit/537.36 (KHTML, like Gecko) Chrome/137.0.7151.103 Mobile Safari/537.36 (compatible; Googlebot/2.1; +http://www.google.com/bot.html)"
66.249.71.66 - - [08/Jul/2025:17:17:05 +0700] "GET /product/competition5?c=g&l=960 HTTP/1.1" 404 27 "-" "Mozilla/5.0 (Linux; Android 6.0.1; Nexus 5X Build/MMB29P) AppleWebKit/537.36 (KHTML, like Gecko) Chrome/137.0.7151.103 Mobile Safari/537.36 (compatible; Googlebot/2.1; +http://www.google.com/bot.html)"
66.249.75.1 - - [08/Jul/2025:17:17:51 +0700] "GET /product/piece100?c=g&l=7833 HTTP/1.1" 404 27 "-" "Mozilla/5.0 (Linux; Android 6.0.1; Nexus 5X Build/MMB29P) AppleWebKit/537.36 (KHTML, like Gecko) Chrome/137.0.7151.103 Mobile Safari/537.36 (compatible; Googlebot/2.1; +http://www.google.com/bot.html)"
66.249.75.2 - - [08/Jul/2025:17:18:36 +0700] "GET /items/vtyhh61/24131?key=operation HTTP/1.1" 404 27 "-" "Mozilla/5.0 (Linux; Android 6.0.1; Nexus 5X Build/MMB29P) AppleWebKit/537.36 (KHTML, like Gecko) Chrome/137.0.7151.103 Mobile Safari/537.36 (compatible; Googlebot/2.1; +http://www.google.com/bot.html)"
66.249.75.3 - - [08/Jul/2025:17:19:18 +0700] "GET /wp-includes/search.php?hip/feeling28/hnlxq-8871/ HTTP/1.1" 404 27 "-" "Mozilla/5.0 (Linux; Android 6.0.1; Nexus 5X Build/MMB29P) AppleWebKit/537.36 (KHTML, like Gecko) Chrome/137.0.7151.103 Mobile Safari/537.36 (compatible; Googlebot/2.1; +http://www.google.com/bot.html)"
204.12.252.98 - - [08/Jul/2025:17:19:54 +0700] "GET /wp-includes/install.php HTTP/1.1" 404 27 "https://bliteexpo.com/wp-includes/install.php" "Mozilla/5.0 (Windows NT 10.0; Win64; x64) AppleWebKit/537.36 (KHTML, like Gecko) Chrome/58.0.3029.110 Safari/537.3"
66.249.71.65 - - [08/Jul/2025:17:19:55 +0700] "GET /pages.php?items/054000144.html?srsltid=AfmBOocamwCsuFBPQXAeujtkBdrJsKFOHL473d6paa1tRmae8Xbx HTTP/1.1" 404 27 "-" "Mozilla/5.0 (Linux; Android 6.0.1; Nexus 5X Build/MMB29P) AppleWebKit/537.36 (KHTML, like Gecko) Chrome/137.0.7151.103 Mobile Safari/537.36 (compatible; Googlebot/2.1; +http://www.google.com/bot.html)"
66.249.75.2 - - [08/Jul/2025:17:20:32 +0700] "GET /pages.php?items/087014861.html?srsltid=AfmBOolzqwbqMNuwEqKPNm7OSlgjmqtOxNnz5EJOvtYwQrdeiEvm HTTP/1.1" 404 27 "-" "Mozilla/5.0 (Linux; Android 6.0.1; Nexus 5X Build/MMB29P) AppleWebKit/537.36 (KHTML, like Gecko) Chrome/137.0.7151.103 Mobile Safari/537.36 (compatible; Googlebot/2.1; +http://www.google.com/bot.html)"
66.249.75.2 - - [08/Jul/2025:17:21:08 +0700] "GET /wp-includes/search.php?sensation/mild63/m9h7i-47326/ HTTP/1.1" 404 27 "-" "Mozilla/5.0 (Linux; Android 6.0.1; Nexus 5X Build/MMB29P) AppleWebKit/537.36 (KHTML, like Gecko) Chrome/137.0.7151.103 Mobile Safari/537.36 (compatible; Googlebot/2.1; +http://www.google.com/bot.html)"
66.249.75.3 - - [08/Jul/2025:17:21:11 +0700] "GET /wp-includes/search.php?shit/wait29/dbg3i-35272/ HTTP/1.1" 404 27 "-" "Mozilla/5.0 (Linux; Android 6.0.1; Nexus 5X Build/MMB29P) AppleWebKit/537.36 (KHTML, like Gecko) Chrome/137.0.7151.103 Mobile Safari/537.36 (compatible; Googlebot/2.1; +http://www.google.com/bot.html)"
66.249.75.1 - - [08/Jul/2025:17:21:14 +0700] "GET /items/cqavz184/17378?key=shake HTTP/1.1" 404 27 "-" "Mozilla/5.0 (Linux; Android 6.0.1; Nexus 5X Build/MMB29P) AppleWebKit/537.36 (KHTML, like Gecko) Chrome/137.0.7151.103 Mobile Safari/537.36 (compatible; Googlebot/2.1; +http://www.google.com/bot.html)"
66.249.71.64 - - [08/Jul/2025:17:21:39 +0700] "GET /items/cqmec26/24510?key=developing HTTP/1.1" 404 27 "-" "Mozilla/5.0 (Linux; Android 6.0.1; Nexus 5X Build/MMB29P) AppleWebKit/537.36 (KHTML, like Gecko) Chrome/137.0.7151.103 Mobile Safari/537.36 (compatible; Googlebot/2.1; +http://www.google.com/bot.html)"
66.249.75.1 - - [08/Jul/2025:17:22:54 +0700] "GET /items/emnnn64/45980?key=rider HTTP/1.1" 404 27 "-" "Mozilla/5.0 (Linux; Android 6.0.1; Nexus 5X Build/MMB29P) AppleWebKit/537.36 (KHTML, like Gecko) Chrome/137.0.7151.103 Mobile Safari/537.36 (compatible; Googlebot/2.1; +http://www.google.com/bot.html)"
66.249.75.3 - - [08/Jul/2025:17:23:31 +0700] "GET /items/xemta108/43240?key=tough HTTP/1.1" 404 27 "-" "Mozilla/5.0 (Linux; Android 6.0.1; Nexus 5X Build/MMB29P) AppleWebKit/537.36 (KHTML, like Gecko) Chrome/137.0.7151.103 Mobile Safari/537.36 (compatible; Googlebot/2.1; +http://www.google.com/bot.html)"
66.249.75.2 - - [08/Jul/2025:17:23:33 +0700] "GET /product/page186?c=g&l=7809 HTTP/1.1" 404 27 "-" "Mozilla/5.0 (Linux; Android 6.0.1; Nexus 5X Build/MMB29P) AppleWebKit/537.36 (KHTML, like Gecko) Chrome/137.0.7151.103 Mobile Safari/537.36 (compatible; Googlebot/2.1; +http://www.google.com/bot.html)"
66.249.75.2 - - [08/Jul/2025:17:24:10 +0700] "GET /items/aprvp81/29965?key=ten HTTP/1.1" 404 27 "-" "Mozilla/5.0 (Linux; Android 6.0.1; Nexus 5X Build/MMB29P) AppleWebKit/537.36 (KHTML, like Gecko) Chrome/137.0.7151.103 Mobile Safari/537.36 (compatible; Googlebot/2.1; +http://www.google.com/bot.html)"
66.249.75.3 - - [08/Jul/2025:17:24:12 +0700] "GET /wp-includes/search.php?educate/other18/jezn7-14139/ HTTP/1.1" 404 27 "-" "Mozilla/5.0 (Linux; Android 6.0.1; Nexus 5X Build/MMB29P) AppleWebKit/537.36 (KHTML, like Gecko) Chrome/137.0.7151.103 Mobile Safari/537.36 (compatible; Googlebot/2.1; +http://www.google.com/bot.html)"
66.249.75.2 - - [08/Jul/2025:17:24:48 +0700] "GET /items/coitv31/32063?key=judge HTTP/1.1" 404 27 "-" "Mozilla/5.0 (Linux; Android 6.0.1; Nexus 5X Build/MMB29P) AppleWebKit/537.36 (KHTML, like Gecko) Chrome/137.0.7151.103 Mobile Safari/537.36 (compatible; Googlebot/2.1; +http://www.google.com/bot.html)"
66.249.75.2 - - [08/Jul/2025:17:26:02 +0700] "GET /items/ymfpd28/34088?key=separation HTTP/1.1" 404 27 "-" "Mozilla/5.0 (Linux; Android 6.0.1; Nexus 5X Build/MMB29P) AppleWebKit/537.36 (KHTML, like Gecko) Chrome/137.0.7151.103 Mobile Safari/537.36 (compatible; Googlebot/2.1; +http://www.google.com/bot.html)"
66.249.75.1 - - [08/Jul/2025:17:26:04 +0700] "GET /shopdetail/623278743 HTTP/1.1" 404 27 "-" "Mozilla/5.0 (Linux; Android 6.0.1; Nexus 5X Build/MMB29P) AppleWebKit/537.36 (KHTML, like Gecko) Chrome/137.0.7151.103 Mobile Safari/537.36 (compatible; Googlebot/2.1; +http://www.google.com/bot.html)"
66.249.75.2 - - [08/Jul/2025:17:26:24 +0700] "GET /items/xeaig153/40395?key=tonight HTTP/1.1" 404 27 "-" "Mozilla/5.0 (Linux; Android 6.0.1; Nexus 5X Build/MMB29P) AppleWebKit/537.36 (KHTML, like Gecko) Chrome/137.0.7151.103 Mobile Safari/537.36 (compatible; Googlebot/2.1; +http://www.google.com/bot.html)"
66.249.71.64 - - [08/Jul/2025:17:26:57 +0700] "GET /items/bvwlu27/19183?key=unfair HTTP/1.1" 404 27 "-" "Mozilla/5.0 (Linux; Android 6.0.1; Nexus 5X Build/MMB29P) AppleWebKit/537.36 (KHTML, like Gecko) Chrome/137.0.7151.103 Mobile Safari/537.36 (compatible; Googlebot/2.1; +http://www.google.com/bot.html)"
208.110.64.178 - - [08/Jul/2025:17:27:42 +0700] "GET /wp-includes/install.php HTTP/1.1" 404 27 "https://bliteexpo.com/wp-includes/install.php" "Mozilla/5.0 (Windows NT 10.0; Win64; x64) AppleWebKit/537.36 (KHTML, like Gecko) Chrome/58.0.3029.110 Safari/537.3"
66.249.75.1 - - [08/Jul/2025:17:27:43 +0700] "GET /pages.php?item/u198/12849/ HTTP/1.1" 404 27 "-" "Mozilla/5.0 (Linux; Android 6.0.1; Nexus 5X Build/MMB29P) AppleWebKit/537.36 (KHTML, like Gecko) Chrome/137.0.7151.103 Mobile Safari/537.36 (compatible; Googlebot/2.1; +http://www.google.com/bot.html)"
66.249.71.64 - - [08/Jul/2025:17:28:29 +0700] "GET /pages.php?item/u31/19198/ HTTP/1.1" 404 27 "-" "Mozilla/5.0 (Linux; Android 6.0.1; Nexus 5X Build/MMB29P) AppleWebKit/537.36 (KHTML, like Gecko) Chrome/137.0.7151.103 Mobile Safari/537.36 (compatible; Googlebot/2.1; +http://www.google.com/bot.html)"
66.249.75.3 - - [08/Jul/2025:17:29:15 +0700] "GET /pages.php?item/u68/21171/ HTTP/1.1" 404 27 "-" "Mozilla/5.0 (Linux; Android 6.0.1; Nexus 5X Build/MMB29P) AppleWebKit/537.36 (KHTML, like Gecko) Chrome/137.0.7151.103 Mobile Safari/537.36 (compatible; Googlebot/2.1; +http://www.google.com/bot.html)"
66.249.75.1 - - [08/Jul/2025:17:30:00 +0700] "GET /pages.php?item/u19/31958/ HTTP/1.1" 404 27 "-" "Mozilla/5.0 (Linux; Android 6.0.1; Nexus 5X Build/MMB29P) AppleWebKit/537.36 (KHTML, like Gecko) Chrome/137.0.7151.103 Mobile Safari/537.36 (compatible; Googlebot/2.1; +http://www.google.com/bot.html)"
66.249.71.65 - - [08/Jul/2025:17:30:45 +0700] "GET /pages.php?item/u113/39748/ HTTP/1.1" 404 27 "-" "Mozilla/5.0 (Linux; Android 6.0.1; Nexus 5X Build/MMB29P) AppleWebKit/537.36 (KHTML, like Gecko) Chrome/137.0.7151.103 Mobile Safari/537.36 (compatible; Googlebot/2.1; +http://www.google.com/bot.html)"
66.249.75.2 - - [08/Jul/2025:17:31:31 +0700] "GET /pages.php?item/u140/47221/ HTTP/1.1" 404 27 "-" "Mozilla/5.0 (Linux; Android 6.0.1; Nexus 5X Build/MMB29P) AppleWebKit/537.36 (KHTML, like Gecko) Chrome/137.0.7151.103 Mobile Safari/537.36 (compatible; Googlebot/2.1; +http://www.google.com/bot.html)"
66.249.71.64 - - [08/Jul/2025:17:32:32 +0700] "GET /pages.php?item/u68/39697/ HTTP/1.1" 404 27 "-" "Mozilla/5.0 (Linux; Android 6.0.1; Nexus 5X Build/MMB29P) AppleWebKit/537.36 (KHTML, like Gecko) Chrome/137.0.7151.103 Mobile Safari/537.36 (compatible; Googlebot/2.1; +http://www.google.com/bot.html)"
66.249.75.2 - - [08/Jul/2025:17:32:34 +0700] "GET /items/pwemf80/10022?key=surface HTTP/1.1" 404 27 "-" "Mozilla/5.0 (Linux; Android 6.0.1; Nexus 5X Build/MMB29P) AppleWebKit/537.36 (KHTML, like Gecko) Chrome/137.0.7151.103 Mobile Safari/537.36 (compatible; Googlebot/2.1; +http://www.google.com/bot.html)"
198.204.232.2 - - [08/Jul/2025:17:32:58 +0700] "GET / HTTP/1.1" 404 27 "-" "Mozilla/5.0 (compatible; Googlebot/2.1; +http://www.google.com/bot.html)"
66.249.75.3 - - [08/Jul/2025:17:33:02 +0700] "GET /items/wpsyj51/10467?key=easy HTTP/1.1" 404 27 "-" "Mozilla/5.0 (Linux; Android 6.0.1; Nexus 5X Build/MMB29P) AppleWebKit/537.36 (KHTML, like Gecko) Chrome/137.0.7151.103 Mobile Safari/537.36 (compatible; Googlebot/2.1; +http://www.google.com/bot.html)"
66.249.71.64 - - [08/Jul/2025:17:33:48 +0700] "GET /pages.php?item/u160/16907/ HTTP/1.1" 404 27 "-" "Mozilla/5.0 (Linux; Android 6.0.1; Nexus 5X Build/MMB29P) AppleWebKit/537.36 (KHTML, like Gecko) Chrome/137.0.7151.103 Mobile Safari/537.36 (compatible; Googlebot/2.1; +http://www.google.com/bot.html)"
66.249.75.2 - - [08/Jul/2025:17:34:34 +0700] "GET /items/nkdsa90/9102?key=forward HTTP/1.1" 404 27 "-" "Mozilla/5.0 (Linux; Android 6.0.1; Nexus 5X Build/MMB29P) AppleWebKit/537.36 (KHTML, like Gecko) Chrome/137.0.7151.103 Mobile Safari/537.36 (compatible; Googlebot/2.1; +http://www.google.com/bot.html)"
66.249.71.65 - - [08/Jul/2025:17:35:37 +0700] "GET /wp-includes/search.php?item/u148/42014/ HTTP/1.1" 404 27 "-" "Mozilla/5.0 (Linux; Android 6.0.1; Nexus 5X Build/MMB29P) AppleWebKit/537.36 (KHTML, like Gecko) Chrome/137.0.7151.103 Mobile Safari/537.36 (compatible; Googlebot/2.1; +http://www.google.com/bot.html)"
66.249.75.1 - - [08/Jul/2025:17:36:14 +0700] "GET /pages.php?item/u67/3970/ HTTP/1.1" 404 27 "-" "Mozilla/5.0 (Linux; Android 6.0.1; Nexus 5X Build/MMB29P) AppleWebKit/537.36 (KHTML, like Gecko) Chrome/137.0.7151.103 Mobile Safari/537.36 (compatible; Googlebot/2.1; +http://www.google.com/bot.html)"
66.249.75.2 - - [08/Jul/2025:17:36:51 +0700] "GET /items/rrtbm83/24729?key=weaken HTTP/1.1" 404 27 "-" "Mozilla/5.0 (Linux; Android 6.0.1; Nexus 5X Build/MMB29P) AppleWebKit/537.36 (KHTML, like Gecko) Chrome/137.0.7151.103 Mobile Safari/537.36 (compatible; Googlebot/2.1; +http://www.google.com/bot.html)"
66.249.71.65 - - [08/Jul/2025:17:38:04 +0700] "GET /pages.php?item/u193/49448/ HTTP/1.1" 404 27 "-" "Mozilla/5.0 (Linux; Android 6.0.1; Nexus 5X Build/MMB29P) AppleWebKit/537.36 (KHTML, like Gecko) Chrome/137.0.7151.103 Mobile Safari/537.36 (compatible; Googlebot/2.1; +http://www.google.com/bot.html)"
66.249.75.3 - - [08/Jul/2025:17:38:06 +0700] "GET /296081059.html HTTP/1.1" 404 27 "-" "Mozilla/5.0 (Linux; Android 6.0.1; Nexus 5X Build/MMB29P) AppleWebKit/537.36 (KHTML, like Gecko) Chrome/137.0.7151.103 Mobile Safari/537.36 (compatible; Googlebot/2.1; +http://www.google.com/bot.html)"
66.249.75.2 - - [08/Jul/2025:17:38:09 +0700] "GET /product/measure1?c=g&l=31770 HTTP/1.1" 404 27 "-" "Mozilla/5.0 (Linux; Android 6.0.1; Nexus 5X Build/MMB29P) AppleWebKit/537.36 (KHTML, like Gecko) Chrome/137.0.7151.103 Mobile Safari/537.36 (compatible; Googlebot/2.1; +http://www.google.com/bot.html)"
66.249.71.64 - - [08/Jul/2025:17:38:46 +0700] "GET /pages.php?item/u25/11238/ HTTP/1.1" 404 27 "-" "Mozilla/5.0 (Linux; Android 6.0.1; Nexus 5X Build/MMB29P) AppleWebKit/537.36 (KHTML, like Gecko) Chrome/137.0.7151.103 Mobile Safari/537.36 (compatible; Googlebot/2.1; +http://www.google.com/bot.html)"
66.249.71.64 - - [08/Jul/2025:17:39:22 +0700] "GET /pages.php?item/u165/30678/ HTTP/1.1" 404 27 "-" "Mozilla/5.0 (Linux; Android 6.0.1; Nexus 5X Build/MMB29P) AppleWebKit/537.36 (KHTML, like Gecko) Chrome/137.0.7151.103 Mobile Safari/537.36 (compatible; Googlebot/2.1; +http://www.google.com/bot.html)"
66.249.75.1 - - [08/Jul/2025:17:39:25 +0700] "GET /wp-includes/search.php?item/u62/35510/ HTTP/1.1" 404 27 "-" "Mozilla/5.0 (Linux; Android 6.0.1; Nexus 5X Build/MMB29P) AppleWebKit/537.36 (KHTML, like Gecko) Chrome/137.0.7151.103 Mobile Safari/537.36 (compatible; Googlebot/2.1; +http://www.google.com/bot.html)"
66.249.75.1 - - [08/Jul/2025:17:39:27 +0700] "GET /wp-includes/search.php?art/opening43/bujaq-46968/ HTTP/1.1" 404 27 "-" "Mozilla/5.0 (Linux; Android 6.0.1; Nexus 5X Build/MMB29P) AppleWebKit/537.36 (KHTML, like Gecko) Chrome/137.0.7151.103 Mobile Safari/537.36 (compatible; Googlebot/2.1; +http://www.google.com/bot.html)"
66.249.75.2 - - [08/Jul/2025:17:40:04 +0700] "GET /pages.php?item/u160/13819/ HTTP/1.1" 404 27 "-" "Mozilla/5.0 (Linux; Android 6.0.1; Nexus 5X Build/MMB29P) AppleWebKit/537.36 (KHTML, like Gecko) Chrome/137.0.7151.103 Mobile Safari/537.36 (compatible; Googlebot/2.1; +http://www.google.com/bot.html)"
66.249.71.64 - - [08/Jul/2025:17:40:06 +0700] "GET /wp-includes/search.php?upstairs/normally57/ssenq-18304/ HTTP/1.1" 404 27 "-" "Mozilla/5.0 (Linux; Android 6.0.1; Nexus 5X Build/MMB29P) AppleWebKit/537.36 (KHTML, like Gecko) Chrome/137.0.7151.103 Mobile Safari/537.36 (compatible; Googlebot/2.1; +http://www.google.com/bot.html)"
69.197.182.50 - - [08/Jul/2025:17:40:07 +0700] "GET /wp-includes/install.php HTTP/1.1" 404 27 "https://bliteexpo.com/wp-includes/install.php" "Mozilla/5.0 (Windows NT 10.0; Win64; x64) AppleWebKit/537.36 (KHTML, like Gecko) Chrome/58.0.3029.110 Safari/537.3"
66.249.71.64 - - [08/Jul/2025:17:40:42 +0700] "GET /items/gxhwp132/12628?key=scenario HTTP/1.1" 404 27 "-" "Mozilla/5.0 (Linux; Android 6.0.1; Nexus 5X Build/MMB29P) AppleWebKit/537.36 (KHTML, like Gecko) Chrome/137.0.7151.103 Mobile Safari/537.36 (compatible; Googlebot/2.1; +http://www.google.com/bot.html)"
66.249.75.2 - - [08/Jul/2025:17:41:56 +0700] "GET /pages.php?item/u147/3304/ HTTP/1.1" 404 27 "-" "Mozilla/5.0 (Linux; Android 6.0.1; Nexus 5X Build/MMB29P) AppleWebKit/537.36 (KHTML, like Gecko) Chrome/137.0.7151.103 Mobile Safari/537.36 (compatible; Googlebot/2.1; +http://www.google.com/bot.html)"
66.249.75.1 - - [08/Jul/2025:17:42:33 +0700] "GET /pages.php?items/080027930.html?srsltid=AfmBOooxorjUIHKxyZAXge79PyLVnapdP5UXtzgvCP08Wb5OcGHr HTTP/1.1" 404 27 "-" "Mozilla/5.0 (Linux; Android 6.0.1; Nexus 5X Build/MMB29P) AppleWebKit/537.36 (KHTML, like Gecko) Chrome/137.0.7151.103 Mobile Safari/537.36 (compatible; Googlebot/2.1; +http://www.google.com/bot.html)"
66.249.75.2 - - [08/Jul/2025:17:42:34 +0700] "GET /wp-includes/search.php?worker/dish62/hltc3-35523/ HTTP/1.1" 404 27 "-" "Mozilla/5.0 (Linux; Android 6.0.1; Nexus 5X Build/MMB29P) AppleWebKit/537.36 (KHTML, like Gecko) Chrome/137.0.7151.103 Mobile Safari/537.36 (compatible; Googlebot/2.1; +http://www.google.com/bot.html)"
66.249.75.3 - - [08/Jul/2025:17:43:11 +0700] "GET /pages.php?item/u87/16026/ HTTP/1.1" 404 27 "-" "Mozilla/5.0 (Linux; Android 6.0.1; Nexus 5X Build/MMB29P) AppleWebKit/537.36 (KHTML, like Gecko) Chrome/137.0.7151.103 Mobile Safari/537.36 (compatible; Googlebot/2.1; +http://www.google.com/bot.html)"
66.249.75.2 - - [08/Jul/2025:17:43:13 +0700] "GET /wp-includes/search.php?unlikely/team187/d11kh-5212/ HTTP/1.1" 404 27 "-" "Mozilla/5.0 (Linux; Android 6.0.1; Nexus 5X Build/MMB29P) AppleWebKit/537.36 (KHTML, like Gecko) Chrome/137.0.7151.103 Mobile Safari/537.36 (compatible; Googlebot/2.1; +http://www.google.com/bot.html)"
66.249.75.1 - - [08/Jul/2025:17:43:41 +0700] "GET /items/hrudb21/7547?key=due HTTP/1.1" 404 27 "-" "Mozilla/5.0 (Linux; Android 6.0.1; Nexus 5X Build/MMB29P) AppleWebKit/537.36 (KHTML, like Gecko) Chrome/137.0.7151.103 Mobile Safari/537.36 (compatible; Googlebot/2.1; +http://www.google.com/bot.html)"
66.249.71.65 - - [08/Jul/2025:17:45:01 +0700] "GET /pages.php?item/u209/34592/ HTTP/1.1" 404 27 "-" "Mozilla/5.0 (Linux; Android 6.0.1; Nexus 5X Build/MMB29P) AppleWebKit/537.36 (KHTML, like Gecko) Chrome/137.0.7151.103 Mobile Safari/537.36 (compatible; Googlebot/2.1; +http://www.google.com/bot.html)"
66.249.75.2 - - [08/Jul/2025:17:45:38 +0700] "GET /pages.php?items/179011363.html?srsltid=AfmBOodifSlBxbXGRQXFP9nMSZUQzTrQkmwBBhuDvRy0s7EkBnmO HTTP/1.1" 404 27 "-" "Mozilla/5.0 (Linux; Android 6.0.1; Nexus 5X Build/MMB29P) AppleWebKit/537.36 (KHTML, like Gecko) Chrome/137.0.7151.103 Mobile Safari/537.36 (compatible; Googlebot/2.1; +http://www.google.com/bot.html)"
69.197.135.226 - - [08/Jul/2025:17:45:42 +0700] "GET /wp-includes/install.php HTTP/1.1" 404 27 "https://bliteexpo.com/wp-includes/install.php" "Mozilla/5.0 (Windows NT 10.0; Win64; x64) AppleWebKit/537.36 (KHTML, like Gecko) Chrome/58.0.3029.110 Safari/537.3"
66.249.75.1 - - [08/Jul/2025:17:46:15 +0700] "GET /pages.php?item/u40/4509/ HTTP/1.1" 404 27 "-" "Mozilla/5.0 (Linux; Android 6.0.1; Nexus 5X Build/MMB29P) AppleWebKit/537.36 (KHTML, like Gecko) Chrome/137.0.7151.103 Mobile Safari/537.36 (compatible; Googlebot/2.1; +http://www.google.com/bot.html)"
66.249.75.1 - - [08/Jul/2025:17:46:16 +0700] "GET /product/examination6?c=g&l=22833 HTTP/1.1" 404 27 "-" "Mozilla/5.0 (Linux; Android 6.0.1; Nexus 5X Build/MMB29P) AppleWebKit/537.36 (KHTML, like Gecko) Chrome/137.0.7151.103 Mobile Safari/537.36 (compatible; Googlebot/2.1; +http://www.google.com/bot.html)"
66.249.71.65 - - [08/Jul/2025:17:46:53 +0700] "GET /pages.php?items/017010551.html?srsltid=AfmBOovqsmxWzWudDjAub1LuImRIwpQkDA7hQhWVTETUDd2nSmhV HTTP/1.1" 404 27 "-" "Mozilla/5.0 (Linux; Android 6.0.1; Nexus 5X Build/MMB29P) AppleWebKit/537.36 (KHTML, like Gecko) Chrome/137.0.7151.103 Mobile Safari/537.36 (compatible; Googlebot/2.1; +http://www.google.com/bot.html)"
66.249.75.1 - - [08/Jul/2025:17:46:55 +0700] "GET /wp-includes/search.php?overnight/funny117/ap7r1-46022/ HTTP/1.1" 404 27 "-" "Mozilla/5.0 (Linux; Android 6.0.1; Nexus 5X Build/MMB29P) AppleWebKit/537.36 (KHTML, like Gecko) Chrome/137.0.7151.103 Mobile Safari/537.36 (compatible; Googlebot/2.1; +http://www.google.com/bot.html)"
66.249.75.1 - - [08/Jul/2025:17:47:51 +0700] "GET /product/rapidly96?c=g&l=26191 HTTP/1.1" 404 27 "-" "Mozilla/5.0 (Linux; Android 6.0.1; Nexus 5X Build/MMB29P) AppleWebKit/537.36 (KHTML, like Gecko) Chrome/137.0.7151.103 Mobile Safari/537.36 (compatible; Googlebot/2.1; +http://www.google.com/bot.html)"
66.249.75.2 - - [08/Jul/2025:17:48:28 +0700] "GET /pages.php?item/u44/43415/ HTTP/1.1" 404 27 "-" "Mozilla/5.0 (Linux; Android 6.0.1; Nexus 5X Build/MMB29P) AppleWebKit/537.36 (KHTML, like Gecko) Chrome/137.0.7151.103 Mobile Safari/537.36 (compatible; Googlebot/2.1; +http://www.google.com/bot.html)"
66.249.75.2 - - [08/Jul/2025:17:49:05 +0700] "GET /pages.php?items/056026268.html?srsltid=AfmBOoguoPkvVnqpbAeM3IlgOtpScZhO9S3Yx5JxxcVtHWZZLndO HTTP/1.1" 404 27 "-" "Mozilla/5.0 (Linux; Android 6.0.1; Nexus 5X Build/MMB29P) AppleWebKit/537.36 (KHTML, like Gecko) Chrome/137.0.7151.103 Mobile Safari/537.36 (compatible; Googlebot/2.1; +http://www.google.com/bot.html)"
66.249.71.66 - - [08/Jul/2025:17:50:18 +0700] "GET /items/zufqb72/270?key=confess HTTP/1.1" 404 27 "-" "Mozilla/5.0 (Linux; Android 6.0.1; Nexus 5X Build/MMB29P) AppleWebKit/537.36 (KHTML, like Gecko) Chrome/137.0.7151.103 Mobile Safari/537.36 (compatible; Googlebot/2.1; +http://www.google.com/bot.html)"
66.249.71.64 - - [08/Jul/2025:17:50:54 +0700] "GET /pages.php?items/094013960.html?srsltid=AfmBOobshEefUYTWmRXnBdnfZJtEqmyIhukrTtPV9nsEpysD3KYf HTTP/1.1" 404 27 "-" "Mozilla/5.0 (Linux; Android 6.0.1; Nexus 5X Build/MMB29P) AppleWebKit/537.36 (KHTML, like Gecko) Chrome/137.0.7151.103 Mobile Safari/537.36 (compatible; Googlebot/2.1; +http://www.google.com/bot.html)"
66.249.75.1 - - [08/Jul/2025:17:51:32 +0700] "GET /wp-includes/search.php?item/u123/38661/ HTTP/1.1" 404 27 "-" "Mozilla/5.0 (Linux; Android 6.0.1; Nexus 5X Build/MMB29P) AppleWebKit/537.36 (KHTML, like Gecko) Chrome/137.0.7151.103 Mobile Safari/537.36 (compatible; Googlebot/2.1; +http://www.google.com/bot.html)"
66.249.75.3 - - [08/Jul/2025:17:52:09 +0700] "GET /pages.php?item/u278/5095/ HTTP/1.1" 404 27 "-" "Mozilla/5.0 (Linux; Android 6.0.1; Nexus 5X Build/MMB29P) AppleWebKit/537.36 (KHTML, like Gecko) Chrome/137.0.7151.103 Mobile Safari/537.36 (compatible; Googlebot/2.1; +http://www.google.com/bot.html)"
66.249.75.1 - - [08/Jul/2025:17:53:22 +0700] "GET /wp-includes/search.php?item/u30/37464/ HTTP/1.1" 404 27 "-" "Mozilla/5.0 (Linux; Android 6.0.1; Nexus 5X Build/MMB29P) AppleWebKit/537.36 (KHTML, like Gecko) Chrome/137.0.7151.103 Mobile Safari/537.36 (compatible; Googlebot/2.1; +http://www.google.com/bot.html)"
212.119.47.12 - - [08/Jul/2025:17:53:45 +0700] "POST /xmlrpc.php HTTP/1.1" 404 27 "-" "Mozilla/5.0 (Linux; Android 7.0; arm_64; FRD-L09) AppleWebKit/537.36 (KHTML, like Gecko) Chrome/83.0.4103.116 YaBrowser/20.7.2.70.00 SA/3 Mobile Safari/537.36"
66.249.71.65 - - [08/Jul/2025:17:53:58 +0700] "GET /pages.php?item/u113/22872/ HTTP/1.1" 404 27 "-" "Mozilla/5.0 (Linux; Android 6.0.1; Nexus 5X Build/MMB29P) AppleWebKit/537.36 (KHTML, like Gecko) Chrome/137.0.7151.103 Mobile Safari/537.36 (compatible; Googlebot/2.1; +http://www.google.com/bot.html)"
66.249.75.1 - - [08/Jul/2025:17:54:00 +0700] "GET /items/sxdqb75/16211?key=pad HTTP/1.1" 404 27 "-" "Mozilla/5.0 (Linux; Android 6.0.1; Nexus 5X Build/MMB29P) AppleWebKit/537.36 (KHTML, like Gecko) Chrome/137.0.7151.103 Mobile Safari/537.36 (compatible; Googlebot/2.1; +http://www.google.com/bot.html)"
66.249.71.64 - - [08/Jul/2025:17:54:37 +0700] "GET /pages.php?items/132046336.html?srsltid=AfmBOoeshByUyYBTcASs74UDQNrVAgTYB6uiUOSI1yL71hjyC0s8 HTTP/1.1" 404 27 "-" "Mozilla/5.0 (Linux; Android 6.0.1; Nexus 5X Build/MMB29P) AppleWebKit/537.36 (KHTML, like Gecko) Chrome/137.0.7151.103 Mobile Safari/537.36 (compatible; Googlebot/2.1; +http://www.google.com/bot.html)"
66.249.75.1 - - [08/Jul/2025:17:55:14 +0700] "GET /product/model8?c=g&l=8445 HTTP/1.1" 404 27 "-" "Mozilla/5.0 (Linux; Android 6.0.1; Nexus 5X Build/MMB29P) AppleWebKit/537.36 (KHTML, like Gecko) Chrome/137.0.7151.103 Mobile Safari/537.36 (compatible; Googlebot/2.1; +http://www.google.com/bot.html)"
66.249.71.64 - - [08/Jul/2025:17:55:50 +0700] "GET /wp-includes/search.php?need/hand134/7s499-38485/ HTTP/1.1" 404 27 "-" "Mozilla/5.0 (Linux; Android 6.0.1; Nexus 5X Build/MMB29P) AppleWebKit/537.36 (KHTML, like Gecko) Chrome/137.0.7151.103 Mobile Safari/537.36 (compatible; Googlebot/2.1; +http://www.google.com/bot.html)"
66.249.75.1 - - [08/Jul/2025:17:55:52 +0700] "GET /pages.php?items/042032766.html?srsltid=AfmBOoztrQTUgaiadueHNuOnCmSWSyYLFzxMBn1D8mhy2zoDYAW1 HTTP/1.1" 404 27 "-" "Mozilla/5.0 (Linux; Android 6.0.1; Nexus 5X Build/MMB29P) AppleWebKit/537.36 (KHTML, like Gecko) Chrome/137.0.7151.103 Mobile Safari/537.36 (compatible; Googlebot/2.1; +http://www.google.com/bot.html)"
66.249.75.2 - - [08/Jul/2025:17:56:37 +0700] "GET /pages.php?items/065015641.html?srsltid=AfmBOoexvjSqVkYgsncCnHIlMbSMcUopBvWuRonTvgm9UIqlNKOQ HTTP/1.1" 404 27 "-" "Mozilla/5.0 (Linux; Android 6.0.1; Nexus 5X Build/MMB29P) AppleWebKit/537.36 (KHTML, like Gecko) Chrome/137.0.7151.103 Mobile Safari/537.36 (compatible; Googlebot/2.1; +http://www.google.com/bot.html)"
208.110.64.178 - - [08/Jul/2025:17:57:21 +0700] "GET /wp-includes/install.php HTTP/1.1" 404 27 "https://bliteexpo.com/wp-includes/install.php" "Mozilla/5.0 (Windows NT 10.0; Win64; x64) AppleWebKit/537.36 (KHTML, like Gecko) Chrome/58.0.3029.110 Safari/537.3"
66.249.71.64 - - [08/Jul/2025:17:57:21 +0700] "GET /items/zukej140/10600?key=explode HTTP/1.1" 404 27 "-" "Mozilla/5.0 (Linux; Android 6.0.1; Nexus 5X Build/MMB29P) AppleWebKit/537.36 (KHTML, like Gecko) Chrome/137.0.7151.103 Mobile Safari/537.36 (compatible; Googlebot/2.1; +http://www.google.com/bot.html)"
66.249.75.1 - - [08/Jul/2025:17:58:08 +0700] "GET /pages.php?item/u173/68/ HTTP/1.1" 404 27 "-" "Mozilla/5.0 (Linux; Android 6.0.1; Nexus 5X Build/MMB29P) AppleWebKit/537.36 (KHTML, like Gecko) Chrome/137.0.7151.103 Mobile Safari/537.36 (compatible; Googlebot/2.1; +http://www.google.com/bot.html)"
66.249.75.1 - - [08/Jul/2025:17:59:21 +0700] "GET /pages.php?items/177013873.html?srsltid=AfmBOonnzFKFPORDinefbJMcKAJSnrZtIWO1bfrKFhuEcq03gM0S HTTP/1.1" 404 27 "-" "Mozilla/5.0 (Linux; Android 6.0.1; Nexus 5X Build/MMB29P) AppleWebKit/537.36 (KHTML, like Gecko) Chrome/137.0.7151.103 Mobile Safari/537.36 (compatible; Googlebot/2.1; +http://www.google.com/bot.html)"
66.249.75.1 - - [08/Jul/2025:17:59:23 +0700] "GET /pages.php?items/entym271/44616?key=convinced HTTP/1.1" 404 27 "-" "Mozilla/5.0 (Linux; Android 6.0.1; Nexus 5X Build/MMB29P) AppleWebKit/537.36 (KHTML, like Gecko) Chrome/137.0.7151.103 Mobile Safari/537.36 (compatible; Googlebot/2.1; +http://www.google.com/bot.html)"
66.249.75.2 - - [08/Jul/2025:18:00:00 +0700] "GET /pages.php?items/094014808.html?srsltid=AfmBOouwyjyoQYjfknfI6saxNqCljuBjk8s1S9QhegK78wCDuFjD HTTP/1.1" 404 27 "-" "Mozilla/5.0 (Linux; Android 6.0.1; Nexus 5X Build/MMB29P) AppleWebKit/537.36 (KHTML, like Gecko) Chrome/137.0.7151.103 Mobile Safari/537.36 (compatible; Googlebot/2.1; +http://www.google.com/bot.html)"
66.249.75.1 - - [08/Jul/2025:18:00:37 +0700] "GET /wp-includes/search.php?cholesterol/manual17/c3prl-39728/ HTTP/1.1" 404 27 "-" "Mozilla/5.0 (Linux; Android 6.0.1; Nexus 5X Build/MMB29P) AppleWebKit/537.36 (KHTML, like Gecko) Chrome/137.0.7151.103 Mobile Safari/537.36 (compatible; Googlebot/2.1; +http://www.google.com/bot.html)"
66.249.71.64 - - [08/Jul/2025:18:00:38 +0700] "GET /wp-includes/search.php?item/u21/25575/ HTTP/1.1" 404 27 "-" "Mozilla/5.0 (Linux; Android 6.0.1; Nexus 5X Build/MMB29P) AppleWebKit/537.36 (KHTML, like Gecko) Chrome/137.0.7151.103 Mobile Safari/537.36 (compatible; Googlebot/2.1; +http://www.google.com/bot.html)"
66.249.75.1 - - [08/Jul/2025:18:00:40 +0700] "GET /wp-includes/search.php?statistical/thinking125/g5q64-47964/ HTTP/1.1" 404 27 "-" "Mozilla/5.0 (Linux; Android 6.0.1; Nexus 5X Build/MMB29P) AppleWebKit/537.36 (KHTML, like Gecko) Chrome/137.0.7151.103 Mobile Safari/537.36 (compatible; Googlebot/2.1; +http://www.google.com/bot.html)"
66.249.75.3 - - [08/Jul/2025:18:01:17 +0700] "GET /pages.php?items/064006934.html?srsltid=AfmBOonmjHJHtoNBPSwmkVBUZXZfwndcJbYIeluh1YXchI2SsxOn HTTP/1.1" 404 27 "-" "Mozilla/5.0 (Linux; Android 6.0.1; Nexus 5X Build/MMB29P) AppleWebKit/537.36 (KHTML, like Gecko) Chrome/137.0.7151.103 Mobile Safari/537.36 (compatible; Googlebot/2.1; +http://www.google.com/bot.html)"
45.134.226.158 - - [08/Jul/2025:18:01:56 +0700] "GET /xmlrpc.php HTTP/1.1" 404 27 "http://bliteexpo.com/xmlrpc.php" "Mozilla/5.0 (X11; Ubuntu; Linux x86_64; rv:85.0) Gecko/20100101 Firefox/91.0"
66.249.75.3 - - [08/Jul/2025:18:02:30 +0700] "GET /product/explosion4?c=g&l=38805 HTTP/1.1" 404 27 "-" "Mozilla/5.0 (Linux; Android 6.0.1; Nexus 5X Build/MMB29P) AppleWebKit/537.36 (KHTML, like Gecko) Chrome/137.0.7151.103 Mobile Safari/537.36 (compatible; Googlebot/2.1; +http://www.google.com/bot.html)"
66.249.75.3 - - [08/Jul/2025:18:03:07 +0700] "GET /product/eat6?c=g&l=1599 HTTP/1.1" 404 27 "-" "Mozilla/5.0 (Linux; Android 6.0.1; Nexus 5X Build/MMB29P) AppleWebKit/537.36 (KHTML, like Gecko) Chrome/137.0.7151.103 Mobile Safari/537.36 (compatible; Googlebot/2.1; +http://www.google.com/bot.html)"
193.203.8.187 - - [08/Jul/2025:18:03:34 +0700] "POST /xmlrpc.php HTTP/1.1" 404 27 "-" "Mozilla/5.0 (Linux; Android 9; CPH1941) AppleWebKit/537.36 (KHTML, like Gecko) Chrome/84.0.4147.111 Mobile Safari/537.36"
66.249.75.1 - - [08/Jul/2025:18:03:44 +0700] "GET /pages.php?items/040004726.html?srsltid=AfmBOobkzFMZRBzimbdnEaiYNUPSRTvDhyjgiUsnl6xA7PzYprT4 HTTP/1.1" 404 27 "-" "Mozilla/5.0 (Linux; Android 6.0.1; Nexus 5X Build/MMB29P) AppleWebKit/537.36 (KHTML, like Gecko) Chrome/137.0.7151.103 Mobile Safari/537.36 (compatible; Googlebot/2.1; +http://www.google.com/bot.html)"
66.249.75.1 - - [08/Jul/2025:18:03:45 +0700] "GET /items/shnsl83/381?key=delay HTTP/1.1" 404 27 "-" "Mozilla/5.0 (Linux; Android 6.0.1; Nexus 5X Build/MMB29P) AppleWebKit/537.36 (KHTML, like Gecko) Chrome/137.0.7151.103 Mobile Safari/537.36 (compatible; Googlebot/2.1; +http://www.google.com/bot.html)"
66.249.71.64 - - [08/Jul/2025:18:03:48 +0700] "GET /wp-includes/search.php?item/u1/39877/ HTTP/1.1" 404 27 "-" "Mozilla/5.0 (Linux; Android 6.0.1; Nexus 5X Build/MMB29P) AppleWebKit/537.36 (KHTML, like Gecko) Chrome/137.0.7151.103 Mobile Safari/537.36 (compatible; Googlebot/2.1; +http://www.google.com/bot.html)"
66.249.71.66 - - [08/Jul/2025:18:04:24 +0700] "GET /pages.php?item/u42/46455/ HTTP/1.1" 404 27 "-" "Mozilla/5.0 (Linux; Android 6.0.1; Nexus 5X Build/MMB29P) AppleWebKit/537.36 (KHTML, like Gecko) Chrome/137.0.7151.103 Mobile Safari/537.36 (compatible; Googlebot/2.1; +http://www.google.com/bot.html)"
66.249.71.66 - - [08/Jul/2025:18:05:01 +0700] "GET /pages.php?items/039047231.html?srsltid=AfmBOothsHfMxklvyFCD9Ka2FJcTQsuN6CDbip0Vcid5AJNQOrCO HTTP/1.1" 404 27 "-" "Mozilla/5.0 (Linux; Android 6.0.1; Nexus 5X Build/MMB29P) AppleWebKit/537.36 (KHTML, like Gecko) Chrome/137.0.7151.103 Mobile Safari/537.36 (compatible; Googlebot/2.1; +http://www.google.com/bot.html)"
52.167.144.197 - - [08/Jul/2025:18:05:38 +0700] "GET /infos.php/pcmypage?callback=product%2Fdetail%2F47649315 HTTP/1.1" 404 27 "-" "Mozilla/5.0 AppleWebKit/537.36 (KHTML, like Gecko; compatible; bingbot/2.0; +http://www.bing.com/bingbot.htm) Chrome/116.0.1938.76 Safari/537.36"
66.249.75.3 - - [08/Jul/2025:18:06:14 +0700] "GET /items/pbrnk4/25968?key=education HTTP/1.1" 404 27 "-" "Mozilla/5.0 (Linux; Android 6.0.1; Nexus 5X Build/MMB29P) AppleWebKit/537.36 (KHTML, like Gecko) Chrome/137.0.7151.103 Mobile Safari/537.36 (compatible; Googlebot/2.1; +http://www.google.com/bot.html)"
66.249.75.1 - - [08/Jul/2025:18:06:16 +0700] "GET /wp-includes/search.php?academic/math85/n25j9-22788/ HTTP/1.1" 404 27 "-" "Mozilla/5.0 (Linux; Android 6.0.1; Nexus 5X Build/MMB29P) AppleWebKit/537.36 (KHTML, like Gecko) Chrome/137.0.7151.103 Mobile Safari/537.36 (compatible; Googlebot/2.1; +http://www.google.com/bot.html)"
66.249.71.65 - - [08/Jul/2025:18:06:52 +0700] "GET /product/Iraqi1?c=g&l=39888 HTTP/1.1" 404 27 "-" "Mozilla/5.0 (Linux; Android 6.0.1; Nexus 5X Build/MMB29P) AppleWebKit/537.36 (KHTML, like Gecko) Chrome/137.0.7151.103 Mobile Safari/537.36 (compatible; Googlebot/2.1; +http://www.google.com/bot.html)"
66.249.75.3 - - [08/Jul/2025:18:07:29 +0700] "GET /pages.php?items/038048982.html?srsltid=AfmBOoeqbCxXYnnXnTobukb1PTooloJzxbW23beZVHuWHS8OKGlz HTTP/1.1" 404 27 "-" "Mozilla/5.0 (Linux; Android 6.0.1; Nexus 5X Build/MMB29P) AppleWebKit/537.36 (KHTML, like Gecko) Chrome/137.0.7151.103 Mobile Safari/537.36 (compatible; Googlebot/2.1; +http://www.google.com/bot.html)"
66.249.75.3 - - [08/Jul/2025:18:08:06 +0700] "GET /pages.php?item/u102/4149/ HTTP/1.1" 404 27 "-" "Mozilla/5.0 (Linux; Android 6.0.1; Nexus 5X Build/MMB29P) AppleWebKit/537.36 (KHTML, like Gecko) Chrome/137.0.7151.103 Mobile Safari/537.36 (compatible; Googlebot/2.1; +http://www.google.com/bot.html)"
52.167.144.213 - - [08/Jul/2025:18:08:18 +0700] "GET /infos.php/pcmypage?callback=product/review/68719204 HTTP/1.1" 404 27 "-" "Mozilla/5.0 AppleWebKit/537.36 (KHTML, like Gecko; compatible; bingbot/2.0; +http://www.bing.com/bingbot.htm) Chrome/116.0.1938.76 Safari/537.36"
66.249.75.3 - - [08/Jul/2025:18:09:19 +0700] "GET /items/hzgre56/6742?key=wise HTTP/1.1" 404 27 "-" "Mozilla/5.0 (Linux; Android 6.0.1; Nexus 5X Build/MMB29P) AppleWebKit/537.36 (KHTML, like Gecko) Chrome/137.0.7151.103 Mobile Safari/537.36 (compatible; Googlebot/2.1; +http://www.google.com/bot.html)"
66.249.71.64 - - [08/Jul/2025:18:09:55 +0700] "GET /pages.php?item/u47/21562/ HTTP/1.1" 404 27 "-" "Mozilla/5.0 (Linux; Android 6.0.1; Nexus 5X Build/MMB29P) AppleWebKit/537.36 (KHTML, like Gecko) Chrome/137.0.7151.103 Mobile Safari/537.36 (compatible; Googlebot/2.1; +http://www.google.com/bot.html)"
66.249.75.3 - - [08/Jul/2025:18:10:32 +0700] "GET /product/brush11?c=g&l=8334 HTTP/1.1" 404 27 "-" "Mozilla/5.0 (Linux; Android 6.0.1; Nexus 5X Build/MMB29P) AppleWebKit/537.36 (KHTML, like Gecko) Chrome/137.0.7151.103 Mobile Safari/537.36 (compatible; Googlebot/2.1; +http://www.google.com/bot.html)"
66.249.75.1 - - [08/Jul/2025:18:10:48 +0700] "GET /items/qxtsz77/7989?key=imply HTTP/1.1" 404 27 "-" "Mozilla/5.0 (compatible; Googlebot/2.1; +http://www.google.com/bot.html)"
66.249.71.65 - - [08/Jul/2025:18:11:09 +0700] "GET /pages.php?item/u173/38120/ HTTP/1.1" 404 27 "-" "Mozilla/5.0 (Linux; Android 6.0.1; Nexus 5X Build/MMB29P) AppleWebKit/537.36 (KHTML, like Gecko) Chrome/137.0.7151.103 Mobile Safari/537.36 (compatible; Googlebot/2.1; +http://www.google.com/bot.html)"
66.249.75.3 - - [08/Jul/2025:18:12:23 +0700] "GET /pages.php?item/u224/20811/ HTTP/1.1" 404 27 "-" "Mozilla/5.0 (Linux; Android 6.0.1; Nexus 5X Build/MMB29P) AppleWebKit/537.36 (KHTML, like Gecko) Chrome/137.0.7151.103 Mobile Safari/537.36 (compatible; Googlebot/2.1; +http://www.google.com/bot.html)"
198.204.232.2 - - [08/Jul/2025:18:12:42 +0700] "GET / HTTP/1.1" 404 27 "-" "Mozilla/5.0 (compatible; Googlebot/2.1; +http://www.google.com/bot.html)"
66.249.75.1 - - [08/Jul/2025:18:13:01 +0700] "GET /pages.php?item/u19/29668/ HTTP/1.1" 404 27 "-" "Mozilla/5.0 (Linux; Android 6.0.1; Nexus 5X Build/MMB29P) AppleWebKit/537.36 (KHTML, like Gecko) Chrome/137.0.7151.103 Mobile Safari/537.36 (compatible; Googlebot/2.1; +http://www.google.com/bot.html)"
66.249.75.2 - - [08/Jul/2025:18:13:02 +0700] "GET /items/cxvpd177/17259?key=resource HTTP/1.1" 404 27 "-" "Mozilla/5.0 (Linux; Android 6.0.1; Nexus 5X Build/MMB29P) AppleWebKit/537.36 (KHTML, like Gecko) Chrome/137.0.7151.103 Mobile Safari/537.36 (compatible; Googlebot/2.1; +http://www.google.com/bot.html)"
66.249.71.64 - - [08/Jul/2025:18:13:39 +0700] "GET /pages.php?items/070004302.html?srsltid=AfmBOowyaIdbiuXnRgCI4WZoCXGFAcxLjIpmBMVpjP3btBapbBKQ HTTP/1.1" 404 27 "-" "Mozilla/5.0 (Linux; Android 6.0.1; Nexus 5X Build/MMB29P) AppleWebKit/537.36 (KHTML, like Gecko) Chrome/137.0.7151.103 Mobile Safari/537.36 (compatible; Googlebot/2.1; +http://www.google.com/bot.html)"
66.249.75.2 - - [08/Jul/2025:18:14:16 +0700] "GET /pages.php?items/177036367.html?srsltid=AfmBOoofxZMJaEqnxjzw18yZHvdutxisHH2bXJNmJRcemPZpCzwU HTTP/1.1" 404 27 "-" "Mozilla/5.0 (Linux; Android 6.0.1; Nexus 5X Build/MMB29P) AppleWebKit/537.36 (KHTML, like Gecko) Chrome/137.0.7151.103 Mobile Safari/537.36 (compatible; Googlebot/2.1; +http://www.google.com/bot.html)"
66.249.75.1 - - [08/Jul/2025:18:14:53 +0700] "GET /pages.php?item/u64/24523/ HTTP/1.1" 404 27 "-" "Mozilla/5.0 (Linux; Android 6.0.1; Nexus 5X Build/MMB29P) AppleWebKit/537.36 (KHTML, like Gecko) Chrome/137.0.7151.103 Mobile Safari/537.36 (compatible; Googlebot/2.1; +http://www.google.com/bot.html)"
66.249.75.1 - - [08/Jul/2025:18:14:54 +0700] "GET /pages.php?item/u214/13517/ HTTP/1.1" 404 27 "-" "Mozilla/5.0 (Linux; Android 6.0.1; Nexus 5X Build/MMB29P) AppleWebKit/537.36 (KHTML, like Gecko) Chrome/137.0.7151.103 Mobile Safari/537.36 (compatible; Googlebot/2.1; +http://www.google.com/bot.html)"
66.249.71.65 - - [08/Jul/2025:18:15:35 +0700] "GET /items/ipyes297/42093?key=wing HTTP/1.1" 404 27 "-" "Mozilla/5.0 (Linux; Android 6.0.1; Nexus 5X Build/MMB29P) AppleWebKit/537.36 (KHTML, like Gecko) Chrome/137.0.7151.103 Mobile Safari/537.36 (compatible; Googlebot/2.1; +http://www.google.com/bot.html)"
66.249.71.66 - - [08/Jul/2025:18:16:21 +0700] "GET /product/thousand160?c=g&l=6299 HTTP/1.1" 404 27 "-" "Mozilla/5.0 (Linux; Android 6.0.1; Nexus 5X Build/MMB29P) AppleWebKit/537.36 (KHTML, like Gecko) Chrome/137.0.7151.103 Mobile Safari/537.36 (compatible; Googlebot/2.1; +http://www.google.com/bot.html)"
66.249.71.66 - - [08/Jul/2025:18:17:07 +0700] "GET /pages.php?item/u106/18277/ HTTP/1.1" 404 27 "-" "Mozilla/5.0 (Linux; Android 6.0.1; Nexus 5X Build/MMB29P) AppleWebKit/537.36 (KHTML, like Gecko) Chrome/137.0.7151.103 Mobile Safari/537.36 (compatible; Googlebot/2.1; +http://www.google.com/bot.html)"
66.249.75.2 - - [08/Jul/2025:18:17:53 +0700] "GET /pages.php?item/u53/49552/ HTTP/1.1" 404 27 "-" "Mozilla/5.0 (Linux; Android 6.0.1; Nexus 5X Build/MMB29P) AppleWebKit/537.36 (KHTML, like Gecko) Chrome/137.0.7151.103 Mobile Safari/537.36 (compatible; Googlebot/2.1; +http://www.google.com/bot.html)"
66.249.75.2 - - [08/Jul/2025:18:18:38 +0700] "GET /items/rhqqy197/19835?key=facility HTTP/1.1" 404 27 "-" "Mozilla/5.0 (Linux; Android 6.0.1; Nexus 5X Build/MMB29P) AppleWebKit/537.36 (KHTML, like Gecko) Chrome/137.0.7151.103 Mobile Safari/537.36 (compatible; Googlebot/2.1; +http://www.google.com/bot.html)"
66.249.71.64 - - [08/Jul/2025:18:19:39 +0700] "GET /items/anikf129/36585?key=boat HTTP/1.1" 404 27 "-" "Mozilla/5.0 (Linux; Android 6.0.1; Nexus 5X Build/MMB29P) AppleWebKit/537.36 (KHTML, like Gecko) Chrome/137.0.7151.103 Mobile Safari/537.36 (compatible; Googlebot/2.1; +http://www.google.com/bot.html)"
