66.249.71.65 - - [08/Jul/2025:20:22:45 +0700] "GET /pages.php?item/u193/36872/ HTTP/1.1" 404 27 "-" "Mozilla/5.0 (Linux; Android 6.0.1; Nexus 5X Build/MMB29P) AppleWebKit/537.36 (KHTML, like Gecko) Chrome/137.0.7151.103 Mobile Safari/537.36 (compatible; Googlebot/2.1; +http://www.google.com/bot.html)"
66.249.75.2 - - [08/Jul/2025:20:23:16 +0700] "GET /pages.php?item/u146/915/ HTTP/1.1" 404 27 "-" "Mozilla/5.0 (Linux; Android 6.0.1; Nexus 5X Build/MMB29P) AppleWebKit/537.36 (KHTML, like Gecko) Chrome/137.0.7151.103 Mobile Safari/537.36 (compatible; Googlebot/2.1; +http://www.google.com/bot.html)"
54.36.149.51 - - [08/Jul/2025:20:23:23 +0700] "GET /8625351049.htm HTTP/1.1" 404 27 "-" "Mozilla/5.0 (compatible; AhrefsBot/7.0; +http://ahrefs.com/robot/)"
66.249.71.65 - - [08/Jul/2025:20:23:47 +0700] "GET /pages.php?item/u167/14814/ HTTP/1.1" 404 27 "-" "Mozilla/5.0 (Linux; Android 6.0.1; Nexus 5X Build/MMB29P) AppleWebKit/537.36 (KHTML, like Gecko) Chrome/137.0.7151.103 Mobile Safari/537.36 (compatible; Googlebot/2.1; +http://www.google.com/bot.html)"
208.110.64.178 - - [08/Jul/2025:20:24:09 +0700] "GET /wp-includes/install.php HTTP/1.1" 404 27 "https://bliteexpo.com/wp-includes/install.php" "Mozilla/5.0 (Windows NT 10.0; Win64; x64) AppleWebKit/537.36 (KHTML, like Gecko) Chrome/58.0.3029.110 Safari/537.3"
66.249.75.1 - - [08/Jul/2025:20:24:19 +0700] "GET /pages.php?item/u141/10362/ HTTP/1.1" 404 27 "-" "Mozilla/5.0 (Linux; Android 6.0.1; Nexus 5X Build/MMB29P) AppleWebKit/537.36 (KHTML, like Gecko) Chrome/137.0.7151.103 Mobile Safari/537.36 (compatible; Googlebot/2.1; +http://www.google.com/bot.html)"
66.249.75.1 - - [08/Jul/2025:20:24:50 +0700] "GET /pages.php?item/u105/13698/ HTTP/1.1" 404 27 "-" "Mozilla/5.0 (Linux; Android 6.0.1; Nexus 5X Build/MMB29P) AppleWebKit/537.36 (KHTML, like Gecko) Chrome/137.0.7151.103 Mobile Safari/537.36 (compatible; Googlebot/2.1; +http://www.google.com/bot.html)"
54.36.148.154 - - [08/Jul/2025:20:25:16 +0700] "GET /4683321060.htm HTTP/1.1" 404 27 "-" "Mozilla/5.0 (compatible; AhrefsBot/7.0; +http://ahrefs.com/robot/)"
66.249.75.3 - - [08/Jul/2025:20:25:22 +0700] "GET /pages.php?item/u204/11407/ HTTP/1.1" 404 27 "-" "Mozilla/5.0 (Linux; Android 6.0.1; Nexus 5X Build/MMB29P) AppleWebKit/537.36 (KHTML, like Gecko) Chrome/137.0.7151.103 Mobile Safari/537.36 (compatible; Googlebot/2.1; +http://www.google.com/bot.html)"
66.249.75.2 - - [08/Jul/2025:20:25:53 +0700] "GET /pages.php?items/200009812.html?srsltid=AfmBOovwwyyCjtWyFyhRbyVKXzfOJlJC2Uzbx3ehgDaXACK5Ipzd HTTP/1.1" 404 27 "-" "Mozilla/5.0 (Linux; Android 6.0.1; Nexus 5X Build/MMB29P) AppleWebKit/537.36 (KHTML, like Gecko) Chrome/137.0.7151.103 Mobile Safari/537.36 (compatible; Googlebot/2.1; +http://www.google.com/bot.html)"
52.167.144.233 - - [08/Jul/2025:20:26:22 +0700] "GET /infos.php/pcmypage?callback=product%2Fdetail%2F67836664 HTTP/1.1" 404 27 "-" "Mozilla/5.0 AppleWebKit/537.36 (KHTML, like Gecko; compatible; bingbot/2.0; +http://www.bing.com/bingbot.htm) Chrome/116.0.1938.76 Safari/537.36"
66.249.75.3 - - [08/Jul/2025:20:26:24 +0700] "GET /pages.php?item/u31/31832/ HTTP/1.1" 404 27 "-" "Mozilla/5.0 (Linux; Android 6.0.1; Nexus 5X Build/MMB29P) AppleWebKit/537.36 (KHTML, like Gecko) Chrome/137.0.7151.103 Mobile Safari/537.36 (compatible; Googlebot/2.1; +http://www.google.com/bot.html)"
66.249.75.1 - - [08/Jul/2025:20:26:56 +0700] "GET /pages.php?items/269020033.html?srsltid=AfmBOogdrHzcPrdTcDFgtCu5SKhmDvZO9w9Oe9fveeLA3kp8AzaG HTTP/1.1" 404 27 "-" "Mozilla/5.0 (Linux; Android 6.0.1; Nexus 5X Build/MMB29P) AppleWebKit/537.36 (KHTML, like Gecko) Chrome/137.0.7151.103 Mobile Safari/537.36 (compatible; Googlebot/2.1; +http://www.google.com/bot.html)"
54.36.148.12 - - [08/Jul/2025:20:27:10 +0700] "GET /5020932355.htm HTTP/1.1" 404 27 "-" "Mozilla/5.0 (compatible; AhrefsBot/7.0; +http://ahrefs.com/robot/)"
204.12.252.98 - - [08/Jul/2025:20:27:21 +0700] "GET /wp-includes/install.php HTTP/1.1" 404 27 "https://bliteexpo.com/wp-includes/install.php" "Mozilla/5.0 (Windows NT 10.0; Win64; x64) AppleWebKit/537.36 (KHTML, like Gecko) Chrome/58.0.3029.110 Safari/537.3"
66.249.75.1 - - [08/Jul/2025:20:27:40 +0700] "GET /shopdetail/266247943 HTTP/1.1" 404 27 "-" "Mozilla/5.0 (Linux; Android 6.0.1; Nexus 5X Build/MMB29P) AppleWebKit/537.36 (KHTML, like Gecko) Chrome/137.0.7151.103 Mobile Safari/537.36 (compatible; Googlebot/2.1; +http://www.google.com/bot.html)"
66.249.71.65 - - [08/Jul/2025:20:28:07 +0700] "GET /pages.php?item/u216/38057/ HTTP/1.1" 404 27 "-" "Mozilla/5.0 (Linux; Android 6.0.1; Nexus 5X Build/MMB29P) AppleWebKit/537.36 (KHTML, like Gecko) Chrome/137.0.7151.103 Mobile Safari/537.36 (compatible; Googlebot/2.1; +http://www.google.com/bot.html)"
66.249.75.1 - - [08/Jul/2025:20:28:09 +0700] "GET /items/ijywc37/27875?key=related HTTP/1.1" 404 27 "-" "Mozilla/5.0 (Linux; Android 6.0.1; Nexus 5X Build/MMB29P) AppleWebKit/537.36 (KHTML, like Gecko) Chrome/137.0.7151.103 Mobile Safari/537.36 (compatible; Googlebot/2.1; +http://www.google.com/bot.html)"
66.249.75.1 - - [08/Jul/2025:20:28:29 +0700] "GET /items/jbswq68/9740?key=approve HTTP/1.1" 404 27 "-" "Mozilla/5.0 (Linux; Android 6.0.1; Nexus 5X Build/MMB29P) AppleWebKit/537.36 (KHTML, like Gecko) Chrome/137.0.7151.103 Mobile Safari/537.36 (compatible; Googlebot/2.1; +http://www.google.com/bot.html)"
66.249.75.3 - - [08/Jul/2025:20:29:01 +0700] "GET /pages.php?items/193004881.html?srsltid=AfmBOoevtqIWZyhcVMSpaImsDdlMEWhK9WPVJCLUjjaKeT1XMVjJ HTTP/1.1" 404 27 "-" "Mozilla/5.0 (Linux; Android 6.0.1; Nexus 5X Build/MMB29P) AppleWebKit/537.36 (KHTML, like Gecko) Chrome/137.0.7151.103 Mobile Safari/537.36 (compatible; Googlebot/2.1; +http://www.google.com/bot.html)"
54.36.148.29 - - [08/Jul/2025:20:29:19 +0700] "GET /8967740184.htm HTTP/1.1" 404 27 "-" "Mozilla/5.0 (compatible; AhrefsBot/7.0; +http://ahrefs.com/robot/)"
66.249.75.1 - - [08/Jul/2025:20:29:32 +0700] "GET /pages.php?item/u190/3657/ HTTP/1.1" 404 27 "-" "Mozilla/5.0 (Linux; Android 6.0.1; Nexus 5X Build/MMB29P) AppleWebKit/537.36 (KHTML, like Gecko) Chrome/137.0.7151.103 Mobile Safari/537.36 (compatible; Googlebot/2.1; +http://www.google.com/bot.html)"
66.249.71.64 - - [08/Jul/2025:20:30:03 +0700] "GET /pages.php?item/u298/3433/ HTTP/1.1" 404 27 "-" "Mozilla/5.0 (Linux; Android 6.0.1; Nexus 5X Build/MMB29P) AppleWebKit/537.36 (KHTML, like Gecko) Chrome/137.0.7151.103 Mobile Safari/537.36 (compatible; Googlebot/2.1; +http://www.google.com/bot.html)"
66.249.71.65 - - [08/Jul/2025:20:30:34 +0700] "GET /pages.php?item/u221/16330/ HTTP/1.1" 404 27 "-" "Mozilla/5.0 (Linux; Android 6.0.1; Nexus 5X Build/MMB29P) AppleWebKit/537.36 (KHTML, like Gecko) Chrome/137.0.7151.103 Mobile Safari/537.36 (compatible; Googlebot/2.1; +http://www.google.com/bot.html)"
54.36.148.93 - - [08/Jul/2025:20:31:05 +0700] "GET /21451128494.htm HTTP/1.1" 404 27 "-" "Mozilla/5.0 (compatible; AhrefsBot/7.0; +http://ahrefs.com/robot/)"
66.249.75.3 - - [08/Jul/2025:20:31:06 +0700] "GET /pages.php?item/u171/45994/ HTTP/1.1" 404 27 "-" "Mozilla/5.0 (Linux; Android 6.0.1; Nexus 5X Build/MMB29P) AppleWebKit/537.36 (KHTML, like Gecko) Chrome/137.0.7151.103 Mobile Safari/537.36 (compatible; Googlebot/2.1; +http://www.google.com/bot.html)"
66.249.75.1 - - [08/Jul/2025:20:31:37 +0700] "GET /pages.php?item/u49/8314/ HTTP/1.1" 404 27 "-" "Mozilla/5.0 (Linux; Android 6.0.1; Nexus 5X Build/MMB29P) AppleWebKit/537.36 (KHTML, like Gecko) Chrome/137.0.7151.103 Mobile Safari/537.36 (compatible; Googlebot/2.1; +http://www.google.com/bot.html)"
66.249.75.2 - - [08/Jul/2025:20:32:09 +0700] "GET /pages.php?items/093018925.html?srsltid=AfmBOoklrICIqQUGRahJeD2sENCqmyblQzn2JcKCetUWCOThhH2G HTTP/1.1" 404 27 "-" "Mozilla/5.0 (Linux; Android 6.0.1; Nexus 5X Build/MMB29P) AppleWebKit/537.36 (KHTML, like Gecko) Chrome/137.0.7151.103 Mobile Safari/537.36 (compatible; Googlebot/2.1; +http://www.google.com/bot.html)"
66.249.71.65 - - [08/Jul/2025:20:32:40 +0700] "GET /items/iwnej20/34074?key=nonprofit HTTP/1.1" 404 27 "-" "Mozilla/5.0 (Linux; Android 6.0.1; Nexus 5X Build/MMB29P) AppleWebKit/537.36 (KHTML, like Gecko) Chrome/137.0.7151.103 Mobile Safari/537.36 (compatible; Googlebot/2.1; +http://www.google.com/bot.html)"
66.249.71.65 - - [08/Jul/2025:20:33:11 +0700] "GET /items/jxmwt26/31572?key=balanced HTTP/1.1" 404 27 "-" "Mozilla/5.0 (Linux; Android 6.0.1; Nexus 5X Build/MMB29P) AppleWebKit/537.36 (KHTML, like Gecko) Chrome/137.0.7151.103 Mobile Safari/537.36 (compatible; Googlebot/2.1; +http://www.google.com/bot.html)"
54.36.149.74 - - [08/Jul/2025:20:33:13 +0700] "GET /33884127154.htm HTTP/1.1" 404 27 "-" "Mozilla/5.0 (compatible; AhrefsBot/7.0; +http://ahrefs.com/robot/)"
204.12.252.98 - - [08/Jul/2025:20:33:36 +0700] "GET /wp-includes/install.php HTTP/1.1" 404 27 "https://bliteexpo.com/wp-includes/install.php" "Mozilla/5.0 (Windows NT 10.0; Win64; x64) AppleWebKit/537.36 (KHTML, like Gecko) Chrome/58.0.3029.110 Safari/537.3"
66.249.75.1 - - [08/Jul/2025:20:33:43 +0700] "GET /pages.php?items/018001792.html?srsltid=AfmBOojxozRtDdxSXBkYP4l7ZyUqTDQIajdzf4RFZAR7VrLQRnA6 HTTP/1.1" 404 27 "-" "Mozilla/5.0 (Linux; Android 6.0.1; Nexus 5X Build/MMB29P) AppleWebKit/537.36 (KHTML, like Gecko) Chrome/137.0.7151.103 Mobile Safari/537.36 (compatible; Googlebot/2.1; +http://www.google.com/bot.html)"
66.249.75.2 - - [08/Jul/2025:20:34:14 +0700] "GET /pages.php?item/u149/37920/ HTTP/1.1" 404 27 "-" "Mozilla/5.0 (Linux; Android 6.0.1; Nexus 5X Build/MMB29P) AppleWebKit/537.36 (KHTML, like Gecko) Chrome/137.0.7151.103 Mobile Safari/537.36 (compatible; Googlebot/2.1; +http://www.google.com/bot.html)"
52.167.144.233 - - [08/Jul/2025:20:34:24 +0700] "GET /infos.php/books.html HTTP/1.1" 404 27 "-" "Mozilla/5.0 AppleWebKit/537.36 (KHTML, like Gecko; compatible; bingbot/2.0; +http://www.bing.com/bingbot.htm) Chrome/116.0.1938.76 Safari/537.36"
52.167.144.233 - - [08/Jul/2025:20:34:41 +0700] "GET /infos.php/safe_search/config?return_url=%2Fproduct%2Fdetail%2F30232200 HTTP/1.1" 404 27 "-" "Mozilla/5.0 AppleWebKit/537.36 (KHTML, like Gecko; compatible; bingbot/2.0; +http://www.bing.com/bingbot.htm) Chrome/116.0.1938.76 Safari/537.36"
66.249.75.1 - - [08/Jul/2025:20:34:45 +0700] "GET /wp-includes/search.php?item/u187/47157/ HTTP/1.1" 404 27 "-" "Mozilla/5.0 (Linux; Android 6.0.1; Nexus 5X Build/MMB29P) AppleWebKit/537.36 (KHTML, like Gecko) Chrome/137.0.7151.103 Mobile Safari/537.36 (compatible; Googlebot/2.1; +http://www.google.com/bot.html)"
54.36.148.120 - - [08/Jul/2025:20:35:11 +0700] "GET /45989121023.htm HTTP/1.1" 404 27 "-" "Mozilla/5.0 (compatible; AhrefsBot/7.0; +http://ahrefs.com/robot/)"
66.249.71.66 - - [08/Jul/2025:20:35:16 +0700] "GET /pages.php?items/235040217.html?srsltid=AfmBOorstUWFIRZWzVVIyWSrSwBUihssWSPfpXT9EPmrxT349jml HTTP/1.1" 404 27 "-" "Mozilla/5.0 (Linux; Android 6.0.1; Nexus 5X Build/MMB29P) AppleWebKit/537.36 (KHTML, like Gecko) Chrome/137.0.7151.103 Mobile Safari/537.36 (compatible; Googlebot/2.1; +http://www.google.com/bot.html)"
66.249.75.2 - - [08/Jul/2025:20:35:48 +0700] "GET /items/cmikd291/40051?key=prefer HTTP/1.1" 404 27 "-" "Mozilla/5.0 (Linux; Android 6.0.1; Nexus 5X Build/MMB29P) AppleWebKit/537.36 (KHTML, like Gecko) Chrome/137.0.7151.103 Mobile Safari/537.36 (compatible; Googlebot/2.1; +http://www.google.com/bot.html)"
66.249.71.66 - - [08/Jul/2025:20:36:19 +0700] "GET /pages.php?item/u221/25092/ HTTP/1.1" 404 27 "-" "Mozilla/5.0 (Linux; Android 6.0.1; Nexus 5X Build/MMB29P) AppleWebKit/537.36 (KHTML, like Gecko) Chrome/137.0.7151.103 Mobile Safari/537.36 (compatible; Googlebot/2.1; +http://www.google.com/bot.html)"
66.249.75.1 - - [08/Jul/2025:20:37:04 +0700] "GET /pages.php?item/u158/24067/ HTTP/1.1" 404 27 "-" "Mozilla/5.0 (Linux; Android 6.0.1; Nexus 5X Build/MMB29P) AppleWebKit/537.36 (KHTML, like Gecko) Chrome/137.0.7151.103 Mobile Safari/537.36 (compatible; Googlebot/2.1; +http://www.google.com/bot.html)"
54.36.148.101 - - [08/Jul/2025:20:37:09 +0700] "GET /14467129713.htm HTTP/1.1" 404 27 "-" "Mozilla/5.0 (compatible; AhrefsBot/7.0; +http://ahrefs.com/robot/)"
66.249.75.2 - - [08/Jul/2025:20:37:33 +0700] "GET /product/electronics241?c=g&l=7550 HTTP/1.1" 404 27 "-" "Mozilla/5.0 (Linux; Android 6.0.1; Nexus 5X Build/MMB29P) AppleWebKit/537.36 (KHTML, like Gecko) Chrome/137.0.7151.103 Mobile Safari/537.36 (compatible; Googlebot/2.1; +http://www.google.com/bot.html)"
69.197.182.50 - - [08/Jul/2025:20:37:47 +0700] "GET /wp-includes/install.php HTTP/1.1" 404 27 "https://bliteexpo.com/wp-includes/install.php" "Mozilla/5.0 (Windows NT 10.0; Win64; x64) AppleWebKit/537.36 (KHTML, like Gecko) Chrome/58.0.3029.110 Safari/537.3"
66.249.71.66 - - [08/Jul/2025:20:38:01 +0700] "GET /items/vhsdz293/15531?key=force HTTP/1.1" 404 27 "-" "Mozilla/5.0 (Linux; Android 6.0.1; Nexus 5X Build/MMB29P) AppleWebKit/537.36 (KHTML, like Gecko) Chrome/137.0.7151.103 Mobile Safari/537.36 (compatible; Googlebot/2.1; +http://www.google.com/bot.html)"
66.249.75.1 - - [08/Jul/2025:20:38:28 +0700] "GET /pages.php?item/u28/35157/ HTTP/1.1" 404 27 "-" "Mozilla/5.0 (Linux; Android 6.0.1; Nexus 5X Build/MMB29P) AppleWebKit/537.36 (KHTML, like Gecko) Chrome/137.0.7151.103 Mobile Safari/537.36 (compatible; Googlebot/2.1; +http://www.google.com/bot.html)"
66.249.75.1 - - [08/Jul/2025:20:38:55 +0700] "GET /items/zmsji63/46527?key=cute HTTP/1.1" 404 27 "-" "Mozilla/5.0 (Linux; Android 6.0.1; Nexus 5X Build/MMB29P) AppleWebKit/537.36 (KHTML, like Gecko) Chrome/137.0.7151.103 Mobile Safari/537.36 (compatible; Googlebot/2.1; +http://www.google.com/bot.html)"
54.36.149.95 - - [08/Jul/2025:20:39:22 +0700] "GET /61069122027.htm HTTP/1.1" 404 27 "-" "Mozilla/5.0 (compatible; AhrefsBot/7.0; +http://ahrefs.com/robot/)"
66.249.75.1 - - [08/Jul/2025:20:39:22 +0700] "GET /pages.php?item/u73/18890/ HTTP/1.1" 404 27 "-" "Mozilla/5.0 (Linux; Android 6.0.1; Nexus 5X Build/MMB29P) AppleWebKit/537.36 (KHTML, like Gecko) Chrome/137.0.7151.103 Mobile Safari/537.36 (compatible; Googlebot/2.1; +http://www.google.com/bot.html)"
66.249.75.2 - - [08/Jul/2025:20:39:30 +0700] "GET /items/pnqvt73/16619?key=any HTTP/1.1" 404 27 "-" "Mozilla/5.0 (Linux; Android 6.0.1; Nexus 5X Build/MMB29P) AppleWebKit/537.36 (KHTML, like Gecko) Chrome/137.0.7151.103 Mobile Safari/537.36 (compatible; Googlebot/2.1; +http://www.google.com/bot.html)"
66.249.75.1 - - [08/Jul/2025:20:40:21 +0700] "GET /wp-includes/search.php?legend/skilled177/qzz9k-6440/ HTTP/1.1" 404 27 "-" "Mozilla/5.0 (Linux; Android 6.0.1; Nexus 5X Build/MMB29P) AppleWebKit/537.36 (KHTML, like Gecko) Chrome/137.0.7151.103 Mobile Safari/537.36 (compatible; Googlebot/2.1; +http://www.google.com/bot.html)"
66.249.71.64 - - [08/Jul/2025:20:40:48 +0700] "GET /items/zlwmm85/10847?key=viewer HTTP/1.1" 404 27 "-" "Mozilla/5.0 (Linux; Android 6.0.1; Nexus 5X Build/MMB29P) AppleWebKit/537.36 (KHTML, like Gecko) Chrome/137.0.7151.103 Mobile Safari/537.36 (compatible; Googlebot/2.1; +http://www.google.com/bot.html)"
66.249.75.2 - - [08/Jul/2025:20:41:15 +0700] "GET /pages.php?item/u261/45344/ HTTP/1.1" 404 27 "-" "Mozilla/5.0 (Linux; Android 6.0.1; Nexus 5X Build/MMB29P) AppleWebKit/537.36 (KHTML, like Gecko) Chrome/137.0.7151.103 Mobile Safari/537.36 (compatible; Googlebot/2.1; +http://www.google.com/bot.html)"
54.36.148.94 - - [08/Jul/2025:20:41:16 +0700] "GET /3809098624.htm HTTP/1.1" 404 27 "-" "Mozilla/5.0 (compatible; AhrefsBot/7.0; +http://ahrefs.com/robot/)"
66.249.75.2 - - [08/Jul/2025:20:41:44 +0700] "GET /pages.php?item/u204/49491/ HTTP/1.1" 404 27 "-" "Mozilla/5.0 (Linux; Android 6.0.1; Nexus 5X Build/MMB29P) AppleWebKit/537.36 (KHTML, like Gecko) Chrome/137.0.7151.103 Mobile Safari/537.36 (compatible; Googlebot/2.1; +http://www.google.com/bot.html)"
66.249.75.1 - - [08/Jul/2025:20:41:48 +0700] "GET /pages.php?item/u153/2222/ HTTP/1.1" 404 27 "-" "Mozilla/5.0 (Linux; Android 6.0.1; Nexus 5X Build/MMB29P) AppleWebKit/537.36 (KHTML, like Gecko) Chrome/137.0.7151.103 Mobile Safari/537.36 (compatible; Googlebot/2.1; +http://www.google.com/bot.html)"
69.197.182.50 - - [08/Jul/2025:20:41:50 +0700] "GET /wp-includes/install.php HTTP/1.1" 404 27 "https://bliteexpo.com/wp-includes/install.php" "Mozilla/5.0 (Windows NT 10.0; Win64; x64) AppleWebKit/537.36 (KHTML, like Gecko) Chrome/58.0.3029.110 Safari/537.3"
66.249.75.1 - - [08/Jul/2025:20:42:03 +0700] "GET /pages.php?item/u174/38795/ HTTP/1.1" 404 27 "-" "Mozilla/5.0 (Linux; Android 6.0.1; Nexus 5X Build/MMB29P) AppleWebKit/537.36 (KHTML, like Gecko) Chrome/137.0.7151.103 Mobile Safari/537.36 (compatible; Googlebot/2.1; +http://www.google.com/bot.html)"
66.249.71.65 - - [08/Jul/2025:20:42:35 +0700] "GET /items/uhvfs205/9761?key=carry HTTP/1.1" 404 27 "-" "Mozilla/5.0 (Linux; Android 6.0.1; Nexus 5X Build/MMB29P) AppleWebKit/537.36 (KHTML, like Gecko) Chrome/137.0.7151.103 Mobile Safari/537.36 (compatible; Googlebot/2.1; +http://www.google.com/bot.html)"
54.36.148.142 - - [08/Jul/2025:20:43:11 +0700] "GET /7303672961.htm HTTP/1.1" 404 27 "-" "Mozilla/5.0 (compatible; AhrefsBot/7.0; +http://ahrefs.com/robot/)"
66.249.75.1 - - [08/Jul/2025:20:43:37 +0700] "GET /pages.php?item/u258/11161/ HTTP/1.1" 404 27 "-" "Mozilla/5.0 (Linux; Android 6.0.1; Nexus 5X Build/MMB29P) AppleWebKit/537.36 (KHTML, like Gecko) Chrome/137.0.7151.103 Mobile Safari/537.36 (compatible; Googlebot/2.1; +http://www.google.com/bot.html)"
66.249.75.1 - - [08/Jul/2025:20:44:08 +0700] "GET /pages.php?item/u78/12833/ HTTP/1.1" 404 27 "-" "Mozilla/5.0 (Linux; Android 6.0.1; Nexus 5X Build/MMB29P) AppleWebKit/537.36 (KHTML, like Gecko) Chrome/137.0.7151.103 Mobile Safari/537.36 (compatible; Googlebot/2.1; +http://www.google.com/bot.html)"
66.249.75.2 - - [08/Jul/2025:20:44:52 +0700] "GET /pages.php?items/209032079.html?srsltid=AfmBOoflbPBjVbyXrKNY8WWgQqzHDfWMLVd1tjSXnf37r7tBbUH7 HTTP/1.1" 404 27 "-" "Mozilla/5.0 (Linux; Android 6.0.1; Nexus 5X Build/MMB29P) AppleWebKit/537.36 (KHTML, like Gecko) Chrome/137.0.7151.103 Mobile Safari/537.36 (compatible; Googlebot/2.1; +http://www.google.com/bot.html)"
54.36.148.191 - - [08/Jul/2025:20:45:08 +0700] "GET /4598992118.htm HTTP/1.1" 404 27 "-" "Mozilla/5.0 (compatible; AhrefsBot/7.0; +http://ahrefs.com/robot/)"
66.249.75.3 - - [08/Jul/2025:20:45:19 +0700] "GET /pages.php?item/u11/3890/ HTTP/1.1" 404 27 "-" "Mozilla/5.0 (Linux; Android 6.0.1; Nexus 5X Build/MMB29P) AppleWebKit/537.36 (KHTML, like Gecko) Chrome/137.0.7151.103 Mobile Safari/537.36 (compatible; Googlebot/2.1; +http://www.google.com/bot.html)"
57.141.2.30 - - [08/Jul/2025:20:45:38 +0700] "GET /?sitemap42.xml HTTP/1.1" 404 27 "-" "meta-externalagent/1.1 (+https://developers.facebook.com/docs/sharing/webmasters/crawler)"
66.249.75.1 - - [08/Jul/2025:20:45:46 +0700] "GET /items/yyhoi35/39071?key=decline HTTP/1.1" 404 27 "-" "Mozilla/5.0 (Linux; Android 6.0.1; Nexus 5X Build/MMB29P) AppleWebKit/537.36 (KHTML, like Gecko) Chrome/137.0.7151.103 Mobile Safari/537.36 (compatible; Googlebot/2.1; +http://www.google.com/bot.html)"
66.249.71.64 - - [08/Jul/2025:20:45:51 +0700] "GET /wp-includes/search.php?assemble/city116/cu85t-7551/ HTTP/1.1" 404 27 "-" "Mozilla/5.0 (Linux; Android 6.0.1; Nexus 5X Build/MMB29P) AppleWebKit/537.36 (KHTML, like Gecko) Chrome/137.0.7151.103 Mobile Safari/537.36 (compatible; Googlebot/2.1; +http://www.google.com/bot.html)"
66.249.75.2 - - [08/Jul/2025:20:46:14 +0700] "GET /pages.php?item/u40/4123/ HTTP/1.1" 404 27 "-" "Mozilla/5.0 (Linux; Android 6.0.1; Nexus 5X Build/MMB29P) AppleWebKit/537.36 (KHTML, like Gecko) Chrome/137.0.7151.103 Mobile Safari/537.36 (compatible; Googlebot/2.1; +http://www.google.com/bot.html)"
66.249.71.65 - - [08/Jul/2025:20:46:45 +0700] "GET /wp-includes/search.php?item/u204/24700/ HTTP/1.1" 404 27 "-" "Mozilla/5.0 (Linux; Android 6.0.1; Nexus 5X Build/MMB29P) AppleWebKit/537.36 (KHTML, like Gecko) Chrome/137.0.7151.103 Mobile Safari/537.36 (compatible; Googlebot/2.1; +http://www.google.com/bot.html)"
54.36.148.232 - - [08/Jul/2025:20:47:09 +0700] "GET /14467120623.htm HTTP/1.1" 404 27 "-" "Mozilla/5.0 (compatible; AhrefsBot/7.0; +http://ahrefs.com/robot/)"
66.249.75.2 - - [08/Jul/2025:20:47:16 +0700] "GET /items/qrkxk35/46255?key=commodity HTTP/1.1" 404 27 "-" "Mozilla/5.0 (Linux; Android 6.0.1; Nexus 5X Build/MMB29P) AppleWebKit/537.36 (KHTML, like Gecko) Chrome/137.0.7151.103 Mobile Safari/537.36 (compatible; Googlebot/2.1; +http://www.google.com/bot.html)"
208.110.64.178 - - [08/Jul/2025:20:47:27 +0700] "GET /wp-includes/install.php HTTP/1.1" 404 27 "https://bliteexpo.com/wp-includes/install.php" "Mozilla/5.0 (Windows NT 10.0; Win64; x64) AppleWebKit/537.36 (KHTML, like Gecko) Chrome/58.0.3029.110 Safari/537.3"
66.249.75.1 - - [08/Jul/2025:20:47:55 +0700] "GET /pages.php?item/u96/20181/ HTTP/1.1" 404 27 "-" "Mozilla/5.0 (Linux; Android 6.0.1; Nexus 5X Build/MMB29P) AppleWebKit/537.36 (KHTML, like Gecko) Chrome/137.0.7151.103 Mobile Safari/537.36 (compatible; Googlebot/2.1; +http://www.google.com/bot.html)"
66.249.71.66 - - [08/Jul/2025:20:48:22 +0700] "GET /wp-includes/search.php?businessman/priority42/cwhmy-19033/ HTTP/1.1" 404 27 "-" "Mozilla/5.0 (Linux; Android 6.0.1; Nexus 5X Build/MMB29P) AppleWebKit/537.36 (KHTML, like Gecko) Chrome/137.0.7151.103 Mobile Safari/537.36 (compatible; Googlebot/2.1; +http://www.google.com/bot.html)"
66.249.75.2 - - [08/Jul/2025:20:48:25 +0700] "GET /shopdetail/533297343 HTTP/1.1" 404 27 "-" "Mozilla/5.0 (Linux; Android 6.0.1; Nexus 5X Build/MMB29P) AppleWebKit/537.36 (KHTML, like Gecko) Chrome/137.0.7151.103 Mobile Safari/537.36 (compatible; Googlebot/2.1; +http://www.google.com/bot.html)"
66.249.75.1 - - [08/Jul/2025:20:48:27 +0700] "GET /wp-includes/search.php?autonomy/insist125/j0nt1-35070/ HTTP/1.1" 404 27 "-" "Mozilla/5.0 (Linux; Android 6.0.1; Nexus 5X Build/MMB29P) AppleWebKit/537.36 (KHTML, like Gecko) Chrome/137.0.7151.103 Mobile Safari/537.36 (compatible; Googlebot/2.1; +http://www.google.com/bot.html)"
208.110.64.178 - - [08/Jul/2025:20:49:07 +0700] "GET /wp-includes/install.php HTTP/1.1" 404 27 "https://bliteexpo.com/wp-includes/install.php" "Mozilla/5.0 (Windows NT 10.0; Win64; x64) AppleWebKit/537.36 (KHTML, like Gecko) Chrome/58.0.3029.110 Safari/537.3"
54.36.148.31 - - [08/Jul/2025:20:49:10 +0700] "GET /14467156074.htm HTTP/1.1" 404 27 "-" "Mozilla/5.0 (compatible; AhrefsBot/7.0; +http://ahrefs.com/robot/)"
66.249.71.65 - - [08/Jul/2025:20:49:12 +0700] "GET /pages.php?item/u271/3522/ HTTP/1.1" 404 27 "-" "Mozilla/5.0 (Linux; Android 6.0.1; Nexus 5X Build/MMB29P) AppleWebKit/537.36 (KHTML, like Gecko) Chrome/137.0.7151.103 Mobile Safari/537.36 (compatible; Googlebot/2.1; +http://www.google.com/bot.html)"
66.249.75.1 - - [08/Jul/2025:20:49:39 +0700] "GET /wp-includes/search.php?item/u104/49686/ HTTP/1.1" 404 27 "-" "Mozilla/5.0 (Linux; Android 6.0.1; Nexus 5X Build/MMB29P) AppleWebKit/537.36 (KHTML, like Gecko) Chrome/137.0.7151.103 Mobile Safari/537.36 (compatible; Googlebot/2.1; +http://www.google.com/bot.html)"
66.249.71.65 - - [08/Jul/2025:20:50:06 +0700] "GET /wp-includes/search.php?item/u194/31866/ HTTP/1.1" 404 27 "-" "Mozilla/5.0 (Linux; Android 6.0.1; Nexus 5X Build/MMB29P) AppleWebKit/537.36 (KHTML, like Gecko) Chrome/137.0.7151.103 Mobile Safari/537.36 (compatible; Googlebot/2.1; +http://www.google.com/bot.html)"
66.249.75.2 - - [08/Jul/2025:20:50:34 +0700] "GET /pages.php?item/u7/42034/ HTTP/1.1" 404 27 "-" "Mozilla/5.0 (Linux; Android 6.0.1; Nexus 5X Build/MMB29P) AppleWebKit/537.36 (KHTML, like Gecko) Chrome/137.0.7151.103 Mobile Safari/537.36 (compatible; Googlebot/2.1; +http://www.google.com/bot.html)"
66.249.75.3 - - [08/Jul/2025:20:51:01 +0700] "GET /pages.php?items/274045558.html?srsltid=AfmBOorrrrkBdjVvlvpU4EQzKVUxNgNOJP8rHJUsmHsuo9XCYtO0 HTTP/1.1" 404 27 "-" "Mozilla/5.0 (Linux; Android 6.0.1; Nexus 5X Build/MMB29P) AppleWebKit/537.36 (KHTML, like Gecko) Chrome/137.0.7151.103 Mobile Safari/537.36 (compatible; Googlebot/2.1; +http://www.google.com/bot.html)"
54.36.148.215 - - [08/Jul/2025:20:51:21 +0700] "GET /3809040940.htm HTTP/1.1" 404 27 "-" "Mozilla/5.0 (compatible; AhrefsBot/7.0; +http://ahrefs.com/robot/)"
66.249.75.1 - - [08/Jul/2025:20:51:29 +0700] "GET /pages.php?item/u106/39089/ HTTP/1.1" 404 27 "-" "Mozilla/5.0 (Linux; Android 6.0.1; Nexus 5X Build/MMB29P) AppleWebKit/537.36 (KHTML, like Gecko) Chrome/137.0.7151.103 Mobile Safari/537.36 (compatible; Googlebot/2.1; +http://www.google.com/bot.html)"
66.249.75.1 - - [08/Jul/2025:20:52:23 +0700] "GET /pages.php?items/082017608.html?srsltid=AfmBOobyuaOjMMWHfNWmopLxHooUxbRUZwOrAC32OwLkhUqfBltW HTTP/1.1" 404 27 "-" "Mozilla/5.0 (Linux; Android 6.0.1; Nexus 5X Build/MMB29P) AppleWebKit/537.36 (KHTML, like Gecko) Chrome/137.0.7151.103 Mobile Safari/537.36 (compatible; Googlebot/2.1; +http://www.google.com/bot.html)"
66.249.75.2 - - [08/Jul/2025:20:52:50 +0700] "GET /items/cejlm173/39581?key=perform HTTP/1.1" 404 27 "-" "Mozilla/5.0 (Linux; Android 6.0.1; Nexus 5X Build/MMB29P) AppleWebKit/537.36 (KHTML, like Gecko) Chrome/137.0.7151.103 Mobile Safari/537.36 (compatible; Googlebot/2.1; +http://www.google.com/bot.html)"
66.249.71.66 - - [08/Jul/2025:20:53:17 +0700] "GET /pages.php?items/110039064.html?srsltid=AfmBOouwtxhlsIcTgLGGcmu5BHqaJMrxuw5DLidpNS2EZbl7I9lf HTTP/1.1" 404 27 "-" "Mozilla/5.0 (Linux; Android 6.0.1; Nexus 5X Build/MMB29P) AppleWebKit/537.36 (KHTML, like Gecko) Chrome/137.0.7151.103 Mobile Safari/537.36 (compatible; Googlebot/2.1; +http://www.google.com/bot.html)"
54.36.148.17 - - [08/Jul/2025:20:53:20 +0700] "GET /3809094864.htm HTTP/1.1" 404 27 "-" "Mozilla/5.0 (compatible; AhrefsBot/7.0; +http://ahrefs.com/robot/)"
66.249.71.64 - - [08/Jul/2025:20:53:44 +0700] "GET /pages.php?item/u284/17279/ HTTP/1.1" 404 27 "-" "Mozilla/5.0 (Linux; Android 6.0.1; Nexus 5X Build/MMB29P) AppleWebKit/537.36 (KHTML, like Gecko) Chrome/137.0.7151.103 Mobile Safari/537.36 (compatible; Googlebot/2.1; +http://www.google.com/bot.html)"
66.249.75.1 - - [08/Jul/2025:20:54:12 +0700] "GET /pages.php?item/u151/23324/ HTTP/1.1" 404 27 "-" "Mozilla/5.0 (Linux; Android 6.0.1; Nexus 5X Build/MMB29P) AppleWebKit/537.36 (KHTML, like Gecko) Chrome/137.0.7151.103 Mobile Safari/537.36 (compatible; Googlebot/2.1; +http://www.google.com/bot.html)"
66.249.75.1 - - [08/Jul/2025:20:54:39 +0700] "GET /pages.php?items/058016194.html?srsltid=AfmBOoovtYmPLkiphoWb2Tr4IXILNzWg9E2192Zbe1y7oakdnsYc HTTP/1.1" 404 27 "-" "Mozilla/5.0 (Linux; Android 6.0.1; Nexus 5X Build/MMB29P) AppleWebKit/537.36 (KHTML, like Gecko) Chrome/137.0.7151.103 Mobile Safari/537.36 (compatible; Googlebot/2.1; +http://www.google.com/bot.html)"
66.249.71.65 - - [08/Jul/2025:20:55:06 +0700] "GET /wp-includes/search.php?item/u81/46253/ HTTP/1.1" 404 27 "-" "Mozilla/5.0 (Linux; Android 6.0.1; Nexus 5X Build/MMB29P) AppleWebKit/537.36 (KHTML, like Gecko) Chrome/137.0.7151.103 Mobile Safari/537.36 (compatible; Googlebot/2.1; +http://www.google.com/bot.html)"
54.36.149.35 - - [08/Jul/2025:20:55:17 +0700] "GET /1976996931.htm HTTP/1.1" 404 27 "-" "Mozilla/5.0 (compatible; AhrefsBot/7.0; +http://ahrefs.com/robot/)"
204.12.252.98 - - [08/Jul/2025:20:55:24 +0700] "GET /wp-includes/install.php HTTP/1.1" 404 27 "https://bliteexpo.com/wp-includes/install.php" "Mozilla/5.0 (Windows NT 10.0; Win64; x64) AppleWebKit/537.36 (KHTML, like Gecko) Chrome/58.0.3029.110 Safari/537.3"
66.249.75.3 - - [08/Jul/2025:20:56:01 +0700] "GET /pages.php?item/u4/47509/ HTTP/1.1" 404 27 "-" "Mozilla/5.0 (Linux; Android 6.0.1; Nexus 5X Build/MMB29P) AppleWebKit/537.36 (KHTML, like Gecko) Chrome/137.0.7151.103 Mobile Safari/537.36 (compatible; Googlebot/2.1; +http://www.google.com/bot.html)"
66.249.71.65 - - [08/Jul/2025:20:56:28 +0700] "GET /items/kaorl174/41222?key=device HTTP/1.1" 404 27 "-" "Mozilla/5.0 (Linux; Android 6.0.1; Nexus 5X Build/MMB29P) AppleWebKit/537.36 (KHTML, like Gecko) Chrome/137.0.7151.103 Mobile Safari/537.36 (compatible; Googlebot/2.1; +http://www.google.com/bot.html)"
54.36.149.19 - - [08/Jul/2025:20:57:17 +0700] "GET /21451116373.htm HTTP/1.1" 404 27 "-" "Mozilla/5.0 (compatible; AhrefsBot/7.0; +http://ahrefs.com/robot/)"
66.249.71.66 - - [08/Jul/2025:20:57:22 +0700] "GET /pages.php?item/u116/28219/ HTTP/1.1" 404 27 "-" "Mozilla/5.0 (Linux; Android 6.0.1; Nexus 5X Build/MMB29P) AppleWebKit/537.36 (KHTML, like Gecko) Chrome/137.0.7151.103 Mobile Safari/537.36 (compatible; Googlebot/2.1; +http://www.google.com/bot.html)"
66.249.71.65 - - [08/Jul/2025:20:57:24 +0700] "GET /items/zgtli63/571?key=scramble HTTP/1.1" 404 27 "-" "Mozilla/5.0 (Linux; Android 6.0.1; Nexus 5X Build/MMB29P) AppleWebKit/537.36 (KHTML, like Gecko) Chrome/137.0.7151.103 Mobile Safari/537.36 (compatible; Googlebot/2.1; +http://www.google.com/bot.html)"
66.249.75.2 - - [08/Jul/2025:20:57:51 +0700] "GET /pages.php?items/233026661.html?srsltid=AfmBOopayqKixGujQbVxNa90FoJWxQcmorlzMp78exus5SO9uqYf HTTP/1.1" 404 27 "-" "Mozilla/5.0 (Linux; Android 6.0.1; Nexus 5X Build/MMB29P) AppleWebKit/537.36 (KHTML, like Gecko) Chrome/137.0.7151.103 Mobile Safari/537.36 (compatible; Googlebot/2.1; +http://www.google.com/bot.html)"
66.249.75.2 - - [08/Jul/2025:20:57:53 +0700] "GET /wp-includes/search.php?item/u118/42596/ HTTP/1.1" 404 27 "-" "Mozilla/5.0 (Linux; Android 6.0.1; Nexus 5X Build/MMB29P) AppleWebKit/537.36 (KHTML, like Gecko) Chrome/137.0.7151.103 Mobile Safari/537.36 (compatible; Googlebot/2.1; +http://www.google.com/bot.html)"
66.249.75.1 - - [08/Jul/2025:20:57:56 +0700] "GET /wp-includes/search.php?slave/intense198/ivzww-22781/ HTTP/1.1" 404 27 "-" "Mozilla/5.0 (Linux; Android 6.0.1; Nexus 5X Build/MMB29P) AppleWebKit/537.36 (KHTML, like Gecko) Chrome/137.0.7151.103 Mobile Safari/537.36 (compatible; Googlebot/2.1; +http://www.google.com/bot.html)"
66.249.71.64 - - [08/Jul/2025:20:57:58 +0700] "GET /pages.php?item/u14/6553/ HTTP/1.1" 404 27 "-" "Mozilla/5.0 (Linux; Android 6.0.1; Nexus 5X Build/MMB29P) AppleWebKit/537.36 (KHTML, like Gecko) Chrome/137.0.7151.103 Mobile Safari/537.36 (compatible; Googlebot/2.1; +http://www.google.com/bot.html)"
66.249.75.2 - - [08/Jul/2025:20:58:25 +0700] "GET /items/eydjt20/9274?key=grain HTTP/1.1" 404 27 "-" "Mozilla/5.0 (Linux; Android 6.0.1; Nexus 5X Build/MMB29P) AppleWebKit/537.36 (KHTML, like Gecko) Chrome/137.0.7151.103 Mobile Safari/537.36 (compatible; Googlebot/2.1; +http://www.google.com/bot.html)"
66.249.75.2 - - [08/Jul/2025:20:58:52 +0700] "GET /pages.php?items/045025107.html?srsltid=AfmBOobznpoMAvWyZABbW2lAPFvVdiFr84r9Uimrx66XimYdzMdq HTTP/1.1" 404 27 "-" "Mozilla/5.0 (Linux; Android 6.0.1; Nexus 5X Build/MMB29P) AppleWebKit/537.36 (KHTML, like Gecko) Chrome/137.0.7151.103 Mobile Safari/537.36 (compatible; Googlebot/2.1; +http://www.google.com/bot.html)"
54.36.148.235 - - [08/Jul/2025:20:59:19 +0700] "GET /73036151718.htm HTTP/1.1" 404 27 "-" "Mozilla/5.0 (compatible; AhrefsBot/7.0; +http://ahrefs.com/robot/)"
66.249.75.1 - - [08/Jul/2025:20:59:19 +0700] "GET /pages.php?items/210005430.html?srsltid=AfmBOouowReiHsHgrmtGAzWTIwvwYkQIN2vIQVtzuK9dNqYr4oPz HTTP/1.1" 404 27 "-" "Mozilla/5.0 (Linux; Android 6.0.1; Nexus 5X Build/MMB29P) AppleWebKit/537.36 (KHTML, like Gecko) Chrome/137.0.7151.103 Mobile Safari/537.36 (compatible; Googlebot/2.1; +http://www.google.com/bot.html)"
66.249.75.2 - - [08/Jul/2025:20:59:21 +0700] "GET /pages.php?item/u216/47739/ HTTP/1.1" 404 27 "-" "Mozilla/5.0 (Linux; Android 6.0.1; Nexus 5X Build/MMB29P) AppleWebKit/537.36 (KHTML, like Gecko) Chrome/137.0.7151.103 Mobile Safari/537.36 (compatible; Googlebot/2.1; +http://www.google.com/bot.html)"
66.249.75.2 - - [08/Jul/2025:20:59:48 +0700] "GET /pages.php?items/012046096.html?srsltid=AfmBOozkyhAotHqWpTJKetjzWOrsLVZCvPYYS57UihyVFMKVq0Od HTTP/1.1" 404 27 "-" "Mozilla/5.0 (Linux; Android 6.0.1; Nexus 5X Build/MMB29P) AppleWebKit/537.36 (KHTML, like Gecko) Chrome/137.0.7151.103 Mobile Safari/537.36 (compatible; Googlebot/2.1; +http://www.google.com/bot.html)"
66.249.71.65 - - [08/Jul/2025:20:59:50 +0700] "GET /items/rvifn39/525?key=proceed HTTP/1.1" 404 27 "-" "Mozilla/5.0 (Linux; Android 6.0.1; Nexus 5X Build/MMB29P) AppleWebKit/537.36 (KHTML, like Gecko) Chrome/137.0.7151.103 Mobile Safari/537.36 (compatible; Googlebot/2.1; +http://www.google.com/bot.html)"
40.77.167.132 - - [08/Jul/2025:21:00:02 +0700] "GET /infos.php?shopdetail/114114043 HTTP/1.1" 404 27 "-" "Mozilla/5.0 AppleWebKit/537.36 (KHTML, like Gecko; compatible; bingbot/2.0; +http://www.bing.com/bingbot.htm) Chrome/116.0.1938.76 Safari/537.36"
66.249.71.64 - - [08/Jul/2025:21:00:17 +0700] "GET /items/zkodk70/30870?key=persuade HTTP/1.1" 404 27 "-" "Mozilla/5.0 (Linux; Android 6.0.1; Nexus 5X Build/MMB29P) AppleWebKit/537.36 (KHTML, like Gecko) Chrome/137.0.7151.103 Mobile Safari/537.36 (compatible; Googlebot/2.1; +http://www.google.com/bot.html)"
66.249.71.64 - - [08/Jul/2025:21:00:44 +0700] "GET /wp-includes/search.php?show/quite179/0w8ln-15660/ HTTP/1.1" 404 27 "-" "Mozilla/5.0 (Linux; Android 6.0.1; Nexus 5X Build/MMB29P) AppleWebKit/537.36 (KHTML, like Gecko) Chrome/137.0.7151.103 Mobile Safari/537.36 (compatible; Googlebot/2.1; +http://www.google.com/bot.html)"
66.249.75.1 - - [08/Jul/2025:21:00:46 +0700] "GET /items/clgdz18/41078?key=refugee HTTP/1.1" 404 27 "-" "Mozilla/5.0 (Linux; Android 6.0.1; Nexus 5X Build/MMB29P) AppleWebKit/537.36 (KHTML, like Gecko) Chrome/137.0.7151.103 Mobile Safari/537.36 (compatible; Googlebot/2.1; +http://www.google.com/bot.html)"
66.249.71.64 - - [08/Jul/2025:21:00:48 +0700] "GET /wp-includes/search.php?grain/occur48/orccm-6665/ HTTP/1.1" 404 27 "-" "Mozilla/5.0 (Linux; Android 6.0.1; Nexus 5X Build/MMB29P) AppleWebKit/537.36 (KHTML, like Gecko) Chrome/137.0.7151.103 Mobile Safari/537.36 (compatible; Googlebot/2.1; +http://www.google.com/bot.html)"
66.249.71.65 - - [08/Jul/2025:21:01:15 +0700] "GET /items/jpzgp186/43518?key=ever HTTP/1.1" 404 27 "-" "Mozilla/5.0 (Linux; Android 6.0.1; Nexus 5X Build/MMB29P) AppleWebKit/537.36 (KHTML, like Gecko) Chrome/137.0.7151.103 Mobile Safari/537.36 (compatible; Googlebot/2.1; +http://www.google.com/bot.html)"
66.249.75.2 - - [08/Jul/2025:21:01:17 +0700] "GET /wp-includes/search.php?swim/cabinet35/u9l7f-12266/ HTTP/1.1" 404 27 "-" "Mozilla/5.0 (Linux; Android 6.0.1; Nexus 5X Build/MMB29P) AppleWebKit/537.36 (KHTML, like Gecko) Chrome/137.0.7151.103 Mobile Safari/537.36 (compatible; Googlebot/2.1; +http://www.google.com/bot.html)"
54.36.148.96 - - [08/Jul/2025:21:01:19 +0700] "GET /73036118781.htm HTTP/1.1" 404 27 "-" "Mozilla/5.0 (compatible; AhrefsBot/7.0; +http://ahrefs.com/robot/)"
66.249.71.65 - - [08/Jul/2025:21:01:31 +0700] "GET /pages.php?item/u80/10165/ HTTP/1.1" 404 27 "-" "Mozilla/5.0 (Linux; Android 6.0.1; Nexus 5X Build/MMB29P) AppleWebKit/537.36 (KHTML, like Gecko) Chrome/137.0.7151.103 Mobile Safari/537.36 (compatible; Googlebot/2.1; +http://www.google.com/bot.html)"
66.249.75.1 - - [08/Jul/2025:21:01:53 +0700] "GET /pages.php?item/u67/18136/ HTTP/1.1" 404 27 "-" "Mozilla/5.0 (Linux; Android 6.0.1; Nexus 5X Build/MMB29P) AppleWebKit/537.36 (KHTML, like Gecko) Chrome/137.0.7151.103 Mobile Safari/537.36 (compatible; Googlebot/2.1; +http://www.google.com/bot.html)"
204.12.252.98 - - [08/Jul/2025:21:02:19 +0700] "GET /wp-includes/install.php HTTP/1.1" 404 27 "https://bliteexpo.com/wp-includes/install.php" "Mozilla/5.0 (Windows NT 10.0; Win64; x64) AppleWebKit/537.36 (KHTML, like Gecko) Chrome/58.0.3029.110 Safari/537.3"
66.249.71.65 - - [08/Jul/2025:21:02:24 +0700] "GET /shopdetail/112989943 HTTP/1.1" 404 27 "-" "Mozilla/5.0 (Linux; Android 6.0.1; Nexus 5X Build/MMB29P) AppleWebKit/537.36 (KHTML, like Gecko) Chrome/137.0.7151.103 Mobile Safari/537.36 (compatible; Googlebot/2.1; +http://www.google.com/bot.html)"
66.249.71.64 - - [08/Jul/2025:21:02:56 +0700] "GET /shopdetail/428262143 HTTP/1.1" 404 27 "-" "Mozilla/5.0 (Linux; Android 6.0.1; Nexus 5X Build/MMB29P) AppleWebKit/537.36 (KHTML, like Gecko) Chrome/137.0.7151.103 Mobile Safari/537.36 (compatible; Googlebot/2.1; +http://www.google.com/bot.html)"
54.36.148.121 - - [08/Jul/2025:21:03:26 +0700] "GET /8625323371.htm HTTP/1.1" 404 27 "-" "Mozilla/5.0 (compatible; AhrefsBot/7.0; +http://ahrefs.com/robot/)"
66.249.75.1 - - [08/Jul/2025:21:03:27 +0700] "GET /items/eqlfo169/36769?key=bicycle HTTP/1.1" 404 27 "-" "Mozilla/5.0 (Linux; Android 6.0.1; Nexus 5X Build/MMB29P) AppleWebKit/537.36 (KHTML, like Gecko) Chrome/137.0.7151.103 Mobile Safari/537.36 (compatible; Googlebot/2.1; +http://www.google.com/bot.html)"
66.249.75.1 - - [08/Jul/2025:21:04:13 +0700] "GET /pages.php?item/u272/43383/ HTTP/1.1" 404 27 "-" "Mozilla/5.0 (Linux; Android 6.0.1; Nexus 5X Build/MMB29P) AppleWebKit/537.36 (KHTML, like Gecko) Chrome/137.0.7151.103 Mobile Safari/537.36 (compatible; Googlebot/2.1; +http://www.google.com/bot.html)"
66.249.75.1 - - [08/Jul/2025:21:04:40 +0700] "GET /pages.php?item/u34/9999/ HTTP/1.1" 404 27 "-" "Mozilla/5.0 (Linux; Android 6.0.1; Nexus 5X Build/MMB29P) AppleWebKit/537.36 (KHTML, like Gecko) Chrome/137.0.7151.103 Mobile Safari/537.36 (compatible; Googlebot/2.1; +http://www.google.com/bot.html)"
66.249.75.1 - - [08/Jul/2025:21:05:07 +0700] "GET /pages.php?item/u257/43658/ HTTP/1.1" 404 27 "-" "Mozilla/5.0 (Linux; Android 6.0.1; Nexus 5X Build/MMB29P) AppleWebKit/537.36 (KHTML, like Gecko) Chrome/137.0.7151.103 Mobile Safari/537.36 (compatible; Googlebot/2.1; +http://www.google.com/bot.html)"
66.249.71.64 - - [08/Jul/2025:21:05:09 +0700] "GET /items/zrybu38/7656?key=wash HTTP/1.1" 404 27 "-" "Mozilla/5.0 (Linux; Android 6.0.1; Nexus 5X Build/MMB29P) AppleWebKit/537.36 (KHTML, like Gecko) Chrome/137.0.7151.103 Mobile Safari/537.36 (compatible; Googlebot/2.1; +http://www.google.com/bot.html)"
54.36.148.132 - - [08/Jul/2025:21:05:28 +0700] "GET /11050123625.htm HTTP/1.1" 404 27 "-" "Mozilla/5.0 (compatible; AhrefsBot/7.0; +http://ahrefs.com/robot/)"
66.249.75.1 - - [08/Jul/2025:21:05:32 +0700] "GET /pages.php?item/u77/2870/ HTTP/1.1" 404 27 "-" "Mozilla/5.0 (Linux; Android 6.0.1; Nexus 5X Build/MMB29P) AppleWebKit/537.36 (KHTML, like Gecko) Chrome/137.0.7151.103 Mobile Safari/537.36 (compatible; Googlebot/2.1; +http://www.google.com/bot.html)"
66.249.75.2 - - [08/Jul/2025:21:06:04 +0700] "GET /?_gl=1*s6cqrzf*_ga*UjepXNXbSyxnuDnLqMPMCxwOKuIC*_ga_PCLQBSERZ*VMnDjNYdpGJAKbPlUQO3lV1K4e7BNFk66XmBC15XD36ipfcJ0atzaXy.*_gcl_au=1.1.191065206.179434258*_gcl_aw=ZCN.179491380.dUrD1akADon11yLnS4RrsKsfEvkZfnT2whxW9OL4GzljbNoXQEDwIlA1iy2t3nsVnR1UdEWjr34w9uas7eGkR9Cz8F..&_gz=2.195814685.195558432.179284825-865810682.163453303&_bdsid=g8ali8.n~PSOKX.175925534.178969609&_bd_prev_page=https://bliteexpo.com/spark.php?crush/careful169/6x4op-3250/ HTTP/1.1" 404 27 "-" "Mozilla/5.0 (Linux; Android 6.0.1; Nexus 5X Build/MMB29P) AppleWebKit/537.36 (KHTML, like Gecko) Chrome/137.0.7151.103 Mobile Safari/537.36 (compatible; Googlebot/2.1; +http://www.google.com/bot.html)"
66.249.75.1 - - [08/Jul/2025:21:06:35 +0700] "GET /shopdetail/491748043 HTTP/1.1" 404 27 "-" "Mozilla/5.0 (Linux; Android 6.0.1; Nexus 5X Build/MMB29P) AppleWebKit/537.36 (KHTML, like Gecko) Chrome/137.0.7151.103 Mobile Safari/537.36 (compatible; Googlebot/2.1; +http://www.google.com/bot.html)"
66.249.71.66 - - [08/Jul/2025:21:07:06 +0700] "GET /items/baftk285/38429?key=infection HTTP/1.1" 404 27 "-" "Mozilla/5.0 (Linux; Android 6.0.1; Nexus 5X Build/MMB29P) AppleWebKit/537.36 (KHTML, like Gecko) Chrome/137.0.7151.103 Mobile Safari/537.36 (compatible; Googlebot/2.1; +http://www.google.com/bot.html)"
54.36.148.31 - - [08/Jul/2025:21:07:27 +0700] "GET /1105092178.htm HTTP/1.1" 404 27 "-" "Mozilla/5.0 (compatible; AhrefsBot/7.0; +http://ahrefs.com/robot/)"
66.249.75.2 - - [08/Jul/2025:21:07:48 +0700] "GET /wp-includes/search.php?item/u182/42368/ HTTP/1.1" 404 27 "-" "Mozilla/5.0 (Linux; Android 6.0.1; Nexus 5X Build/MMB29P) AppleWebKit/537.36 (KHTML, like Gecko) Chrome/137.0.7151.103 Mobile Safari/537.36 (compatible; Googlebot/2.1; +http://www.google.com/bot.html)"
66.249.71.64 - - [08/Jul/2025:21:08:15 +0700] "GET /?_gl=1*s6cqrzf*_ga*UjepXNXbSyxnuDnLqMPMCxwOKuIC*_ga_PCLQBSERZ*VMnDjNYdpGJAKbPlUQO3lV1K4e7BNFk66XmBC15XD36ipfcJ0atzaXy.*_gcl_au=1.1.191065206.179434258*_gcl_aw=ZCN.179491380.dUrD1akADon11yLnS4RrsKsfEvkZfnT2whxW9OL4GzljbNoXQEDwIlA1iy2t3nsVnR1UdEWjr34w9uas7eGkR9Cz8F..&_gz=2.195814685.195558432.179284825-865810682.163453303&_bdsid=g8ali8.n~PSOKX.175925534.178969609&_bd_prev_page=https://bliteexpo.com/spark.php?officially/rest25/7h7ll-14276/ HTTP/1.1" 404 27 "-" "Mozilla/5.0 (Linux; Android 6.0.1; Nexus 5X Build/MMB29P) AppleWebKit/537.36 (KHTML, like Gecko) Chrome/137.0.7151.103 Mobile Safari/537.36 (compatible; Googlebot/2.1; +http://www.google.com/bot.html)"
66.249.75.1 - - [08/Jul/2025:21:08:43 +0700] "GET /items/locwu63/30611?key=call HTTP/1.1" 404 27 "-" "Mozilla/5.0 (Linux; Android 6.0.1; Nexus 5X Build/MMB29P) AppleWebKit/537.36 (KHTML, like Gecko) Chrome/137.0.7151.103 Mobile Safari/537.36 (compatible; Googlebot/2.1; +http://www.google.com/bot.html)"
54.36.148.146 - - [08/Jul/2025:21:09:28 +0700] "GET /7303697073.htm HTTP/1.1" 404 27 "-" "Mozilla/5.0 (compatible; AhrefsBot/7.0; +http://ahrefs.com/robot/)"
66.249.71.65 - - [08/Jul/2025:21:09:36 +0700] "GET /wp-includes/search.php?item/u206/14122/ HTTP/1.1" 404 27 "-" "Mozilla/5.0 (Linux; Android 6.0.1; Nexus 5X Build/MMB29P) AppleWebKit/537.36 (KHTML, like Gecko) Chrome/137.0.7151.103 Mobile Safari/537.36 (compatible; Googlebot/2.1; +http://www.google.com/bot.html)"
66.249.75.2 - - [08/Jul/2025:21:09:38 +0700] "GET /wp-includes/search.php?latter/aspect104/y9ome-16631/ HTTP/1.1" 404 27 "-" "Mozilla/5.0 (Linux; Android 6.0.1; Nexus 5X Build/MMB29P) AppleWebKit/537.36 (KHTML, like Gecko) Chrome/137.0.7151.103 Mobile Safari/537.36 (compatible; Googlebot/2.1; +http://www.google.com/bot.html)"
66.249.75.1 - - [08/Jul/2025:21:09:52 +0700] "GET /wp-includes/search.php?item/u83/8911/ HTTP/1.1" 404 27 "-" "Mozilla/5.0 (Linux; Android 6.0.1; Nexus 5X Build/MMB29P) AppleWebKit/537.36 (KHTML, like Gecko) Chrome/137.0.7151.103 Mobile Safari/537.36 (compatible; Googlebot/2.1; +http://www.google.com/bot.html)"
66.249.75.1 - - [08/Jul/2025:21:10:14 +0700] "GET /wp-includes/search.php?item/u205/10095/ HTTP/1.1" 404 27 "-" "Mozilla/5.0 (Linux; Android 6.0.1; Nexus 5X Build/MMB29P) AppleWebKit/537.36 (KHTML, like Gecko) Chrome/137.0.7151.103 Mobile Safari/537.36 (compatible; Googlebot/2.1; +http://www.google.com/bot.html)"
66.249.75.1 - - [08/Jul/2025:21:10:45 +0700] "GET /items/shekm90/29610?key=attractive HTTP/1.1" 404 27 "-" "Mozilla/5.0 (Linux; Android 6.0.1; Nexus 5X Build/MMB29P) AppleWebKit/537.36 (KHTML, like Gecko) Chrome/137.0.7151.103 Mobile Safari/537.36 (compatible; Googlebot/2.1; +http://www.google.com/bot.html)"
66.249.75.1 - - [08/Jul/2025:21:11:16 +0700] "GET /wp-includes/search.php?item/u300/3562/ HTTP/1.1" 404 27 "-" "Mozilla/5.0 (Linux; Android 6.0.1; Nexus 5X Build/MMB29P) AppleWebKit/537.36 (KHTML, like Gecko) Chrome/137.0.7151.103 Mobile Safari/537.36 (compatible; Googlebot/2.1; +http://www.google.com/bot.html)"
204.12.252.98 - - [08/Jul/2025:21:11:21 +0700] "GET /wp-includes/install.php HTTP/1.1" 404 27 "https://bliteexpo.com/wp-includes/install.php" "Mozilla/5.0 (Windows NT 10.0; Win64; x64) AppleWebKit/537.36 (KHTML, like Gecko) Chrome/58.0.3029.110 Safari/537.3"
66.249.75.1 - - [08/Jul/2025:21:11:48 +0700] "GET /infos.php?shopdetail/443549343 HTTP/1.1" 404 27 "-" "Mozilla/5.0 (Linux; Android 6.0.1; Nexus 5X Build/MMB29P) AppleWebKit/537.36 (KHTML, like Gecko) Chrome/137.0.7151.103 Mobile Safari/537.36 (compatible; Googlebot/2.1; +http://www.google.com/bot.html)"
66.249.71.65 - - [08/Jul/2025:21:12:19 +0700] "GET /wp-includes/search.php?item/u128/25836/ HTTP/1.1" 404 27 "-" "Mozilla/5.0 (Linux; Android 6.0.1; Nexus 5X Build/MMB29P) AppleWebKit/537.36 (KHTML, like Gecko) Chrome/137.0.7151.103 Mobile Safari/537.36 (compatible; Googlebot/2.1; +http://www.google.com/bot.html)"
204.12.252.98 - - [08/Jul/2025:21:12:45 +0700] "GET /wp-includes/install.php HTTP/1.1" 404 27 "https://bliteexpo.com/wp-includes/install.php" "Mozilla/5.0 (Windows NT 10.0; Win64; x64) AppleWebKit/537.36 (KHTML, like Gecko) Chrome/58.0.3029.110 Safari/537.3"
66.249.75.1 - - [08/Jul/2025:21:12:50 +0700] "GET /wp-includes/search.php?item/u255/9879/ HTTP/1.1" 404 27 "-" "Mozilla/5.0 (Linux; Android 6.0.1; Nexus 5X Build/MMB29P) AppleWebKit/537.36 (KHTML, like Gecko) Chrome/137.0.7151.103 Mobile Safari/537.36 (compatible; Googlebot/2.1; +http://www.google.com/bot.html)"
40.77.167.33 - - [08/Jul/2025:21:13:15 +0700] "GET /infos.php/product/edit/91655520 HTTP/1.1" 404 27 "-" "Mozilla/5.0 AppleWebKit/537.36 (KHTML, like Gecko; compatible; bingbot/2.0; +http://www.bing.com/bingbot.htm) Chrome/116.0.1938.76 Safari/537.36"
66.249.75.1 - - [08/Jul/2025:21:13:22 +0700] "GET /pages.php?item/u191/88/ HTTP/1.1" 404 27 "-" "Mozilla/5.0 (Linux; Android 6.0.1; Nexus 5X Build/MMB29P) AppleWebKit/537.36 (KHTML, like Gecko) Chrome/137.0.7151.103 Mobile Safari/537.36 (compatible; Googlebot/2.1; +http://www.google.com/bot.html)"
54.36.148.3 - - [08/Jul/2025:21:13:25 +0700] "GET /45989111734.htm HTTP/1.1" 404 27 "-" "Mozilla/5.0 (compatible; AhrefsBot/7.0; +http://ahrefs.com/robot/)"
66.249.75.2 - - [08/Jul/2025:21:13:53 +0700] "GET /pages.php?item/u142/39533/ HTTP/1.1" 404 27 "-" "Mozilla/5.0 (Linux; Android 6.0.1; Nexus 5X Build/MMB29P) AppleWebKit/537.36 (KHTML, like Gecko) Chrome/137.0.7151.103 Mobile Safari/537.36 (compatible; Googlebot/2.1; +http://www.google.com/bot.html)"
66.249.75.1 - - [08/Jul/2025:21:14:24 +0700] "GET /pages.php?item/u218/37991/ HTTP/1.1" 404 27 "-" "Mozilla/5.0 (Linux; Android 6.0.1; Nexus 5X Build/MMB29P) AppleWebKit/537.36 (KHTML, like Gecko) Chrome/137.0.7151.103 Mobile Safari/537.36 (compatible; Googlebot/2.1; +http://www.google.com/bot.html)"
66.249.75.2 - - [08/Jul/2025:21:14:56 +0700] "GET /citem/1027463 HTTP/1.1" 404 27 "-" "Mozilla/5.0 (Linux; Android 6.0.1; Nexus 5X Build/MMB29P) AppleWebKit/537.36 (KHTML, like Gecko) Chrome/137.0.7151.103 Mobile Safari/537.36 (compatible; Googlebot/2.1; +http://www.google.com/bot.html)"
54.36.148.171 - - [08/Jul/2025:21:15:26 +0700] "GET /8625321895.htm HTTP/1.1" 404 27 "-" "Mozilla/5.0 (compatible; AhrefsBot/7.0; +http://ahrefs.com/robot/)"
66.249.75.1 - - [08/Jul/2025:21:15:27 +0700] "GET /infos.php?shopdetail/224545043 HTTP/1.1" 404 27 "-" "Mozilla/5.0 (Linux; Android 6.0.1; Nexus 5X Build/MMB29P) AppleWebKit/537.36 (KHTML, like Gecko) Chrome/137.0.7151.103 Mobile Safari/537.36 (compatible; Googlebot/2.1; +http://www.google.com/bot.html)"
66.249.75.2 - - [08/Jul/2025:21:15:58 +0700] "GET /shopdetail/20726643 HTTP/1.1" 404 27 "-" "Mozilla/5.0 (Linux; Android 6.0.1; Nexus 5X Build/MMB29P) AppleWebKit/537.36 (KHTML, like Gecko) Chrome/137.0.7151.103 Mobile Safari/537.36 (compatible; Googlebot/2.1; +http://www.google.com/bot.html)"
66.249.75.3 - - [08/Jul/2025:21:16:30 +0700] "GET /shopdetail/33035043 HTTP/1.1" 404 27 "-" "Mozilla/5.0 (Linux; Android 6.0.1; Nexus 5X Build/MMB29P) AppleWebKit/537.36 (KHTML, like Gecko) Chrome/137.0.7151.103 Mobile Safari/537.36 (compatible; Googlebot/2.1; +http://www.google.com/bot.html)"
192.178.6.64 - - [08/Jul/2025:21:17:01 +0700] "GET /shopdetail/157264543 HTTP/1.1" 404 27 "-" "Mozilla/5.0 (Linux; Android 6.0.1; Nexus 5X Build/MMB29P) AppleWebKit/537.36 (KHTML, like Gecko) Chrome/137.0.7151.103 Mobile Safari/537.36 (compatible; Googlebot/2.1; +http://www.google.com/bot.html)"
54.36.148.25 - - [08/Jul/2025:21:17:31 +0700] "GET /19769106142.htm HTTP/1.1" 404 27 "-" "Mozilla/5.0 (compatible; AhrefsBot/7.0; +http://ahrefs.com/robot/)"
192.178.6.73 - - [08/Jul/2025:21:17:33 +0700] "GET /wp-includes/search.php?item/u102/39490/ HTTP/1.1" 404 27 "-" "Mozilla/5.0 (Linux; Android 6.0.1; Nexus 5X Build/MMB29P) AppleWebKit/537.36 (KHTML, like Gecko) Chrome/137.0.7151.103 Mobile Safari/537.36 (compatible; Googlebot/2.1; +http://www.google.com/bot.html)"
66.249.71.64 - - [08/Jul/2025:21:18:04 +0700] "GET /shopdetail/118914343 HTTP/1.1" 404 27 "-" "Mozilla/5.0 (Linux; Android 6.0.1; Nexus 5X Build/MMB29P) AppleWebKit/537.36 (KHTML, like Gecko) Chrome/137.0.7151.103 Mobile Safari/537.36 (compatible; Googlebot/2.1; +http://www.google.com/bot.html)"
192.178.6.72 - - [08/Jul/2025:21:18:35 +0700] "GET /pages.php?item/u102/25599/ HTTP/1.1" 404 27 "-" "Mozilla/5.0 (Linux; Android 6.0.1; Nexus 5X Build/MMB29P) AppleWebKit/537.36 (KHTML, like Gecko) Chrome/137.0.7151.103 Mobile Safari/537.36 (compatible; Googlebot/2.1; +http://www.google.com/bot.html)"
192.178.6.73 - - [08/Jul/2025:21:19:07 +0700] "GET /29631564779.html HTTP/1.1" 404 27 "-" "Mozilla/5.0 (Linux; Android 6.0.1; Nexus 5X Build/MMB29P) AppleWebKit/537.36 (KHTML, like Gecko) Chrome/137.0.7151.103 Mobile Safari/537.36 (compatible; Googlebot/2.1; +http://www.google.com/bot.html)"
54.36.148.167 - - [08/Jul/2025:21:19:23 +0700] "GET /7303694269.htm HTTP/1.1" 404 27 "-" "Mozilla/5.0 (compatible; AhrefsBot/7.0; +http://ahrefs.com/robot/)"
66.249.71.64 - - [08/Jul/2025:21:19:37 +0700] "GET /items/syjwj218/49550?key=major HTTP/1.1" 404 27 "-" "Mozilla/5.0 (Linux; Android 6.0.1; Nexus 5X Build/MMB29P) AppleWebKit/537.36 (KHTML, like Gecko) Chrome/137.0.7151.103 Mobile Safari/537.36 (compatible; Googlebot/2.1; +http://www.google.com/bot.html)"
192.178.6.73 - - [08/Jul/2025:21:20:09 +0700] "GET /pages.php?item/u34/6215/ HTTP/1.1" 404 27 "-" "Mozilla/5.0 (Linux; Android 6.0.1; Nexus 5X Build/MMB29P) AppleWebKit/537.36 (KHTML, like Gecko) Chrome/137.0.7151.103 Mobile Safari/537.36 (compatible; Googlebot/2.1; +http://www.google.com/bot.html)"
192.178.6.73 - - [08/Jul/2025:21:20:16 +0700] "GET /wp-includes/search.php?favorite/meet164/kdlna-44471/ HTTP/1.1" 404 27 "-" "Mozilla/5.0 (Linux; Android 6.0.1; Nexus 5X Build/MMB29P) AppleWebKit/537.36 (KHTML, like Gecko) Chrome/137.0.7151.103 Mobile Safari/537.36 (compatible; Googlebot/2.1; +http://www.google.com/bot.html)"
