66.249.75.1 - - [08/Jul/2025:03:17:27 +0700] "GET /infos.php?shopdetail/206630443 HTTP/1.1" 404 27 "-" "Mozilla/5.0 (Linux; Android 6.0.1; Nexus 5X Build/MMB29P) AppleWebKit/537.36 (KHTML, like Gecko) Chrome/137.0.7151.103 Mobile Safari/537.36 (compatible; Googlebot/2.1; +http://www.google.com/bot.html)"
66.249.71.66 - - [08/Jul/2025:03:18:06 +0700] "GET /items/johyc176/29964?key=willingness HTTP/1.1" 404 27 "-" "Mozilla/5.0 (compatible; Googlebot/2.1; +http://www.google.com/bot.html)"
66.249.75.3 - - [08/Jul/2025:03:18:09 +0700] "GET /wp-includes/search.php?item/u12/22624/ HTTP/1.1" 404 27 "-" "Mozilla/5.0 (Linux; Android 6.0.1; Nexus 5X Build/MMB29P) AppleWebKit/537.36 (KHTML, like Gecko) Chrome/137.0.7151.103 Mobile Safari/537.36 (compatible; Googlebot/2.1; +http://www.google.com/bot.html)"
66.249.75.2 - - [08/Jul/2025:03:18:44 +0700] "GET /296052341.html HTTP/1.1" 404 27 "-" "Mozilla/5.0 (Linux; Android 6.0.1; Nexus 5X Build/MMB29P) AppleWebKit/537.36 (KHTML, like Gecko) Chrome/137.0.7151.103 Mobile Safari/537.36 (compatible; Googlebot/2.1; +http://www.google.com/bot.html)"
66.249.75.1 - - [08/Jul/2025:03:19:20 +0700] "GET /infos.php?shopdetail/413376643 HTTP/1.1" 404 27 "-" "Mozilla/5.0 (Linux; Android 6.0.1; Nexus 5X Build/MMB29P) AppleWebKit/537.36 (KHTML, like Gecko) Chrome/137.0.7151.103 Mobile Safari/537.36 (compatible; Googlebot/2.1; +http://www.google.com/bot.html)"
66.249.75.2 - - [08/Jul/2025:03:19:44 +0700] "GET /infos.php?shopdetail/151723443 HTTP/1.1" 404 27 "-" "Mozilla/5.0 (Linux; Android 6.0.1; Nexus 5X Build/MMB29P) AppleWebKit/537.36 (KHTML, like Gecko) Chrome/137.0.7151.103 Mobile Safari/537.36 (compatible; Googlebot/2.1; +http://www.google.com/bot.html)"
69.197.182.50 - - [08/Jul/2025:03:19:46 +0700] "GET /wp-includes/install.php HTTP/1.1" 404 27 "https://bliteexpo.com/wp-includes/install.php" "Mozilla/5.0 (Windows NT 10.0; Win64; x64) AppleWebKit/537.36 (KHTML, like Gecko) Chrome/58.0.3029.110 Safari/537.3"
66.249.71.64 - - [08/Jul/2025:03:20:26 +0700] "GET /infos.php?shopdetail/97550343 HTTP/1.1" 404 27 "-" "Mozilla/5.0 (Linux; Android 6.0.1; Nexus 5X Build/MMB29P) AppleWebKit/537.36 (KHTML, like Gecko) Chrome/137.0.7151.103 Mobile Safari/537.36 (compatible; Googlebot/2.1; +http://www.google.com/bot.html)"
66.249.71.66 - - [08/Jul/2025:03:21:07 +0700] "GET /infos.php?shopdetail/445932843 HTTP/1.1" 404 27 "-" "Mozilla/5.0 (Linux; Android 6.0.1; Nexus 5X Build/MMB29P) AppleWebKit/537.36 (KHTML, like Gecko) Chrome/137.0.7151.103 Mobile Safari/537.36 (compatible; Googlebot/2.1; +http://www.google.com/bot.html)"
66.249.75.1 - - [08/Jul/2025:03:21:49 +0700] "GET /pages.php?item/u226/30137/ HTTP/1.1" 404 27 "-" "Mozilla/5.0 (Linux; Android 6.0.1; Nexus 5X Build/MMB29P) AppleWebKit/537.36 (KHTML, like Gecko) Chrome/137.0.7151.103 Mobile Safari/537.36 (compatible; Googlebot/2.1; +http://www.google.com/bot.html)"
66.249.75.3 - - [08/Jul/2025:03:23:00 +0700] "GET /items/iotxr100/22804?key=editor HTTP/1.1" 404 27 "-" "Mozilla/5.0 (Linux; Android 6.0.1; Nexus 5X Build/MMB29P) AppleWebKit/537.36 (KHTML, like Gecko) Chrome/137.0.7151.103 Mobile Safari/537.36 (compatible; Googlebot/2.1; +http://www.google.com/bot.html)"
66.249.75.2 - - [08/Jul/2025:03:23:36 +0700] "GET /pages.php?items/029016657.html?srsltid=AfmBOopctAufnnxKuXBoSYb8HuuvDYGPKBK7y5dh5RapA4uaWr21 HTTP/1.1" 404 27 "-" "Mozilla/5.0 (Linux; Android 6.0.1; Nexus 5X Build/MMB29P) AppleWebKit/537.36 (KHTML, like Gecko) Chrome/137.0.7151.103 Mobile Safari/537.36 (compatible; Googlebot/2.1; +http://www.google.com/bot.html)"
66.249.71.65 - - [08/Jul/2025:03:24:11 +0700] "GET /infos.php?shopdetail/154626743 HTTP/1.1" 404 27 "-" "Mozilla/5.0 (Linux; Android 6.0.1; Nexus 5X Build/MMB29P) AppleWebKit/537.36 (KHTML, like Gecko) Chrome/137.0.7151.103 Mobile Safari/537.36 (compatible; Googlebot/2.1; +http://www.google.com/bot.html)"
204.12.252.98 - - [08/Jul/2025:03:24:30 +0700] "GET /wp-includes/install.php HTTP/1.1" 404 27 "https://bliteexpo.com/wp-includes/install.php" "Mozilla/5.0 (Windows NT 10.0; Win64; x64) AppleWebKit/537.36 (KHTML, like Gecko) Chrome/58.0.3029.110 Safari/537.3"
66.249.71.65 - - [08/Jul/2025:03:24:47 +0700] "GET /infos.php?shopdetail/329501343 HTTP/1.1" 404 27 "-" "Mozilla/5.0 (Linux; Android 6.0.1; Nexus 5X Build/MMB29P) AppleWebKit/537.36 (KHTML, like Gecko) Chrome/137.0.7151.103 Mobile Safari/537.36 (compatible; Googlebot/2.1; +http://www.google.com/bot.html)"
66.249.75.2 - - [08/Jul/2025:03:24:50 +0700] "GET /infos.php?shopdetail/370837843 HTTP/1.1" 404 27 "-" "Mozilla/5.0 (Linux; Android 6.0.1; Nexus 5X Build/MMB29P) AppleWebKit/537.36 (KHTML, like Gecko) Chrome/137.0.7151.103 Mobile Safari/537.36 (compatible; Googlebot/2.1; +http://www.google.com/bot.html)"
66.249.75.2 - - [08/Jul/2025:03:25:52 +0700] "GET /infos.php?shopdetail/175727443 HTTP/1.1" 404 27 "-" "Mozilla/5.0 (Linux; Android 6.0.1; Nexus 5X Build/MMB29P) AppleWebKit/537.36 (KHTML, like Gecko) Chrome/137.0.7151.103 Mobile Safari/537.36 (compatible; Googlebot/2.1; +http://www.google.com/bot.html)"
51.222.253.18 - - [08/Jul/2025:03:26:18 +0700] "GET /33884138401.htm HTTP/1.1" 404 27 "-" "Mozilla/5.0 (compatible; AhrefsBot/7.0; +http://ahrefs.com/robot/)"
66.249.75.3 - - [08/Jul/2025:03:26:41 +0700] "GET /infos.php?shopdetail/238559443 HTTP/1.1" 404 27 "-" "Mozilla/5.0 (Linux; Android 6.0.1; Nexus 5X Build/MMB29P) AppleWebKit/537.36 (KHTML, like Gecko) Chrome/137.0.7151.103 Mobile Safari/537.36 (compatible; Googlebot/2.1; +http://www.google.com/bot.html)"
66.249.75.1 - - [08/Jul/2025:03:26:43 +0700] "GET /wp-includes/search.php?organize/male169/scetn-31888/ HTTP/1.1" 404 27 "-" "Mozilla/5.0 (Linux; Android 6.0.1; Nexus 5X Build/MMB29P) AppleWebKit/537.36 (KHTML, like Gecko) Chrome/137.0.7151.103 Mobile Safari/537.36 (compatible; Googlebot/2.1; +http://www.google.com/bot.html)"
66.249.71.64 - - [08/Jul/2025:03:28:01 +0700] "GET /items/ixfds54/5544?key=retreat HTTP/1.1" 404 27 "-" "Mozilla/5.0 (Linux; Android 6.0.1; Nexus 5X Build/MMB29P) AppleWebKit/537.36 (KHTML, like Gecko) Chrome/137.0.7151.103 Mobile Safari/537.36 (compatible; Googlebot/2.1; +http://www.google.com/bot.html)"
69.197.135.226 - - [08/Jul/2025:03:28:15 +0700] "GET /wp-includes/install.php HTTP/1.1" 404 27 "https://bliteexpo.com/wp-includes/install.php" "Mozilla/5.0 (Windows NT 10.0; Win64; x64) AppleWebKit/537.36 (KHTML, like Gecko) Chrome/58.0.3029.110 Safari/537.3"
66.249.75.2 - - [08/Jul/2025:03:28:36 +0700] "GET /items/tkmmw152/44812?key=confusion HTTP/1.1" 404 27 "-" "Mozilla/5.0 (Linux; Android 6.0.1; Nexus 5X Build/MMB29P) AppleWebKit/537.36 (KHTML, like Gecko) Chrome/137.0.7151.103 Mobile Safari/537.36 (compatible; Googlebot/2.1; +http://www.google.com/bot.html)"
66.249.71.65 - - [08/Jul/2025:03:29:12 +0700] "GET /infos.php?shopdetail/392141643 HTTP/1.1" 404 27 "-" "Mozilla/5.0 (Linux; Android 6.0.1; Nexus 5X Build/MMB29P) AppleWebKit/537.36 (KHTML, like Gecko) Chrome/137.0.7151.103 Mobile Safari/537.36 (compatible; Googlebot/2.1; +http://www.google.com/bot.html)"
66.249.75.1 - - [08/Jul/2025:03:29:48 +0700] "GET /infos.php?shopdetail/375967743 HTTP/1.1" 404 27 "-" "Mozilla/5.0 (Linux; Android 6.0.1; Nexus 5X Build/MMB29P) AppleWebKit/537.36 (KHTML, like Gecko) Chrome/137.0.7151.103 Mobile Safari/537.36 (compatible; Googlebot/2.1; +http://www.google.com/bot.html)"
66.249.75.3 - - [08/Jul/2025:03:30:34 +0700] "GET /infos.php?shopdetail/158277543 HTTP/1.1" 404 27 "-" "Mozilla/5.0 (Linux; Android 6.0.1; Nexus 5X Build/MMB29P) AppleWebKit/537.36 (KHTML, like Gecko) Chrome/137.0.7151.103 Mobile Safari/537.36 (compatible; Googlebot/2.1; +http://www.google.com/bot.html)"
66.249.75.1 - - [08/Jul/2025:03:30:44 +0700] "GET /infos.php?_gl=1*rgknbr*_ga*MzY3MjE1MDcwLjE3MzcwOTUyMjA.*_ga_0VKVKKN4NV*MTczNzEwMjM4NC4yLjEuMTczNzEwMjQ1My42MC4wLjA.&_bd_prev_page=https://bliteexpo.com/infos.php/detail.php HTTP/1.1" 404 27 "-" "Mozilla/5.0 (Linux; Android 6.0.1; Nexus 5X Build/MMB29P) AppleWebKit/537.36 (KHTML, like Gecko) Chrome/137.0.7151.103 Mobile Safari/537.36 (compatible; Googlebot/2.1; +http://www.google.com/bot.html)"
66.249.75.3 - - [08/Jul/2025:03:31:05 +0700] "GET /infos.php?shopdetail/93501443 HTTP/1.1" 404 27 "-" "Mozilla/5.0 (Linux; Android 6.0.1; Nexus 5X Build/MMB29P) AppleWebKit/537.36 (KHTML, like Gecko) Chrome/137.0.7151.103 Mobile Safari/537.36 (compatible; Googlebot/2.1; +http://www.google.com/bot.html)"
66.249.71.64 - - [08/Jul/2025:03:31:30 +0700] "GET /infos.php?shopdetail/263861143 HTTP/1.1" 404 27 "-" "Mozilla/5.0 (Linux; Android 6.0.1; Nexus 5X Build/MMB29P) AppleWebKit/537.36 (KHTML, like Gecko) Chrome/137.0.7151.103 Mobile Safari/537.36 (compatible; Googlebot/2.1; +http://www.google.com/bot.html)"
66.249.75.3 - - [08/Jul/2025:03:32:12 +0700] "GET /infos.php?shopdetail/190921943 HTTP/1.1" 404 27 "-" "Mozilla/5.0 (Linux; Android 6.0.1; Nexus 5X Build/MMB29P) AppleWebKit/537.36 (KHTML, like Gecko) Chrome/137.0.7151.103 Mobile Safari/537.36 (compatible; Googlebot/2.1; +http://www.google.com/bot.html)"
69.197.182.50 - - [08/Jul/2025:03:32:30 +0700] "GET /wp-includes/install.php HTTP/1.1" 404 27 "https://bliteexpo.com/wp-includes/install.php" "Mozilla/5.0 (Windows NT 10.0; Win64; x64) AppleWebKit/537.36 (KHTML, like Gecko) Chrome/58.0.3029.110 Safari/537.3"
66.249.71.65 - - [08/Jul/2025:03:32:54 +0700] "GET /pages.php?items/135034697.html?srsltid=AfmBOogcmagqsWRBwVHaElifZRTSbGWIrTSV543zn3bOGkNo2oS8 HTTP/1.1" 404 27 "-" "Mozilla/5.0 (Linux; Android 6.0.1; Nexus 5X Build/MMB29P) AppleWebKit/537.36 (KHTML, like Gecko) Chrome/137.0.7151.103 Mobile Safari/537.36 (compatible; Googlebot/2.1; +http://www.google.com/bot.html)"
66.249.71.65 - - [08/Jul/2025:03:33:35 +0700] "GET /items/hrjmw99/18993?key=become HTTP/1.1" 404 27 "-" "Mozilla/5.0 (Linux; Android 6.0.1; Nexus 5X Build/MMB29P) AppleWebKit/537.36 (KHTML, like Gecko) Chrome/137.0.7151.103 Mobile Safari/537.36 (compatible; Googlebot/2.1; +http://www.google.com/bot.html)"
66.249.71.64 - - [08/Jul/2025:03:34:17 +0700] "GET /infos.php?shopdetail/363731143 HTTP/1.1" 404 27 "-" "Mozilla/5.0 (Linux; Android 6.0.1; Nexus 5X Build/MMB29P) AppleWebKit/537.36 (KHTML, like Gecko) Chrome/137.0.7151.103 Mobile Safari/537.36 (compatible; Googlebot/2.1; +http://www.google.com/bot.html)"
66.249.71.65 - - [08/Jul/2025:03:35:03 +0700] "GET /items/qxtsz77/7989?key=imply HTTP/1.1" 404 27 "-" "Mozilla/5.0 (compatible; Googlebot/2.1; +http://www.google.com/bot.html)"
66.249.75.1 - - [08/Jul/2025:03:35:22 +0700] "GET /items/tbnhp129/26845?key=everyone HTTP/1.1" 404 27 "-" "Mozilla/5.0 (Linux; Android 6.0.1; Nexus 5X Build/MMB29P) AppleWebKit/537.36 (KHTML, like Gecko) Chrome/137.0.7151.103 Mobile Safari/537.36 (compatible; Googlebot/2.1; +http://www.google.com/bot.html)"
69.197.182.50 - - [08/Jul/2025:03:35:36 +0700] "GET /wp-includes/install.php HTTP/1.1" 404 27 "https://bliteexpo.com/wp-includes/install.php" "Mozilla/5.0 (Windows NT 10.0; Win64; x64) AppleWebKit/537.36 (KHTML, like Gecko) Chrome/58.0.3029.110 Safari/537.3"
66.249.71.64 - - [08/Jul/2025:03:35:58 +0700] "GET /pages.php?item/u201/22234/ HTTP/1.1" 404 27 "-" "Mozilla/5.0 (Linux; Android 6.0.1; Nexus 5X Build/MMB29P) AppleWebKit/537.36 (KHTML, like Gecko) Chrome/137.0.7151.103 Mobile Safari/537.36 (compatible; Googlebot/2.1; +http://www.google.com/bot.html)"
66.249.71.64 - - [08/Jul/2025:03:36:34 +0700] "GET /infos.php?shopdetail/19875843 HTTP/1.1" 404 27 "-" "Mozilla/5.0 (Linux; Android 6.0.1; Nexus 5X Build/MMB29P) AppleWebKit/537.36 (KHTML, like Gecko) Chrome/137.0.7151.103 Mobile Safari/537.36 (compatible; Googlebot/2.1; +http://www.google.com/bot.html)"
51.222.253.2 - - [08/Jul/2025:03:36:35 +0700] "GET /4683319531.htm HTTP/1.1" 404 27 "-" "Mozilla/5.0 (compatible; AhrefsBot/7.0; +http://ahrefs.com/robot/)"
66.249.75.1 - - [08/Jul/2025:03:37:10 +0700] "GET /infos.php?shopdetail/98792743 HTTP/1.1" 404 27 "-" "Mozilla/5.0 (Linux; Android 6.0.1; Nexus 5X Build/MMB29P) AppleWebKit/537.36 (KHTML, like Gecko) Chrome/137.0.7151.103 Mobile Safari/537.36 (compatible; Googlebot/2.1; +http://www.google.com/bot.html)"
66.249.75.2 - - [08/Jul/2025:03:37:48 +0700] "GET /pages.php?items/027002835.html?srsltid=AfmBOougvVaeTbWNVWYRapOiGBpFxwFDqXPGxgT718UFm9v0UXut HTTP/1.1" 404 27 "-" "Mozilla/5.0 (Linux; Android 6.0.1; Nexus 5X Build/MMB29P) AppleWebKit/537.36 (KHTML, like Gecko) Chrome/137.0.7151.103 Mobile Safari/537.36 (compatible; Googlebot/2.1; +http://www.google.com/bot.html)"
66.249.71.65 - - [08/Jul/2025:03:37:50 +0700] "GET /wp-includes/search.php?community/punish100/x67a7-30173/ HTTP/1.1" 404 27 "-" "Mozilla/5.0 (Linux; Android 6.0.1; Nexus 5X Build/MMB29P) AppleWebKit/537.36 (KHTML, like Gecko) Chrome/137.0.7151.103 Mobile Safari/537.36 (compatible; Googlebot/2.1; +http://www.google.com/bot.html)"
66.249.75.1 - - [08/Jul/2025:03:38:27 +0700] "GET /infos.php?shopdetail/100533343 HTTP/1.1" 404 27 "-" "Mozilla/5.0 (Linux; Android 6.0.1; Nexus 5X Build/MMB29P) AppleWebKit/537.36 (KHTML, like Gecko) Chrome/137.0.7151.103 Mobile Safari/537.36 (compatible; Googlebot/2.1; +http://www.google.com/bot.html)"
66.249.71.65 - - [08/Jul/2025:03:38:29 +0700] "GET /infos.php?shopdetail/226376843 HTTP/1.1" 404 27 "-" "Mozilla/5.0 (Linux; Android 6.0.1; Nexus 5X Build/MMB29P) AppleWebKit/537.36 (KHTML, like Gecko) Chrome/137.0.7151.103 Mobile Safari/537.36 (compatible; Googlebot/2.1; +http://www.google.com/bot.html)"
208.110.64.178 - - [08/Jul/2025:03:39:58 +0700] "GET /wp-includes/install.php HTTP/1.1" 404 27 "https://bliteexpo.com/wp-includes/install.php" "Mozilla/5.0 (Windows NT 10.0; Win64; x64) AppleWebKit/537.36 (KHTML, like Gecko) Chrome/58.0.3029.110 Safari/537.3"
66.249.75.2 - - [08/Jul/2025:03:40:16 +0700] "GET /shopdetail/57410643 HTTP/1.1" 404 27 "-" "Mozilla/5.0 (Linux; Android 6.0.1; Nexus 5X Build/MMB29P) AppleWebKit/537.36 (KHTML, like Gecko) Chrome/137.0.7151.103 Mobile Safari/537.36 (compatible; Googlebot/2.1; +http://www.google.com/bot.html)"
66.249.75.2 - - [08/Jul/2025:03:40:53 +0700] "GET /infos.php?shopdetail/110737243 HTTP/1.1" 404 27 "-" "Mozilla/5.0 (Linux; Android 6.0.1; Nexus 5X Build/MMB29P) AppleWebKit/537.36 (KHTML, like Gecko) Chrome/137.0.7151.103 Mobile Safari/537.36 (compatible; Googlebot/2.1; +http://www.google.com/bot.html)"
66.249.75.3 - - [08/Jul/2025:03:41:31 +0700] "GET /wp-includes/search.php?item/u130/41382/ HTTP/1.1" 404 27 "-" "Mozilla/5.0 (Linux; Android 6.0.1; Nexus 5X Build/MMB29P) AppleWebKit/537.36 (KHTML, like Gecko) Chrome/137.0.7151.103 Mobile Safari/537.36 (compatible; Googlebot/2.1; +http://www.google.com/bot.html)"
66.249.75.1 - - [08/Jul/2025:03:41:51 +0700] "GET /infos.php?shopdetail/394006843 HTTP/1.1" 404 27 "-" "Mozilla/5.0 (Linux; Android 6.0.1; Nexus 5X Build/MMB29P) AppleWebKit/537.36 (KHTML, like Gecko) Chrome/137.0.7151.103 Mobile Safari/537.36 (compatible; Googlebot/2.1; +http://www.google.com/bot.html)"
66.249.75.1 - - [08/Jul/2025:03:42:11 +0700] "GET /items/slgtm40/37340?key=people HTTP/1.1" 404 27 "-" "Mozilla/5.0 (Linux; Android 6.0.1; Nexus 5X Build/MMB29P) AppleWebKit/537.36 (KHTML, like Gecko) Chrome/137.0.7151.103 Mobile Safari/537.36 (compatible; Googlebot/2.1; +http://www.google.com/bot.html)"
66.249.71.65 - - [08/Jul/2025:03:42:35 +0700] "GET /infos.php?shopdetail/14508243 HTTP/1.1" 404 27 "-" "Mozilla/5.0 (Linux; Android 6.0.1; Nexus 5X Build/MMB29P) AppleWebKit/537.36 (KHTML, like Gecko) Chrome/137.0.7151.103 Mobile Safari/537.36 (compatible; Googlebot/2.1; +http://www.google.com/bot.html)"
66.249.75.2 - - [08/Jul/2025:03:43:17 +0700] "GET /wp-includes/search.php?item/u162/32590/ HTTP/1.1" 404 27 "-" "Mozilla/5.0 (Linux; Android 6.0.1; Nexus 5X Build/MMB29P) AppleWebKit/537.36 (KHTML, like Gecko) Chrome/137.0.7151.103 Mobile Safari/537.36 (compatible; Googlebot/2.1; +http://www.google.com/bot.html)"
66.249.75.1 - - [08/Jul/2025:03:43:59 +0700] "GET /items/zbomd22/17850?key=other HTTP/1.1" 404 27 "-" "Mozilla/5.0 (Linux; Android 6.0.1; Nexus 5X Build/MMB29P) AppleWebKit/537.36 (KHTML, like Gecko) Chrome/137.0.7151.103 Mobile Safari/537.36 (compatible; Googlebot/2.1; +http://www.google.com/bot.html)"
51.222.253.5 - - [08/Jul/2025:03:44:03 +0700] "GET /4683323260.htm HTTP/1.1" 404 27 "-" "Mozilla/5.0 (compatible; AhrefsBot/7.0; +http://ahrefs.com/robot/)"
103.90.234.140 - - [08/Jul/2025:03:44:10 +0700] "GET /wp-json/wp/v2/users HTTP/1.1" 404 27 "-" "Mozilla/5.0 (Windows; U; Windows NT 5.1; en-US; rv:1.7.10) Gecko/20050716 Firefox/1.0.6"
66.249.71.64 - - [08/Jul/2025:03:44:40 +0700] "GET /infos.php?shopdetail/239896243 HTTP/1.1" 404 27 "-" "Mozilla/5.0 (Linux; Android 6.0.1; Nexus 5X Build/MMB29P) AppleWebKit/537.36 (KHTML, like Gecko) Chrome/137.0.7151.103 Mobile Safari/537.36 (compatible; Googlebot/2.1; +http://www.google.com/bot.html)"
66.249.71.66 - - [08/Jul/2025:03:45:22 +0700] "GET /infos.php?shopdetail/116717043 HTTP/1.1" 404 27 "-" "Mozilla/5.0 (Linux; Android 6.0.1; Nexus 5X Build/MMB29P) AppleWebKit/537.36 (KHTML, like Gecko) Chrome/137.0.7151.103 Mobile Safari/537.36 (compatible; Googlebot/2.1; +http://www.google.com/bot.html)"
69.197.182.50 - - [08/Jul/2025:03:45:59 +0700] "GET /wp-includes/install.php HTTP/1.1" 404 27 "https://bliteexpo.com/wp-includes/install.php" "Mozilla/5.0 (Windows NT 10.0; Win64; x64) AppleWebKit/537.36 (KHTML, like Gecko) Chrome/58.0.3029.110 Safari/537.3"
66.249.75.2 - - [08/Jul/2025:03:46:03 +0700] "GET /items/gzwkw30/33326?key=negative HTTP/1.1" 404 27 "-" "Mozilla/5.0 (Linux; Android 6.0.1; Nexus 5X Build/MMB29P) AppleWebKit/537.36 (KHTML, like Gecko) Chrome/137.0.7151.103 Mobile Safari/537.36 (compatible; Googlebot/2.1; +http://www.google.com/bot.html)"
66.249.75.1 - - [08/Jul/2025:03:46:46 +0700] "GET /infos.php?shopdetail/109307643 HTTP/1.1" 404 27 "-" "Mozilla/5.0 (Linux; Android 6.0.1; Nexus 5X Build/MMB29P) AppleWebKit/537.36 (KHTML, like Gecko) Chrome/137.0.7151.103 Mobile Safari/537.36 (compatible; Googlebot/2.1; +http://www.google.com/bot.html)"
66.249.75.2 - - [08/Jul/2025:03:47:26 +0700] "GET /infos.php?shopdetail/133359643 HTTP/1.1" 404 27 "-" "Mozilla/5.0 (Linux; Android 6.0.1; Nexus 5X Build/MMB29P) AppleWebKit/537.36 (KHTML, like Gecko) Chrome/137.0.7151.103 Mobile Safari/537.36 (compatible; Googlebot/2.1; +http://www.google.com/bot.html)"
66.249.75.1 - - [08/Jul/2025:03:48:08 +0700] "GET /items/ptneg55/18345?key=country HTTP/1.1" 404 27 "-" "Mozilla/5.0 (Linux; Android 6.0.1; Nexus 5X Build/MMB29P) AppleWebKit/537.36 (KHTML, like Gecko) Chrome/137.0.7151.103 Mobile Safari/537.36 (compatible; Googlebot/2.1; +http://www.google.com/bot.html)"
204.12.252.98 - - [08/Jul/2025:03:48:18 +0700] "GET /wp-includes/install.php HTTP/1.1" 404 27 "https://bliteexpo.com/wp-includes/install.php" "Mozilla/5.0 (Windows NT 10.0; Win64; x64) AppleWebKit/537.36 (KHTML, like Gecko) Chrome/58.0.3029.110 Safari/537.3"
66.249.75.1 - - [08/Jul/2025:03:48:49 +0700] "GET /infos.php?shopdetail/84726143 HTTP/1.1" 404 27 "-" "Mozilla/5.0 (Linux; Android 6.0.1; Nexus 5X Build/MMB29P) AppleWebKit/537.36 (KHTML, like Gecko) Chrome/137.0.7151.103 Mobile Safari/537.36 (compatible; Googlebot/2.1; +http://www.google.com/bot.html)"
66.249.75.1 - - [08/Jul/2025:03:49:34 +0700] "GET /infos.php?shopdetail/173045743 HTTP/1.1" 404 27 "-" "Mozilla/5.0 (Linux; Android 6.0.1; Nexus 5X Build/MMB29P) AppleWebKit/537.36 (KHTML, like Gecko) Chrome/137.0.7151.103 Mobile Safari/537.36 (compatible; Googlebot/2.1; +http://www.google.com/bot.html)"
66.249.75.1 - - [08/Jul/2025:03:50:12 +0700] "GET /infos.php?shopdetail/223748443 HTTP/1.1" 404 27 "-" "Mozilla/5.0 (Linux; Android 6.0.1; Nexus 5X Build/MMB29P) AppleWebKit/537.36 (KHTML, like Gecko) Chrome/137.0.7151.103 Mobile Safari/537.36 (compatible; Googlebot/2.1; +http://www.google.com/bot.html)"
66.249.75.3 - - [08/Jul/2025:03:51:31 +0700] "GET /pages.php?item/u63/28730/ HTTP/1.1" 404 27 "-" "Mozilla/5.0 (Linux; Android 6.0.1; Nexus 5X Build/MMB29P) AppleWebKit/537.36 (KHTML, like Gecko) Chrome/137.0.7151.103 Mobile Safari/537.36 (compatible; Googlebot/2.1; +http://www.google.com/bot.html)"
66.249.75.2 - - [08/Jul/2025:03:51:51 +0700] "GET /infos.php?shopdetail/397823843 HTTP/1.1" 404 27 "-" "Mozilla/5.0 (Linux; Android 6.0.1; Nexus 5X Build/MMB29P) AppleWebKit/537.36 (KHTML, like Gecko) Chrome/137.0.7151.103 Mobile Safari/537.36 (compatible; Googlebot/2.1; +http://www.google.com/bot.html)"
51.222.253.10 - - [08/Jul/2025:03:52:23 +0700] "GET /1976962451.htm HTTP/1.1" 404 27 "-" "Mozilla/5.0 (compatible; AhrefsBot/7.0; +http://ahrefs.com/robot/)"
52.167.144.16 - - [08/Jul/2025:03:52:24 +0700] "GET /infos.php/pcmypage?callback=product%2Fdetail%2F13199612 HTTP/1.1" 404 27 "-" "Mozilla/5.0 AppleWebKit/537.36 (KHTML, like Gecko; compatible; bingbot/2.0; +http://www.bing.com/bingbot.htm) Chrome/116.0.1938.76 Safari/537.36"
66.249.75.1 - - [08/Jul/2025:03:52:53 +0700] "GET /infos.php?shopdetail/418266443 HTTP/1.1" 404 27 "-" "Mozilla/5.0 (Linux; Android 6.0.1; Nexus 5X Build/MMB29P) AppleWebKit/537.36 (KHTML, like Gecko) Chrome/137.0.7151.103 Mobile Safari/537.36 (compatible; Googlebot/2.1; +http://www.google.com/bot.html)"
66.249.71.65 - - [08/Jul/2025:03:53:49 +0700] "GET /infos.php?shopdetail/374837043 HTTP/1.1" 404 27 "-" "Mozilla/5.0 (Linux; Android 6.0.1; Nexus 5X Build/MMB29P) AppleWebKit/537.36 (KHTML, like Gecko) Chrome/137.0.7151.103 Mobile Safari/537.36 (compatible; Googlebot/2.1; +http://www.google.com/bot.html)"
69.197.182.50 - - [08/Jul/2025:03:54:12 +0700] "GET /wp-includes/install.php HTTP/1.1" 404 27 "https://bliteexpo.com/wp-includes/install.php" "Mozilla/5.0 (Windows NT 10.0; Win64; x64) AppleWebKit/537.36 (KHTML, like Gecko) Chrome/58.0.3029.110 Safari/537.3"
66.249.75.2 - - [08/Jul/2025:03:54:14 +0700] "GET /?_gl=1*s6cqrzf*_ga*UjepXNXbSyxnuDnLqMPMCxwOKuIC*_ga_PCLQBSERZ*VMnDjNYdpGJAKbPlUQO3lV1K4e7BNFk66XmBC15XD36ipfcJ0atzaXy.*_gcl_au=1.1.191065206.179434258*_gcl_aw=ZCN.179491380.dUrD1akADon11yLnS4RrsKsfEvkZfnT2whxW9OL4GzljbNoXQEDwIlA1iy2t3nsVnR1UdEWjr34w9uas7eGkR9Cz8F..&_gz=2.195814685.195558432.179284825-865810682.163453303&_bdsid=g8ali8.n~PSOKX.175925534.178969609&_bd_prev_page=https://bliteexpo.com/spark.php?lip/elsewhere180/qt8iu-44139/ HTTP/1.1" 404 27 "-" "Mozilla/5.0 (Linux; Android 6.0.1; Nexus 5X Build/MMB29P) AppleWebKit/537.36 (KHTML, like Gecko) Chrome/137.0.7151.103 Mobile Safari/537.36 (compatible; Googlebot/2.1; +http://www.google.com/bot.html)"
66.249.75.2 - - [08/Jul/2025:03:54:40 +0700] "GET /items/acmxg184/24864?key=pain HTTP/1.1" 404 27 "-" "Mozilla/5.0 (Linux; Android 6.0.1; Nexus 5X Build/MMB29P) AppleWebKit/537.36 (KHTML, like Gecko) Chrome/137.0.7151.103 Mobile Safari/537.36 (compatible; Googlebot/2.1; +http://www.google.com/bot.html)"
66.249.75.2 - - [08/Jul/2025:03:55:17 +0700] "GET /shopdetail/112361643 HTTP/1.1" 404 27 "-" "Mozilla/5.0 (Linux; Android 6.0.1; Nexus 5X Build/MMB29P) AppleWebKit/537.36 (KHTML, like Gecko) Chrome/137.0.7151.103 Mobile Safari/537.36 (compatible; Googlebot/2.1; +http://www.google.com/bot.html)"
66.249.75.1 - - [08/Jul/2025:03:55:54 +0700] "GET /infos.php?shopdetail/196236043 HTTP/1.1" 404 27 "-" "Mozilla/5.0 (Linux; Android 6.0.1; Nexus 5X Build/MMB29P) AppleWebKit/537.36 (KHTML, like Gecko) Chrome/137.0.7151.103 Mobile Safari/537.36 (compatible; Googlebot/2.1; +http://www.google.com/bot.html)"
66.249.71.64 - - [08/Jul/2025:03:55:56 +0700] "GET /wp-includes/search.php?photograph/alone177/lvd3n-16930/ HTTP/1.1" 404 27 "-" "Mozilla/5.0 (Linux; Android 6.0.1; Nexus 5X Build/MMB29P) AppleWebKit/537.36 (KHTML, like Gecko) Chrome/137.0.7151.103 Mobile Safari/537.36 (compatible; Googlebot/2.1; +http://www.google.com/bot.html)"
66.249.71.66 - - [08/Jul/2025:03:56:15 +0700] "GET /29621219878.html HTTP/1.1" 404 27 "-" "Mozilla/5.0 (Linux; Android 6.0.1; Nexus 5X Build/MMB29P) AppleWebKit/537.36 (KHTML, like Gecko) Chrome/137.0.7151.103 Mobile Safari/537.36 (compatible; Googlebot/2.1; +http://www.google.com/bot.html)"
66.249.75.2 - - [08/Jul/2025:03:56:36 +0700] "GET /infos.php?shopdetail/170256543 HTTP/1.1" 404 27 "-" "Mozilla/5.0 (Linux; Android 6.0.1; Nexus 5X Build/MMB29P) AppleWebKit/537.36 (KHTML, like Gecko) Chrome/137.0.7151.103 Mobile Safari/537.36 (compatible; Googlebot/2.1; +http://www.google.com/bot.html)"
66.249.75.3 - - [08/Jul/2025:03:58:17 +0700] "GET /items/tztcx195/27773?key=severe HTTP/1.1" 404 27 "-" "Mozilla/5.0 (Linux; Android 6.0.1; Nexus 5X Build/MMB29P) AppleWebKit/537.36 (KHTML, like Gecko) Chrome/137.0.7151.103 Mobile Safari/537.36 (compatible; Googlebot/2.1; +http://www.google.com/bot.html)"
66.249.71.66 - - [08/Jul/2025:03:59:05 +0700] "GET /infos.php?shopdetail/398787843 HTTP/1.1" 404 27 "-" "Mozilla/5.0 (Linux; Android 6.0.1; Nexus 5X Build/MMB29P) AppleWebKit/537.36 (KHTML, like Gecko) Chrome/137.0.7151.103 Mobile Safari/537.36 (compatible; Googlebot/2.1; +http://www.google.com/bot.html)"
66.249.75.2 - - [08/Jul/2025:03:59:42 +0700] "GET /pages.php?items/265049801.html?srsltid=AfmBOoiroWrXZxigmFoloKBlZDhsCKfyUkgtdeSo39rV9BwmX0p4 HTTP/1.1" 404 27 "-" "Mozilla/5.0 (Linux; Android 6.0.1; Nexus 5X Build/MMB29P) AppleWebKit/537.36 (KHTML, like Gecko) Chrome/137.0.7151.103 Mobile Safari/537.36 (compatible; Googlebot/2.1; +http://www.google.com/bot.html)"
51.222.253.1 - - [08/Jul/2025:03:59:54 +0700] "GET /45989114584.htm HTTP/1.1" 404 27 "-" "Mozilla/5.0 (compatible; AhrefsBot/7.0; +http://ahrefs.com/robot/)"
66.249.75.1 - - [08/Jul/2025:04:00:18 +0700] "GET /infos.php?shopdetail/7134643 HTTP/1.1" 404 27 "-" "Mozilla/5.0 (Linux; Android 6.0.1; Nexus 5X Build/MMB29P) AppleWebKit/537.36 (KHTML, like Gecko) Chrome/137.0.7151.103 Mobile Safari/537.36 (compatible; Googlebot/2.1; +http://www.google.com/bot.html)"
66.249.75.2 - - [08/Jul/2025:04:00:55 +0700] "GET /infos.php?shopdetail/430973943 HTTP/1.1" 404 27 "-" "Mozilla/5.0 (Linux; Android 6.0.1; Nexus 5X Build/MMB29P) AppleWebKit/537.36 (KHTML, like Gecko) Chrome/137.0.7151.103 Mobile Safari/537.36 (compatible; Googlebot/2.1; +http://www.google.com/bot.html)"
204.12.252.98 - - [08/Jul/2025:04:00:59 +0700] "GET /wp-includes/install.php HTTP/1.1" 404 27 "https://bliteexpo.com/wp-includes/install.php" "Mozilla/5.0 (Windows NT 10.0; Win64; x64) AppleWebKit/537.36 (KHTML, like Gecko) Chrome/58.0.3029.110 Safari/537.3"
66.249.75.2 - - [08/Jul/2025:04:01:34 +0700] "GET /infos.php?shopdetail/197097443 HTTP/1.1" 404 27 "-" "Mozilla/5.0 (Linux; Android 6.0.1; Nexus 5X Build/MMB29P) AppleWebKit/537.36 (KHTML, like Gecko) Chrome/137.0.7151.103 Mobile Safari/537.36 (compatible; Googlebot/2.1; +http://www.google.com/bot.html)"
66.249.71.65 - - [08/Jul/2025:04:02:13 +0700] "GET /pages.php?items/041046563.html?srsltid=AfmBOodhmZCsIUUCwVBxehwvQqeeWcNBYOIozSc3elDWf7dDegy2 HTTP/1.1" 404 27 "-" "Mozilla/5.0 (Linux; Android 6.0.1; Nexus 5X Build/MMB29P) AppleWebKit/537.36 (KHTML, like Gecko) Chrome/137.0.7151.103 Mobile Safari/537.36 (compatible; Googlebot/2.1; +http://www.google.com/bot.html)"
45.119.84.18 - - [08/Jul/2025:04:02:35 +0700] "POST /xmlrpc.php HTTP/1.1" 404 27 "-" "Mozilla/5.0 (X11; Ubuntu; Linux x86_64; rv:85.0) Gecko/20100101 Firefox/91.0"
66.249.75.1 - - [08/Jul/2025:04:02:50 +0700] "GET /items/eqlbb256/46860?key=banking HTTP/1.1" 404 27 "-" "Mozilla/5.0 (Linux; Android 6.0.1; Nexus 5X Build/MMB29P) AppleWebKit/537.36 (KHTML, like Gecko) Chrome/137.0.7151.103 Mobile Safari/537.36 (compatible; Googlebot/2.1; +http://www.google.com/bot.html)"
66.249.71.64 - - [08/Jul/2025:04:03:26 +0700] "GET /shopdetail/305689243 HTTP/1.1" 404 27 "-" "Mozilla/5.0 (Linux; Android 6.0.1; Nexus 5X Build/MMB29P) AppleWebKit/537.36 (KHTML, like Gecko) Chrome/137.0.7151.103 Mobile Safari/537.36 (compatible; Googlebot/2.1; +http://www.google.com/bot.html)"
66.249.71.65 - - [08/Jul/2025:04:04:03 +0700] "GET /items/qytiq246/22740?key=snow HTTP/1.1" 404 27 "-" "Mozilla/5.0 (Linux; Android 6.0.1; Nexus 5X Build/MMB29P) AppleWebKit/537.36 (KHTML, like Gecko) Chrome/137.0.7151.103 Mobile Safari/537.36 (compatible; Googlebot/2.1; +http://www.google.com/bot.html)"
66.249.75.1 - - [08/Jul/2025:04:04:12 +0700] "GET /items/wfofp17/3315?key=biography HTTP/1.1" 404 27 "-" "Mozilla/5.0 (Linux; Android 6.0.1; Nexus 5X Build/MMB29P) AppleWebKit/537.36 (KHTML, like Gecko) Chrome/137.0.7151.103 Mobile Safari/537.36 (compatible; Googlebot/2.1; +http://www.google.com/bot.html)"
66.249.75.1 - - [08/Jul/2025:04:04:33 +0700] "GET /infos.php?shopdetail/37072143 HTTP/1.1" 404 27 "-" "Mozilla/5.0 (Linux; Android 6.0.1; Nexus 5X Build/MMB29P) AppleWebKit/537.36 (KHTML, like Gecko) Chrome/137.0.7151.103 Mobile Safari/537.36 (compatible; Googlebot/2.1; +http://www.google.com/bot.html)"
66.249.75.2 - - [08/Jul/2025:04:05:08 +0700] "GET /wp-includes/search.php?category/7689_120725/1/listing HTTP/1.1" 404 27 "-" "Mozilla/5.0 (Linux; Android 6.0.1; Nexus 5X Build/MMB29P) AppleWebKit/537.36 (KHTML, like Gecko) Chrome/137.0.7151.103 Mobile Safari/537.36 (compatible; Googlebot/2.1; +http://www.google.com/bot.html)"
66.249.71.64 - - [08/Jul/2025:04:06:02 +0700] "GET /pages.php?item/u98/5245/ HTTP/1.1" 404 27 "-" "Mozilla/5.0 (Linux; Android 6.0.1; Nexus 5X Build/MMB29P) AppleWebKit/537.36 (KHTML, like Gecko) Chrome/137.0.7151.103 Mobile Safari/537.36 (compatible; Googlebot/2.1; +http://www.google.com/bot.html)"
66.249.71.64 - - [08/Jul/2025:04:06:40 +0700] "GET /infos.php?shopdetail/105468243 HTTP/1.1" 404 27 "-" "Mozilla/5.0 (Linux; Android 6.0.1; Nexus 5X Build/MMB29P) AppleWebKit/537.36 (KHTML, like Gecko) Chrome/137.0.7151.103 Mobile Safari/537.36 (compatible; Googlebot/2.1; +http://www.google.com/bot.html)"
66.249.71.66 - - [08/Jul/2025:04:07:08 +0700] "GET /wp-includes/search.php?item/u87/27827/ HTTP/1.1" 404 27 "-" "Mozilla/5.0 (Linux; Android 6.0.1; Nexus 5X Build/MMB29P) AppleWebKit/537.36 (KHTML, like Gecko) Chrome/137.0.7151.103 Mobile Safari/537.36 (compatible; Googlebot/2.1; +http://www.google.com/bot.html)"
66.249.75.2 - - [08/Jul/2025:04:07:43 +0700] "GET /wp-includes/search.php?category/41351_85864_85865/1/listing HTTP/1.1" 404 27 "-" "Mozilla/5.0 (Linux; Android 6.0.1; Nexus 5X Build/MMB29P) AppleWebKit/537.36 (KHTML, like Gecko) Chrome/137.0.7151.103 Mobile Safari/537.36 (compatible; Googlebot/2.1; +http://www.google.com/bot.html)"
51.222.253.2 - - [08/Jul/2025:04:07:53 +0700] "GET /45989149366.htm HTTP/1.1" 404 27 "-" "Mozilla/5.0 (compatible; AhrefsBot/7.0; +http://ahrefs.com/robot/)"
66.249.75.1 - - [08/Jul/2025:04:08:20 +0700] "GET /infos.php/product/edit/84904334 HTTP/1.1" 404 27 "-" "Mozilla/5.0 (Linux; Android 6.0.1; Nexus 5X Build/MMB29P) AppleWebKit/537.36 (KHTML, like Gecko) Chrome/137.0.7151.103 Mobile Safari/537.36 (compatible; Googlebot/2.1; +http://www.google.com/bot.html)"
66.249.75.2 - - [08/Jul/2025:04:08:55 +0700] "GET /items/vebbs167/28127?key=calculation HTTP/1.1" 404 27 "-" "Mozilla/5.0 (Linux; Android 6.0.1; Nexus 5X Build/MMB29P) AppleWebKit/537.36 (KHTML, like Gecko) Chrome/137.0.7151.103 Mobile Safari/537.36 (compatible; Googlebot/2.1; +http://www.google.com/bot.html)"
66.249.91.129 - - [08/Jul/2025:04:09:05 +0700] "GET /items/qxtsz77/7989?key=imply HTTP/1.1" 404 27 "-" "Mozilla/5.0 (X11; Linux x86_64) AppleWebKit/537.36 (KHTML, like Gecko) Chrome/137.0.7151.119 Safari/537.36"
208.110.64.178 - - [08/Jul/2025:04:09:07 +0700] "GET /wp-includes/install.php HTTP/1.1" 404 27 "https://bliteexpo.com/wp-includes/install.php" "Mozilla/5.0 (Windows NT 10.0; Win64; x64) AppleWebKit/537.36 (KHTML, like Gecko) Chrome/58.0.3029.110 Safari/537.3"
66.249.75.1 - - [08/Jul/2025:04:09:13 +0700] "GET /wp-includes/search.php?discuss/later49/x57ii-492/ HTTP/1.1" 404 27 "-" "Mozilla/5.0 (Linux; Android 6.0.1; Nexus 5X Build/MMB29P) AppleWebKit/537.36 (KHTML, like Gecko) Chrome/137.0.7151.103 Mobile Safari/537.36 (compatible; Googlebot/2.1; +http://www.google.com/bot.html)"
66.249.75.1 - - [08/Jul/2025:04:09:35 +0700] "GET /infos.php?shopdetail/413936643 HTTP/1.1" 404 27 "-" "Mozilla/5.0 (Linux; Android 6.0.1; Nexus 5X Build/MMB29P) AppleWebKit/537.36 (KHTML, like Gecko) Chrome/137.0.7151.103 Mobile Safari/537.36 (compatible; Googlebot/2.1; +http://www.google.com/bot.html)"
66.249.75.1 - - [08/Jul/2025:04:10:17 +0700] "GET /infos.php?shopdetail/176994743 HTTP/1.1" 404 27 "-" "Mozilla/5.0 (Linux; Android 6.0.1; Nexus 5X Build/MMB29P) AppleWebKit/537.36 (KHTML, like Gecko) Chrome/137.0.7151.103 Mobile Safari/537.36 (compatible; Googlebot/2.1; +http://www.google.com/bot.html)"
208.110.64.178 - - [08/Jul/2025:04:10:21 +0700] "GET /wp-includes/install.php HTTP/1.1" 404 27 "https://bliteexpo.com/wp-includes/install.php" "Mozilla/5.0 (Windows NT 10.0; Win64; x64) AppleWebKit/537.36 (KHTML, like Gecko) Chrome/58.0.3029.110 Safari/537.3"
66.249.75.2 - - [08/Jul/2025:04:10:59 +0700] "GET /pages.php?items/221002177.html?srsltid=AfmBOoukxiJMQNXswvFP9qczOktGMBqlLpPJKrw6rwf7Bujcifon HTTP/1.1" 404 27 "-" "Mozilla/5.0 (Linux; Android 6.0.1; Nexus 5X Build/MMB29P) AppleWebKit/537.36 (KHTML, like Gecko) Chrome/137.0.7151.103 Mobile Safari/537.36 (compatible; Googlebot/2.1; +http://www.google.com/bot.html)"
66.249.75.1 - - [08/Jul/2025:04:11:42 +0700] "GET /infos.php?shopdetail/129796643 HTTP/1.1" 404 27 "-" "Mozilla/5.0 (Linux; Android 6.0.1; Nexus 5X Build/MMB29P) AppleWebKit/537.36 (KHTML, like Gecko) Chrome/137.0.7151.103 Mobile Safari/537.36 (compatible; Googlebot/2.1; +http://www.google.com/bot.html)"
66.249.75.1 - - [08/Jul/2025:04:13:13 +0700] "GET /infos.php?shopdetail/196695343 HTTP/1.1" 404 27 "-" "Mozilla/5.0 (Linux; Android 6.0.1; Nexus 5X Build/MMB29P) AppleWebKit/537.36 (KHTML, like Gecko) Chrome/137.0.7151.103 Mobile Safari/537.36 (compatible; Googlebot/2.1; +http://www.google.com/bot.html)"
66.249.71.65 - - [08/Jul/2025:04:14:06 +0700] "GET /infos.php?shopdetail/225727943 HTTP/1.1" 404 27 "-" "Mozilla/5.0 (Linux; Android 6.0.1; Nexus 5X Build/MMB29P) AppleWebKit/537.36 (KHTML, like Gecko) Chrome/137.0.7151.103 Mobile Safari/537.36 (compatible; Googlebot/2.1; +http://www.google.com/bot.html)"
66.249.75.2 - - [08/Jul/2025:04:14:58 +0700] "GET /infos.php?shopdetail/165564943 HTTP/1.1" 404 27 "-" "Mozilla/5.0 (Linux; Android 6.0.1; Nexus 5X Build/MMB29P) AppleWebKit/537.36 (KHTML, like Gecko) Chrome/137.0.7151.103 Mobile Safari/537.36 (compatible; Googlebot/2.1; +http://www.google.com/bot.html)"
66.249.71.66 - - [08/Jul/2025:04:15:02 +0700] "GET /product/liquid40?c=g&l=975 HTTP/1.1" 404 27 "-" "Mozilla/5.0 (Linux; Android 6.0.1; Nexus 5X Build/MMB29P) AppleWebKit/537.36 (KHTML, like Gecko) Chrome/137.0.7151.103 Mobile Safari/537.36 (compatible; Googlebot/2.1; +http://www.google.com/bot.html)"
66.249.75.1 - - [08/Jul/2025:04:16:33 +0700] "GET /infos.php?shopdetail/165031243 HTTP/1.1" 404 27 "-" "Mozilla/5.0 (Linux; Android 6.0.1; Nexus 5X Build/MMB29P) AppleWebKit/537.36 (KHTML, like Gecko) Chrome/137.0.7151.103 Mobile Safari/537.36 (compatible; Googlebot/2.1; +http://www.google.com/bot.html)"
66.249.75.2 - - [08/Jul/2025:04:16:37 +0700] "GET /items/stmcu22/1360?key=diabetes HTTP/1.1" 404 27 "-" "Mozilla/5.0 (Linux; Android 6.0.1; Nexus 5X Build/MMB29P) AppleWebKit/537.36 (KHTML, like Gecko) Chrome/137.0.7151.103 Mobile Safari/537.36 (compatible; Googlebot/2.1; +http://www.google.com/bot.html)"
51.222.253.9 - - [08/Jul/2025:04:16:51 +0700] "GET /6106986607.htm HTTP/1.1" 404 27 "-" "Mozilla/5.0 (compatible; AhrefsBot/7.0; +http://ahrefs.com/robot/)"
66.249.75.2 - - [08/Jul/2025:04:17:03 +0700] "GET /infos.php?shopdetail/128076043 HTTP/1.1" 404 27 "-" "Mozilla/5.0 (Linux; Android 6.0.1; Nexus 5X Build/MMB29P) AppleWebKit/537.36 (KHTML, like Gecko) Chrome/137.0.7151.103 Mobile Safari/537.36 (compatible; Googlebot/2.1; +http://www.google.com/bot.html)"
69.197.182.50 - - [08/Jul/2025:04:17:37 +0700] "GET /wp-includes/install.php HTTP/1.1" 404 27 "https://bliteexpo.com/wp-includes/install.php" "Mozilla/5.0 (Windows NT 10.0; Win64; x64) AppleWebKit/537.36 (KHTML, like Gecko) Chrome/58.0.3029.110 Safari/537.3"
66.249.75.1 - - [08/Jul/2025:04:17:46 +0700] "GET /product/little2?c=g&l=6013 HTTP/1.1" 404 27 "-" "Mozilla/5.0 (Linux; Android 6.0.1; Nexus 5X Build/MMB29P) AppleWebKit/537.36 (KHTML, like Gecko) Chrome/137.0.7151.103 Mobile Safari/537.36 (compatible; Googlebot/2.1; +http://www.google.com/bot.html)"
66.249.71.64 - - [08/Jul/2025:04:18:46 +0700] "GET /infos.php?shopdetail/2951843 HTTP/1.1" 404 27 "-" "Mozilla/5.0 (Linux; Android 6.0.1; Nexus 5X Build/MMB29P) AppleWebKit/537.36 (KHTML, like Gecko) Chrome/137.0.7151.103 Mobile Safari/537.36 (compatible; Googlebot/2.1; +http://www.google.com/bot.html)"
66.249.75.2 - - [08/Jul/2025:04:20:37 +0700] "GET /pages.php?items/110025716.html?srsltid=AfmBOonquNsUxaqSqrPiomv6WPZUWUyfB9gua2un5uGCyfa8uPZc HTTP/1.1" 404 27 "-" "Mozilla/5.0 (Linux; Android 6.0.1; Nexus 5X Build/MMB29P) AppleWebKit/537.36 (KHTML, like Gecko) Chrome/137.0.7151.103 Mobile Safari/537.36 (compatible; Googlebot/2.1; +http://www.google.com/bot.html)"
66.249.75.2 - - [08/Jul/2025:04:21:06 +0700] "GET /wp-includes/search.php?category/44095_58207_147074/1/listing HTTP/1.1" 404 27 "-" "Mozilla/5.0 (Linux; Android 6.0.1; Nexus 5X Build/MMB29P) AppleWebKit/537.36 (KHTML, like Gecko) Chrome/137.0.7151.103 Mobile Safari/537.36 (compatible; Googlebot/2.1; +http://www.google.com/bot.html)"
66.249.71.64 - - [08/Jul/2025:04:21:49 +0700] "GET /pages.php?item/u247/17668/ HTTP/1.1" 404 27 "-" "Mozilla/5.0 (Linux; Android 6.0.1; Nexus 5X Build/MMB29P) AppleWebKit/537.36 (KHTML, like Gecko) Chrome/137.0.7151.103 Mobile Safari/537.36 (compatible; Googlebot/2.1; +http://www.google.com/bot.html)"
66.249.75.3 - - [08/Jul/2025:04:23:40 +0700] "GET /infos.php?shopdetail/237905243 HTTP/1.1" 404 27 "-" "Mozilla/5.0 (Linux; Android 6.0.1; Nexus 5X Build/MMB29P) AppleWebKit/537.36 (KHTML, like Gecko) Chrome/137.0.7151.103 Mobile Safari/537.36 (compatible; Googlebot/2.1; +http://www.google.com/bot.html)"
66.249.75.3 - - [08/Jul/2025:04:24:09 +0700] "GET /infos.php?shopdetail/296074443 HTTP/1.1" 404 27 "-" "Mozilla/5.0 (Linux; Android 6.0.1; Nexus 5X Build/MMB29P) AppleWebKit/537.36 (KHTML, like Gecko) Chrome/137.0.7151.103 Mobile Safari/537.36 (compatible; Googlebot/2.1; +http://www.google.com/bot.html)"
51.222.253.14 - - [08/Jul/2025:04:24:21 +0700] "GET /65816105452.htm HTTP/1.1" 404 27 "-" "Mozilla/5.0 (compatible; AhrefsBot/7.0; +http://ahrefs.com/robot/)"
66.249.75.1 - - [08/Jul/2025:04:24:50 +0700] "GET /wp-includes/search.php?item/u23/20833/ HTTP/1.1" 404 27 "-" "Mozilla/5.0 (Linux; Android 6.0.1; Nexus 5X Build/MMB29P) AppleWebKit/537.36 (KHTML, like Gecko) Chrome/137.0.7151.103 Mobile Safari/537.36 (compatible; Googlebot/2.1; +http://www.google.com/bot.html)"
66.249.71.65 - - [08/Jul/2025:04:25:50 +0700] "GET /infos.php?shopdetail/87976443 HTTP/1.1" 404 27 "-" "Mozilla/5.0 (Linux; Android 6.0.1; Nexus 5X Build/MMB29P) AppleWebKit/537.36 (KHTML, like Gecko) Chrome/137.0.7151.103 Mobile Safari/537.36 (compatible; Googlebot/2.1; +http://www.google.com/bot.html)"
66.249.75.1 - - [08/Jul/2025:04:26:51 +0700] "GET /items/tsvre14/4024?key=learn HTTP/1.1" 404 27 "-" "Mozilla/5.0 (Linux; Android 6.0.1; Nexus 5X Build/MMB29P) AppleWebKit/537.36 (KHTML, like Gecko) Chrome/137.0.7151.103 Mobile Safari/537.36 (compatible; Googlebot/2.1; +http://www.google.com/bot.html)"
66.249.75.1 - - [08/Jul/2025:04:27:52 +0700] "GET /infos.php?shopdetail/434210243 HTTP/1.1" 404 27 "-" "Mozilla/5.0 (Linux; Android 6.0.1; Nexus 5X Build/MMB29P) AppleWebKit/537.36 (KHTML, like Gecko) Chrome/137.0.7151.103 Mobile Safari/537.36 (compatible; Googlebot/2.1; +http://www.google.com/bot.html)"
69.197.135.226 - - [08/Jul/2025:04:27:52 +0700] "GET /wp-includes/install.php HTTP/1.1" 404 27 "https://bliteexpo.com/wp-includes/install.php" "Mozilla/5.0 (Windows NT 10.0; Win64; x64) AppleWebKit/537.36 (KHTML, like Gecko) Chrome/58.0.3029.110 Safari/537.3"
66.249.75.2 - - [08/Jul/2025:04:28:53 +0700] "GET /items/ycbnw135/40195?key=donate HTTP/1.1" 404 27 "-" "Mozilla/5.0 (Linux; Android 6.0.1; Nexus 5X Build/MMB29P) AppleWebKit/537.36 (KHTML, like Gecko) Chrome/137.0.7151.103 Mobile Safari/537.36 (compatible; Googlebot/2.1; +http://www.google.com/bot.html)"
66.249.75.3 - - [08/Jul/2025:04:29:53 +0700] "GET /infos.php?shopdetail/352856043 HTTP/1.1" 404 27 "-" "Mozilla/5.0 (Linux; Android 6.0.1; Nexus 5X Build/MMB29P) AppleWebKit/537.36 (KHTML, like Gecko) Chrome/137.0.7151.103 Mobile Safari/537.36 (compatible; Googlebot/2.1; +http://www.google.com/bot.html)"
66.249.75.2 - - [08/Jul/2025:04:30:54 +0700] "GET /infos.php?shopdetail/409849643 HTTP/1.1" 404 27 "-" "Mozilla/5.0 (Linux; Android 6.0.1; Nexus 5X Build/MMB29P) AppleWebKit/537.36 (KHTML, like Gecko) Chrome/137.0.7151.103 Mobile Safari/537.36 (compatible; Googlebot/2.1; +http://www.google.com/bot.html)"
66.249.75.2 - - [08/Jul/2025:04:31:54 +0700] "GET /infos.php?shopdetail/273172843 HTTP/1.1" 404 27 "-" "Mozilla/5.0 (Linux; Android 6.0.1; Nexus 5X Build/MMB29P) AppleWebKit/537.36 (KHTML, like Gecko) Chrome/137.0.7151.103 Mobile Safari/537.36 (compatible; Googlebot/2.1; +http://www.google.com/bot.html)"
51.222.253.12 - - [08/Jul/2025:04:32:32 +0700] "GET /50209128806.htm HTTP/1.1" 404 27 "-" "Mozilla/5.0 (compatible; AhrefsBot/7.0; +http://ahrefs.com/robot/)"
69.197.182.50 - - [08/Jul/2025:04:32:53 +0700] "GET /wp-includes/install.php HTTP/1.1" 404 27 "https://bliteexpo.com/wp-includes/install.php" "Mozilla/5.0 (Windows NT 10.0; Win64; x64) AppleWebKit/537.36 (KHTML, like Gecko) Chrome/58.0.3029.110 Safari/537.3"
66.249.75.2 - - [08/Jul/2025:04:32:55 +0700] "GET /infos.php?shopdetail/144345543 HTTP/1.1" 404 27 "-" "Mozilla/5.0 (Linux; Android 6.0.1; Nexus 5X Build/MMB29P) AppleWebKit/537.36 (KHTML, like Gecko) Chrome/137.0.7151.103 Mobile Safari/537.36 (compatible; Googlebot/2.1; +http://www.google.com/bot.html)"
66.249.75.2 - - [08/Jul/2025:04:33:55 +0700] "GET /infos.php?shopdetail/150668743 HTTP/1.1" 404 27 "-" "Mozilla/5.0 (Linux; Android 6.0.1; Nexus 5X Build/MMB29P) AppleWebKit/537.36 (KHTML, like Gecko) Chrome/137.0.7151.103 Mobile Safari/537.36 (compatible; Googlebot/2.1; +http://www.google.com/bot.html)"
66.249.75.1 - - [08/Jul/2025:04:35:47 +0700] "GET /infos.php?shopdetail/402407843 HTTP/1.1" 404 27 "-" "Mozilla/5.0 (Linux; Android 6.0.1; Nexus 5X Build/MMB29P) AppleWebKit/537.36 (KHTML, like Gecko) Chrome/137.0.7151.103 Mobile Safari/537.36 (compatible; Googlebot/2.1; +http://www.google.com/bot.html)"
66.249.71.65 - - [08/Jul/2025:04:37:29 +0700] "GET /infos.php?shopdetail/416084943 HTTP/1.1" 404 27 "-" "Mozilla/5.0 (Linux; Android 6.0.1; Nexus 5X Build/MMB29P) AppleWebKit/537.36 (KHTML, like Gecko) Chrome/137.0.7151.103 Mobile Safari/537.36 (compatible; Googlebot/2.1; +http://www.google.com/bot.html)"
66.249.75.3 - - [08/Jul/2025:04:38:20 +0700] "GET /infos.php?shopdetail/244435643 HTTP/1.1" 404 27 "-" "Mozilla/5.0 (Linux; Android 6.0.1; Nexus 5X Build/MMB29P) AppleWebKit/537.36 (KHTML, like Gecko) Chrome/137.0.7151.103 Mobile Safari/537.36 (compatible; Googlebot/2.1; +http://www.google.com/bot.html)"
66.249.71.66 - - [08/Jul/2025:04:39:11 +0700] "GET /infos.php?shopdetail/409497643 HTTP/1.1" 404 27 "-" "Mozilla/5.0 (Linux; Android 6.0.1; Nexus 5X Build/MMB29P) AppleWebKit/537.36 (KHTML, like Gecko) Chrome/137.0.7151.103 Mobile Safari/537.36 (compatible; Googlebot/2.1; +http://www.google.com/bot.html)"
69.197.182.50 - - [08/Jul/2025:04:39:57 +0700] "GET /wp-includes/install.php HTTP/1.1" 404 27 "https://bliteexpo.com/wp-includes/install.php" "Mozilla/5.0 (Windows NT 10.0; Win64; x64) AppleWebKit/537.36 (KHTML, like Gecko) Chrome/58.0.3029.110 Safari/537.3"
66.249.75.1 - - [08/Jul/2025:04:40:03 +0700] "GET /infos.php?shopdetail/403449043 HTTP/1.1" 404 27 "-" "Mozilla/5.0 (Linux; Android 6.0.1; Nexus 5X Build/MMB29P) AppleWebKit/537.36 (KHTML, like Gecko) Chrome/137.0.7151.103 Mobile Safari/537.36 (compatible; Googlebot/2.1; +http://www.google.com/bot.html)"
66.249.75.1 - - [08/Jul/2025:04:40:29 +0700] "GET /wp-includes/search.php?personal/rule30/o0snz-49193/ HTTP/1.1" 404 27 "-" "Mozilla/5.0 (Linux; Android 6.0.1; Nexus 5X Build/MMB29P) AppleWebKit/537.36 (KHTML, like Gecko) Chrome/137.0.7151.103 Mobile Safari/537.36 (compatible; Googlebot/2.1; +http://www.google.com/bot.html)"
51.222.253.12 - - [08/Jul/2025:04:41:03 +0700] "GET /21451129407.htm HTTP/1.1" 404 27 "-" "Mozilla/5.0 (compatible; AhrefsBot/7.0; +http://ahrefs.com/robot/)"
66.249.71.64 - - [08/Jul/2025:04:41:20 +0700] "GET /infos.php?shopdetail/431226843 HTTP/1.1" 404 27 "-" "Mozilla/5.0 (Linux; Android 6.0.1; Nexus 5X Build/MMB29P) AppleWebKit/537.36 (KHTML, like Gecko) Chrome/137.0.7151.103 Mobile Safari/537.36 (compatible; Googlebot/2.1; +http://www.google.com/bot.html)"
66.249.75.1 - - [08/Jul/2025:04:42:12 +0700] "GET /items/oglqh183/5535?key=privacy HTTP/1.1" 404 27 "-" "Mozilla/5.0 (Linux; Android 6.0.1; Nexus 5X Build/MMB29P) AppleWebKit/537.36 (KHTML, like Gecko) Chrome/137.0.7151.103 Mobile Safari/537.36 (compatible; Googlebot/2.1; +http://www.google.com/bot.html)"
66.249.75.1 - - [08/Jul/2025:04:43:02 +0700] "GET /infos.php?shopdetail/404686443 HTTP/1.1" 404 27 "-" "Mozilla/5.0 (Linux; Android 6.0.1; Nexus 5X Build/MMB29P) AppleWebKit/537.36 (KHTML, like Gecko) Chrome/137.0.7151.103 Mobile Safari/537.36 (compatible; Googlebot/2.1; +http://www.google.com/bot.html)"
66.249.75.1 - - [08/Jul/2025:04:43:53 +0700] "GET /wp-includes/search.php?category/2637_7761_15733/1/listing HTTP/1.1" 404 27 "-" "Mozilla/5.0 (Linux; Android 6.0.1; Nexus 5X Build/MMB29P) AppleWebKit/537.36 (KHTML, like Gecko) Chrome/137.0.7151.103 Mobile Safari/537.36 (compatible; Googlebot/2.1; +http://www.google.com/bot.html)"
66.249.75.1 - - [08/Jul/2025:04:45:47 +0700] "GET /wp-includes/search.php?item/u219/13803/ HTTP/1.1" 404 27 "-" "Mozilla/5.0 (Linux; Android 6.0.1; Nexus 5X Build/MMB29P) AppleWebKit/537.36 (KHTML, like Gecko) Chrome/137.0.7151.103 Mobile Safari/537.36 (compatible; Googlebot/2.1; +http://www.google.com/bot.html)"
69.197.135.226 - - [08/Jul/2025:04:46:10 +0700] "GET /wp-includes/install.php HTTP/1.1" 404 27 "https://bliteexpo.com/wp-includes/install.php" "Mozilla/5.0 (Windows NT 10.0; Win64; x64) AppleWebKit/537.36 (KHTML, like Gecko) Chrome/58.0.3029.110 Safari/537.3"
66.249.71.65 - - [08/Jul/2025:04:46:39 +0700] "GET /infos.php?shopdetail/342039743 HTTP/1.1" 404 27 "-" "Mozilla/5.0 (Linux; Android 6.0.1; Nexus 5X Build/MMB29P) AppleWebKit/537.36 (KHTML, like Gecko) Chrome/137.0.7151.103 Mobile Safari/537.36 (compatible; Googlebot/2.1; +http://www.google.com/bot.html)"
66.249.71.64 - - [08/Jul/2025:04:48:16 +0700] "GET /infos.php?shopdetail/146499843 HTTP/1.1" 404 27 "-" "Mozilla/5.0 (Linux; Android 6.0.1; Nexus 5X Build/MMB29P) AppleWebKit/537.36 (KHTML, like Gecko) Chrome/137.0.7151.103 Mobile Safari/537.36 (compatible; Googlebot/2.1; +http://www.google.com/bot.html)"
66.249.75.2 - - [08/Jul/2025:04:48:38 +0700] "GET /pages.php?item/u92/25467/ HTTP/1.1" 404 27 "-" "Mozilla/5.0 (Linux; Android 6.0.1; Nexus 5X Build/MMB29P) AppleWebKit/537.36 (KHTML, like Gecko) Chrome/137.0.7151.103 Mobile Safari/537.36 (compatible; Googlebot/2.1; +http://www.google.com/bot.html)"
66.249.75.1 - - [08/Jul/2025:04:48:56 +0700] "GET /wp-includes/search.php?interfere/ocean111/mi9ns-25248/ HTTP/1.1" 404 27 "-" "Mozilla/5.0 (Linux; Android 6.0.1; Nexus 5X Build/MMB29P) AppleWebKit/537.36 (KHTML, like Gecko) Chrome/137.0.7151.103 Mobile Safari/537.36 (compatible; Googlebot/2.1; +http://www.google.com/bot.html)"
66.249.75.1 - - [08/Jul/2025:04:50:15 +0700] "GET /?_gl=1*s6cqrzf*_ga*UjepXNXbSyxnuDnLqMPMCxwOKuIC*_ga_PCLQBSERZ*VMnDjNYdpGJAKbPlUQO3lV1K4e7BNFk66XmBC15XD36ipfcJ0atzaXy.*_gcl_au=1.1.191065206.179434258*_gcl_aw=ZCN.179491380.dUrD1akADon11yLnS4RrsKsfEvkZfnT2whxW9OL4GzljbNoXQEDwIlA1iy2t3nsVnR1UdEWjr34w9uas7eGkR9Cz8F..&_gz=2.195814685.195558432.179284825-865810682.163453303&_bdsid=g8ali8.n~PSOKX.175925534.178969609&_bd_prev_page=https://bliteexpo.com/spark.php?backyard/successful16/yqlqz-16371/ HTTP/1.1" 404 27 "-" "Mozilla/5.0 (compatible; Googlebot/2.1; +http://www.google.com/bot.html)"
66.249.75.1 - - [08/Jul/2025:04:51:02 +0700] "GET /product/expensive30?c=g&l=9951 HTTP/1.1" 404 27 "-" "Mozilla/5.0 (Linux; Android 6.0.1; Nexus 5X Build/MMB29P) AppleWebKit/537.36 (KHTML, like Gecko) Chrome/137.0.7151.103 Mobile Safari/537.36 (compatible; Googlebot/2.1; +http://www.google.com/bot.html)"
51.222.253.16 - - [08/Jul/2025:04:51:14 +0700] "GET /33884139046.htm HTTP/1.1" 404 27 "-" "Mozilla/5.0 (compatible; AhrefsBot/7.0; +http://ahrefs.com/robot/)"
66.249.75.2 - - [08/Jul/2025:04:51:23 +0700] "GET /?_ga=2.191587845.1959589304.1724646173-118935029.1699511430&_bdsid=6bkvtq.n~SAVHP.1774765505565.1700627990&_bd_prev_page=https://bliteexpo.com/shop.xhtml?items/104043186.html?srsltid=AfmBOoqgrgKxJYcipnPXEIsWWMIthAdmjpVgAzZRtye94D8JcFNp HTTP/1.1" 404 27 "-" "Mozilla/5.0 (Linux; Android 6.0.1; Nexus 5X Build/MMB29P) AppleWebKit/537.36 (KHTML, like Gecko) Chrome/137.0.7151.103 Mobile Safari/537.36 (compatible; Googlebot/2.1; +http://www.google.com/bot.html)"
208.110.64.178 - - [08/Jul/2025:04:51:38 +0700] "GET /wp-includes/install.php HTTP/1.1" 404 27 "https://bliteexpo.com/wp-includes/install.php" "Mozilla/5.0 (Windows NT 10.0; Win64; x64) AppleWebKit/537.36 (KHTML, like Gecko) Chrome/58.0.3029.110 Safari/537.3"
66.249.75.1 - - [08/Jul/2025:04:51:40 +0700] "GET /infos.php/safe_search/config?return_url=%2Fproduct%2Fdetail%2F57421143 HTTP/1.1" 404 27 "-" "Mozilla/5.0 (Linux; Android 6.0.1; Nexus 5X Build/MMB29P) AppleWebKit/537.36 (KHTML, like Gecko) Chrome/137.0.7151.103 Mobile Safari/537.36 (compatible; Googlebot/2.1; +http://www.google.com/bot.html)"
66.249.75.1 - - [08/Jul/2025:04:52:01 +0700] "GET /citem/122090 HTTP/1.1" 404 27 "-" "Mozilla/5.0 (Linux; Android 6.0.1; Nexus 5X Build/MMB29P) AppleWebKit/537.36 (KHTML, like Gecko) Chrome/137.0.7151.103 Mobile Safari/537.36 (compatible; Googlebot/2.1; +http://www.google.com/bot.html)"
