File: //proc/thread-self/root/var/log/nginx/abc-ok.log
172.69.176.13 - - [13/Oct/2025:00:00:52 +0700] "POST /wp-cron.php?doing_wp_cron=1760288452.3073160648345947265625 HTTP/1.1" 200 5 "-" "WordPress/6.8.3; https://abc-ok.com"
162.158.108.45 - - [13/Oct/2025:00:00:52 +0700] "POST /xmlrpc.php HTTP/1.1" 200 413 "-" "Mozilla/4.0 (compatible; MSIE 7.0; Windows NT 6.2; WOW64; Trident/7.0; .NET4.0E; .NET4.0C; InfoPath.3; .NET CLR 3.5.30729; .NET CLR 2.0.50727; .NET CLR 3.0.30729)"
162.158.163.122 - - [13/Oct/2025:00:01:02 +0700] "GET / HTTP/1.1" 200 143434 "-" "synthetic-monitoring-agent/v0.14.3 (linux amd64; g64b8bab; +https://github.com/grafana/synthetic-monitoring-agent)"
172.70.208.41 - - [13/Oct/2025:00:01:05 +0700] "GET / HTTP/1.1" 200 143421 "-" "synthetic-monitoring-agent/v0.14.3 (linux amd64; g64b8bab; +https://github.com/grafana/synthetic-monitoring-agent)"
172.70.208.40 - - [13/Oct/2025:00:05:59 +0700] "POST /wp-cron.php?doing_wp_cron=1760288759.8770070075988769531250 HTTP/1.1" 200 5 "-" "WordPress/6.8.3; https://abc-ok.com"
172.70.93.95 - - [13/Oct/2025:00:06:00 +0700] "GET / HTTP/1.1" 200 143421 "-" "synthetic-monitoring-agent/v0.14.3 (linux amd64; g64b8bab; +https://github.com/grafana/synthetic-monitoring-agent)"
172.70.93.94 - - [13/Oct/2025:00:06:01 +0700] "GET / HTTP/1.1" 200 143434 "-" "synthetic-monitoring-agent/v0.14.3 (linux amd64; g64b8bab; +https://github.com/grafana/synthetic-monitoring-agent)"
162.158.108.44 - - [13/Oct/2025:00:06:41 +0700] "POST /wp-cron.php?doing_wp_cron=1760288801.1284260749816894531250 HTTP/1.1" 200 5 "-" "WordPress/6.8.3; https://abc-ok.com"
172.69.176.12 - - [13/Oct/2025:00:06:41 +0700] "POST /wp-login.php HTTP/1.1" 200 6504 "-" "Mozilla/5.0"
108.162.226.116 - - [13/Oct/2025:00:11:00 +0700] "POST /wp-cron.php?doing_wp_cron=1760289059.9420189857482910156250 HTTP/1.1" 200 5 "-" "WordPress/6.8.3; https://abc-ok.com"
172.71.124.154 - - [13/Oct/2025:00:11:00 +0700] "GET / HTTP/1.1" 200 143421 "-" "synthetic-monitoring-agent/v0.14.3 (linux amd64; g64b8bab; +https://github.com/grafana/synthetic-monitoring-agent)"
162.158.88.49 - - [13/Oct/2025:00:11:01 +0700] "GET / HTTP/1.1" 200 143421 "-" "synthetic-monitoring-agent/v0.14.3 (linux amd64; g64b8bab; +https://github.com/grafana/synthetic-monitoring-agent)"
172.71.124.154 - - [13/Oct/2025:00:13:16 +0700] "POST /wp-cron.php?doing_wp_cron=1760289196.4929490089416503906250 HTTP/1.1" 200 5 "-" "WordPress/6.8.3; https://abc-ok.com"
162.158.163.122 - - [13/Oct/2025:00:13:16 +0700] "POST /xmlrpc.php HTTP/1.1" 200 413 "-" "Mozilla/5.0 (Windows NT 6.2; Win64; x64) AppleWebKit/537.36 (KHTML, like Gecko) Chrome/67.0.3396.87 Safari/537.36"
162.158.108.44 - - [13/Oct/2025:00:16:00 +0700] "POST /wp-cron.php?doing_wp_cron=1760289360.3451249599456787109375 HTTP/1.1" 200 5 "-" "WordPress/6.8.3; https://abc-ok.com"
172.70.142.220 - - [13/Oct/2025:00:16:01 +0700] "GET / HTTP/1.1" 200 143429 "-" "synthetic-monitoring-agent/v0.14.3 (linux amd64; g64b8bab; +https://github.com/grafana/synthetic-monitoring-agent)"
172.70.188.187 - - [13/Oct/2025:00:16:03 +0700] "GET / HTTP/1.1" 200 143429 "-" "synthetic-monitoring-agent/v0.14.3 (linux amd64; g64b8bab; +https://github.com/grafana/synthetic-monitoring-agent)"
162.158.88.48 - - [13/Oct/2025:00:17:23 +0700] "POST /wp-cron.php?doing_wp_cron=1760289443.0541861057281494140625 HTTP/1.1" 200 5 "-" "WordPress/6.8.3; https://abc-ok.com"
172.70.208.41 - - [13/Oct/2025:00:17:23 +0700] "POST /wp-login.php HTTP/1.1" 200 6504 "-" "Mozilla/5.0"
172.71.82.78 - - [13/Oct/2025:00:19:04 +0700] "POST /wp-cron.php?doing_wp_cron=1760289544.3247139453887939453125 HTTP/1.1" 200 5 "-" "WordPress/6.8.3; https://abc-ok.com"
162.158.106.78 - - [13/Oct/2025:00:19:04 +0700] "POST /xmlrpc.php HTTP/1.1" 200 413 "-" "Mozilla/4.0 (compatible; MSIE 7.0; Windows NT 6.1; WOW64; Trident/7.0; SLCC2; .NET CLR 2.0.50727; .NET CLR 3.5.30729; .NET CLR 3.0.30729; Media Center PC 6.0; .NET4.0C; .NET4.0E; InfoPath.3)"
172.70.142.221 - - [13/Oct/2025:00:20:31 +0700] "POST /wp-cron.php?doing_wp_cron=1760289631.2980670928955078125000 HTTP/1.1" 200 5 "-" "WordPress/6.8.3; https://abc-ok.com"
103.174.178.140 - - [13/Oct/2025:00:20:31 +0700] "GET /wp-login.php HTTP/1.1" 200 6105 "-" "Mozilla/5.0 (Windows NT 10.0; Win64; x64; rv:127.0) Gecko/20100101 Firefox/127.0"
103.174.178.140 - - [13/Oct/2025:00:20:40 +0700] "POST /xmlrpc.php HTTP/1.1" 200 415 "-" "Mozilla/5.0 (Macintosh; Intel Mac OS X 13_5) AppleWebKit/605.1.15 (KHTML, like Gecko) Version/17.5 Safari/605.1.15"
162.158.108.44 - - [13/Oct/2025:00:20:59 +0700] "POST /wp-cron.php?doing_wp_cron=1760289659.7886099815368652343750 HTTP/1.1" 200 5 "-" "WordPress/6.8.3; https://abc-ok.com"
172.70.208.40 - - [13/Oct/2025:00:21:00 +0700] "GET / HTTP/1.1" 200 143426 "-" "synthetic-monitoring-agent/v0.14.3 (linux amd64; g64b8bab; +https://github.com/grafana/synthetic-monitoring-agent)"
172.68.164.69 - - [13/Oct/2025:00:21:00 +0700] "GET / HTTP/1.1" 200 143426 "-" "synthetic-monitoring-agent/v0.14.3 (linux amd64; g64b8bab; +https://github.com/grafana/synthetic-monitoring-agent)"
172.70.208.40 - - [13/Oct/2025:00:21:08 +0700] "POST /wp-cron.php?doing_wp_cron=1760289667.9798901081085205078125 HTTP/1.1" 200 5 "-" "WordPress/6.8.3; https://abc-ok.com"
176.126.103.194 - - [13/Oct/2025:00:21:08 +0700] "GET /wp-login.php HTTP/1.1" 200 6099 "-" "Mozilla/5.0 (Windows NT 10.0; Win64; x64) AppleWebKit/537.36 (KHTML, like Gecko) Chrome/124.0.6367.207 Safari/537.36"
172.70.188.187 - - [13/Oct/2025:00:21:09 +0700] "POST /wp-login.php?wp_lang=en_US HTTP/1.1" 200 6478 "https://abc-ok.com/wp-login.php?wp_lang=en_US" "Mozilla/5.0 (Windows NT 10.0; Win64; x64) AppleWebKit/537.36 (KHTML, like Gecko) Chrome/124.0.6367.207 Safari/537.36"
162.158.106.79 - - [13/Oct/2025:00:21:27 +0700] "GET /wp-login.php?wp_lang=en_US HTTP/1.1" 200 6099 "-" "Mozilla/5.0 (Windows NT 10.0; Win64; x64) AppleWebKit/537.36 (KHTML, like Gecko) Chrome/124.0.6367.207 Safari/537.36"
172.71.124.155 - - [13/Oct/2025:00:21:28 +0700] "POST /wp-login.php?wp_lang=en_US HTTP/1.1" 200 6493 "https://abc-ok.com/wp-login.php?wp_lang=en_US" "Mozilla/5.0 (Windows NT 10.0; Win64; x64) AppleWebKit/537.36 (KHTML, like Gecko) Chrome/124.0.6367.207 Safari/537.36"
162.158.106.79 - - [13/Oct/2025:00:21:31 +0700] "GET /wp-login.php?wp_lang=en_US HTTP/1.1" 200 6105 "-" "Mozilla/5.0 (Windows NT 10.0; Win64; x64) AppleWebKit/537.36 (KHTML, like Gecko) Chrome/124.0.6367.207 Safari/537.36"
162.158.163.122 - - [13/Oct/2025:00:21:32 +0700] "POST /wp-login.php?wp_lang=en_US HTTP/1.1" 200 6499 "https://abc-ok.com/wp-login.php?wp_lang=en_US" "Mozilla/5.0 (Windows NT 10.0; Win64; x64) AppleWebKit/537.36 (KHTML, like Gecko) Chrome/124.0.6367.207 Safari/537.36"
108.162.226.85 - - [13/Oct/2025:00:21:34 +0700] "GET /wp-login.php?wp_lang=en_US HTTP/1.1" 200 6105 "-" "Mozilla/5.0 (Windows NT 10.0; Win64; x64) AppleWebKit/537.36 (KHTML, like Gecko) Chrome/124.0.6367.207 Safari/537.36"
172.71.82.78 - - [13/Oct/2025:00:21:36 +0700] "POST /wp-login.php?wp_lang=en_US HTTP/1.1" 200 6493 "https://abc-ok.com/wp-login.php?wp_lang=en_US" "Mozilla/5.0 (Windows NT 10.0; Win64; x64) AppleWebKit/537.36 (KHTML, like Gecko) Chrome/124.0.6367.207 Safari/537.36"
172.71.82.78 - - [13/Oct/2025:00:22:19 +0700] "POST /wp-cron.php?doing_wp_cron=1760289739.3200860023498535156250 HTTP/1.1" 200 5 "-" "WordPress/6.8.3; https://abc-ok.com"
172.70.208.41 - - [13/Oct/2025:00:22:19 +0700] "GET /wp-login.php?wp_lang=en_US HTTP/1.1" 200 6099 "-" "Mozilla/5.0 (Windows NT 10.0; Win64; x64) AppleWebKit/537.36 (KHTML, like Gecko) Chrome/124.0.6367.207 Safari/537.36"
162.158.108.44 - - [13/Oct/2025:00:22:22 +0700] "POST /wp-login.php?wp_lang=en_US HTTP/1.1" 200 6493 "https://abc-ok.com/wp-login.php?wp_lang=en_US" "Mozilla/5.0 (Windows NT 10.0; Win64; x64) AppleWebKit/537.36 (KHTML, like Gecko) Chrome/124.0.6367.207 Safari/537.36"
162.158.170.63 - - [13/Oct/2025:00:22:25 +0700] "GET /wp-login.php?wp_lang=en_US HTTP/1.1" 200 6099 "-" "Mozilla/5.0 (Windows NT 10.0; Win64; x64) AppleWebKit/537.36 (KHTML, like Gecko) Chrome/124.0.6367.207 Safari/537.36"
172.68.164.69 - - [13/Oct/2025:00:22:27 +0700] "POST /wp-login.php?wp_lang=en_US HTTP/1.1" 200 6499 "https://abc-ok.com/wp-login.php?wp_lang=en_US" "Mozilla/5.0 (Windows NT 10.0; Win64; x64) AppleWebKit/537.36 (KHTML, like Gecko) Chrome/124.0.6367.207 Safari/537.36"
162.158.108.45 - - [13/Oct/2025:00:22:29 +0700] "GET /wp-login.php?wp_lang=en_US HTTP/1.1" 200 6099 "-" "Mozilla/5.0 (Windows NT 10.0; Win64; x64) AppleWebKit/537.36 (KHTML, like Gecko) Chrome/124.0.6367.207 Safari/537.36"
104.23.175.167 - - [13/Oct/2025:00:22:31 +0700] "POST /wp-login.php?wp_lang=en_US HTTP/1.1" 200 6499 "https://abc-ok.com/wp-login.php?wp_lang=en_US" "Mozilla/5.0 (Windows NT 10.0; Win64; x64) AppleWebKit/537.36 (KHTML, like Gecko) Chrome/124.0.6367.207 Safari/537.36"
104.23.175.167 - - [13/Oct/2025:00:22:33 +0700] "GET /wp-login.php?wp_lang=en_US HTTP/1.1" 200 6105 "-" "Mozilla/5.0 (Windows NT 10.0; Win64; x64) AppleWebKit/537.36 (KHTML, like Gecko) Chrome/124.0.6367.207 Safari/537.36"
162.158.108.45 - - [13/Oct/2025:00:22:35 +0700] "POST /wp-login.php?wp_lang=en_US HTTP/1.1" 200 6493 "https://abc-ok.com/wp-login.php?wp_lang=en_US" "Mozilla/5.0 (Windows NT 10.0; Win64; x64) AppleWebKit/537.36 (KHTML, like Gecko) Chrome/124.0.6367.207 Safari/537.36"
172.70.143.238 - - [13/Oct/2025:00:22:47 +0700] "GET /wp-login.php?wp_lang=en_US HTTP/1.1" 200 6099 "-" "Mozilla/5.0 (Windows NT 10.0; Win64; x64) AppleWebKit/537.36 (KHTML, like Gecko) Chrome/124.0.6367.207 Safari/537.36"
172.70.142.221 - - [13/Oct/2025:00:22:49 +0700] "POST /wp-login.php?wp_lang=en_US HTTP/1.1" 200 6499 "https://abc-ok.com/wp-login.php?wp_lang=en_US" "Mozilla/5.0 (Windows NT 10.0; Win64; x64) AppleWebKit/537.36 (KHTML, like Gecko) Chrome/124.0.6367.207 Safari/537.36"
162.158.106.79 - - [13/Oct/2025:00:22:51 +0700] "GET /wp-login.php?wp_lang=en_US HTTP/1.1" 200 6105 "-" "Mozilla/5.0 (Windows NT 10.0; Win64; x64) AppleWebKit/537.36 (KHTML, like Gecko) Chrome/124.0.6367.207 Safari/537.36"
172.68.164.68 - - [13/Oct/2025:00:22:53 +0700] "POST /wp-login.php?wp_lang=en_US HTTP/1.1" 200 6499 "https://abc-ok.com/wp-login.php?wp_lang=en_US" "Mozilla/5.0 (Windows NT 10.0; Win64; x64) AppleWebKit/537.36 (KHTML, like Gecko) Chrome/124.0.6367.207 Safari/537.36"
162.158.163.122 - - [13/Oct/2025:00:22:55 +0700] "GET /wp-login.php?wp_lang=en_US HTTP/1.1" 200 6099 "-" "Mozilla/5.0 (Windows NT 10.0; Win64; x64) AppleWebKit/537.36 (KHTML, like Gecko) Chrome/124.0.6367.207 Safari/537.36"
162.158.108.45 - - [13/Oct/2025:00:22:57 +0700] "POST /wp-login.php?wp_lang=en_US HTTP/1.1" 200 6493 "https://abc-ok.com/wp-login.php?wp_lang=en_US" "Mozilla/5.0 (Windows NT 10.0; Win64; x64) AppleWebKit/537.36 (KHTML, like Gecko) Chrome/124.0.6367.207 Safari/537.36"
172.69.166.16 - - [13/Oct/2025:00:22:59 +0700] "GET /wp-login.php?wp_lang=en_US HTTP/1.1" 200 6105 "-" "Mozilla/5.0 (Windows NT 10.0; Win64; x64) AppleWebKit/537.36 (KHTML, like Gecko) Chrome/124.0.6367.207 Safari/537.36"
162.158.108.45 - - [13/Oct/2025:00:23:43 +0700] "POST /wp-cron.php?doing_wp_cron=1760289823.5652580261230468750000 HTTP/1.1" 200 5 "-" "WordPress/6.8.3; https://abc-ok.com"
108.162.226.85 - - [13/Oct/2025:00:23:43 +0700] "GET /wp-login.php?wp_lang=en_US HTTP/1.1" 200 6105 "-" "Mozilla/5.0 (Windows NT 10.0; Win64; x64) AppleWebKit/537.36 (KHTML, like Gecko) Chrome/124.0.6367.207 Safari/537.36"
172.70.208.40 - - [13/Oct/2025:00:23:44 +0700] "POST /wp-login.php?wp_lang=en_US HTTP/1.1" 200 6493 "https://abc-ok.com/wp-login.php?wp_lang=en_US" "Mozilla/5.0 (Windows NT 10.0; Win64; x64) AppleWebKit/537.36 (KHTML, like Gecko) Chrome/124.0.6367.207 Safari/537.36"
172.69.176.12 - - [13/Oct/2025:00:24:06 +0700] "GET /wp-login.php?wp_lang=en_US HTTP/1.1" 200 6105 "-" "Mozilla/5.0 (Windows NT 10.0; Win64; x64) AppleWebKit/537.36 (KHTML, like Gecko) Chrome/124.0.6367.207 Safari/537.36"
104.23.175.167 - - [13/Oct/2025:00:24:08 +0700] "POST /wp-cron.php?doing_wp_cron=1760289848.4637470245361328125000 HTTP/1.1" 200 5 "-" "WordPress/6.8.3; https://abc-ok.com"
162.158.106.79 - - [13/Oct/2025:00:24:08 +0700] "POST /wp-login.php?wp_lang=en_US HTTP/1.1" 200 6499 "https://abc-ok.com/wp-login.php?wp_lang=en_US" "Mozilla/5.0 (Windows NT 10.0; Win64; x64) AppleWebKit/537.36 (KHTML, like Gecko) Chrome/124.0.6367.207 Safari/537.36"
162.158.106.79 - - [13/Oct/2025:00:24:10 +0700] "GET /wp-login.php?wp_lang=en_US HTTP/1.1" 200 6099 "-" "Mozilla/5.0 (Windows NT 10.0; Win64; x64) AppleWebKit/537.36 (KHTML, like Gecko) Chrome/124.0.6367.207 Safari/537.36"
172.71.82.78 - - [13/Oct/2025:00:24:12 +0700] "POST /wp-login.php?wp_lang=en_US HTTP/1.1" 200 6499 "https://abc-ok.com/wp-login.php?wp_lang=en_US" "Mozilla/5.0 (Windows NT 10.0; Win64; x64) AppleWebKit/537.36 (KHTML, like Gecko) Chrome/124.0.6367.207 Safari/537.36"
162.158.163.122 - - [13/Oct/2025:00:24:14 +0700] "GET /wp-login.php?wp_lang=en_US HTTP/1.1" 200 6099 "-" "Mozilla/5.0 (Windows NT 10.0; Win64; x64) AppleWebKit/537.36 (KHTML, like Gecko) Chrome/124.0.6367.207 Safari/537.36"
172.70.208.40 - - [13/Oct/2025:00:24:16 +0700] "POST /wp-login.php?wp_lang=en_US HTTP/1.1" 200 6499 "https://abc-ok.com/wp-login.php?wp_lang=en_US" "Mozilla/5.0 (Windows NT 10.0; Win64; x64) AppleWebKit/537.36 (KHTML, like Gecko) Chrome/124.0.6367.207 Safari/537.36"
162.158.88.49 - - [13/Oct/2025:00:24:29 +0700] "GET /wp-login.php?wp_lang=en_US HTTP/1.1" 200 6099 "-" "Mozilla/5.0 (Windows NT 10.0; Win64; x64) AppleWebKit/537.36 (KHTML, like Gecko) Chrome/124.0.6367.207 Safari/537.36"
162.158.163.122 - - [13/Oct/2025:00:24:32 +0700] "POST /wp-login.php?wp_lang=en_US HTTP/1.1" 200 6499 "https://abc-ok.com/wp-login.php?wp_lang=en_US" "Mozilla/5.0 (Windows NT 10.0; Win64; x64) AppleWebKit/537.36 (KHTML, like Gecko) Chrome/124.0.6367.207 Safari/537.36"
108.162.226.85 - - [13/Oct/2025:00:24:34 +0700] "GET /wp-login.php?wp_lang=en_US HTTP/1.1" 200 6105 "-" "Mozilla/5.0 (Windows NT 10.0; Win64; x64) AppleWebKit/537.36 (KHTML, like Gecko) Chrome/124.0.6367.207 Safari/537.36"
162.158.106.79 - - [13/Oct/2025:00:24:36 +0700] "POST /wp-login.php?wp_lang=en_US HTTP/1.1" 200 6493 "https://abc-ok.com/wp-login.php?wp_lang=en_US" "Mozilla/5.0 (Windows NT 10.0; Win64; x64) AppleWebKit/537.36 (KHTML, like Gecko) Chrome/124.0.6367.207 Safari/537.36"
162.158.170.62 - - [13/Oct/2025:00:24:39 +0700] "GET /wp-login.php?wp_lang=en_US HTTP/1.1" 200 6105 "-" "Mozilla/5.0 (Windows NT 10.0; Win64; x64) AppleWebKit/537.36 (KHTML, like Gecko) Chrome/124.0.6367.207 Safari/537.36"
172.70.142.221 - - [13/Oct/2025:00:24:40 +0700] "POST /wp-login.php?wp_lang=en_US HTTP/1.1" 200 6499 "https://abc-ok.com/wp-login.php?wp_lang=en_US" "Mozilla/5.0 (Windows NT 10.0; Win64; x64) AppleWebKit/537.36 (KHTML, like Gecko) Chrome/124.0.6367.207 Safari/537.36"
104.23.175.149 - - [13/Oct/2025:00:24:43 +0700] "GET /wp-login.php?wp_lang=en_US HTTP/1.1" 200 6105 "-" "Mozilla/5.0 (Windows NT 10.0; Win64; x64) AppleWebKit/537.36 (KHTML, like Gecko) Chrome/124.0.6367.207 Safari/537.36"
108.162.226.85 - - [13/Oct/2025:00:24:44 +0700] "POST /wp-login.php?wp_lang=en_US HTTP/1.1" 200 6499 "https://abc-ok.com/wp-login.php?wp_lang=en_US" "Mozilla/5.0 (Windows NT 10.0; Win64; x64) AppleWebKit/537.36 (KHTML, like Gecko) Chrome/124.0.6367.207 Safari/537.36"
172.70.142.221 - - [13/Oct/2025:00:24:47 +0700] "GET /wp-login.php?wp_lang=en_US HTTP/1.1" 200 6105 "-" "Mozilla/5.0 (Windows NT 10.0; Win64; x64) AppleWebKit/537.36 (KHTML, like Gecko) Chrome/124.0.6367.207 Safari/537.36"
172.70.208.40 - - [13/Oct/2025:00:24:48 +0700] "POST /wp-login.php?wp_lang=en_US HTTP/1.1" 200 6493 "https://abc-ok.com/wp-login.php?wp_lang=en_US" "Mozilla/5.0 (Windows NT 10.0; Win64; x64) AppleWebKit/537.36 (KHTML, like Gecko) Chrome/124.0.6367.207 Safari/537.36"
108.162.226.85 - - [13/Oct/2025:00:24:50 +0700] "POST /xmlrpc.php HTTP/1.1" 200 413 "-" "Mozilla/5.0 (Windows NT 5.1; Win64; x64) AppleWebKit/537.36 (KHTML, like Gecko) Chrome/65.0.3325.181 Safari/537.36 OPR/52.0.2871.99"
172.70.142.221 - - [13/Oct/2025:00:25:12 +0700] "POST /wp-cron.php?doing_wp_cron=1760289912.3596010208129882812500 HTTP/1.1" 200 5 "-" "WordPress/6.8.3; https://abc-ok.com"
162.158.106.79 - - [13/Oct/2025:00:25:12 +0700] "GET /wp-login.php?wp_lang=en_US HTTP/1.1" 200 6099 "-" "Mozilla/5.0 (Windows NT 10.0; Win64; x64) AppleWebKit/537.36 (KHTML, like Gecko) Chrome/124.0.6367.207 Safari/537.36"
172.69.176.13 - - [13/Oct/2025:00:25:14 +0700] "POST /wp-login.php?wp_lang=en_US HTTP/1.1" 200 6493 "https://abc-ok.com/wp-login.php?wp_lang=en_US" "Mozilla/5.0 (Windows NT 10.0; Win64; x64) AppleWebKit/537.36 (KHTML, like Gecko) Chrome/124.0.6367.207 Safari/537.36"
162.158.170.62 - - [13/Oct/2025:00:25:16 +0700] "GET /wp-login.php?wp_lang=en_US HTTP/1.1" 200 6099 "-" "Mozilla/5.0 (Windows NT 10.0; Win64; x64) AppleWebKit/537.36 (KHTML, like Gecko) Chrome/124.0.6367.207 Safari/537.36"
162.158.106.79 - - [13/Oct/2025:00:25:17 +0700] "POST /wp-login.php?wp_lang=en_US HTTP/1.1" 200 6499 "https://abc-ok.com/wp-login.php?wp_lang=en_US" "Mozilla/5.0 (Windows NT 10.0; Win64; x64) AppleWebKit/537.36 (KHTML, like Gecko) Chrome/124.0.6367.207 Safari/537.36"
162.158.189.33 - - [13/Oct/2025:00:25:27 +0700] "GET /wp-login.php?wp_lang=en_US HTTP/1.1" 200 6099 "-" "Mozilla/5.0 (Windows NT 10.0; Win64; x64) AppleWebKit/537.36 (KHTML, like Gecko) Chrome/124.0.6367.207 Safari/537.36"
108.162.226.85 - - [13/Oct/2025:00:25:29 +0700] "POST /wp-login.php?wp_lang=en_US HTTP/1.1" 200 6493 "https://abc-ok.com/wp-login.php?wp_lang=en_US" "Mozilla/5.0 (Windows NT 10.0; Win64; x64) AppleWebKit/537.36 (KHTML, like Gecko) Chrome/124.0.6367.207 Safari/537.36"
172.70.208.40 - - [13/Oct/2025:00:25:32 +0700] "GET /wp-login.php?wp_lang=en_US HTTP/1.1" 200 6099 "-" "Mozilla/5.0 (Windows NT 10.0; Win64; x64) AppleWebKit/537.36 (KHTML, like Gecko) Chrome/124.0.6367.207 Safari/537.36"
172.70.208.40 - - [13/Oct/2025:00:25:33 +0700] "POST /wp-login.php?wp_lang=en_US HTTP/1.1" 200 6493 "https://abc-ok.com/wp-login.php?wp_lang=en_US" "Mozilla/5.0 (Windows NT 10.0; Win64; x64) AppleWebKit/537.36 (KHTML, like Gecko) Chrome/124.0.6367.207 Safari/537.36"
172.70.93.95 - - [13/Oct/2025:00:26:00 +0700] "GET / HTTP/1.1" 200 143421 "-" "synthetic-monitoring-agent/v0.14.3 (linux amd64; g64b8bab; +https://github.com/grafana/synthetic-monitoring-agent)"
162.158.163.121 - - [13/Oct/2025:00:26:01 +0700] "GET / HTTP/1.1" 200 143426 "-" "synthetic-monitoring-agent/v0.14.3 (linux amd64; g64b8bab; +https://github.com/grafana/synthetic-monitoring-agent)"
162.158.170.163 - - [13/Oct/2025:00:26:42 +0700] "POST /wp-cron.php?doing_wp_cron=1760290002.7909250259399414062500 HTTP/1.1" 200 5 "-" "WordPress/6.8.3; https://abc-ok.com"
143.92.61.148 - - [13/Oct/2025:00:26:42 +0700] "GET /wp-login.php HTTP/1.1" 200 6105 "-" "Mozilla/5.0 (Windows NT 10.0; Win64; x64) AppleWebKit/537.36 (KHTML, like Gecko) Chrome/124.0.6367.207 Safari/537.36"
104.23.175.166 - - [13/Oct/2025:00:26:47 +0700] "POST /wp-login.php?wp_lang=en_US HTTP/1.1" 200 6478 "https://abc-ok.com/wp-login.php?wp_lang=en_US" "Mozilla/5.0 (Windows NT 10.0; Win64; x64) AppleWebKit/537.36 (KHTML, like Gecko) Chrome/124.0.6367.207 Safari/537.36"
162.158.163.121 - - [13/Oct/2025:00:26:56 +0700] "GET /wp-login.php?wp_lang=en_US HTTP/1.1" 200 6099 "-" "Mozilla/5.0 (Windows NT 10.0; Win64; x64) AppleWebKit/537.36 (KHTML, like Gecko) Chrome/124.0.6367.207 Safari/537.36"
162.158.189.33 - - [13/Oct/2025:00:27:00 +0700] "POST /wp-login.php?wp_lang=en_US HTTP/1.1" 200 6499 "https://abc-ok.com/wp-login.php?wp_lang=en_US" "Mozilla/5.0 (Windows NT 10.0; Win64; x64) AppleWebKit/537.36 (KHTML, like Gecko) Chrome/124.0.6367.207 Safari/537.36"
162.158.163.121 - - [13/Oct/2025:00:27:03 +0700] "GET /wp-login.php?wp_lang=en_US HTTP/1.1" 200 6099 "-" "Mozilla/5.0 (Windows NT 10.0; Win64; x64) AppleWebKit/537.36 (KHTML, like Gecko) Chrome/124.0.6367.207 Safari/537.36"
162.158.88.48 - - [13/Oct/2025:00:27:05 +0700] "POST /wp-login.php?wp_lang=en_US HTTP/1.1" 200 6499 "https://abc-ok.com/wp-login.php?wp_lang=en_US" "Mozilla/5.0 (Windows NT 10.0; Win64; x64) AppleWebKit/537.36 (KHTML, like Gecko) Chrome/124.0.6367.207 Safari/537.36"
172.70.142.221 - - [13/Oct/2025:00:27:08 +0700] "POST /wp-cron.php?doing_wp_cron=1760290028.2037329673767089843750 HTTP/1.1" 200 5 "-" "WordPress/6.8.3; https://abc-ok.com"
172.70.208.41 - - [13/Oct/2025:00:27:08 +0700] "GET /wp-login.php?wp_lang=en_US HTTP/1.1" 200 6099 "-" "Mozilla/5.0 (Windows NT 10.0; Win64; x64) AppleWebKit/537.36 (KHTML, like Gecko) Chrome/124.0.6367.207 Safari/537.36"
172.71.124.154 - - [13/Oct/2025:00:27:09 +0700] "POST /wp-login.php?wp_lang=en_US HTTP/1.1" 200 6493 "https://abc-ok.com/wp-login.php?wp_lang=en_US" "Mozilla/5.0 (Windows NT 10.0; Win64; x64) AppleWebKit/537.36 (KHTML, like Gecko) Chrome/124.0.6367.207 Safari/537.36"
162.158.189.33 - - [13/Oct/2025:00:27:12 +0700] "GET /wp-login.php?wp_lang=en_US HTTP/1.1" 200 6105 "-" "Mozilla/5.0 (Windows NT 10.0; Win64; x64) AppleWebKit/537.36 (KHTML, like Gecko) Chrome/124.0.6367.207 Safari/537.36"
172.71.124.154 - - [13/Oct/2025:00:27:14 +0700] "POST /wp-login.php?wp_lang=en_US HTTP/1.1" 200 6499 "https://abc-ok.com/wp-login.php?wp_lang=en_US" "Mozilla/5.0 (Windows NT 10.0; Win64; x64) AppleWebKit/537.36 (KHTML, like Gecko) Chrome/124.0.6367.207 Safari/537.36"
104.23.175.166 - - [13/Oct/2025:00:27:32 +0700] "GET /wp-login.php?wp_lang=en_US HTTP/1.1" 200 6099 "-" "Mozilla/5.0 (Windows NT 10.0; Win64; x64) AppleWebKit/537.36 (KHTML, like Gecko) Chrome/124.0.6367.207 Safari/537.36"
172.70.208.41 - - [13/Oct/2025:00:27:35 +0700] "POST /wp-login.php?wp_lang=en_US HTTP/1.1" 200 6493 "https://abc-ok.com/wp-login.php?wp_lang=en_US" "Mozilla/5.0 (Windows NT 10.0; Win64; x64) AppleWebKit/537.36 (KHTML, like Gecko) Chrome/124.0.6367.207 Safari/537.36"
172.71.124.154 - - [13/Oct/2025:00:27:38 +0700] "GET /wp-login.php?wp_lang=en_US HTTP/1.1" 200 6099 "-" "Mozilla/5.0 (Windows NT 10.0; Win64; x64) AppleWebKit/537.36 (KHTML, like Gecko) Chrome/124.0.6367.207 Safari/537.36"
162.158.170.62 - - [13/Oct/2025:00:27:40 +0700] "POST /wp-login.php?wp_lang=en_US HTTP/1.1" 200 6499 "https://abc-ok.com/wp-login.php?wp_lang=en_US" "Mozilla/5.0 (Windows NT 10.0; Win64; x64) AppleWebKit/537.36 (KHTML, like Gecko) Chrome/124.0.6367.207 Safari/537.36"
172.71.124.154 - - [13/Oct/2025:00:27:53 +0700] "GET /wp-login.php?wp_lang=en_US HTTP/1.1" 200 6099 "-" "Mozilla/5.0 (Windows NT 10.0; Win64; x64) AppleWebKit/537.36 (KHTML, like Gecko) Chrome/124.0.6367.207 Safari/537.36"
162.158.189.33 - - [13/Oct/2025:00:27:54 +0700] "POST /wp-login.php?wp_lang=en_US HTTP/1.1" 200 6493 "https://abc-ok.com/wp-login.php?wp_lang=en_US" "Mozilla/5.0 (Windows NT 10.0; Win64; x64) AppleWebKit/537.36 (KHTML, like Gecko) Chrome/124.0.6367.207 Safari/537.36"
162.158.106.78 - - [13/Oct/2025:00:28:17 +0700] "POST /wp-cron.php?doing_wp_cron=1760290097.1996679306030273437500 HTTP/1.1" 200 5 "-" "WordPress/6.8.3; https://abc-ok.com"
172.69.176.13 - - [13/Oct/2025:00:28:17 +0700] "GET /wp-login.php?wp_lang=en_US HTTP/1.1" 200 6099 "-" "Mozilla/5.0 (Windows NT 10.0; Win64; x64) AppleWebKit/537.36 (KHTML, like Gecko) Chrome/124.0.6367.207 Safari/537.36"
104.23.175.166 - - [13/Oct/2025:00:28:18 +0700] "POST /wp-login.php?wp_lang=en_US HTTP/1.1" 200 6499 "https://abc-ok.com/wp-login.php?wp_lang=en_US" "Mozilla/5.0 (Windows NT 10.0; Win64; x64) AppleWebKit/537.36 (KHTML, like Gecko) Chrome/124.0.6367.207 Safari/537.36"
172.71.82.79 - - [13/Oct/2025:00:28:31 +0700] "GET /wp-login.php?wp_lang=en_US HTTP/1.1" 200 6105 "-" "Mozilla/5.0 (Windows NT 10.0; Win64; x64) AppleWebKit/537.36 (KHTML, like Gecko) Chrome/124.0.6367.207 Safari/537.36"
172.70.208.41 - - [13/Oct/2025:00:28:32 +0700] "POST /wp-login.php?wp_lang=en_US HTTP/1.1" 200 6499 "https://abc-ok.com/wp-login.php?wp_lang=en_US" "Mozilla/5.0 (Windows NT 10.0; Win64; x64) AppleWebKit/537.36 (KHTML, like Gecko) Chrome/124.0.6367.207 Safari/537.36"
172.69.176.13 - - [13/Oct/2025:00:28:35 +0700] "GET /wp-login.php?wp_lang=en_US HTTP/1.1" 200 6099 "-" "Mozilla/5.0 (Windows NT 10.0; Win64; x64) AppleWebKit/537.36 (KHTML, like Gecko) Chrome/124.0.6367.207 Safari/537.36"
162.158.88.48 - - [13/Oct/2025:00:28:36 +0700] "POST /wp-login.php?wp_lang=en_US HTTP/1.1" 200 6493 "https://abc-ok.com/wp-login.php?wp_lang=en_US" "Mozilla/5.0 (Windows NT 10.0; Win64; x64) AppleWebKit/537.36 (KHTML, like Gecko) Chrome/124.0.6367.207 Safari/537.36"
162.158.108.45 - - [13/Oct/2025:00:28:41 +0700] "GET /wp-login.php?wp_lang=en_US HTTP/1.1" 200 6099 "-" "Mozilla/5.0 (Windows NT 10.0; Win64; x64) AppleWebKit/537.36 (KHTML, like Gecko) Chrome/124.0.6367.207 Safari/537.36"
172.71.124.154 - - [13/Oct/2025:00:28:42 +0700] "POST /wp-login.php?wp_lang=en_US HTTP/1.1" 200 6499 "https://abc-ok.com/wp-login.php?wp_lang=en_US" "Mozilla/5.0 (Windows NT 10.0; Win64; x64) AppleWebKit/537.36 (KHTML, like Gecko) Chrome/124.0.6367.207 Safari/537.36"
172.70.188.187 - - [13/Oct/2025:00:28:45 +0700] "GET /wp-login.php?wp_lang=en_US HTTP/1.1" 200 6105 "-" "Mozilla/5.0 (Windows NT 10.0; Win64; x64) AppleWebKit/537.36 (KHTML, like Gecko) Chrome/124.0.6367.207 Safari/537.36"
172.70.188.187 - - [13/Oct/2025:00:28:54 +0700] "GET /wp-login.php?wp_lang=en_US HTTP/1.1" 200 6105 "-" "Mozilla/5.0 (Windows NT 10.0; Win64; x64) AppleWebKit/537.36 (KHTML, like Gecko) Chrome/124.0.6367.207 Safari/537.36"
172.71.82.79 - - [13/Oct/2025:00:28:56 +0700] "POST /wp-login.php?wp_lang=en_US HTTP/1.1" 200 6499 "https://abc-ok.com/wp-login.php?wp_lang=en_US" "Mozilla/5.0 (Windows NT 10.0; Win64; x64) AppleWebKit/537.36 (KHTML, like Gecko) Chrome/124.0.6367.207 Safari/537.36"
162.158.163.122 - - [13/Oct/2025:00:28:58 +0700] "GET /wp-login.php?wp_lang=en_US HTTP/1.1" 200 6105 "-" "Mozilla/5.0 (Windows NT 10.0; Win64; x64) AppleWebKit/537.36 (KHTML, like Gecko) Chrome/124.0.6367.207 Safari/537.36"
162.158.189.33 - - [13/Oct/2025:00:29:00 +0700] "POST /wp-login.php?wp_lang=en_US HTTP/1.1" 200 6493 "https://abc-ok.com/wp-login.php?wp_lang=en_US" "Mozilla/5.0 (Windows NT 10.0; Win64; x64) AppleWebKit/537.36 (KHTML, like Gecko) Chrome/124.0.6367.207 Safari/537.36"
104.23.175.166 - - [13/Oct/2025:00:29:02 +0700] "GET /wp-login.php?wp_lang=en_US HTTP/1.1" 200 6105 "-" "Mozilla/5.0 (Windows NT 10.0; Win64; x64) AppleWebKit/537.36 (KHTML, like Gecko) Chrome/124.0.6367.207 Safari/537.36"
172.71.124.154 - - [13/Oct/2025:00:29:04 +0700] "POST /wp-login.php?wp_lang=en_US HTTP/1.1" 200 6493 "https://abc-ok.com/wp-login.php?wp_lang=en_US" "Mozilla/5.0 (Windows NT 10.0; Win64; x64) AppleWebKit/537.36 (KHTML, like Gecko) Chrome/124.0.6367.207 Safari/537.36"
162.158.170.62 - - [13/Oct/2025:00:29:07 +0700] "POST /wp-cron.php?doing_wp_cron=1760290147.4471559524536132812500 HTTP/1.1" 200 5 "-" "WordPress/6.8.3; https://abc-ok.com"
104.23.175.166 - - [13/Oct/2025:00:29:07 +0700] "GET /wp-login.php?wp_lang=en_US HTTP/1.1" 200 6105 "-" "Mozilla/5.0 (Windows NT 10.0; Win64; x64) AppleWebKit/537.36 (KHTML, like Gecko) Chrome/124.0.6367.207 Safari/537.36"
172.71.124.154 - - [13/Oct/2025:00:29:08 +0700] "POST /wp-login.php?wp_lang=en_US HTTP/1.1" 200 6493 "https://abc-ok.com/wp-login.php?wp_lang=en_US" "Mozilla/5.0 (Windows NT 10.0; Win64; x64) AppleWebKit/537.36 (KHTML, like Gecko) Chrome/124.0.6367.207 Safari/537.36"
172.70.188.187 - - [13/Oct/2025:00:29:11 +0700] "GET /wp-login.php?wp_lang=en_US HTTP/1.1" 200 6105 "-" "Mozilla/5.0 (Windows NT 10.0; Win64; x64) AppleWebKit/537.36 (KHTML, like Gecko) Chrome/124.0.6367.207 Safari/537.36"
172.69.176.13 - - [13/Oct/2025:00:29:13 +0700] "POST /wp-login.php?wp_lang=en_US HTTP/1.1" 200 6493 "https://abc-ok.com/wp-login.php?wp_lang=en_US" "Mozilla/5.0 (Windows NT 10.0; Win64; x64) AppleWebKit/537.36 (KHTML, like Gecko) Chrome/124.0.6367.207 Safari/537.36"
162.158.189.33 - - [13/Oct/2025:00:29:16 +0700] "GET /wp-login.php?wp_lang=en_US HTTP/1.1" 200 6105 "-" "Mozilla/5.0 (Windows NT 10.0; Win64; x64) AppleWebKit/537.36 (KHTML, like Gecko) Chrome/124.0.6367.207 Safari/537.36"
172.68.164.69 - - [13/Oct/2025:00:29:17 +0700] "POST /wp-login.php?wp_lang=en_US HTTP/1.1" 200 6493 "https://abc-ok.com/wp-login.php?wp_lang=en_US" "Mozilla/5.0 (Windows NT 10.0; Win64; x64) AppleWebKit/537.36 (KHTML, like Gecko) Chrome/124.0.6367.207 Safari/537.36"
172.70.188.187 - - [13/Oct/2025:00:29:20 +0700] "GET /wp-login.php?wp_lang=en_US HTTP/1.1" 200 6099 "-" "Mozilla/5.0 (Windows NT 10.0; Win64; x64) AppleWebKit/537.36 (KHTML, like Gecko) Chrome/124.0.6367.207 Safari/537.36"
162.158.88.48 - - [13/Oct/2025:00:29:21 +0700] "POST /wp-login.php?wp_lang=en_US HTTP/1.1" 200 6499 "https://abc-ok.com/wp-login.php?wp_lang=en_US" "Mozilla/5.0 (Windows NT 10.0; Win64; x64) AppleWebKit/537.36 (KHTML, like Gecko) Chrome/124.0.6367.207 Safari/537.36"
172.70.93.94 - - [13/Oct/2025:00:29:33 +0700] "GET /wp-login.php?wp_lang=en_US HTTP/1.1" 200 6099 "-" "Mozilla/5.0 (Windows NT 10.0; Win64; x64) AppleWebKit/537.36 (KHTML, like Gecko) Chrome/124.0.6367.207 Safari/537.36"
108.162.226.85 - - [13/Oct/2025:00:29:34 +0700] "POST /wp-login.php?wp_lang=en_US HTTP/1.1" 200 6493 "https://abc-ok.com/wp-login.php?wp_lang=en_US" "Mozilla/5.0 (Windows NT 10.0; Win64; x64) AppleWebKit/537.36 (KHTML, like Gecko) Chrome/124.0.6367.207 Safari/537.36"
162.158.189.33 - - [13/Oct/2025:00:29:37 +0700] "GET /wp-login.php?wp_lang=en_US HTTP/1.1" 200 6099 "-" "Mozilla/5.0 (Windows NT 10.0; Win64; x64) AppleWebKit/537.36 (KHTML, like Gecko) Chrome/124.0.6367.207 Safari/537.36"
172.71.124.154 - - [13/Oct/2025:00:29:39 +0700] "POST /wp-login.php?wp_lang=en_US HTTP/1.1" 200 6493 "https://abc-ok.com/wp-login.php?wp_lang=en_US" "Mozilla/5.0 (Windows NT 10.0; Win64; x64) AppleWebKit/537.36 (KHTML, like Gecko) Chrome/124.0.6367.207 Safari/537.36"
172.68.164.69 - - [13/Oct/2025:00:29:42 +0700] "GET /wp-login.php?wp_lang=en_US HTTP/1.1" 200 6105 "-" "Mozilla/5.0 (Windows NT 10.0; Win64; x64) AppleWebKit/537.36 (KHTML, like Gecko) Chrome/124.0.6367.207 Safari/537.36"
162.158.163.122 - - [13/Oct/2025:00:29:44 +0700] "POST /wp-login.php?wp_lang=en_US HTTP/1.1" 200 6493 "https://abc-ok.com/wp-login.php?wp_lang=en_US" "Mozilla/5.0 (Windows NT 10.0; Win64; x64) AppleWebKit/537.36 (KHTML, like Gecko) Chrome/124.0.6367.207 Safari/537.36"
172.71.82.79 - - [13/Oct/2025:00:29:57 +0700] "GET /wp-login.php?wp_lang=en_US HTTP/1.1" 200 6105 "-" "Mozilla/5.0 (Windows NT 10.0; Win64; x64) AppleWebKit/537.36 (KHTML, like Gecko) Chrome/124.0.6367.207 Safari/537.36"
162.158.170.62 - - [13/Oct/2025:00:30:01 +0700] "GET /wp-login.php?wp_lang=en_US HTTP/1.1" 200 6105 "-" "Mozilla/5.0 (Windows NT 10.0; Win64; x64) AppleWebKit/537.36 (KHTML, like Gecko) Chrome/124.0.6367.207 Safari/537.36"
172.71.124.154 - - [13/Oct/2025:00:30:03 +0700] "POST /wp-login.php?wp_lang=en_US HTTP/1.1" 200 6493 "https://abc-ok.com/wp-login.php?wp_lang=en_US" "Mozilla/5.0 (Windows NT 10.0; Win64; x64) AppleWebKit/537.36 (KHTML, like Gecko) Chrome/124.0.6367.207 Safari/537.36"
162.158.108.44 - - [13/Oct/2025:00:30:08 +0700] "POST /wp-cron.php?doing_wp_cron=1760290208.3955430984497070312500 HTTP/1.1" 200 5 "-" "WordPress/6.8.3; https://abc-ok.com"
172.68.164.69 - - [13/Oct/2025:00:30:08 +0700] "POST /xmlrpc.php HTTP/1.1" 200 413 "-" "Mozilla/5.0 (Macintosh; Intel Mac OS X 10_12_6) AppleWebKit/604.5.6 (KHTML, like Gecko) Version/11.0.3 Safari/604.5.6"
172.71.82.79 - - [13/Oct/2025:00:30:15 +0700] "GET /wp-login.php?wp_lang=en_US HTTP/1.1" 200 6099 "-" "Mozilla/5.0 (Windows NT 10.0; Win64; x64) AppleWebKit/537.36 (KHTML, like Gecko) Chrome/124.0.6367.207 Safari/537.36"
172.71.124.154 - - [13/Oct/2025:00:30:17 +0700] "POST /wp-login.php?wp_lang=en_US HTTP/1.1" 200 6499 "https://abc-ok.com/wp-login.php?wp_lang=en_US" "Mozilla/5.0 (Windows NT 10.0; Win64; x64) AppleWebKit/537.36 (KHTML, like Gecko) Chrome/124.0.6367.207 Safari/537.36"
172.71.82.79 - - [13/Oct/2025:00:30:19 +0700] "GET /wp-login.php?wp_lang=en_US HTTP/1.1" 200 6099 "-" "Mozilla/5.0 (Windows NT 10.0; Win64; x64) AppleWebKit/537.36 (KHTML, like Gecko) Chrome/124.0.6367.207 Safari/537.36"
162.158.170.62 - - [13/Oct/2025:00:30:20 +0700] "POST /wp-login.php?wp_lang=en_US HTTP/1.1" 200 6493 "https://abc-ok.com/wp-login.php?wp_lang=en_US" "Mozilla/5.0 (Windows NT 10.0; Win64; x64) AppleWebKit/537.36 (KHTML, like Gecko) Chrome/124.0.6367.207 Safari/537.36"
162.158.170.62 - - [13/Oct/2025:00:30:23 +0700] "GET /wp-login.php?wp_lang=en_US HTTP/1.1" 200 6099 "-" "Mozilla/5.0 (Windows NT 10.0; Win64; x64) AppleWebKit/537.36 (KHTML, like Gecko) Chrome/124.0.6367.207 Safari/537.36"
172.71.82.79 - - [13/Oct/2025:00:30:25 +0700] "POST /wp-login.php?wp_lang=en_US HTTP/1.1" 200 6499 "https://abc-ok.com/wp-login.php?wp_lang=en_US" "Mozilla/5.0 (Windows NT 10.0; Win64; x64) AppleWebKit/537.36 (KHTML, like Gecko) Chrome/124.0.6367.207 Safari/537.36"
172.70.208.41 - - [13/Oct/2025:00:30:27 +0700] "GET /wp-login.php?wp_lang=en_US HTTP/1.1" 200 6099 "-" "Mozilla/5.0 (Windows NT 10.0; Win64; x64) AppleWebKit/537.36 (KHTML, like Gecko) Chrome/124.0.6367.207 Safari/537.36"
172.70.93.94 - - [13/Oct/2025:00:30:28 +0700] "POST /wp-login.php?wp_lang=en_US HTTP/1.1" 200 6499 "https://abc-ok.com/wp-login.php?wp_lang=en_US" "Mozilla/5.0 (Windows NT 10.0; Win64; x64) AppleWebKit/537.36 (KHTML, like Gecko) Chrome/124.0.6367.207 Safari/537.36"
172.70.142.221 - - [13/Oct/2025:00:30:59 +0700] "GET / HTTP/1.1" 200 143429 "-" "synthetic-monitoring-agent/v0.14.3 (linux amd64; g64b8bab; +https://github.com/grafana/synthetic-monitoring-agent)"
172.70.188.187 - - [13/Oct/2025:00:31:00 +0700] "GET / HTTP/1.1" 200 143426 "-" "synthetic-monitoring-agent/v0.14.3 (linux amd64; g64b8bab; +https://github.com/grafana/synthetic-monitoring-agent)"
162.158.163.122 - - [13/Oct/2025:00:31:16 +0700] "POST /wp-cron.php?doing_wp_cron=1760290275.9711229801177978515625 HTTP/1.1" 200 5 "-" "WordPress/6.8.3; https://abc-ok.com"
78.153.140.203 - - [13/Oct/2025:00:31:16 +0700] "GET /.env HTTP/1.1" 404 108700 "-" "Mozilla/5.0 (X11; U; Linux x86_64; en-US; rv:1.9) Gecko/2008061317 (Gentoo) Firefox/3.0"
78.153.140.203 - - [13/Oct/2025:00:31:20 +0700] "GET /api/.env HTTP/1.1" 404 108719 "-" "Mozilla/5.0 (Linux; U; Android 4.2; en-us; sdk Build/MR1) AppleWebKit/535.19 (KHTML, like Gecko) Version/4.2 Safari/535.19"
78.153.140.203 - - [13/Oct/2025:00:31:24 +0700] "GET /backend/.env HTTP/1.1" 404 108705 "-" "SonyEricssonW810i/R4EA Browser/NetFront/3.3 Profile/MIDP-2.0 Configuration/CLDC-1.1 UP.Link/6.3.0.0.0"
78.153.140.203 - - [13/Oct/2025:00:31:27 +0700] "GET /admin/.env HTTP/1.1" 404 108700 "-" "Mozilla/5.0 (Windows NT 10.0; Win64; x64) AppleWebKit/537.36 (KHTML, like Gecko) Chrome/59.0.3071.86 Safari/537.36 OPR/46.0.2597.26314"
78.153.140.203 - - [13/Oct/2025:00:31:30 +0700] "GET /.env.example HTTP/1.1" 404 108708 "-" "Mozilla/5.0 (X11; Ubuntu; Linux i686; rv:13.0) Gecko/20100101 Firefox/13.0.1"
78.153.140.203 - - [13/Oct/2025:00:31:34 +0700] "GET /app_dev.php/_profiler/phpinfo HTTP/1.1" 404 108700 "-" "Mozilla/4.0 (compatible; MSIE 8.0; Windows NT 6.1; Trident/4.0; SLCC2; .NET CLR 2.0.50727; .NET CLR 3.5.30729; .NET CLR 3.0.30729; Media Center PC 6.0; InfoPath.2)"
78.153.140.203 - - [13/Oct/2025:00:31:36 +0700] "GET /?phpinfo=-1 HTTP/1.1" 301 5 "-" "Mozilla/5.0 (Macintosh; Intel Mac OS X 10_11_6) AppleWebKit/537.36 (KHTML, like Gecko) Chrome/51.0.2704.103 Safari/537.36"
78.153.140.203 - - [13/Oct/2025:00:31:38 +0700] "GET /new/.env HTTP/1.1" 404 108700 "-" "Mozilla/5.0 (Windows NT 6.1; WOW64; rv:6.0a2) Gecko/20110612 Firefox/6.0a2"
78.153.140.203 - - [13/Oct/2025:00:31:41 +0700] "GET /frontend/web/debug/default/view HTTP/1.1" 404 108700 "-" "Mozilla/5.0 (Windows NT 6.1; WOW64) AppleWebKit/537.36 (KHTML, like Gecko) Chrome/53.0.2785.116 Safari/537.36"
78.153.140.203 - - [13/Oct/2025:00:31:44 +0700] "GET /_static/.env HTTP/1.1" 404 108711 "-" "Mozilla/5.0 (Linux; Android 5.0; SM-G900V Build/LRX21T) AppleWebKit/537.36 (KHTML, like Gecko) Chrome/43.0.2357.93 Mobile Safari/537.36"
78.153.140.203 - - [13/Oct/2025:00:31:47 +0700] "GET /download/.env HTTP/1.1" 404 108700 "-" "Mozilla/5.0 (X11; U; Linux x86_64; en-US; rv:1.8.1.4) Gecko/20070515 Firefox/2.0.0.4"
78.153.140.203 - - [13/Oct/2025:00:31:50 +0700] "GET /saas/.env HTTP/1.1" 404 108719 "-" "Mozilla/5.0 (iPhone; CPU iPhone OS 9_2 like Mac OS X) AppleWebKit/601.1.46 (KHTML, like Gecko) FxiOS/1.2 Mobile/13C75 Safari/601.1.46"
172.71.124.155 - - [13/Oct/2025:00:33:24 +0700] "POST /wp-cron.php?doing_wp_cron=1760290404.8311719894409179687500 HTTP/1.1" 200 5 "-" "WordPress/6.8.3; https://abc-ok.com"
162.158.189.33 - - [13/Oct/2025:00:33:24 +0700] "GET /wp-login.php HTTP/1.1" 200 6099 "-" "Mozilla/5.0 (Macintosh; Intel Mac OS X 10_13_3) AppleWebKit/537.36 (KHTML, like Gecko) Chrome/65.0.3325.181 Safari/537.36"
162.158.108.44 - - [13/Oct/2025:00:33:27 +0700] "POST /wp-login.php HTTP/1.1" 200 6522 "https://abc-ok.com/wp-login.php" "Mozilla/5.0 (Macintosh; Intel Mac OS X 10_13_3) AppleWebKit/537.36 (KHTML, like Gecko) Chrome/65.0.3325.181 Safari/537.36"
172.71.124.155 - - [13/Oct/2025:00:34:58 +0700] "POST /wp-cron.php?doing_wp_cron=1760290498.0009729862213134765625 HTTP/1.1" 200 5 "-" "WordPress/6.8.3; https://abc-ok.com"
172.69.176.12 - - [13/Oct/2025:00:34:58 +0700] "POST /xmlrpc.php HTTP/1.1" 200 413 "-" "Mozilla/4.0 (compatible; MSIE 7.0; Windows NT 6.1; WOW64; Trident/7.0; SLCC2; .NET CLR 2.0.50727; .NET CLR 3.5.30729; .NET CLR 3.0.30729; Media Center PC 6.0; .NET4.0C; .NET4.0E; GWX:QUALIFIED)"
172.70.93.95 - - [13/Oct/2025:00:36:01 +0700] "POST /wp-cron.php?doing_wp_cron=1760290561.0538740158081054687500 HTTP/1.1" 200 5 "-" "WordPress/6.8.3; https://abc-ok.com"
172.70.142.220 - - [13/Oct/2025:00:36:02 +0700] "GET / HTTP/1.1" 200 143429 "-" "synthetic-monitoring-agent/v0.14.3 (linux amd64; g64b8bab; +https://github.com/grafana/synthetic-monitoring-agent)"
172.70.188.186 - - [13/Oct/2025:00:36:05 +0700] "GET / HTTP/1.1" 200 143426 "-" "synthetic-monitoring-agent/v0.14.3 (linux amd64; g64b8bab; +https://github.com/grafana/synthetic-monitoring-agent)"
172.70.142.220 - - [13/Oct/2025:00:37:27 +0700] "POST /wp-cron.php?doing_wp_cron=1760290647.7572350502014160156250 HTTP/1.1" 200 5 "-" "WordPress/6.8.3; https://abc-ok.com"
104.23.175.192 - - [13/Oct/2025:00:37:28 +0700] "GET /sitemap.xml.gz HTTP/1.1" 404 116584 "-" "Mozilla/5.0 AppleWebKit/537.36 (KHTML, like Gecko; compatible; bingbot/2.0; +http://www.bing.com/bingbot.htm) Chrome/116.0.1938.76 Safari/537.36"
162.158.108.44 - - [13/Oct/2025:00:40:59 +0700] "POST /wp-cron.php?doing_wp_cron=1760290859.7643759250640869140625 HTTP/1.1" 200 5 "-" "WordPress/6.8.3; https://abc-ok.com"
162.158.106.78 - - [13/Oct/2025:00:41:00 +0700] "GET / HTTP/1.1" 200 143421 "-" "synthetic-monitoring-agent/v0.14.3 (linux amd64; g64b8bab; +https://github.com/grafana/synthetic-monitoring-agent)"
172.70.188.187 - - [13/Oct/2025:00:41:02 +0700] "GET / HTTP/1.1" 200 143429 "-" "synthetic-monitoring-agent/v0.14.3 (linux amd64; g64b8bab; +https://github.com/grafana/synthetic-monitoring-agent)"
162.158.88.48 - - [13/Oct/2025:00:44:39 +0700] "POST /wp-cron.php?doing_wp_cron=1760291079.2181620597839355468750 HTTP/1.1" 200 5 "-" "WordPress/6.8.3; https://abc-ok.com"
162.158.108.45 - - [13/Oct/2025:00:44:39 +0700] "POST /wp-login.php HTTP/1.1" 200 6510 "-" "Mozilla/5.0"
162.158.163.121 - - [13/Oct/2025:00:45:59 +0700] "POST /wp-cron.php?doing_wp_cron=1760291159.6718950271606445312500 HTTP/1.1" 200 5 "-" "WordPress/6.8.3; https://abc-ok.com"
172.70.188.186 - - [13/Oct/2025:00:46:00 +0700] "GET / HTTP/1.1" 200 143426 "-" "synthetic-monitoring-agent/v0.14.3 (linux amd64; g64b8bab; +https://github.com/grafana/synthetic-monitoring-agent)"
104.23.175.167 - - [13/Oct/2025:00:46:02 +0700] "GET / HTTP/1.1" 200 143426 "-" "synthetic-monitoring-agent/v0.14.3 (linux amd64; g64b8bab; +https://github.com/grafana/synthetic-monitoring-agent)"
172.71.124.154 - - [13/Oct/2025:00:50:57 +0700] "POST /wp-cron.php?doing_wp_cron=1760291457.5052890777587890625000 HTTP/1.1" 200 5 "-" "WordPress/6.8.3; https://abc-ok.com"
172.70.188.187 - - [13/Oct/2025:00:50:58 +0700] "GET / HTTP/1.1" 200 143426 "-" "synthetic-monitoring-agent/v0.14.3 (linux amd64; g64b8bab; +https://github.com/grafana/synthetic-monitoring-agent)"
172.70.208.40 - - [13/Oct/2025:00:50:59 +0700] "GET / HTTP/1.1" 200 143429 "-" "synthetic-monitoring-agent/v0.14.3 (linux amd64; g64b8bab; +https://github.com/grafana/synthetic-monitoring-agent)"
80.94.95.60 - - [13/Oct/2025:00:51:42 +0700] "GET /RDWeb HTTP/1.1" 400 657 "https://www.google.com" "Mozilla/5.0 (X11; Linux x86_64) AppleWebKit/537.36 (KHTML, like Gecko) Chrome/119.0.0.0 Safari/537.36"
162.158.189.32 - - [13/Oct/2025:00:51:45 +0700] "POST /wp-cron.php?doing_wp_cron=1760291505.7420270442962646484375 HTTP/1.1" 200 5 "-" "WordPress/6.8.3; https://abc-ok.com"
80.94.95.60 - - [13/Oct/2025:00:51:45 +0700] "GET /RDWeb HTTP/1.1" 301 5 "https://www.google.com" "Mozilla/5.0 (X11; Linux x86_64) AppleWebKit/537.36 (KHTML, like Gecko) Chrome/119.0.0.0 Safari/537.36"
80.94.95.60 - - [13/Oct/2025:00:51:48 +0700] "GET /RDWeb HTTP/1.1" 404 108755 "https://www.google.com" "Mozilla/5.0 (X11; Linux x86_64) AppleWebKit/537.36 (KHTML, like Gecko) Chrome/119.0.0.0 Safari/537.36"
172.71.82.79 - - [13/Oct/2025:00:54:38 +0700] "POST /wp-cron.php?doing_wp_cron=1760291678.1995129585266113281250 HTTP/1.1" 200 5 "-" "WordPress/6.8.3; https://abc-ok.com"
162.158.189.32 - - [13/Oct/2025:00:54:38 +0700] "POST /xmlrpc.php HTTP/1.1" 200 413 "-" "Mozilla/5.0 (Windows NT 6.3; WOW64; Trident/7.0; Touch; LCJB; rv:11.0) like Gecko"
162.158.106.78 - - [13/Oct/2025:00:55:19 +0700] "POST /wp-cron.php?doing_wp_cron=1760291719.8925449848175048828125 HTTP/1.1" 200 5 "-" "WordPress/6.8.3; https://abc-ok.com"
172.68.164.68 - - [13/Oct/2025:00:55:19 +0700] "GET /wp-login.php HTTP/1.1" 200 6105 "-" "Mozilla/5.0 (Windows NT 6.3; Win64; x64; rv:60.0) Gecko/20100101 Firefox/60.0"
172.71.82.79 - - [13/Oct/2025:00:55:30 +0700] "POST /wp-login.php HTTP/1.1" 200 6522 "https://abc-ok.com/wp-login.php" "Mozilla/5.0 (Windows NT 6.3; Win64; x64; rv:60.0) Gecko/20100101 Firefox/60.0"
162.158.163.121 - - [13/Oct/2025:00:55:58 +0700] "GET / HTTP/1.1" 200 143426 "-" "synthetic-monitoring-agent/v0.14.3 (linux amd64; g64b8bab; +https://github.com/grafana/synthetic-monitoring-agent)"
108.162.226.85 - - [13/Oct/2025:00:55:59 +0700] "GET / HTTP/1.1" 200 143426 "-" "synthetic-monitoring-agent/v0.14.3 (linux amd64; g64b8bab; +https://github.com/grafana/synthetic-monitoring-agent)"
162.158.108.45 - - [13/Oct/2025:00:58:40 +0700] "POST /wp-cron.php?doing_wp_cron=1760291920.4948279857635498046875 HTTP/1.1" 200 5 "-" "WordPress/6.8.3; https://abc-ok.com"
172.70.93.95 - - [13/Oct/2025:00:58:40 +0700] "HEAD /news/ HTTP/1.1" 404 0 "http://abc-ok.com/news/" "Mozilla/5.0 (X11; Linux x86_64) AppleWebKit/537.36 (KHTML, like Gecko) Chrome/126.0.6478.20 Safari/537.36"
172.68.164.69 - - [13/Oct/2025:00:58:41 +0700] "HEAD /backup/ HTTP/1.1" 404 0 "http://abc-ok.com/backup/" "Mozilla/5.0 (Windows NT 10.0; Win64; x64) AppleWebKit/537.36 (KHTML, like Gecko) Chrome/123.0.6312.86 Safari/537.36"
172.71.82.78 - - [13/Oct/2025:00:58:43 +0700] "HEAD /wp/ HTTP/1.1" 404 0 "http://abc-ok.com/wp/" "Mozilla/5.0 (Macintosh; Intel Mac OS X 14_2) AppleWebKit/537.36 (KHTML, like Gecko) Chrome/121.0.6167.86 Safari/537.36 Brave/1.62.162"
172.70.93.95 - - [13/Oct/2025:00:58:44 +0700] "HEAD /blog2/ HTTP/1.1" 404 0 "http://abc-ok.com/blog2/" "Mozilla/5.0 (Windows NT 10.0; Win64; x64; rv:125.0) Gecko/20100101 Firefox/125.0"
162.158.108.45 - - [13/Oct/2025:00:58:45 +0700] "HEAD /main/ HTTP/1.1" 404 0 "http://abc-ok.com/main/" "Mozilla/5.0 (Windows NT 6.1; Win64; x64) AppleWebKit/537.36 (KHTML, like Gecko) Chrome/109.0.5414.120 Safari/537.36"
172.70.208.41 - - [13/Oct/2025:00:58:46 +0700] "HEAD /site/ HTTP/1.1" 404 0 "http://abc-ok.com/site/" "Mozilla/5.0 (iPad; CPU OS 17_0 like Mac OS X) AppleWebKit/605.1.15 (KHTML, like Gecko) CriOS/123.0.6312.52 Mobile/15E148 Safari/604.1"
108.162.226.84 - - [13/Oct/2025:00:58:47 +0700] "HEAD /blog/ HTTP/1.1" 404 0 "http://abc-ok.com/blog/" "Mozilla/5.0 (iPad; CPU OS 17_0 like Mac OS X) AppleWebKit/605.1.15 (KHTML, like Gecko) CriOS/123.0.6312.52 Mobile/15E148 Safari/604.1"
172.68.164.69 - - [13/Oct/2025:00:58:49 +0700] "HEAD /cms/ HTTP/1.1" 404 0 "http://abc-ok.com/cms/" "Mozilla/5.0 (Android 13; Mobile; rv:124.0) Gecko/124.0 Firefox/124.0"
108.162.226.84 - - [13/Oct/2025:00:58:50 +0700] "HEAD /web/ HTTP/1.1" 404 0 "http://abc-ok.com/web/" "Mozilla/5.0 (Macintosh; Intel Mac OS X 14_2) AppleWebKit/537.36 (KHTML, like Gecko) Chrome/121.0.6167.86 Safari/537.36 Brave/1.62.162"
162.158.170.62 - - [13/Oct/2025:00:58:51 +0700] "HEAD /en/ HTTP/1.1" 404 0 "http://abc-ok.com/en/" "Mozilla/5.0 (Windows NT 10.0; Win64; x64) AppleWebKit/537.36 (KHTML, like Gecko) Chrome/120.0.6099.224 Safari/537.36 OPR/106.0.0.0"
162.158.88.48 - - [13/Oct/2025:00:58:52 +0700] "HEAD /press/ HTTP/1.1" 404 0 "http://abc-ok.com/press/" "Mozilla/5.0 (Windows NT 11.0; Win64; x64) AppleWebKit/537.36 (KHTML, like Gecko) Chrome/124.0.6367.62 Safari/537.36"
172.68.164.69 - - [13/Oct/2025:00:58:54 +0700] "HEAD /old/ HTTP/1.1" 404 0 "http://abc-ok.com/old/" "Mozilla/5.0 (Windows NT 11.0; Win64; x64) AppleWebKit/537.36 (KHTML, like Gecko) Chrome/124.0.6367.62 Safari/537.36"
162.158.106.78 - - [13/Oct/2025:00:58:55 +0700] "HEAD /wordpress/ HTTP/1.1" 404 0 "http://abc-ok.com/wordpress/" "Mozilla/5.0 (iPhone; CPU iPhone OS 17_4 like Mac OS X) AppleWebKit/605.1.15 (KHTML, like Gecko) Version/17.4 Mobile/15E148 Safari/604.1"
172.71.124.155 - - [13/Oct/2025:00:58:56 +0700] "HEAD /shop/ HTTP/1.1" 404 0 "http://abc-ok.com/shop/" "Mozilla/5.0 (Linux; Android 14; Pixel 8 Pro) AppleWebKit/537.36 (KHTML, like Gecko) Chrome/124.0.6367.56 Mobile Safari/537.36"
162.158.170.62 - - [13/Oct/2025:00:58:57 +0700] "HEAD /v2/ HTTP/1.1" 404 0 "http://abc-ok.com/v2/" "Mozilla/5.0 (Windows NT 10.0; Win64; x64) AppleWebKit/537.36 (KHTML, like Gecko) Chrome/120.0.6099.224 Safari/537.36 OPR/106.0.0.0"
172.69.176.12 - - [13/Oct/2025:00:58:58 +0700] "HEAD /us/ HTTP/1.1" 404 0 "http://abc-ok.com/us/" "Mozilla/5.0 (Macintosh; Intel Mac OS X 13_6) AppleWebKit/537.36 (KHTML, like Gecko) Chrome/122.0.6280.88 Safari/537.36"
172.71.124.155 - - [13/Oct/2025:00:59:00 +0700] "HEAD /fr/ HTTP/1.1" 404 0 "http://abc-ok.com/fr/" "Mozilla/5.0 (Macintosh; Intel Mac OS X 14_4) AppleWebKit/605.1.15 (KHTML, like Gecko) Version/17.4 Safari/605.1.15"
172.68.164.69 - - [13/Oct/2025:00:59:01 +0700] "HEAD /2024/ HTTP/1.1" 404 0 "http://abc-ok.com/2024/" "Mozilla/5.0 (Windows NT 10.0; Win64; x64) AppleWebKit/537.36 (KHTML, like Gecko) Chrome/120.0.6099.200 YaBrowser/24.1.0.0 Safari/537.36"
172.71.124.155 - - [13/Oct/2025:00:59:03 +0700] "HEAD /de/ HTTP/1.1" 404 0 "http://abc-ok.com/de/" "Mozilla/5.0 (X11; Linux x86_64) AppleWebKit/537.36 (KHTML, like Gecko) Chrome/121.0.6167.85 Safari/537.36"
162.158.108.45 - - [13/Oct/2025:00:59:04 +0700] "HEAD /new/ HTTP/1.1" 404 0 "http://abc-ok.com/new/" "Mozilla/5.0 (iPad; CPU OS 17_0 like Mac OS X) AppleWebKit/605.1.15 (KHTML, like Gecko) CriOS/123.0.6312.52 Mobile/15E148 Safari/604.1"
172.70.143.131 - - [13/Oct/2025:00:59:05 +0700] "HEAD /home/ HTTP/1.1" 301 0 "http://abc-ok.com/home/" "Mozilla/5.0 (X11; Linux x86_64) AppleWebKit/537.36 (KHTML, like Gecko) Chrome/126.0.6478.20 Safari/537.36"
172.71.124.155 - - [13/Oct/2025:00:59:06 +0700] "HEAD / HTTP/1.1" 200 0 "https://abc-ok.com/home/" "Mozilla/5.0 (X11; Linux x86_64) AppleWebKit/537.36 (KHTML, like Gecko) Chrome/126.0.6478.20 Safari/537.36"
162.158.88.48 - - [13/Oct/2025:00:59:07 +0700] "POST /wp-cron.php?doing_wp_cron=1760291947.9434249401092529296875 HTTP/1.1" 200 5 "-" "WordPress/6.8.3; https://abc-ok.com"
104.23.175.166 - - [13/Oct/2025:00:59:07 +0700] "HEAD /store/ HTTP/1.1" 404 0 "http://abc-ok.com/store/" "Mozilla/5.0 (X11; Ubuntu; Linux x86_64; rv:124.0) Gecko/20100101 Firefox/124.0"
162.158.189.33 - - [13/Oct/2025:00:59:09 +0700] "HEAD /content/ HTTP/1.1" 404 0 "http://abc-ok.com/content/" "Mozilla/5.0 (Linux; U; Android 11; en-US; V2027) AppleWebKit/537.36 (KHTML, like Gecko) Version/4.0 Chrome/89.0.4389.116 UCBrowser/13.4.0.1306 Mobile Safari/537.36"
162.158.170.62 - - [13/Oct/2025:00:59:10 +0700] "HEAD /media/ HTTP/1.1" 404 0 "http://abc-ok.com/media/" "Mozilla/5.0 (Linux; Android 10; Nokia 2720 Flip) AppleWebKit/537.36 (KHTML, like Gecko) Chrome/80.0.3987.99 Mobile Safari/537.36 KAIOS/2.5"
162.158.189.33 - - [13/Oct/2025:00:59:11 +0700] "HEAD /portal/ HTTP/1.1" 404 0 "http://abc-ok.com/portal/" "Mozilla/5.0 (Windows NT 10.0; Win64; x64; rv:125.0) Gecko/20100101 Firefox/125.0"
172.70.208.41 - - [13/Oct/2025:00:59:13 +0700] "HEAD / HTTP/1.1" 200 0 "http://abc-ok.com/" "Mozilla/5.0 (Macintosh; Intel Mac OS X 14_3) AppleWebKit/537.36 (KHTML, like Gecko) Chrome/125.0.6422.60 Safari/537.36 Edg/125.0.2535.51"
172.71.124.155 - - [13/Oct/2025:00:59:14 +0700] "HEAD /website/ HTTP/1.1" 404 0 "http://abc-ok.com/website/" "Mozilla/5.0 (Linux; Android 10; Nokia 2720 Flip) AppleWebKit/537.36 (KHTML, like Gecko) Chrome/80.0.3987.99 Mobile Safari/537.36 KAIOS/2.5"
108.162.226.84 - - [13/Oct/2025:00:59:15 +0700] "HEAD /2023/ HTTP/1.1" 404 0 "http://abc-ok.com/2023/" "Mozilla/5.0 (Macintosh; Intel Mac OS X 14_4) AppleWebKit/605.1.15 (KHTML, like Gecko) Version/17.4 Safari/605.1.15"
172.70.208.41 - - [13/Oct/2025:00:59:16 +0700] "HEAD /site1/ HTTP/1.1" 404 0 "http://abc-ok.com/site1/" "Mozilla/5.0 (iPhone; CPU iPhone OS 17_2 like Mac OS X) AppleWebKit/605.1.15 (KHTML, like Gecko) CriOS/124.0.6367.56 Mobile/15E148 Safari/604.1"
162.158.108.45 - - [13/Oct/2025:01:00:48 +0700] "POST /wp-cron.php?doing_wp_cron=1760292048.5700340270996093750000 HTTP/1.1" 200 5 "-" "WordPress/6.8.3; https://abc-ok.com"
104.23.175.166 - - [13/Oct/2025:01:00:48 +0700] "POST /xmlrpc.php HTTP/1.1" 200 413 "-" "Mozilla/5.0 (Windows NT 6.3; Win64; x64; Trident/7.0; Touch; MATBJS; rv:11.0) like Gecko"
