172.70.143.224 - - [13/Oct/2025:07:31:00 +0700] "GET / HTTP/1.1" 200 143426 "-" "synthetic-monitoring-agent/v0.14.3 (linux amd64; g64b8bab; +https://github.com/grafana/synthetic-monitoring-agent)"
172.68.164.69 - - [13/Oct/2025:07:31:02 +0700] "GET / HTTP/1.1" 200 143426 "-" "synthetic-monitoring-agent/v0.14.3 (linux amd64; g64b8bab; +https://github.com/grafana/synthetic-monitoring-agent)"
172.70.188.187 - - [13/Oct/2025:07:31:17 +0700] "POST /wp-cron.php?doing_wp_cron=1760315477.6821050643920898437500 HTTP/1.1" 200 5 "-" "WordPress/6.8.3; https://abc-ok.com"
172.70.143.224 - - [13/Oct/2025:07:31:17 +0700] "POST /xmlrpc.php HTTP/1.1" 200 415 "https://abc-ok.com" "Mozilla/5.0 (Windows NT 10.0; Win64; x64) AppleWebKit/537.36 (KHTML, like Gecko) Chrome/113.0.5672.93 Safari/537.36"
108.162.227.87 - - [13/Oct/2025:07:34:13 +0700] "POST /wp-cron.php?doing_wp_cron=1760315653.4211449623107910156250 HTTP/1.1" 200 5 "-" "WordPress/6.8.3; https://abc-ok.com"
172.70.208.40 - - [13/Oct/2025:07:34:13 +0700] "POST /xmlrpc.php HTTP/1.1" 200 415 "https://abc-ok.com" "Mozilla/5.0 (Windows NT 11.0; Win64; x64) AppleWebKit/537.36 (KHTML, like Gecko) Chrome/126.0.0.0 Safari/537.36"
162.158.108.44 - - [13/Oct/2025:07:34:15 +0700] "POST /xmlrpc.php HTTP/1.1" 200 413 "-" "Mozilla/4.0 (compatible; MSIE 7.0; Windows NT 6.1; WOW64; Trident/7.0; SLCC2; .NET CLR 2.0.50727; .NET CLR 3.5.30729; .NET CLR 3.0.30729; .NET4.0C; .NET4.0E; Media Center PC 6.0)"
172.70.93.94 - - [13/Oct/2025:07:36:04 +0700] "POST /wp-cron.php?doing_wp_cron=1760315764.2838609218597412109375 HTTP/1.1" 200 5 "-" "WordPress/6.8.3; https://abc-ok.com"
172.70.208.40 - - [13/Oct/2025:07:36:05 +0700] "GET / HTTP/1.1" 200 143421 "-" "synthetic-monitoring-agent/v0.14.3 (linux amd64; g64b8bab; +https://github.com/grafana/synthetic-monitoring-agent)"
172.71.124.68 - - [13/Oct/2025:07:36:07 +0700] "GET / HTTP/1.1" 200 143426 "-" "synthetic-monitoring-agent/v0.14.3 (linux amd64; g64b8bab; +https://github.com/grafana/synthetic-monitoring-agent)"
172.68.164.68 - - [13/Oct/2025:07:38:00 +0700] "POST /wp-cron.php?doing_wp_cron=1760315880.8062789440155029296875 HTTP/1.1" 200 5 "-" "WordPress/6.8.3; https://abc-ok.com"
162.158.88.49 - - [13/Oct/2025:07:38:00 +0700] "GET /wp-login.php HTTP/1.1" 200 6099 "-" "Mozilla/5.0"
172.70.208.41 - - [13/Oct/2025:07:38:03 +0700] "GET /?author=1 HTTP/1.1" 301 5 "-" "Mozilla/5.0"
172.70.93.117 - - [13/Oct/2025:07:38:04 +0700] "GET /?rest_route=/wp/v2/users HTTP/1.1" 200 6521 "-" "Mozilla/5.0"
162.158.88.48 - - [13/Oct/2025:07:40:10 +0700] "POST /wp-cron.php?doing_wp_cron=1760316009.9539809226989746093750 HTTP/1.1" 200 5 "-" "WordPress/6.8.3; https://abc-ok.com"
162.158.189.33 - - [13/Oct/2025:07:40:10 +0700] "POST /xmlrpc.php HTTP/1.1" 200 415 "https://abc-ok.com" "Mozilla/5.0 (Windows NT 10.0; Win64; x64; rv:125.0.1) Gecko/20100101 Firefox/125.0.1"
172.71.124.69 - - [13/Oct/2025:07:40:20 +0700] "GET /wp-login.php HTTP/1.1" 200 6105 "-" "Mozilla/5.0 (Windows NT 10.0) AppleWebKit/537.36 (KHTML, like Gecko) Chrome/58.0.3029.110 Safari/537.36 Edge/16.16299"
172.68.164.68 - - [13/Oct/2025:07:40:20 +0700] "POST /wp-login.php HTTP/1.1" 200 6528 "https://abc-ok.com/wp-login.php" "Mozilla/5.0 (Windows NT 10.0) AppleWebKit/537.36 (KHTML, like Gecko) Chrome/58.0.3029.110 Safari/537.36 Edge/16.16299"
162.158.106.79 - - [13/Oct/2025:07:41:00 +0700] "GET / HTTP/1.1" 200 143426 "-" "synthetic-monitoring-agent/v0.14.3 (linux amd64; g64b8bab; +https://github.com/grafana/synthetic-monitoring-agent)"
162.158.88.48 - - [13/Oct/2025:07:41:00 +0700] "POST /wp-cron.php?doing_wp_cron=1760316060.8815329074859619140625 HTTP/1.1" 200 5 "-" "WordPress/6.8.3; https://abc-ok.com"
172.71.124.69 - - [13/Oct/2025:07:41:02 +0700] "GET / HTTP/1.1" 200 143426 "-" "synthetic-monitoring-agent/v0.14.3 (linux amd64; g64b8bab; +https://github.com/grafana/synthetic-monitoring-agent)"
172.70.143.224 - - [13/Oct/2025:07:43:06 +0700] "POST /wp-cron.php?doing_wp_cron=1760316186.4448599815368652343750 HTTP/1.1" 200 5 "-" "WordPress/6.8.3; https://abc-ok.com"
172.70.93.94 - - [13/Oct/2025:07:43:06 +0700] "POST /xmlrpc.php HTTP/1.1" 200 415 "https://abc-ok.com" "Mozilla/5.0 (Macintosh; Intel Mac OS X 10_15_7) AppleWebKit/537.36 (KHTML, like Gecko) Chrome/114.0.5735.134 Safari/537.36"
104.23.175.167 - - [13/Oct/2025:07:46:03 +0700] "POST /wp-cron.php?doing_wp_cron=1760316362.9816648960113525390625 HTTP/1.1" 200 5 "-" "WordPress/6.8.3; https://abc-ok.com"
108.162.226.181 - - [13/Oct/2025:07:46:03 +0700] "POST /xmlrpc.php HTTP/1.1" 200 415 "https://abc-ok.com" "Mozilla/5.0 (Windows NT 10.0; Win64; x64; rv:125.0.1) Gecko/20100101 Firefox/125.0.1"
108.162.226.180 - - [13/Oct/2025:07:46:04 +0700] "GET / HTTP/1.1" 200 143434 "-" "synthetic-monitoring-agent/v0.14.3 (linux amd64; g64b8bab; +https://github.com/grafana/synthetic-monitoring-agent)"
172.71.124.68 - - [13/Oct/2025:07:46:07 +0700] "GET / HTTP/1.1" 200 143434 "-" "synthetic-monitoring-agent/v0.14.3 (linux amd64; g64b8bab; +https://github.com/grafana/synthetic-monitoring-agent)"
172.70.188.187 - - [13/Oct/2025:07:49:01 +0700] "POST /wp-cron.php?doing_wp_cron=1760316541.2706940174102783203125 HTTP/1.1" 200 5 "-" "WordPress/6.8.3; https://abc-ok.com"
162.158.108.44 - - [13/Oct/2025:07:49:01 +0700] "POST /xmlrpc.php HTTP/1.1" 200 415 "https://abc-ok.com" "Mozilla/5.0 (Windows NT 10.0; Win64; x64) AppleWebKit/537.36 (KHTML, like Gecko) Chrome/115.0.5790.171 Safari/537.36 Edg/115.0.1901.203"
162.158.88.48 - - [13/Oct/2025:07:49:46 +0700] "POST /wp-cron.php?doing_wp_cron=1760316586.8298931121826171875000 HTTP/1.1" 200 5 "-" "WordPress/6.8.3; https://abc-ok.com"
172.71.82.112 - - [13/Oct/2025:07:49:46 +0700] "GET /wp-login.php HTTP/1.1" 200 6099 "-" "Mozilla/5.0 (Windows NT 6.1; WOW64; Trident/7.0; CTL_11; rv:11.0) like Gecko"
172.71.124.69 - - [13/Oct/2025:07:49:50 +0700] "POST /wp-login.php HTTP/1.1" 200 6528 "https://abc-ok.com/wp-login.php" "Mozilla/5.0 (Windows NT 6.1; WOW64; Trident/7.0; CTL_11; rv:11.0) like Gecko"
172.70.143.224 - - [13/Oct/2025:07:50:49 +0700] "POST /wp-cron.php?doing_wp_cron=1760316649.1003859043121337890625 HTTP/1.1" 200 5 "-" "WordPress/6.8.3; https://abc-ok.com"
172.69.176.12 - - [13/Oct/2025:07:50:49 +0700] "POST /xmlrpc.php HTTP/1.1" 200 413 "-" "Mozilla/5.0 (Windows NT 10.0; WOW64; Trident/7.0; TAJB; rv:11.0) like Gecko"
104.23.175.166 - - [13/Oct/2025:07:51:01 +0700] "GET / HTTP/1.1" 200 143429 "-" "synthetic-monitoring-agent/v0.14.3 (linux amd64; g64b8bab; +https://github.com/grafana/synthetic-monitoring-agent)"
162.158.170.63 - - [13/Oct/2025:07:51:02 +0700] "GET / HTTP/1.1" 200 143426 "-" "synthetic-monitoring-agent/v0.14.3 (linux amd64; g64b8bab; +https://github.com/grafana/synthetic-monitoring-agent)"
172.71.82.112 - - [13/Oct/2025:07:51:58 +0700] "POST /wp-cron.php?doing_wp_cron=1760316718.3317410945892333984375 HTTP/1.1" 200 5 "-" "WordPress/6.8.3; https://abc-ok.com"
162.158.88.49 - - [13/Oct/2025:07:51:58 +0700] "POST /xmlrpc.php HTTP/1.1" 200 415 "https://abc-ok.com" "Mozilla/5.0 (Windows NT 10.0; Win64; x64) AppleWebKit/537.36 (KHTML, like Gecko) Chrome/126.0.0.0 Safari/537.36 Edg/126.0.0.0"
172.70.188.186 - - [13/Oct/2025:07:53:03 +0700] "POST /wp-cron.php?doing_wp_cron=1760316783.8248329162597656250000 HTTP/1.1" 200 5 "-" "WordPress/6.8.3; https://abc-ok.com"
172.70.208.40 - - [13/Oct/2025:07:53:04 +0700] "POST /wp-login.php HTTP/1.1" 200 6504 "-" "Mozilla/5.0"
162.158.107.59 - - [13/Oct/2025:07:54:54 +0700] "POST /wp-cron.php?doing_wp_cron=1760316894.1403899192810058593750 HTTP/1.1" 200 5 "-" "WordPress/6.8.3; https://abc-ok.com"
108.162.226.181 - - [13/Oct/2025:07:54:54 +0700] "POST /xmlrpc.php HTTP/1.1" 200 415 "https://abc-ok.com" "Mozilla/5.0 (Macintosh; Intel Mac OS X 10_15_7) AppleWebKit/537.36 (KHTML, like Gecko) Chrome/114.0.5735.134 Safari/537.36"
172.71.124.68 - - [13/Oct/2025:07:57:53 +0700] "POST /wp-cron.php?doing_wp_cron=1760317073.0982189178466796875000 HTTP/1.1" 200 5 "-" "WordPress/6.8.3; https://abc-ok.com"
172.70.188.186 - - [13/Oct/2025:07:57:53 +0700] "POST /xmlrpc.php HTTP/1.1" 200 415 "https://abc-ok.com" "Mozilla/5.0 (Windows NT 10.0; Win64; x64; rv:129.0) Gecko/20100101 Firefox/129.0"
172.70.143.224 - - [13/Oct/2025:08:00:54 +0700] "POST /wp-cron.php?doing_wp_cron=1760317254.3000268936157226562500 HTTP/1.1" 200 5 "-" "WordPress/6.8.3; https://abc-ok.com"
172.70.188.187 - - [13/Oct/2025:08:00:54 +0700] "POST /xmlrpc.php HTTP/1.1" 200 415 "https://abc-ok.com" "Mozilla/5.0 (Windows NT 10.0; Win64; x64) AppleWebKit/537.36 (KHTML, like Gecko) Chrome/116.0.5845.96 Safari/537.36 Edg/116.0.1938.62"
162.158.107.59 - - [13/Oct/2025:08:01:03 +0700] "GET / HTTP/1.1" 200 143426 "-" "synthetic-monitoring-agent/v0.14.3 (linux amd64; g64b8bab; +https://github.com/grafana/synthetic-monitoring-agent)"
172.70.143.224 - - [13/Oct/2025:08:01:04 +0700] "GET / HTTP/1.1" 200 143421 "-" "synthetic-monitoring-agent/v0.14.3 (linux amd64; g64b8bab; +https://github.com/grafana/synthetic-monitoring-agent)"
172.71.82.134 - - [13/Oct/2025:08:02:39 +0700] "POST /wp-cron.php?doing_wp_cron=1760317359.7388429641723632812500 HTTP/1.1" 200 5 "-" "WordPress/6.8.3; https://abc-ok.com"
162.158.189.32 - - [13/Oct/2025:08:02:40 +0700] "POST /xmlrpc.php HTTP/1.1" 200 413 "-" "Mozilla/5.0 (Macintosh; Intel Mac OS X 10_10_5) AppleWebKit/537.36 (KHTML, like Gecko) Chrome/66.0.3359.181 Safari/537.36"
172.70.208.40 - - [13/Oct/2025:08:03:59 +0700] "POST /wp-cron.php?doing_wp_cron=1760317439.9457509517669677734375 HTTP/1.1" 200 5 "-" "WordPress/6.8.3; https://abc-ok.com"
172.70.143.225 - - [13/Oct/2025:08:04:00 +0700] "POST /xmlrpc.php HTTP/1.1" 200 415 "https://abc-ok.com" "Mozilla/5.0 (Macintosh; Intel Mac OS X 14.5) AppleWebKit/618.3.5 (KHTML, like Gecko) Version/17.4 Safari/618.3.5"
162.158.189.32 - - [13/Oct/2025:08:05:09 +0700] "POST /wp-cron.php?doing_wp_cron=1760317509.0980999469757080078125 HTTP/1.1" 200 5 "-" "WordPress/6.8.3; https://abc-ok.com"
172.69.165.4 - - [13/Oct/2025:08:05:09 +0700] "POST /wp-login.php HTTP/1.1" 200 6510 "-" "Mozilla/5.0"
104.23.175.166 - - [13/Oct/2025:08:06:02 +0700] "GET / HTTP/1.1" 200 143429 "-" "synthetic-monitoring-agent/v0.14.3 (linux amd64; g64b8bab; +https://github.com/grafana/synthetic-monitoring-agent)"
172.69.176.13 - - [13/Oct/2025:08:06:02 +0700] "GET / HTTP/1.1" 200 143426 "-" "synthetic-monitoring-agent/v0.14.3 (linux amd64; g64b8bab; +https://github.com/grafana/synthetic-monitoring-agent)"
172.70.188.186 - - [13/Oct/2025:08:07:02 +0700] "POST /wp-cron.php?doing_wp_cron=1760317622.4825499057769775390625 HTTP/1.1" 200 5 "-" "WordPress/6.8.3; https://abc-ok.com"
108.162.226.95 - - [13/Oct/2025:08:07:02 +0700] "POST /xmlrpc.php HTTP/1.1" 200 415 "https://abc-ok.com" "Mozilla/5.0 (Macintosh; Intel Mac OS X 10_15_7; rv:126.0) Gecko/20100101 Firefox/126.0"
185.244.104.2 - - [13/Oct/2025:08:08:00 +0700] "PROPFIND / HTTP/1.1" 405 157 "http://178.128.86.151:443/" "-"
162.158.189.33 - - [13/Oct/2025:08:10:03 +0700] "POST /wp-cron.php?doing_wp_cron=1760317803.5807240009307861328125 HTTP/1.1" 200 5 "-" "WordPress/6.8.3; https://abc-ok.com"
162.158.108.45 - - [13/Oct/2025:08:10:03 +0700] "POST /xmlrpc.php HTTP/1.1" 200 415 "https://abc-ok.com" "Mozilla/5.0 (Windows NT 10.0; Win64; x64) AppleWebKit/537.36 (KHTML, like Gecko) Chrome/115.0.5790.171 Safari/537.36 Edg/115.0.1901.203"
162.158.107.59 - - [13/Oct/2025:08:11:00 +0700] "POST /wp-cron.php?doing_wp_cron=1760317860.5447709560394287109375 HTTP/1.1" 200 5 "-" "WordPress/6.8.3; https://abc-ok.com"
172.71.124.68 - - [13/Oct/2025:08:11:01 +0700] "GET / HTTP/1.1" 200 143426 "-" "synthetic-monitoring-agent/v0.14.3 (linux amd64; g64b8bab; +https://github.com/grafana/synthetic-monitoring-agent)"
104.23.175.167 - - [13/Oct/2025:08:11:05 +0700] "GET / HTTP/1.1" 200 143429 "-" "synthetic-monitoring-agent/v0.14.3 (linux amd64; g64b8bab; +https://github.com/grafana/synthetic-monitoring-agent)"
172.69.176.13 - - [13/Oct/2025:08:11:51 +0700] "POST /wp-cron.php?doing_wp_cron=1760317911.0056250095367431640625 HTTP/1.1" 200 5 "-" "WordPress/6.8.3; https://abc-ok.com"
172.70.93.94 - - [13/Oct/2025:08:11:51 +0700] "POST /xmlrpc.php HTTP/1.1" 200 413 "-" "Mozilla/5.0 (Windows NT 6.1) AppleWebKit/537.36 (KHTML, like Gecko) Chrome/65.0.3325.162 Safari/537.36"
162.158.189.32 - - [13/Oct/2025:08:13:05 +0700] "POST /wp-cron.php?doing_wp_cron=1760317985.5655438899993896484375 HTTP/1.1" 200 5 "-" "WordPress/6.8.3; https://abc-ok.com"
172.71.81.226 - - [13/Oct/2025:08:13:05 +0700] "POST /xmlrpc.php HTTP/1.1" 200 415 "https://abc-ok.com" "Mozilla/5.0 (Windows NT 10.0; Win64; x64) AppleWebKit/537.36 (KHTML, like Gecko) Chrome/114.0.5735.199 Safari/537.36 Edg/114.0.1823.67"
172.68.164.68 - - [13/Oct/2025:08:16:01 +0700] "POST /wp-cron.php?doing_wp_cron=1760318161.1784849166870117187500 HTTP/1.1" 200 5 "-" "WordPress/6.8.3; https://abc-ok.com"
172.68.164.69 - - [13/Oct/2025:08:16:02 +0700] "GET / HTTP/1.1" 200 143429 "-" "synthetic-monitoring-agent/v0.14.3 (linux amd64; g64b8bab; +https://github.com/grafana/synthetic-monitoring-agent)"
172.70.143.131 - - [13/Oct/2025:08:16:03 +0700] "GET / HTTP/1.1" 200 143434 "-" "synthetic-monitoring-agent/v0.14.3 (linux amd64; g64b8bab; +https://github.com/grafana/synthetic-monitoring-agent)"
172.70.143.131 - - [13/Oct/2025:08:16:12 +0700] "POST /wp-cron.php?doing_wp_cron=1760318172.9484100341796875000000 HTTP/1.1" 200 5 "-" "WordPress/6.8.3; https://abc-ok.com"
162.158.108.44 - - [13/Oct/2025:08:16:12 +0700] "POST /xmlrpc.php HTTP/1.1" 200 415 "https://abc-ok.com" "Mozilla/5.0 (Windows NT 10.0; Win64; x64) AppleWebKit/537.36 (KHTML, like Gecko) Chrome/116.0.5845.96 Safari/537.36"
45.9.168.192 - - [13/Oct/2025:08:16:27 +0700] "GET / HTTP/1.1" 301 5 "-" "Mozilla/5.0 (Windows NT 10.0; Win64; x64; rv:104.71.6212.24) Gecko/25.2.4212.671 Firefox/2.0"
45.9.168.192 - - [13/Oct/2025:08:16:28 +0700] "POST /api/client/update?arch=amd64&commit=08059e95dacafe0bf6e5782f8e2c8ec9cd8c5a17&os=windows HTTP/1.1" 400 255 "-" "SPARK COMMIT: 08059e95dacafe0bf6e5782f8e2c8ec9cd8c5a17"
172.71.81.226 - - [13/Oct/2025:08:19:11 +0700] "POST /wp-cron.php?doing_wp_cron=1760318351.0416069030761718750000 HTTP/1.1" 200 5 "-" "WordPress/6.8.3; https://abc-ok.com"
162.158.108.44 - - [13/Oct/2025:08:19:11 +0700] "POST /xmlrpc.php HTTP/1.1" 200 415 "https://abc-ok.com" "Mozilla/5.0 (Windows NT 11.0; Win64; x64; rv:126.0) Gecko/20100101 Firefox/126.0"
172.70.143.88 - - [13/Oct/2025:08:20:28 +0700] "POST /wp-cron.php?doing_wp_cron=1760318428.6213719844818115234375 HTTP/1.1" 200 5 "-" "WordPress/6.8.3; https://abc-ok.com"
172.70.188.186 - - [13/Oct/2025:08:20:28 +0700] "POST /wp-login.php HTTP/1.1" 200 6504 "-" "Mozilla/5.0"
108.162.226.95 - - [13/Oct/2025:08:21:08 +0700] "GET / HTTP/1.1" 200 143426 "-" "synthetic-monitoring-agent/v0.14.3 (linux amd64; g64b8bab; +https://github.com/grafana/synthetic-monitoring-agent)"
172.69.166.24 - - [13/Oct/2025:08:21:09 +0700] "GET / HTTP/1.1" 499 0 "-" "synthetic-monitoring-agent/v0.14.3 (linux amd64; g64b8bab; +https://github.com/grafana/synthetic-monitoring-agent)"
172.69.176.13 - - [13/Oct/2025:08:21:09 +0700] "POST /wp-cron.php?doing_wp_cron=1760318469.1872830390930175781250 HTTP/1.1" 200 5 "-" "WordPress/6.8.3; https://abc-ok.com"
172.70.208.41 - - [13/Oct/2025:08:22:13 +0700] "POST /wp-cron.php?doing_wp_cron=1760318533.6055490970611572265625 HTTP/1.1" 200 5 "-" "WordPress/6.8.3; https://abc-ok.com"
172.69.176.13 - - [13/Oct/2025:08:22:13 +0700] "POST /xmlrpc.php HTTP/1.1" 200 415 "https://abc-ok.com" "Mozilla/5.0 (Macintosh; Intel Mac OS X 13_3) AppleWebKit/537.36 (KHTML, like Gecko) Chrome/126.0.0.0 Safari/537.36"
162.158.108.45 - - [13/Oct/2025:08:23:14 +0700] "POST /wp-cron.php?doing_wp_cron=1760318594.1083478927612304687500 HTTP/1.1" 200 5 "-" "WordPress/6.8.3; https://abc-ok.com"
172.69.176.13 - - [13/Oct/2025:08:23:14 +0700] "POST /xmlrpc.php HTTP/1.1" 200 413 "-" "Mozilla/5.0 (Windows NT 6.3; Win64; x64) AppleWebKit/537.36 (KHTML, like Gecko) Chrome/66.0.3359.170 Safari/537.36"
104.23.175.166 - - [13/Oct/2025:08:25:14 +0700] "POST /wp-cron.php?doing_wp_cron=1760318714.9107639789581298828125 HTTP/1.1" 200 5 "-" "WordPress/6.8.3; https://abc-ok.com"
172.69.176.13 - - [13/Oct/2025:08:25:14 +0700] "POST /xmlrpc.php HTTP/1.1" 200 415 "https://abc-ok.com" "Mozilla/5.0 (Windows NT 10.0; Win64; x64) AppleWebKit/537.36 (KHTML, like Gecko) Chrome/126.0.0.0 Safari/537.36"
196.251.80.161 - - [13/Oct/2025:08:25:46 +0700] "SSH-2.0-libssh_0.11.2" 400 157 "-" "-"
196.251.80.161 - - [13/Oct/2025:08:25:47 +0700] "SSH-2.0-libssh_0.11.2" 400 157 "-" "-"
196.251.80.161 - - [13/Oct/2025:08:25:48 +0700] "SSH-2.0-libssh_0.11.2" 400 157 "-" "-"
196.251.80.161 - - [13/Oct/2025:08:25:50 +0700] "SSH-2.0-libssh_0.11.2" 400 157 "-" "-"
196.251.80.161 - - [13/Oct/2025:08:25:52 +0700] "SSH-2.0-libssh_0.11.2" 400 157 "-" "-"
196.251.80.161 - - [13/Oct/2025:08:25:55 +0700] "SSH-2.0-libssh_0.11.2" 400 157 "-" "-"
196.251.80.161 - - [13/Oct/2025:08:25:57 +0700] "SSH-2.0-libssh_0.11.2" 400 157 "-" "-"
196.251.80.161 - - [13/Oct/2025:08:25:59 +0700] "SSH-2.0-libssh_0.11.2" 400 157 "-" "-"
196.251.80.161 - - [13/Oct/2025:08:26:00 +0700] "SSH-2.0-libssh_0.11.2" 400 157 "-" "-"
196.251.80.161 - - [13/Oct/2025:08:26:01 +0700] "SSH-2.0-libssh_0.11.2" 400 157 "-" "-"
162.158.189.32 - - [13/Oct/2025:08:26:02 +0700] "GET / HTTP/1.1" 200 143434 "-" "synthetic-monitoring-agent/v0.14.3 (linux amd64; g64b8bab; +https://github.com/grafana/synthetic-monitoring-agent)"
162.158.108.44 - - [13/Oct/2025:08:26:02 +0700] "GET / HTTP/1.1" 200 143426 "-" "synthetic-monitoring-agent/v0.14.3 (linux amd64; g64b8bab; +https://github.com/grafana/synthetic-monitoring-agent)"
196.251.80.161 - - [13/Oct/2025:08:26:03 +0700] "SSH-2.0-libssh_0.11.2" 400 157 "-" "-"
196.251.80.161 - - [13/Oct/2025:08:26:05 +0700] "SSH-2.0-libssh_0.11.2" 400 157 "-" "-"
196.251.80.161 - - [13/Oct/2025:08:26:08 +0700] "SSH-2.0-libssh_0.11.2" 400 157 "-" "-"
196.251.80.161 - - [13/Oct/2025:08:26:09 +0700] "SSH-2.0-libssh_0.11.2" 400 157 "-" "-"
172.69.165.5 - - [13/Oct/2025:08:28:17 +0700] "POST /wp-cron.php?doing_wp_cron=1760318897.3483650684356689453125 HTTP/1.1" 200 5 "-" "WordPress/6.8.3; https://abc-ok.com"
162.158.189.32 - - [13/Oct/2025:08:28:17 +0700] "POST /xmlrpc.php HTTP/1.1" 200 415 "https://abc-ok.com" "Mozilla/5.0 (Windows NT 11.0; Win64; x64) AppleWebKit/537.36 (KHTML, like Gecko) Chrome/126.0.0.0 Safari/537.36 Edg/126.0.0.0"
172.71.124.69 - - [13/Oct/2025:08:30:59 +0700] "POST /wp-cron.php?doing_wp_cron=1760319059.6836729049682617187500 HTTP/1.1" 200 5 "-" "WordPress/6.8.3; https://abc-ok.com"
162.158.108.44 - - [13/Oct/2025:08:31:00 +0700] "GET / HTTP/1.1" 200 143426 "-" "synthetic-monitoring-agent/v0.14.3 (linux amd64; g64b8bab; +https://github.com/grafana/synthetic-monitoring-agent)"
162.158.163.4 - - [13/Oct/2025:08:31:01 +0700] "GET / HTTP/1.1" 200 143421 "-" "synthetic-monitoring-agent/v0.14.3 (linux amd64; g64b8bab; +https://github.com/grafana/synthetic-monitoring-agent)"
172.68.164.69 - - [13/Oct/2025:08:31:14 +0700] "POST /wp-cron.php?doing_wp_cron=1760319073.9595620632171630859375 HTTP/1.1" 200 5 "-" "WordPress/6.8.3; https://abc-ok.com"
108.162.226.95 - - [13/Oct/2025:08:31:14 +0700] "GET /wp-login.php HTTP/1.1" 200 6105 "-" "Mozilla/5.0 (compatible; MSIE 10.0; Windows NT 6.1; Win64; x64; Trident/7.0)"
172.70.142.60 - - [13/Oct/2025:08:31:14 +0700] "POST /xmlrpc.php HTTP/1.1" 200 415 "https://abc-ok.com" "Mozilla/5.0 (Windows NT 10.0; Win64; x64; rv:128.0) Gecko/20100101 Firefox/128.0"
162.158.189.33 - - [13/Oct/2025:08:31:19 +0700] "POST /wp-login.php HTTP/1.1" 200 6522 "https://abc-ok.com/wp-login.php" "Mozilla/5.0 (compatible; MSIE 10.0; Windows NT 6.1; Win64; x64; Trident/7.0)"
162.158.170.62 - - [13/Oct/2025:08:36:01 +0700] "POST /wp-cron.php?doing_wp_cron=1760319361.6263179779052734375000 HTTP/1.1" 200 5 "-" "WordPress/6.8.3; https://abc-ok.com"
108.162.226.95 - - [13/Oct/2025:08:36:02 +0700] "GET / HTTP/1.1" 200 143429 "-" "synthetic-monitoring-agent/v0.14.3 (linux amd64; g64b8bab; +https://github.com/grafana/synthetic-monitoring-agent)"
172.71.81.225 - - [13/Oct/2025:08:36:03 +0700] "GET / HTTP/1.1" 200 143429 "-" "synthetic-monitoring-agent/v0.14.3 (linux amd64; g64b8bab; +https://github.com/grafana/synthetic-monitoring-agent)"
104.23.175.166 - - [13/Oct/2025:08:37:14 +0700] "POST /wp-cron.php?doing_wp_cron=1760319434.3248291015625000000000 HTTP/1.1" 200 5 "-" "WordPress/6.8.3; https://abc-ok.com"
172.70.188.186 - - [13/Oct/2025:08:37:14 +0700] "POST /xmlrpc.php HTTP/1.1" 200 415 "https://abc-ok.com" "Mozilla/5.0 (Macintosh; Intel Mac OS X 10_15_7; rv:125.0.1) Gecko/20100101 Firefox/125.0.1"
162.158.88.48 - - [13/Oct/2025:08:40:15 +0700] "POST /wp-cron.php?doing_wp_cron=1760319615.5763471126556396484375 HTTP/1.1" 200 5 "-" "WordPress/6.8.3; https://abc-ok.com"
172.70.188.186 - - [13/Oct/2025:08:40:15 +0700] "POST /xmlrpc.php HTTP/1.1" 200 415 "https://abc-ok.com" "Mozilla/5.0 (Macintosh; Intel Mac OS X 13_3) AppleWebKit/537.36 (KHTML, like Gecko) Chrome/126.0.0.0 Safari/537.36"
172.71.81.225 - - [13/Oct/2025:08:41:00 +0700] "GET / HTTP/1.1" 200 143421 "-" "synthetic-monitoring-agent/v0.14.3 (linux amd64; g64b8bab; +https://github.com/grafana/synthetic-monitoring-agent)"
172.70.142.61 - - [13/Oct/2025:08:41:01 +0700] "GET / HTTP/1.1" 200 143426 "-" "synthetic-monitoring-agent/v0.14.3 (linux amd64; g64b8bab; +https://github.com/grafana/synthetic-monitoring-agent)"
172.70.189.42 - - [13/Oct/2025:08:42:58 +0700] "POST /wp-cron.php?doing_wp_cron=1760319778.6335780620574951171875 HTTP/1.1" 200 5 "-" "WordPress/6.8.3; https://abc-ok.com"
172.70.208.40 - - [13/Oct/2025:08:42:58 +0700] "POST /wp-cron.php?doing_wp_cron=1760319778.7017118930816650390625 HTTP/1.1" 200 5 "-" "WordPress/6.8.3; https://abc-ok.com"
104.23.175.167 - - [13/Oct/2025:08:42:59 +0700] "GET / HTTP/1.1" 200 143426 "-" "Python/3.10 aiohttp/3.12.15"
172.69.176.13 - - [13/Oct/2025:08:43:00 +0700] "GET /_next/static/ HTTP/1.1" 404 108752 "-" "Python/3.10 aiohttp/3.12.15"
162.158.107.60 - - [13/Oct/2025:08:43:01 +0700] "GET /_next/data/ HTTP/1.1" 404 108752 "-" "Python/3.10 aiohttp/3.12.15"
162.158.88.48 - - [13/Oct/2025:08:43:02 +0700] "GET /_nuxt/ HTTP/1.1" 404 108744 "-" "Python/3.10 aiohttp/3.12.15"
104.23.175.167 - - [13/Oct/2025:08:43:03 +0700] "GET /static/ HTTP/1.1" 404 108752 "-" "Python/3.10 aiohttp/3.12.15"
172.69.165.56 - - [13/Oct/2025:08:43:04 +0700] "GET /assets/ HTTP/1.1" 404 108752 "-" "Python/3.10 aiohttp/3.12.15"
172.70.142.60 - - [13/Oct/2025:08:43:06 +0700] "GET /build/ HTTP/1.1" 404 108752 "-" "Python/3.10 aiohttp/3.12.15"
172.69.165.56 - - [13/Oct/2025:08:43:07 +0700] "POST /wp-cron.php?doing_wp_cron=1760319787.2797689437866210937500 HTTP/1.1" 200 5 "-" "WordPress/6.8.3; https://abc-ok.com"
162.158.107.60 - - [13/Oct/2025:08:43:07 +0700] "GET /dist/ HTTP/1.1" 404 108752 "-" "Python/3.10 aiohttp/3.12.15"
104.23.175.167 - - [13/Oct/2025:08:43:08 +0700] "GET /public/ HTTP/1.1" 404 108744 "-" "Python/3.10 aiohttp/3.12.15"
162.158.189.33 - - [13/Oct/2025:08:43:09 +0700] "GET /public/js/ HTTP/1.1" 404 108744 "-" "Python/3.10 aiohttp/3.12.15"
172.69.176.13 - - [13/Oct/2025:08:43:10 +0700] "GET /frontend/ HTTP/1.1" 404 108752 "-" "Python/3.10 aiohttp/3.12.15"
172.70.93.95 - - [13/Oct/2025:08:43:11 +0700] "GET /frontend/static/ HTTP/1.1" 404 108744 "-" "Python/3.10 aiohttp/3.12.15"
162.158.170.63 - - [13/Oct/2025:08:43:13 +0700] "GET /frontend/assets/ HTTP/1.1" 404 108744 "-" "Python/3.10 aiohttp/3.12.15"
108.162.226.95 - - [13/Oct/2025:08:43:14 +0700] "GET /scripts/ HTTP/1.1" 404 108752 "-" "Python/3.10 aiohttp/3.12.15"
108.162.226.95 - - [13/Oct/2025:08:43:15 +0700] "GET /js/ HTTP/1.1" 404 108744 "-" "Python/3.10 aiohttp/3.12.15"
162.158.108.44 - - [13/Oct/2025:08:43:15 +0700] "POST /xmlrpc.php HTTP/1.1" 200 415 "https://abc-ok.com" "Mozilla/5.0 (Windows NT 10.0; Win64; x64; rv:129.0) Gecko/20100101 Firefox/129.0"
162.158.189.33 - - [13/Oct/2025:08:43:16 +0700] "GET /client/ HTTP/1.1" 404 108752 "-" "Python/3.10 aiohttp/3.12.15"
172.70.142.60 - - [13/Oct/2025:08:43:17 +0700] "GET /runtime/ HTTP/1.1" 404 108752 "-" "Python/3.10 aiohttp/3.12.15"
172.69.176.13 - - [13/Oct/2025:08:43:18 +0700] "GET /chunks/ HTTP/1.1" 404 108744 "-" "Python/3.10 aiohttp/3.12.15"
172.69.165.56 - - [13/Oct/2025:08:43:20 +0700] "GET /modules/ HTTP/1.1" 404 108752 "-" "Python/3.10 aiohttp/3.12.15"
172.70.142.60 - - [13/Oct/2025:08:43:22 +0700] "GET /packs/ HTTP/1.1" 404 108744 "-" "Python/3.10 aiohttp/3.12.15"
172.71.81.226 - - [13/Oct/2025:08:43:23 +0700] "GET /bundle/ HTTP/1.1" 404 108744 "-" "Python/3.10 aiohttp/3.12.15"
172.69.165.56 - - [13/Oct/2025:08:43:24 +0700] "GET /spa/ HTTP/1.1" 404 108752 "-" "Python/3.10 aiohttp/3.12.15"
104.23.175.167 - - [13/Oct/2025:08:43:25 +0700] "GET /app/ HTTP/1.1" 404 108744 "-" "Python/3.10 aiohttp/3.12.15"
162.158.107.60 - - [13/Oct/2025:08:43:27 +0700] "GET /dashboard/ HTTP/1.1" 302 5 "-" "Python/3.10 aiohttp/3.12.15"
172.69.165.56 - - [13/Oct/2025:08:43:28 +0700] "GET /wp-admin/ HTTP/1.1" 302 5 "-" "Python/3.10 aiohttp/3.12.15"
162.158.189.33 - - [13/Oct/2025:08:43:30 +0700] "GET /wp-login.php?redirect_to=https://abc-ok.com/wp-admin/&reauth=1 HTTP/1.1" 200 6106 "-" "Python/3.10 aiohttp/3.12.15"
172.68.164.68 - - [13/Oct/2025:08:44:08 +0700] "POST /wp-cron.php?doing_wp_cron=1760319848.5937759876251220703125 HTTP/1.1" 200 5 "-" "WordPress/6.8.3; https://abc-ok.com"
104.23.175.167 - - [13/Oct/2025:08:44:09 +0700] "GET /.env HTTP/1.1" 404 108752 "-" "Python/3.10 aiohttp/3.12.15"
172.71.124.205 - - [13/Oct/2025:08:44:11 +0700] "GET /%22https:/abc-ok.com/wp-includes/js/jquery/ui/core.min.js?ver=1.13.3%22 HTTP/1.1" 404 108744 "-" "Python/3.10 aiohttp/3.12.15"
162.158.162.82 - - [13/Oct/2025:08:44:11 +0700] "GET /com/wp-includes/js/jquery/jquery-migrate.min.js HTTP/1.1" 404 108721 "-" "Python/3.10 aiohttp/3.12.15"
162.158.107.60 - - [13/Oct/2025:08:44:11 +0700] "GET /.git/config HTTP/1.1" 404 108752 "-" "Python/3.10 aiohttp/3.12.15"
108.162.226.95 - - [13/Oct/2025:08:44:13 +0700] "GET /backend/.env HTTP/1.1" 404 108744 "-" "Python/3.10 aiohttp/3.12.15"
162.158.189.33 - - [13/Oct/2025:08:44:14 +0700] "GET /admin/.env HTTP/1.1" 404 108752 "-" "Python/3.10 aiohttp/3.12.15"
172.68.164.46 - - [13/Oct/2025:08:44:16 +0700] "GET /wp-includes/js/jquery/jquery.min.js?ver=3.7.1 HTTP/1.1" 304 0 "-" "Python/3.10 aiohttp/3.12.15"
172.70.93.95 - - [13/Oct/2025:08:44:16 +0700] "GET /core/.env HTTP/1.1" 404 108744 "-" "Python/3.10 aiohttp/3.12.15"
172.70.142.58 - - [13/Oct/2025:08:44:16 +0700] "GET /%22https:/abc-ok.com/wp-content/plugins/elementor/assets/js/frontend-modules.min.js?ver=3.27.3%22 HTTP/1.1" 404 108752 "-" "Python/3.10 aiohttp/3.12.15"
104.23.175.167 - - [13/Oct/2025:08:44:17 +0700] "GET /.env.bak HTTP/1.1" 404 108744 "-" "Python/3.10 aiohttp/3.12.15"
172.70.93.95 - - [13/Oct/2025:08:44:19 +0700] "GET /.git/logs/HEAD HTTP/1.1" 404 108752 "-" "Python/3.10 aiohttp/3.12.15"
162.158.162.63 - - [13/Oct/2025:08:44:19 +0700] "GET /wp-content/themes/astra/assets/js/minified/frontend.min.js?ver=4.8.11 HTTP/1.1" 304 0 "-" "Python/3.10 aiohttp/3.12.15"
172.69.165.56 - - [13/Oct/2025:08:44:20 +0700] "GET /.gitlab-ci.yml HTTP/1.1" 404 108752 "-" "Python/3.10 aiohttp/3.12.15"
172.70.208.22 - - [13/Oct/2025:08:44:21 +0700] "GET /wp-content/plugins/bdthemes-element-pack-lite/assets/js/modules/ep-static-carousel.min.js?ver=5.10.22 HTTP/1.1" 304 0 "-" "Python/3.10 aiohttp/3.12.15"
162.158.189.33 - - [13/Oct/2025:08:44:22 +0700] "GET /config.json HTTP/1.1" 404 108751 "-" "Python/3.10 aiohttp/3.12.15"
172.71.152.64 - - [13/Oct/2025:08:44:23 +0700] "GET /config.js HTTP/1.1" 404 108744 "-" "Python/3.10 aiohttp/3.12.15"
172.71.124.164 - - [13/Oct/2025:08:44:25 +0700] "GET /aws-config.js HTTP/1.1" 404 108744 "-" "Python/3.10 aiohttp/3.12.15"
104.23.176.3 - - [13/Oct/2025:08:44:27 +0700] "GET /aws.config.js HTTP/1.1" 404 108752 "-" "Python/3.10 aiohttp/3.12.15"
108.162.226.143 - - [13/Oct/2025:08:44:31 +0700] "GET /wp-content/plugins/elementor/assets/js/webpack.runtime.min.js?ver=3.27.3 HTTP/1.1" 304 0 "-" "Python/3.10 aiohttp/3.12.15"
172.70.208.105 - - [13/Oct/2025:08:44:31 +0700] "GET /%22https:/abc-ok.com/wp-content/plugins/bdthemes-element-pack-lite/assets/js/modules/ep-static-carousel.min.js?ver=5.10.22%22 HTTP/1.1" 404 108752 "-" "Python/3.10 aiohttp/3.12.15"
104.23.175.228 - - [13/Oct/2025:08:44:31 +0700] "GET /wp-emoji-release.min.js HTTP/1.1" 404 108744 "-" "Python/3.10 aiohttp/3.12.15"
172.69.176.7 - - [13/Oct/2025:08:44:31 +0700] "GET /%22https:/abc-ok.com/wp-content/plugins/bdthemes-element-pack-lite/assets/js/common/helper.min.js?ver=5.10.22%22 HTTP/1.1" 404 108752 "-" "Python/3.10 aiohttp/3.12.15"
104.23.175.144 - - [13/Oct/2025:08:44:35 +0700] "GET /wp-includes/js/jquery/jquery-migrate.min.js?ver=3.4.1 HTTP/1.1" 304 0 "-" "Python/3.10 aiohttp/3.12.15"
172.70.142.78 - - [13/Oct/2025:08:44:35 +0700] "GET /wp-content/themes/astra/assets/js/minified/flexibility.min.js?ver=4.8.11 HTTP/1.1" 200 15525 "-" "Python/3.10 aiohttp/3.12.15"
172.71.124.235 - - [13/Oct/2025:08:44:35 +0700] "GET /%22https:/abc-ok.com/wp-content/plugins/elementor/assets/js/webpack.runtime.min.js?ver=3.27.3%22 HTTP/1.1" 404 108744 "-" "Python/3.10 aiohttp/3.12.15"
172.71.124.245 - - [13/Oct/2025:08:44:35 +0700] "GET /%22https:/abc-ok.com/wp-content/plugins/elementor/assets/lib/swiper/v8/swiper.min.js?ver=8.4.5%22 HTTP/1.1" 404 108752 "-" "Python/3.10 aiohttp/3.12.15"
104.23.175.97 - - [13/Oct/2025:08:44:36 +0700] "GET /wp-content/plugins/elementor/assets/lib/swiper/v8/swiper.min.js?ver=8.4.5 HTTP/1.1" 304 0 "-" "Python/3.10 aiohttp/3.12.15"
172.71.81.150 - - [13/Oct/2025:08:44:36 +0700] "GET /wp-content/plugins/bdthemes-element-pack-lite/assets/js/bdt-uikit.min.js?ver=3.21.7 HTTP/1.1" 304 0 "-" "Python/3.10 aiohttp/3.12.15"
172.68.164.82 - - [13/Oct/2025:08:44:37 +0700] "GET /%22/translate.google.com/translate_a/element.js?cb=GoogleLanguageTranslatorInit%22 HTTP/1.1" 404 108752 "-" "Python/3.10 aiohttp/3.12.15"
162.158.88.90 - - [13/Oct/2025:08:44:37 +0700] "GET /%22https:/abc-ok.com/wp-includes/js/jquery/jquery-migrate.min.js?ver=3.4.1%22 HTTP/1.1" 404 108744 "-" "Python/3.10 aiohttp/3.12.15"
162.158.162.127 - - [13/Oct/2025:08:44:37 +0700] "GET /%22https:/abc-ok.com/wp-content/plugins/bdthemes-element-pack-lite/assets/js/bdt-uikit.min.js?ver=3.21.7%22 HTTP/1.1" 404 108752 "-" "Python/3.10 aiohttp/3.12.15"
162.158.170.152 - - [13/Oct/2025:08:44:38 +0700] "GET /%22https:/abc-ok.com/wp-includes/js/jquery/jquery.min.js?ver=3.7.1%22 HTTP/1.1" 404 108744 "-" "Python/3.10 aiohttp/3.12.15"
104.23.175.121 - - [13/Oct/2025:08:44:38 +0700] "GET /wp-content/plugins/elementor/assets/js/frontend-modules.min.js?ver=3.27.3 HTTP/1.1" 304 0 "-" "Python/3.10 aiohttp/3.12.15"
172.70.142.70 - - [13/Oct/2025:08:44:40 +0700] "GET /%22https:/abc-ok.com/wp-content/themes/astra/assets/js/minified/frontend.min.js?ver=4.8.11%22 HTTP/1.1" 404 108744 "-" "Python/3.10 aiohttp/3.12.15"
162.158.189.32 - - [13/Oct/2025:08:45:42 +0700] "POST /wp-cron.php?doing_wp_cron=1760319942.2325398921966552734375 HTTP/1.1" 200 5 "-" "WordPress/6.8.3; https://abc-ok.com"
172.70.188.186 - - [13/Oct/2025:08:45:42 +0700] "GET /wp-login.php HTTP/1.1" 200 6099 "-" "Mozilla/5.0 (Windows NT 6.1; WOW64; Trident/7.0; managedpc; rv:11.0) like Gecko"
172.71.81.225 - - [13/Oct/2025:08:45:45 +0700] "POST /wp-login.php HTTP/1.1" 200 6522 "https://abc-ok.com/wp-login.php" "Mozilla/5.0 (Windows NT 6.1; WOW64; Trident/7.0; managedpc; rv:11.0) like Gecko"
162.158.107.60 - - [13/Oct/2025:08:45:51 +0700] "POST /xmlrpc.php HTTP/1.1" 200 413 "-" "Mozilla/4.0 (compatible; MSIE 7.0; Windows NT 6.1; Win64; x64; Trident/7.0; .NET CLR 2.0.50727; SLCC2; .NET4.0C; .NET4.0E; .NET CLR 3.5.30729; .NET CLR 3.0.30729)"
162.158.189.32 - - [13/Oct/2025:08:45:59 +0700] "GET / HTTP/1.1" 200 143429 "-" "synthetic-monitoring-agent/v0.14.3 (linux amd64; g64b8bab; +https://github.com/grafana/synthetic-monitoring-agent)"
172.71.81.225 - - [13/Oct/2025:08:46:00 +0700] "GET / HTTP/1.1" 200 143429 "-" "synthetic-monitoring-agent/v0.14.3 (linux amd64; g64b8bab; +https://github.com/grafana/synthetic-monitoring-agent)"
172.70.188.186 - - [13/Oct/2025:08:47:36 +0700] "POST /wp-cron.php?doing_wp_cron=1760320056.4359390735626220703125 HTTP/1.1" 200 5 "-" "WordPress/6.8.3; https://abc-ok.com"
172.68.164.69 - - [13/Oct/2025:08:47:36 +0700] "POST /wp-login.php HTTP/1.1" 200 6504 "-" "Mozilla/5.0"
104.23.175.166 - - [13/Oct/2025:08:49:15 +0700] "POST /wp-cron.php?doing_wp_cron=1760320155.4500830173492431640625 HTTP/1.1" 200 5 "-" "WordPress/6.8.3; https://abc-ok.com"
172.70.188.186 - - [13/Oct/2025:08:49:15 +0700] "POST /xmlrpc.php HTTP/1.1" 200 415 "https://abc-ok.com" "Mozilla/5.0 (Windows NT 11.0; Win64; x64) AppleWebKit/537.36 (KHTML, like Gecko) Chrome/126.0.0.0 Safari/537.36"
172.71.152.59 - - [13/Oct/2025:08:51:03 +0700] "POST /wp-cron.php?doing_wp_cron=1760320263.0822129249572753906250 HTTP/1.1" 200 5 "-" "WordPress/6.8.3; https://abc-ok.com"
172.70.142.61 - - [13/Oct/2025:08:51:04 +0700] "GET / HTTP/1.1" 200 143426 "-" "synthetic-monitoring-agent/v0.14.3 (linux amd64; g64b8bab; +https://github.com/grafana/synthetic-monitoring-agent)"
172.69.176.12 - - [13/Oct/2025:08:51:06 +0700] "GET / HTTP/1.1" 200 143434 "-" "synthetic-monitoring-agent/v0.14.3 (linux amd64; g64b8bab; +https://github.com/grafana/synthetic-monitoring-agent)"
104.23.175.166 - - [13/Oct/2025:08:52:18 +0700] "POST /wp-cron.php?doing_wp_cron=1760320338.3565158843994140625000 HTTP/1.1" 200 5 "-" "WordPress/6.8.3; https://abc-ok.com"
162.158.88.26 - - [13/Oct/2025:08:52:18 +0700] "POST /xmlrpc.php HTTP/1.1" 200 415 "https://abc-ok.com" "Mozilla/5.0 (Windows NT 10.0; Win64; x64) AppleWebKit/537.36 (KHTML, like Gecko) Chrome/115.0.5790.102 Safari/537.36"
162.158.88.48 - - [13/Oct/2025:08:54:05 +0700] "POST /wp-cron.php?doing_wp_cron=1760320445.9378829002380371093750 HTTP/1.1" 200 5 "-" "WordPress/6.8.3; https://abc-ok.com"
162.158.189.32 - - [13/Oct/2025:08:54:06 +0700] "POST /xmlrpc.php HTTP/1.1" 200 413 "-" "Mozilla/5.0 (Macintosh; Intel Mac OS X 10_14) AppleWebKit/605.1.15 (KHTML, like Gecko) Version/12.0 Safari/605.1.15"
108.162.226.95 - - [13/Oct/2025:08:55:18 +0700] "POST /wp-cron.php?doing_wp_cron=1760320518.3085300922393798828125 HTTP/1.1" 200 5 "-" "WordPress/6.8.3; https://abc-ok.com"
162.158.88.49 - - [13/Oct/2025:08:55:18 +0700] "POST /xmlrpc.php HTTP/1.1" 200 415 "https://abc-ok.com" "Mozilla/5.0 (Windows NT 10.0; Win64; x64) AppleWebKit/537.36 (KHTML, like Gecko) Chrome/112.0.5615.138 Safari/537.36 Edg/112.0.1722.68"
108.162.226.95 - - [13/Oct/2025:08:56:00 +0700] "GET / HTTP/1.1" 200 143429 "-" "synthetic-monitoring-agent/v0.14.3 (linux amd64; g64b8bab; +https://github.com/grafana/synthetic-monitoring-agent)"
172.69.176.12 - - [13/Oct/2025:08:56:00 +0700] "GET / HTTP/1.1" 200 143429 "-" "synthetic-monitoring-agent/v0.14.3 (linux amd64; g64b8bab; +https://github.com/grafana/synthetic-monitoring-agent)"
108.162.226.94 - - [13/Oct/2025:08:58:18 +0700] "POST /wp-cron.php?doing_wp_cron=1760320698.0893239974975585937500 HTTP/1.1" 200 5 "-" "WordPress/6.8.3; https://abc-ok.com"
172.70.142.196 - - [13/Oct/2025:08:58:18 +0700] "POST /xmlrpc.php HTTP/1.1" 200 415 "https://abc-ok.com" "Mozilla/5.0 (Windows NT 10.0; Win64; x64) AppleWebKit/537.36 (KHTML, like Gecko) Chrome/116.0.5845.96 Safari/537.36"
172.70.93.95 - - [13/Oct/2025:08:58:38 +0700] "GET /wp-login.php HTTP/1.1" 200 6099 "-" "Mozilla/5.0 (Windows NT 10.0; Win64; x64) AppleWebKit/537.36 (KHTML, like Gecko) Chrome/66.0.3359.117 Safari/537.36"
108.162.226.94 - - [13/Oct/2025:08:58:41 +0700] "POST /wp-login.php HTTP/1.1" 200 6528 "https://abc-ok.com/wp-login.php" "Mozilla/5.0 (Windows NT 10.0; Win64; x64) AppleWebKit/537.36 (KHTML, like Gecko) Chrome/66.0.3359.117 Safari/537.36"
20.172.67.176 - - [13/Oct/2025:08:58:58 +0700] "GET /owa/auth/logon.aspx HTTP/1.1" 404 108752 "-" "Mozilla/5.0 zgrab/0.x"
104.23.175.167 - - [13/Oct/2025:08:59:15 +0700] "POST /wp-cron.php?doing_wp_cron=1760320755.8745069503784179687500 HTTP/1.1" 200 5 "-" "WordPress/6.8.3; https://abc-ok.com"
20.65.193.127 - - [13/Oct/2025:08:59:15 +0700] "GET / HTTP/1.1" 301 5 "-" "Mozilla/5.0 zgrab/0.x"
172.71.81.226 - - [13/Oct/2025:08:59:22 +0700] "GET / HTTP/1.1" 200 143429 "https://178.128.86.151/" "Mozilla/5.0 zgrab/0.x"
20.65.193.127 - - [13/Oct/2025:08:59:22 +0700] "MGLNDD_178.128.86.151_443" 400 157 "-" "-"
104.23.175.167 - - [13/Oct/2025:09:00:58 +0700] "POST /wp-cron.php?doing_wp_cron=1760320858.9024560451507568359375 HTTP/1.1" 200 5 "-" "WordPress/6.8.3; https://abc-ok.com"
104.23.175.166 - - [13/Oct/2025:09:00:59 +0700] "GET / HTTP/1.1" 200 143429 "-" "synthetic-monitoring-agent/v0.14.3 (linux amd64; g64b8bab; +https://github.com/grafana/synthetic-monitoring-agent)"
162.158.163.214 - - [13/Oct/2025:09:01:00 +0700] "GET / HTTP/1.1" 200 143426 "-" "synthetic-monitoring-agent/v0.14.3 (linux amd64; g64b8bab; +https://github.com/grafana/synthetic-monitoring-agent)"
172.68.164.68 - - [13/Oct/2025:09:04:27 +0700] "POST /wp-cron.php?doing_wp_cron=1760321067.2063539028167724609375 HTTP/1.1" 200 5 "-" "WordPress/6.8.3; https://abc-ok.com"
162.158.163.213 - - [13/Oct/2025:09:04:27 +0700] "POST /xmlrpc.php HTTP/1.1" 200 415 "https://abc-ok.com" "Mozilla/5.0 (Macintosh; Intel Mac OS X 14_6) AppleWebKit/605.1.15 (KHTML, like Gecko) Version/17.5 Safari/605.1.15"
172.71.152.59 - - [13/Oct/2025:09:05:59 +0700] "POST /wp-cron.php?doing_wp_cron=1760321159.0198950767517089843750 HTTP/1.1" 200 5 "-" "WordPress/6.8.3; https://abc-ok.com"
172.71.81.225 - - [13/Oct/2025:09:05:59 +0700] "GET / HTTP/1.1" 200 143426 "-" "synthetic-monitoring-agent/v0.14.3 (linux amd64; g64b8bab; +https://github.com/grafana/synthetic-monitoring-agent)"
172.69.176.13 - - [13/Oct/2025:09:06:00 +0700] "GET / HTTP/1.1" 200 143434 "-" "synthetic-monitoring-agent/v0.14.3 (linux amd64; g64b8bab; +https://github.com/grafana/synthetic-monitoring-agent)"
162.158.88.48 - - [13/Oct/2025:09:06:28 +0700] "POST /wp-cron.php?doing_wp_cron=1760321188.2788770198822021484375 HTTP/1.1" 200 5 "-" "WordPress/6.8.3; https://abc-ok.com"
51.159.23.43 - - [13/Oct/2025:09:06:28 +0700] "GET / HTTP/1.1" 301 5 "-" "-"
172.70.142.60 - - [13/Oct/2025:09:07:30 +0700] "POST /wp-cron.php?doing_wp_cron=1760321250.6335270404815673828125 HTTP/1.1" 200 5 "-" "WordPress/6.8.3; https://abc-ok.com"
172.70.188.187 - - [13/Oct/2025:09:07:30 +0700] "POST /xmlrpc.php HTTP/1.1" 200 415 "https://abc-ok.com" "Mozilla/5.0 (Macintosh; Intel Mac OS X 10_15_7) AppleWebKit/537.36 (KHTML, like Gecko) Chrome/114.0.5735.134 Safari/537.36"
162.158.107.60 - - [13/Oct/2025:09:10:32 +0700] "POST /wp-cron.php?doing_wp_cron=1760321432.2562069892883300781250 HTTP/1.1" 200 5 "-" "WordPress/6.8.3; https://abc-ok.com"
172.71.124.154 - - [13/Oct/2025:09:10:32 +0700] "POST /xmlrpc.php HTTP/1.1" 200 415 "https://abc-ok.com" "Mozilla/5.0 (Macintosh; Intel Mac OS X 13.3; rv:126.0) Gecko/20100101 Firefox/126.0"
172.70.208.40 - - [13/Oct/2025:09:10:59 +0700] "GET / HTTP/1.1" 200 143429 "-" "synthetic-monitoring-agent/v0.14.3 (linux amd64; g64b8bab; +https://github.com/grafana/synthetic-monitoring-agent)"
162.158.107.60 - - [13/Oct/2025:09:11:00 +0700] "GET / HTTP/1.1" 200 143426 "-" "synthetic-monitoring-agent/v0.14.3 (linux amd64; g64b8bab; +https://github.com/grafana/synthetic-monitoring-agent)"
172.69.176.13 - - [13/Oct/2025:09:13:31 +0700] "POST /wp-cron.php?doing_wp_cron=1760321610.9819920063018798828125 HTTP/1.1" 200 5 "-" "WordPress/6.8.3; https://abc-ok.com"
162.158.189.33 - - [13/Oct/2025:09:13:31 +0700] "POST /xmlrpc.php HTTP/1.1" 200 415 "https://abc-ok.com" "Mozilla/5.0 (Macintosh; Intel Mac OS X 10_15_7) AppleWebKit/537.36 (KHTML, like Gecko) Chrome/113.0.5672.93 Safari/537.36"
172.69.166.94 - - [13/Oct/2025:09:13:52 +0700] "POST /wp-login.php HTTP/1.1" 200 6510 "-" "Mozilla/5.0"
185.244.104.2 - - [13/Oct/2025:09:13:57 +0700] "PROPFIND / HTTP/1.1" 405 157 "http://178.128.86.151:443/" "-"
172.68.164.68 - - [13/Oct/2025:09:14:54 +0700] "POST /wp-cron.php?doing_wp_cron=1760321694.9011979103088378906250 HTTP/1.1" 200 5 "-" "WordPress/6.8.3; https://abc-ok.com"
162.158.88.49 - - [13/Oct/2025:09:14:55 +0700] "POST /wp-login.php HTTP/1.1" 200 6510 "-" "Mozilla/5.0"
162.158.163.213 - - [13/Oct/2025:09:15:58 +0700] "POST /wp-cron.php?doing_wp_cron=1760321758.2157390117645263671875 HTTP/1.1" 200 5 "-" "WordPress/6.8.3; https://abc-ok.com"
162.158.107.60 - - [13/Oct/2025:09:15:58 +0700] "GET / HTTP/1.1" 200 143426 "-" "synthetic-monitoring-agent/v0.14.3 (linux amd64; g64b8bab; +https://github.com/grafana/synthetic-monitoring-agent)"
172.68.164.68 - - [13/Oct/2025:09:16:00 +0700] "GET / HTTP/1.1" 200 143429 "-" "synthetic-monitoring-agent/v0.14.3 (linux amd64; g64b8bab; +https://github.com/grafana/synthetic-monitoring-agent)"
172.70.188.187 - - [13/Oct/2025:09:16:28 +0700] "POST /wp-cron.php?doing_wp_cron=1760321788.3889799118041992187500 HTTP/1.1" 200 5 "-" "WordPress/6.8.3; https://abc-ok.com"
104.23.175.166 - - [13/Oct/2025:09:16:28 +0700] "POST /xmlrpc.php HTTP/1.1" 200 415 "https://abc-ok.com" "Mozilla/5.0 (Windows NT 10.0; Win64; x64) AppleWebKit/537.36 (KHTML, like Gecko) Chrome/114.0.5735.199 Safari/537.36 Edg/114.0.1823.67"
162.158.162.126 - - [13/Oct/2025:09:19:25 +0700] "POST /wp-cron.php?doing_wp_cron=1760321965.2551929950714111328125 HTTP/1.1" 200 5 "-" "WordPress/6.8.3; https://abc-ok.com"
172.69.176.12 - - [13/Oct/2025:09:19:25 +0700] "POST /xmlrpc.php HTTP/1.1" 200 415 "https://abc-ok.com" "Mozilla/5.0 (Macintosh; Intel Mac OS X 10_15_7; rv:127.0) Gecko/20100101 Firefox/127.0"
108.162.226.181 - - [13/Oct/2025:09:20:59 +0700] "POST /wp-cron.php?doing_wp_cron=1760322058.9271650314331054687500 HTTP/1.1" 200 5 "-" "WordPress/6.8.3; https://abc-ok.com"
172.68.164.69 - - [13/Oct/2025:09:20:59 +0700] "GET / HTTP/1.1" 200 143426 "-" "synthetic-monitoring-agent/v0.14.3 (linux amd64; g64b8bab; +https://github.com/grafana/synthetic-monitoring-agent)"
172.68.164.68 - - [13/Oct/2025:09:20:59 +0700] "GET / HTTP/1.1" 200 143434 "-" "synthetic-monitoring-agent/v0.14.3 (linux amd64; g64b8bab; +https://github.com/grafana/synthetic-monitoring-agent)"
162.158.189.33 - - [13/Oct/2025:09:22:11 +0700] "POST /wp-cron.php?doing_wp_cron=1760322131.6368501186370849609375 HTTP/1.1" 200 5 "-" "WordPress/6.8.3; https://abc-ok.com"
162.158.108.44 - - [13/Oct/2025:09:22:12 +0700] "GET / HTTP/1.1" 200 143432 "-" "Mozilla/5.0 (Macintosh; Intel Mac OS X 10_13_6) AppleWebKit/537.36 (KHTML, like Gecko) Chrome/76.0.3809.100 Safari/537.36"
162.158.107.59 - - [13/Oct/2025:09:22:12 +0700] "GET / HTTP/1.1" 200 143432 "-" "Mozilla/5.0 (Macintosh; Intel Mac OS X 10_13_6) AppleWebKit/537.36 (KHTML, like Gecko) Chrome/76.0.3809.100 Safari/537.36"
162.158.108.44 - - [13/Oct/2025:09:22:20 +0700] "POST /xmlrpc.php HTTP/1.1" 200 415 "https://abc-ok.com" "Mozilla/5.0 (Macintosh; Intel Mac OS X 10_15_7; rv:125.0.1) Gecko/20100101 Firefox/125.0.1"
172.69.176.12 - - [13/Oct/2025:09:23:25 +0700] "POST /wp-cron.php?doing_wp_cron=1760322205.6061348915100097656250 HTTP/1.1" 200 5 "-" "WordPress/6.8.3; https://abc-ok.com"
172.70.188.187 - - [13/Oct/2025:09:23:25 +0700] "POST /xmlrpc.php HTTP/1.1" 200 413 "-" "Mozilla/5.0 (Windows NT 6.1; WOW64; Trident/7.0; MATM; rv:11.0) like Gecko"
172.71.124.154 - - [13/Oct/2025:09:25:13 +0700] "POST /wp-cron.php?doing_wp_cron=1760322313.2119019031524658203125 HTTP/1.1" 200 5 "-" "WordPress/6.8.3; https://abc-ok.com"
172.69.166.94 - - [13/Oct/2025:09:25:13 +0700] "POST /xmlrpc.php HTTP/1.1" 200 415 "https://abc-ok.com" "Mozilla/5.0 (Macintosh; Intel Mac OS X 10.15; rv:126.0) Gecko/20100101 Firefox/126.0"
162.158.162.126 - - [13/Oct/2025:09:25:24 +0700] "GET /wp-login.php HTTP/1.1" 200 6105 "-" "Mozilla/5.0 (Windows NT 6.1; WOW64; Trident/7.0; ASJB; ASJB; MAAU; rv:11.0) like Gecko"
172.70.93.95 - - [13/Oct/2025:09:25:28 +0700] "POST /wp-login.php HTTP/1.1" 200 6522 "https://abc-ok.com/wp-login.php" "Mozilla/5.0 (Windows NT 6.1; WOW64; Trident/7.0; ASJB; ASJB; MAAU; rv:11.0) like Gecko"
108.162.226.180 - - [13/Oct/2025:09:26:01 +0700] "GET / HTTP/1.1" 200 143434 "-" "synthetic-monitoring-agent/v0.14.3 (linux amd64; g64b8bab; +https://github.com/grafana/synthetic-monitoring-agent)"
172.70.188.187 - - [13/Oct/2025:09:26:02 +0700] "GET / HTTP/1.1" 200 143421 "-" "synthetic-monitoring-agent/v0.14.3 (linux amd64; g64b8bab; +https://github.com/grafana/synthetic-monitoring-agent)"
93.123.109.214 - - [13/Oct/2025:09:26:56 +0700] "GET / HTTP/1.1" 400 157 "-" "-"
172.71.81.226 - - [13/Oct/2025:09:27:01 +0700] "POST /wp-cron.php?doing_wp_cron=1760322421.8786649703979492187500 HTTP/1.1" 200 5 "-" "WordPress/6.8.3; https://abc-ok.com"
93.123.109.214 - - [13/Oct/2025:09:27:01 +0700] "GET / HTTP/1.1" 301 5 "-" "l9tcpid/v1.1.0"
162.158.107.60 - - [13/Oct/2025:09:28:50 +0700] "POST /wp-cron.php?doing_wp_cron=1760322530.7692320346832275390625 HTTP/1.1" 200 5 "-" "WordPress/6.8.3; https://abc-ok.com"
54.195.43.208 - - [13/Oct/2025:09:28:51 +0700] "GET / HTTP/1.0" 301 0 "-" "Mozilla/5.0 (compatible; NetcraftSurveyAgent/1.0; [email protected])"
162.158.107.60 - - [13/Oct/2025:09:30:58 +0700] "POST /wp-cron.php?doing_wp_cron=1760322657.9504079818725585937500 HTTP/1.1" 200 5 "-" "WordPress/6.8.3; https://abc-ok.com"
172.69.166.94 - - [13/Oct/2025:09:30:58 +0700] "GET / HTTP/1.1" 200 143426 "-" "synthetic-monitoring-agent/v0.14.3 (linux amd64; g64b8bab; +https://github.com/grafana/synthetic-monitoring-agent)"
172.71.81.225 - - [13/Oct/2025:09:30:59 +0700] "GET / HTTP/1.1" 200 143426 "-" "synthetic-monitoring-agent/v0.14.3 (linux amd64; g64b8bab; +https://github.com/grafana/synthetic-monitoring-agent)"
172.71.81.159 - - [13/Oct/2025:09:31:00 +0700] "POST /xmlrpc.php HTTP/1.1" 200 415 "https://abc-ok.com" "Mozilla/5.0 (Macintosh; Intel Mac OS X 10_15_7) AppleWebKit/537.36 (KHTML, like Gecko) Chrome/126.0.0.0 Safari/537.36"
172.68.164.68 - - [13/Oct/2025:09:31:12 +0700] "POST /wp-cron.php?doing_wp_cron=1760322672.4500100612640380859375 HTTP/1.1" 200 5 "-" "WordPress/6.8.3; https://abc-ok.com"
162.158.107.60 - - [13/Oct/2025:09:31:12 +0700] "POST /wp-login.php HTTP/1.1" 200 6510 "-" "Mozilla/5.0"
172.71.124.154 - - [13/Oct/2025:09:33:48 +0700] "POST /wp-cron.php?doing_wp_cron=1760322828.0771019458770751953125 HTTP/1.1" 200 5 "-" "WordPress/6.8.3; https://abc-ok.com"
108.162.227.88 - - [13/Oct/2025:09:33:48 +0700] "POST /xmlrpc.php HTTP/1.1" 200 415 "https://abc-ok.com" "Mozilla/5.0 (Macintosh; Intel Mac OS X 13.3; rv:126.0) Gecko/20100101 Firefox/126.0"
172.71.124.154 - - [13/Oct/2025:09:34:40 +0700] "POST /wp-cron.php?doing_wp_cron=1760322880.1060690879821777343750 HTTP/1.1" 200 5 "-" "WordPress/6.8.3; https://abc-ok.com"
172.68.164.69 - - [13/Oct/2025:09:34:40 +0700] "GET /wp-login.php HTTP/1.1" 200 6105 "-" "Mozilla/5.0 (X11; Linux x86_64) AppleWebKit/537.36 (KHTML, like Gecko) Ubuntu Chromium/34.0.1847.116 Chrome/34.0.1847.116 Safari/537.36"
162.158.189.32 - - [13/Oct/2025:09:35:58 +0700] "POST /wp-cron.php?doing_wp_cron=1760322958.5497529506683349609375 HTTP/1.1" 200 5 "-" "WordPress/6.8.3; https://abc-ok.com"
162.158.162.126 - - [13/Oct/2025:09:35:59 +0700] "GET / HTTP/1.1" 200 143426 "-" "synthetic-monitoring-agent/v0.14.3 (linux amd64; g64b8bab; +https://github.com/grafana/synthetic-monitoring-agent)"
172.70.208.41 - - [13/Oct/2025:09:35:59 +0700] "GET / HTTP/1.1" 200 143429 "-" "synthetic-monitoring-agent/v0.14.3 (linux amd64; g64b8bab; +https://github.com/grafana/synthetic-monitoring-agent)"
172.69.166.94 - - [13/Oct/2025:09:36:35 +0700] "POST /wp-cron.php?doing_wp_cron=1760322994.9793179035186767578125 HTTP/1.1" 200 5 "-" "WordPress/6.8.3; https://abc-ok.com"
162.158.170.62 - - [13/Oct/2025:09:36:35 +0700] "POST /xmlrpc.php HTTP/1.1" 200 415 "https://abc-ok.com" "Mozilla/5.0 (Windows NT 10.0; Win64; x64) AppleWebKit/537.36 (KHTML, like Gecko) Chrome/116.0.5845.96 Safari/537.36"
162.158.107.59 - - [13/Oct/2025:09:40:20 +0700] "POST /wp-cron.php?doing_wp_cron=1760323220.5991640090942382812500 HTTP/1.1" 200 5 "-" "WordPress/6.8.3; https://abc-ok.com"
162.158.189.33 - - [13/Oct/2025:09:40:20 +0700] "GET /wp-login.php HTTP/1.1" 200 6105 "-" "Mozilla/5.0 (Windows NT 6.1) AppleWebKit/537.36 (KHTML, like Gecko) Chrome/66.0.3359.139 Safari/537.36"
162.158.189.33 - - [13/Oct/2025:09:40:22 +0700] "POST /wp-login.php HTTP/1.1" 200 6522 "https://abc-ok.com/wp-login.php" "Mozilla/5.0 (Windows NT 6.1) AppleWebKit/537.36 (KHTML, like Gecko) Chrome/66.0.3359.139 Safari/537.36"
162.158.108.44 - - [13/Oct/2025:09:40:59 +0700] "GET / HTTP/1.1" 200 143434 "-" "synthetic-monitoring-agent/v0.14.3 (linux amd64; g64b8bab; +https://github.com/grafana/synthetic-monitoring-agent)"
108.162.226.212 - - [13/Oct/2025:09:41:01 +0700] "GET / HTTP/1.1" 200 143434 "-" "synthetic-monitoring-agent/v0.14.3 (linux amd64; g64b8bab; +https://github.com/grafana/synthetic-monitoring-agent)"
172.69.166.95 - - [13/Oct/2025:09:41:59 +0700] "POST /wp-cron.php?doing_wp_cron=1760323319.3505589962005615234375 HTTP/1.1" 200 5 "-" "WordPress/6.8.3; https://abc-ok.com"
108.162.227.87 - - [13/Oct/2025:09:41:59 +0700] "POST /xmlrpc.php HTTP/1.1" 200 415 "https://abc-ok.com" "Mozilla/5.0 (Macintosh; Intel Mac OS X 14_4_1) AppleWebKit/605.1.15 (KHTML, like Gecko) Version/17.3.1 Safari/605.1.15"
172.69.176.13 - - [13/Oct/2025:09:42:15 +0700] "POST /wp-cron.php?doing_wp_cron=1760323335.8916370868682861328125 HTTP/1.1" 200 5 "-" "WordPress/6.8.3; https://abc-ok.com"
172.71.124.155 - - [13/Oct/2025:09:42:16 +0700] "POST /wp-login.php HTTP/1.1" 200 6504 "-" "Mozilla/5.0"
172.71.124.155 - - [13/Oct/2025:09:45:58 +0700] "POST /wp-cron.php?doing_wp_cron=1760323558.6800279617309570312500 HTTP/1.1" 200 5 "-" "WordPress/6.8.3; https://abc-ok.com"
162.158.190.46 - - [13/Oct/2025:09:45:58 +0700] "POST /wp-cron.php?doing_wp_cron=1760323558.7609400749206542968750 HTTP/1.1" 200 5 "-" "WordPress/6.8.3; https://abc-ok.com"
