172.71.124.155 - - [13/Oct/2025:11:31:40 +0700] "POST /wp-login.php HTTP/1.1" 200 6510 "-" "Mozilla/5.0"
162.158.162.127 - - [13/Oct/2025:11:32:53 +0700] "POST /wp-cron.php?doing_wp_cron=1760329973.5328409671783447265625 HTTP/1.1" 200 5 "-" "WordPress/6.8.3; https://abc-ok.com"
162.158.106.78 - - [13/Oct/2025:11:32:54 +0700] "POST /xmlrpc.php HTTP/1.1" 200 413 "-" "Mozilla/4.0 (compatible; MSIE 7.0; Windows NT 6.1; Win64; x64; Trident/7.0; .NET CLR 2.0.50727; SLCC2; .NET CLR 3.5.30729; .NET CLR 3.0.30729; Media Center PC 6.0; .NET4.0C; .NET4.0E; GWX:QUALIFIED)"
172.70.142.221 - - [13/Oct/2025:11:33:10 +0700] "POST /wp-cron.php?doing_wp_cron=1760329990.7170810699462890625000 HTTP/1.1" 200 5 "-" "WordPress/6.8.3; https://abc-ok.com"
52.215.87.168 - - [13/Oct/2025:11:33:10 +0700] "GET / HTTP/1.0" 301 0 "-" "Mozilla/5.0 (compatible; NetcraftSurveyAgent/1.0; [email protected])"
185.244.104.2 - - [13/Oct/2025:11:39:00 +0700] "PROPFIND / HTTP/1.1" 405 157 "http://178.128.86.151:443/" "-"
172.71.124.155 - - [13/Oct/2025:11:40:28 +0700] "POST /wp-cron.php?doing_wp_cron=1760330428.0414469242095947265625 HTTP/1.1" 200 5 "-" "WordPress/6.8.3; https://abc-ok.com"
162.158.170.62 - - [13/Oct/2025:11:40:28 +0700] "GET /wp-login.php HTTP/1.1" 200 6105 "-" "Mozilla/5.0 (Windows NT 6.1; WOW64; Trident/7.0; TNJB; rv:11.0) like Gecko"
104.23.175.166 - - [13/Oct/2025:11:40:30 +0700] "POST /wp-login.php HTTP/1.1" 200 6522 "https://abc-ok.com/wp-login.php" "Mozilla/5.0 (Windows NT 6.1; WOW64; Trident/7.0; TNJB; rv:11.0) like Gecko"
172.68.164.68 - - [13/Oct/2025:11:41:08 +0700] "GET / HTTP/1.1" 200 143426 "-" "synthetic-monitoring-agent/v0.14.3 (linux amd64; g64b8bab; +https://github.com/grafana/synthetic-monitoring-agent)"
104.23.175.166 - - [13/Oct/2025:11:41:08 +0700] "POST /wp-cron.php?doing_wp_cron=1760330468.4109001159667968750000 HTTP/1.1" 200 5 "-" "WordPress/6.8.3; https://abc-ok.com"
162.158.162.126 - - [13/Oct/2025:11:41:09 +0700] "GET / HTTP/1.1" 499 0 "-" "synthetic-monitoring-agent/v0.14.3 (linux amd64; g64b8bab; +https://github.com/grafana/synthetic-monitoring-agent)"
162.158.162.127 - - [13/Oct/2025:11:43:07 +0700] "POST /wp-cron.php?doing_wp_cron=1760330587.1124260425567626953125 HTTP/1.1" 200 5 "-" "WordPress/6.8.3; https://abc-ok.com"
172.70.142.221 - - [13/Oct/2025:11:43:07 +0700] "GET /sitemap_index.xml HTTP/1.1" 200 767 "-" "Mozilla/5.0 AppleWebKit/537.36 (KHTML, like Gecko; compatible; ClaudeBot/1.0; [email protected])"
172.71.124.154 - - [13/Oct/2025:11:45:10 +0700] "POST /wp-cron.php?doing_wp_cron=1760330709.9533770084381103515625 HTTP/1.1" 200 5 "-" "WordPress/6.8.3; https://abc-ok.com"
172.70.93.95 - - [13/Oct/2025:11:45:10 +0700] "POST /xmlrpc.php HTTP/1.1" 200 413 "-" "Mozilla/5.0 (Windows NT 6.1; Win64; x64; Trident/7.0; rv:11.0) like Gecko"
172.70.208.40 - - [13/Oct/2025:11:46:08 +0700] "GET / HTTP/1.1" 499 0 "-" "synthetic-monitoring-agent/v0.14.3 (linux amd64; g64b8bab; +https://github.com/grafana/synthetic-monitoring-agent)"
104.23.175.166 - - [13/Oct/2025:11:46:09 +0700] "GET / HTTP/1.1" 499 0 "-" "synthetic-monitoring-agent/v0.14.3 (linux amd64; g64b8bab; +https://github.com/grafana/synthetic-monitoring-agent)"
172.70.142.220 - - [13/Oct/2025:11:46:09 +0700] "POST /wp-cron.php?doing_wp_cron=1760330769.2744789123535156250000 HTTP/1.1" 200 5 "-" "WordPress/6.8.3; https://abc-ok.com"
162.158.162.126 - - [13/Oct/2025:11:49:39 +0700] "POST /wp-cron.php?doing_wp_cron=1760330979.5542318820953369140625 HTTP/1.1" 200 5 "-" "WordPress/6.8.3; https://abc-ok.com"
172.68.242.114 - - [13/Oct/2025:11:49:39 +0700] "POST /wp-login.php HTTP/1.1" 200 6504 "-" "Mozilla/5.0"
104.23.175.167 - - [13/Oct/2025:11:51:00 +0700] "POST /wp-cron.php?doing_wp_cron=1760331060.3160169124603271484375 HTTP/1.1" 200 5 "-" "WordPress/6.8.3; https://abc-ok.com"
172.70.208.41 - - [13/Oct/2025:11:51:00 +0700] "POST /wp-cron.php?doing_wp_cron=1760331060.4170811176300048828125 HTTP/1.1" 200 5 "-" "WordPress/6.8.3; https://abc-ok.com"
172.68.164.68 - - [13/Oct/2025:11:51:01 +0700] "GET / HTTP/1.1" 200 143426 "-" "synthetic-monitoring-agent/v0.14.3 (linux amd64; g64b8bab; +https://github.com/grafana/synthetic-monitoring-agent)"
172.71.124.154 - - [13/Oct/2025:11:51:03 +0700] "GET / HTTP/1.1" 200 143429 "-" "synthetic-monitoring-agent/v0.14.3 (linux amd64; g64b8bab; +https://github.com/grafana/synthetic-monitoring-agent)"
162.158.162.127 - - [13/Oct/2025:11:51:41 +0700] "POST /wp-cron.php?doing_wp_cron=1760331101.7618300914764404296875 HTTP/1.1" 200 5 "-" "WordPress/6.8.3; https://abc-ok.com"
172.70.188.187 - - [13/Oct/2025:11:51:42 +0700] "POST /xmlrpc.php HTTP/1.1" 200 413 "-" "Mozilla/4.0 (compatible; MSIE 7.0; Windows NT 6.1; Trident/7.0; SLCC2; .NET CLR 2.0.50727; .NET CLR 3.5.30729; .NET CLR 3.0.30729; .NET4.0C; .NET4.0E; Tablet PC 2.0; Creative AutoUpdate v1.40.01)"
172.70.142.220 - - [13/Oct/2025:11:53:44 +0700] "POST /wp-cron.php?doing_wp_cron=1760331224.1329889297485351562500 HTTP/1.1" 200 5 "-" "WordPress/6.8.3; https://abc-ok.com"
172.70.208.41 - - [13/Oct/2025:11:53:44 +0700] "GET /wp-login.php HTTP/1.1" 200 6105 "-" "Mozilla/5.0 (Windows NT 10.0; WOW64; Trident/7.0; yie11; rv:11.0) like Gecko"
172.71.124.155 - - [13/Oct/2025:11:53:46 +0700] "POST /wp-login.php HTTP/1.1" 200 6522 "https://abc-ok.com/wp-login.php" "Mozilla/5.0 (Windows NT 10.0; WOW64; Trident/7.0; yie11; rv:11.0) like Gecko"
172.70.208.41 - - [13/Oct/2025:11:53:51 +0700] "GET /.git/config HTTP/1.1" 404 108766 "-" "Mozilla/5.0 (Linux; Android 9; RMX1801) AppleWebKit/537.36 (KHTML, like Gecko) Chrome/76.0.3809.111 Mobile Safari/537.36"
172.71.124.154 - - [13/Oct/2025:11:55:59 +0700] "POST /wp-cron.php?doing_wp_cron=1760331359.0861840248107910156250 HTTP/1.1" 200 5 "-" "WordPress/6.8.3; https://abc-ok.com"
172.71.124.154 - - [13/Oct/2025:11:56:00 +0700] "GET / HTTP/1.1" 200 143434 "-" "synthetic-monitoring-agent/v0.14.3 (linux amd64; g64b8bab; +https://github.com/grafana/synthetic-monitoring-agent)"
162.158.88.48 - - [13/Oct/2025:11:56:05 +0700] "GET / HTTP/1.1" 200 143426 "-" "synthetic-monitoring-agent/v0.14.3 (linux amd64; g64b8bab; +https://github.com/grafana/synthetic-monitoring-agent)"
172.69.165.5 - - [13/Oct/2025:11:56:32 +0700] "POST /wp-cron.php?doing_wp_cron=1760331392.6327641010284423828125 HTTP/1.1" 200 5 "-" "WordPress/6.8.3; https://abc-ok.com"
167.99.230.251 - - [13/Oct/2025:11:56:32 +0700] "GET / HTTP/1.1" 301 5 "-" "Mozilla/5.0 (X11; Linux x86_64; rv:139.0) Gecko/20100101 Firefox/139.0"
167.99.230.251 - - [13/Oct/2025:11:56:39 +0700] "GET /favicon.ico HTTP/1.1" 302 5 "https://ftp.fit-u.id/" "Mozilla/5.0 (X11; Linux x86_64; rv:139.0) Gecko/20100101 Firefox/139.0"
172.70.93.95 - - [13/Oct/2025:11:57:37 +0700] "POST /wp-cron.php?doing_wp_cron=1760331457.3431689739227294921875 HTTP/1.1" 200 5 "-" "WordPress/6.8.3; https://abc-ok.com"
172.70.93.95 - - [13/Oct/2025:11:57:37 +0700] "POST /xmlrpc.php HTTP/1.1" 200 413 "-" "Mozilla/5.0 (X11; CrOS x86_64 10323.67.0) AppleWebKit/537.36 (KHTML, like Gecko) Chrome/65.0.3325.209 Safari/537.36"
172.69.165.5 - - [13/Oct/2025:11:58:58 +0700] "POST /wp-cron.php?doing_wp_cron=1760331538.3901529312133789062500 HTTP/1.1" 200 5 "-" "WordPress/6.8.3; https://abc-ok.com"
162.158.189.33 - - [13/Oct/2025:11:58:58 +0700] "POST /wp-login.php HTTP/1.1" 200 6510 "-" "Mozilla/5.0"
104.23.175.167 - - [13/Oct/2025:12:01:00 +0700] "POST /wp-cron.php?doing_wp_cron=1760331660.8107109069824218750000 HTTP/1.1" 200 5 "-" "WordPress/6.8.3; https://abc-ok.com"
172.68.164.69 - - [13/Oct/2025:12:01:02 +0700] "GET / HTTP/1.1" 200 143434 "-" "synthetic-monitoring-agent/v0.14.3 (linux amd64; g64b8bab; +https://github.com/grafana/synthetic-monitoring-agent)"
162.158.108.45 - - [13/Oct/2025:12:01:03 +0700] "GET / HTTP/1.1" 200 143429 "-" "synthetic-monitoring-agent/v0.14.3 (linux amd64; g64b8bab; +https://github.com/grafana/synthetic-monitoring-agent)"
172.70.188.186 - - [13/Oct/2025:12:04:22 +0700] "POST /wp-cron.php?doing_wp_cron=1760331862.1251690387725830078125 HTTP/1.1" 200 5 "-" "WordPress/6.8.3; https://abc-ok.com"
172.70.188.186 - - [13/Oct/2025:12:04:22 +0700] "POST /xmlrpc.php HTTP/1.1" 200 413 "-" "Mozilla/5.0 (Macintosh; Intel Mac OS X 10.9; rv:60.0) Gecko/20100101 Firefox/60.0"
172.69.176.12 - - [13/Oct/2025:12:06:00 +0700] "POST /wp-cron.php?doing_wp_cron=1760331960.3896269798278808593750 HTTP/1.1" 200 5 "-" "WordPress/6.8.3; https://abc-ok.com"
172.68.164.69 - - [13/Oct/2025:12:06:01 +0700] "GET / HTTP/1.1" 200 143426 "-" "synthetic-monitoring-agent/v0.14.3 (linux amd64; g64b8bab; +https://github.com/grafana/synthetic-monitoring-agent)"
172.70.142.221 - - [13/Oct/2025:12:06:01 +0700] "GET / HTTP/1.1" 200 143426 "-" "synthetic-monitoring-agent/v0.14.3 (linux amd64; g64b8bab; +https://github.com/grafana/synthetic-monitoring-agent)"
172.68.242.114 - - [13/Oct/2025:12:08:57 +0700] "POST /wp-cron.php?doing_wp_cron=1760332137.1099050045013427734375 HTTP/1.1" 200 5 "-" "WordPress/6.8.3; https://abc-ok.com"
162.158.170.62 - - [13/Oct/2025:12:08:57 +0700] "GET /wp-login.php HTTP/1.1" 200 6105 "-" "Mozilla/5.0 (Windows NT 10.0; WOW64; Trident/7.0; NMTE; rv:11.0) like Gecko"
162.158.108.45 - - [13/Oct/2025:12:09:00 +0700] "POST /wp-login.php HTTP/1.1" 200 6528 "https://abc-ok.com/wp-login.php" "Mozilla/5.0 (Windows NT 10.0; WOW64; Trident/7.0; NMTE; rv:11.0) like Gecko"
172.70.142.221 - - [13/Oct/2025:12:09:35 +0700] "POST /wp-cron.php?doing_wp_cron=1760332175.5553350448608398437500 HTTP/1.1" 200 5 "-" "WordPress/6.8.3; https://abc-ok.com"
172.70.93.94 - - [13/Oct/2025:12:09:35 +0700] "POST /xmlrpc.php HTTP/1.1" 200 413 "-" "Mozilla/4.0 (compatible; MSIE 7.0; Windows NT 6.2; WOW64; Trident/7.0; .NET4.0E; .NET4.0C; .NET CLR 3.5.30729; .NET CLR 2.0.50727; .NET CLR 3.0.30729; Tablet PC 2.0)"
172.68.242.115 - - [13/Oct/2025:12:11:00 +0700] "POST /wp-cron.php?doing_wp_cron=1760332259.9449360370635986328125 HTTP/1.1" 200 5 "-" "WordPress/6.8.3; https://abc-ok.com"
172.70.142.220 - - [13/Oct/2025:12:11:00 +0700] "GET / HTTP/1.1" 200 143426 "-" "synthetic-monitoring-agent/v0.14.3 (linux amd64; g64b8bab; +https://github.com/grafana/synthetic-monitoring-agent)"
172.70.93.94 - - [13/Oct/2025:12:11:00 +0700] "GET / HTTP/1.1" 200 143434 "-" "synthetic-monitoring-agent/v0.14.3 (linux amd64; g64b8bab; +https://github.com/grafana/synthetic-monitoring-agent)"
172.71.124.154 - - [13/Oct/2025:12:15:09 +0700] "POST /wp-cron.php?doing_wp_cron=1760332509.7534680366516113281250 HTTP/1.1" 200 5 "-" "WordPress/6.8.3; https://abc-ok.com"
162.158.108.44 - - [13/Oct/2025:12:15:10 +0700] "POST /xmlrpc.php HTTP/1.1" 200 413 "-" "Mozilla/5.0 (Macintosh; Intel Mac OS X 10_11_6) AppleWebKit/602.4.8 (KHTML, like Gecko) Version/10.0.3 Safari/602.4.8"
162.158.189.32 - - [13/Oct/2025:12:15:45 +0700] "GET /author/voi5n/feed/ HTTP/1.1" 200 2540 "-" "Mozilla/5.0 (compatible; AhrefsBot/7.0; +http://ahrefs.com/robot/)"
172.69.165.57 - - [13/Oct/2025:12:16:04 +0700] "GET / HTTP/1.1" 200 143421 "-" "synthetic-monitoring-agent/v0.14.3 (linux amd64; g64b8bab; +https://github.com/grafana/synthetic-monitoring-agent)"
108.162.226.84 - - [13/Oct/2025:12:16:05 +0700] "GET / HTTP/1.1" 200 143426 "-" "synthetic-monitoring-agent/v0.14.3 (linux amd64; g64b8bab; +https://github.com/grafana/synthetic-monitoring-agent)"
172.68.164.68 - - [13/Oct/2025:12:18:32 +0700] "POST /wp-cron.php?doing_wp_cron=1760332712.0586209297180175781250 HTTP/1.1" 200 5 "-" "WordPress/6.8.3; https://abc-ok.com"
172.70.93.95 - - [13/Oct/2025:12:18:32 +0700] "GET /wp-login.php HTTP/1.1" 200 6099 "-" "Mozilla/5.0 (Windows NT 10.0) AppleWebKit/537.36 (KHTML, like Gecko) Chrome/66.0.3359.117 Safari/537.36"
172.70.142.221 - - [13/Oct/2025:12:18:37 +0700] "POST /wp-login.php HTTP/1.1" 200 6522 "https://abc-ok.com/wp-login.php" "Mozilla/5.0 (Windows NT 10.0) AppleWebKit/537.36 (KHTML, like Gecko) Chrome/66.0.3359.117 Safari/537.36"
185.244.104.2 - - [13/Oct/2025:12:19:14 +0700] "PROPFIND / HTTP/1.1" 405 157 "http://178.128.86.151:443/" "-"
172.70.142.221 - - [13/Oct/2025:12:21:01 +0700] "POST /wp-cron.php?doing_wp_cron=1760332861.0200231075286865234375 HTTP/1.1" 200 5 "-" "WordPress/6.8.3; https://abc-ok.com"
172.70.142.220 - - [13/Oct/2025:12:21:02 +0700] "GET / HTTP/1.1" 200 143429 "-" "synthetic-monitoring-agent/v0.14.3 (linux amd64; g64b8bab; +https://github.com/grafana/synthetic-monitoring-agent)"
162.158.189.33 - - [13/Oct/2025:12:21:03 +0700] "GET / HTTP/1.1" 200 143434 "-" "synthetic-monitoring-agent/v0.14.3 (linux amd64; g64b8bab; +https://github.com/grafana/synthetic-monitoring-agent)"
162.158.108.45 - - [13/Oct/2025:12:24:51 +0700] "POST /wp-cron.php?doing_wp_cron=1760333091.3159549236297607421875 HTTP/1.1" 200 5 "-" "WordPress/6.8.3; https://abc-ok.com"
172.71.124.155 - - [13/Oct/2025:12:24:51 +0700] "POST /xmlrpc.php HTTP/1.1" 200 413 "-" "Mozilla/5.0 (Windows NT 6.1; Trident/7.0; yie11; rv:11.0) like Gecko"
172.68.164.68 - - [13/Oct/2025:12:24:58 +0700] "POST /wp-login.php HTTP/1.1" 200 6504 "-" "Mozilla/5.0"
172.69.176.13 - - [13/Oct/2025:12:26:01 +0700] "POST /wp-cron.php?doing_wp_cron=1760333161.5423970222473144531250 HTTP/1.1" 200 5 "-" "WordPress/6.8.3; https://abc-ok.com"
172.71.124.155 - - [13/Oct/2025:12:26:02 +0700] "GET / HTTP/1.1" 200 143434 "-" "synthetic-monitoring-agent/v0.14.3 (linux amd64; g64b8bab; +https://github.com/grafana/synthetic-monitoring-agent)"
162.158.88.48 - - [13/Oct/2025:12:26:04 +0700] "GET / HTTP/1.1" 200 143426 "-" "synthetic-monitoring-agent/v0.14.3 (linux amd64; g64b8bab; +https://github.com/grafana/synthetic-monitoring-agent)"
162.158.108.45 - - [13/Oct/2025:12:26:18 +0700] "POST /wp-cron.php?doing_wp_cron=1760333178.5027050971984863281250 HTTP/1.1" 200 5 "-" "WordPress/6.8.3; https://abc-ok.com"
172.70.142.221 - - [13/Oct/2025:12:26:18 +0700] "POST /wp-login.php HTTP/1.1" 200 6510 "-" "Mozilla/5.0"
172.68.164.69 - - [13/Oct/2025:12:30:11 +0700] "POST /wp-cron.php?doing_wp_cron=1760333411.3612229824066162109375 HTTP/1.1" 200 5 "-" "WordPress/6.8.3; https://abc-ok.com"
162.158.88.48 - - [13/Oct/2025:12:30:12 +0700] "POST /xmlrpc.php HTTP/1.1" 200 413 "-" "Mozilla/5.0 (compatible; MSIE 10.0; Windows NT 6.2; Win64; x64; Trident/7.0)"
172.69.176.12 - - [13/Oct/2025:12:34:56 +0700] "POST /wp-cron.php?doing_wp_cron=1760333695.9478030204772949218750 HTTP/1.1" 200 5 "-" "WordPress/6.8.3; https://abc-ok.com"
162.158.189.33 - - [13/Oct/2025:12:34:56 +0700] "GET /wp-login.php HTTP/1.1" 200 6105 "-" "Mozilla/5.0 (Windows NT 10.0) AppleWebKit/537.36 (KHTML, like Gecko) Chrome/67.0.3396.87 Safari/537.36"
172.70.142.221 - - [13/Oct/2025:12:35:02 +0700] "POST /wp-login.php HTTP/1.1" 200 6528 "https://abc-ok.com/wp-login.php" "Mozilla/5.0 (Windows NT 10.0) AppleWebKit/537.36 (KHTML, like Gecko) Chrome/67.0.3396.87 Safari/537.36"
172.70.142.221 - - [13/Oct/2025:12:36:06 +0700] "POST /wp-cron.php?doing_wp_cron=1760333766.1257560253143310546875 HTTP/1.1" 200 5 "-" "WordPress/6.8.3; https://abc-ok.com"
162.158.189.33 - - [13/Oct/2025:12:36:08 +0700] "GET / HTTP/1.1" 200 143434 "-" "synthetic-monitoring-agent/v0.14.3 (linux amd64; g64b8bab; +https://github.com/grafana/synthetic-monitoring-agent)"
172.71.124.154 - - [13/Oct/2025:12:36:08 +0700] "GET / HTTP/1.1" 200 143434 "-" "synthetic-monitoring-agent/v0.14.3 (linux amd64; g64b8bab; +https://github.com/grafana/synthetic-monitoring-agent)"
162.158.88.48 - - [13/Oct/2025:12:39:18 +0700] "POST /wp-cron.php?doing_wp_cron=1760333958.5489890575408935546875 HTTP/1.1" 200 5 "-" "WordPress/6.8.3; https://abc-ok.com"
172.71.124.154 - - [13/Oct/2025:12:39:19 +0700] "POST /xmlrpc.php HTTP/1.1" 200 413 "-" "Mozilla/5.0 (Windows NT 6.1; WOW64; Trident/7.0; yie9; rv:11.0) like Gecko"
108.162.226.84 - - [13/Oct/2025:12:39:29 +0700] "POST /wp-login.php HTTP/1.1" 200 6510 "-" "Mozilla/5.0"
104.23.175.166 - - [13/Oct/2025:12:41:25 +0700] "POST /wp-cron.php?doing_wp_cron=1760334085.4983971118927001953125 HTTP/1.1" 200 5 "-" "WordPress/6.8.3; https://abc-ok.com"
162.158.106.78 - - [13/Oct/2025:12:41:25 +0700] "GET /wp-login.php HTTP/1.1" 200 6099 "-" "Mozilla/5.0 (Windows NT 6.1; WOW64; Trident/7.0; EIE10;ENGBWOL; rv:11.0) like Gecko"
108.162.226.84 - - [13/Oct/2025:12:41:28 +0700] "POST /wp-login.php HTTP/1.1" 200 6522 "https://abc-ok.com/wp-login.php" "Mozilla/5.0 (Windows NT 6.1; WOW64; Trident/7.0; EIE10;ENGBWOL; rv:11.0) like Gecko"
172.70.142.221 - - [13/Oct/2025:12:43:21 +0700] "POST /wp-cron.php?doing_wp_cron=1760334201.7143850326538085937500 HTTP/1.1" 200 5 "-" "WordPress/6.8.3; https://abc-ok.com"
208.123.119.103 - - [13/Oct/2025:12:43:22 +0700] "GET / HTTP/1.1" 301 5 "-" "Mozilla/5.0 (Windows NT 10.0; WOW64) AppleWebKit/537.36 (KHTML, like Gecko) Chrome/89.0.4389.114 Safari/537.36"
172.70.93.94 - - [13/Oct/2025:12:51:47 +0700] "POST /wp-cron.php?doing_wp_cron=1760334707.2063500881195068359375 HTTP/1.1" 200 5 "-" "WordPress/6.8.3; https://abc-ok.com"
108.162.226.84 - - [13/Oct/2025:12:51:47 +0700] "POST /xmlrpc.php HTTP/1.1" 200 413 "-" "Mozilla/4.0 (compatible; MSIE 7.0; Windows NT 6.1; WOW64; Trident/7.0; SLCC2; .NET CLR 2.0.50727; .NET CLR 3.5.30729; .NET CLR 3.0.30729; Media Center PC 6.0; .NET4.0C; .NET4.0E; InfoPath.3; McAfee; RaidCall)"
172.68.164.68 - - [13/Oct/2025:12:52:21 +0700] "POST /wp-cron.php?doing_wp_cron=1760334740.9742949008941650390625 HTTP/1.1" 200 5 "-" "WordPress/6.8.3; https://abc-ok.com"
104.23.175.167 - - [13/Oct/2025:12:52:21 +0700] "GET /wp-login.php HTTP/1.1" 200 6105 "-" "Mozilla/5.0 (Macintosh; Intel Mac OS X 10_13_5) AppleWebKit/537.36 (KHTML, like Gecko) Chrome/67.0.3396.62 Safari/537.36"
162.158.88.49 - - [13/Oct/2025:12:52:22 +0700] "POST /wp-login.php HTTP/1.1" 200 6528 "https://abc-ok.com/wp-login.php" "Mozilla/5.0 (Macintosh; Intel Mac OS X 10_13_5) AppleWebKit/537.36 (KHTML, like Gecko) Chrome/67.0.3396.62 Safari/537.36"
104.23.175.167 - - [13/Oct/2025:12:53:38 +0700] "POST /wp-cron.php?doing_wp_cron=1760334818.0720870494842529296875 HTTP/1.1" 200 5 "-" "WordPress/6.8.3; https://abc-ok.com"
162.158.170.63 - - [13/Oct/2025:12:53:38 +0700] "POST /wp-login.php HTTP/1.1" 200 6504 "-" "Mozilla/5.0"
172.71.82.79 - - [13/Oct/2025:12:56:08 +0700] "POST /wp-cron.php?doing_wp_cron=1760334968.1019721031188964843750 HTTP/1.1" 200 5 "-" "WordPress/6.8.3; https://abc-ok.com"
172.70.142.221 - - [13/Oct/2025:12:56:08 +0700] "POST /wp-cron.php?doing_wp_cron=1760334968.2508370876312255859375 HTTP/1.1" 200 5 "-" "WordPress/6.8.3; https://abc-ok.com"
162.158.163.122 - - [13/Oct/2025:12:56:08 +0700] "GET / HTTP/1.1" 499 0 "-" "synthetic-monitoring-agent/v0.14.3 (linux amd64; g64b8bab; +https://github.com/grafana/synthetic-monitoring-agent)"
172.71.82.79 - - [13/Oct/2025:12:56:59 +0700] "POST /xmlrpc.php HTTP/1.1" 200 415 "https://abc-ok.com" "Mozilla/5.0 (Windows NT 11.0; Win64; x64; rv:126.0) Gecko/20100101 Firefox/126.0"
162.158.108.45 - - [13/Oct/2025:12:58:56 +0700] "POST /wp-cron.php?doing_wp_cron=1760335136.6539549827575683593750 HTTP/1.1" 200 5 "-" "WordPress/6.8.3; https://abc-ok.com"
162.158.106.79 - - [13/Oct/2025:12:58:57 +0700] "POST /xmlrpc.php HTTP/1.1" 200 413 "-" "Mozilla/5.0 (Windows NT 6.3; Win64; x64; Trident/7.0; LCJB; rv:11.0) like Gecko"
104.23.175.167 - - [13/Oct/2025:12:59:22 +0700] "POST /wp-cron.php?doing_wp_cron=1760335162.0777380466461181640625 HTTP/1.1" 200 5 "-" "WordPress/6.8.3; https://abc-ok.com"
108.162.226.84 - - [13/Oct/2025:12:59:22 +0700] "POST /xmlrpc.php HTTP/1.1" 200 415 "https://abc-ok.com" "Mozilla/5.0 (Windows NT 11.0; Win64; x64; rv:126.0) Gecko/20100101 Firefox/126.0"
104.23.175.166 - - [13/Oct/2025:13:00:39 +0700] "POST /wp-cron.php?doing_wp_cron=1760335239.4932489395141601562500 HTTP/1.1" 200 5 "-" "WordPress/6.8.3; https://abc-ok.com"
172.70.188.186 - - [13/Oct/2025:13:00:40 +0700] "POST /wp-login.php HTTP/1.1" 200 6510 "-" "Mozilla/5.0"
162.158.189.32 - - [13/Oct/2025:13:01:55 +0700] "POST /wp-cron.php?doing_wp_cron=1760335315.7427699565887451171875 HTTP/1.1" 200 5 "-" "WordPress/6.8.3; https://abc-ok.com"
162.158.88.49 - - [13/Oct/2025:13:01:56 +0700] "POST /xmlrpc.php HTTP/1.1" 200 415 "https://abc-ok.com" "Mozilla/5.0 (Macintosh; Intel Mac OS X 10.15; rv:126.0) Gecko/20100101 Firefox/126.0"
185.244.104.2 - - [13/Oct/2025:13:03:51 +0700] "PROPFIND / HTTP/1.1" 405 157 "http://178.128.86.151:443/" "-"
108.162.226.84 - - [13/Oct/2025:13:04:34 +0700] "POST /wp-cron.php?doing_wp_cron=1760335474.5153889656066894531250 HTTP/1.1" 200 5 "-" "WordPress/6.8.3; https://abc-ok.com"
104.23.175.167 - - [13/Oct/2025:13:04:34 +0700] "GET /wp-login.php HTTP/1.1" 200 6105 "-" "Mozilla/4.0 (compatible; MSIE 7.0; Windows NT 6.1; Trident/7.0; SLCC2; .NET CLR 2.0.50727; .NET CLR 3.5.30729; .NET CLR 3.0.30729; Media Center PC 6.0; InfoPath.3; .NET4.0C; .NET4.0E)"
172.70.93.95 - - [13/Oct/2025:13:04:36 +0700] "POST /xmlrpc.php HTTP/1.1" 200 415 "https://abc-ok.com" "Mozilla/5.0 (Macintosh; Intel Mac OS X 10_15_7) AppleWebKit/537.36 (KHTML, like Gecko) Chrome/113.0.5672.93 Safari/537.36"
162.158.170.63 - - [13/Oct/2025:13:04:39 +0700] "POST /wp-login.php HTTP/1.1" 200 6528 "https://abc-ok.com/wp-login.php" "Mozilla/4.0 (compatible; MSIE 7.0; Windows NT 6.1; Trident/7.0; SLCC2; .NET CLR 2.0.50727; .NET CLR 3.5.30729; .NET CLR 3.0.30729; Media Center PC 6.0; InfoPath.3; .NET4.0C; .NET4.0E)"
172.70.142.220 - - [13/Oct/2025:13:07:16 +0700] "POST /wp-cron.php?doing_wp_cron=1760335636.6577990055084228515625 HTTP/1.1" 200 5 "-" "WordPress/6.8.3; https://abc-ok.com"
172.70.208.40 - - [13/Oct/2025:13:07:17 +0700] "POST /xmlrpc.php HTTP/1.1" 200 415 "https://abc-ok.com" "Mozilla/5.0 (Macintosh; Intel Mac OS X 10_15_7) AppleWebKit/537.36 (KHTML, like Gecko) Chrome/126.0.0.0 Safari/537.36"
172.70.143.181 - - [13/Oct/2025:13:08:20 +0700] "POST /wp-cron.php?doing_wp_cron=1760335700.6587610244750976562500 HTTP/1.1" 200 5 "-" "WordPress/6.8.3; https://abc-ok.com"
35.203.211.9 - - [13/Oct/2025:13:08:20 +0700] "GET /wp-login.php HTTP/1.1" 200 6099 "-" "Hello from Palo Alto Networks, find out more about our scans in https://docs-cortex.paloaltonetworks.com/r/1/Cortex-Xpanse/Scanning-activity"
172.70.93.95 - - [13/Oct/2025:13:08:54 +0700] "POST /xmlrpc.php HTTP/1.1" 200 413 "-" "Mozilla/5.0 (Macintosh; Intel Mac OS X 10_10_5) AppleWebKit/537.36 (KHTML, like Gecko) Chrome/66.0.3359.139 Safari/537.36"
162.158.108.45 - - [13/Oct/2025:13:10:02 +0700] "POST /wp-cron.php?doing_wp_cron=1760335802.4914278984069824218750 HTTP/1.1" 200 5 "-" "WordPress/6.8.3; https://abc-ok.com"
172.70.208.41 - - [13/Oct/2025:13:10:03 +0700] "POST /xmlrpc.php HTTP/1.1" 200 415 "https://abc-ok.com" "Mozilla/5.0 (Macintosh; Intel Mac OS X 13_3) AppleWebKit/537.36 (KHTML, like Gecko) Chrome/126.0.0.0 Safari/537.36 Edg/126.0.0.0"
162.158.163.121 - - [13/Oct/2025:13:12:48 +0700] "POST /wp-cron.php?doing_wp_cron=1760335968.6167640686035156250000 HTTP/1.1" 200 5 "-" "WordPress/6.8.3; https://abc-ok.com"
108.162.226.85 - - [13/Oct/2025:13:12:49 +0700] "POST /xmlrpc.php HTTP/1.1" 200 415 "https://abc-ok.com" "Mozilla/5.0 (Macintosh; Intel Mac OS X 10_15_7) AppleWebKit/537.36 (KHTML, like Gecko) Chrome/115.0.5790.102 Safari/537.36"
162.158.106.79 - - [13/Oct/2025:13:14:00 +0700] "POST /wp-cron.php?doing_wp_cron=1760336040.3408150672912597656250 HTTP/1.1" 200 5 "-" "WordPress/6.8.3; https://abc-ok.com"
45.9.168.192 - - [13/Oct/2025:13:14:01 +0700] "POST /ajax HTTP/1.1" 404 108732 "-" "Mozilla/4.0 (compatible; MSIE 8.0; Windows NT 5.1; Trident/4.0; .NET CLR 1.1.4322; .NET CLR 2.0.50727; .NET CLR 3.0.4506.2152; .NET CLR 3.5.30729)"
104.23.175.166 - - [13/Oct/2025:13:15:38 +0700] "POST /wp-cron.php?doing_wp_cron=1760336138.1914570331573486328125 HTTP/1.1" 200 5 "-" "WordPress/6.8.3; https://abc-ok.com"
172.64.178.140 - - [13/Oct/2025:13:15:38 +0700] "POST /xmlrpc.php HTTP/1.1" 200 415 "https://abc-ok.com" "Mozilla/5.0 (Windows NT 10.0; Win64; x64; rv:126.0) Gecko/20100101 Firefox/126.0"
162.158.163.121 - - [13/Oct/2025:13:17:44 +0700] "POST /wp-cron.php?doing_wp_cron=1760336264.3717780113220214843750 HTTP/1.1" 200 5 "-" "WordPress/6.8.3; https://abc-ok.com"
209.141.53.103 - - [13/Oct/2025:13:17:44 +0700] "GET /wp-login.php HTTP/1.1" 200 6105 "-" "Mozilla/5.0 (Macintosh; Intel Mac OS X 10.9; rv:31.0) Gecko/20100101 Firefox/31.0"
209.141.53.103 - - [13/Oct/2025:13:17:45 +0700] "POST /wp-login.php HTTP/1.1" 200 6535 "-" "Mozilla/5.0 (Macintosh; Intel Mac OS X 10.9; rv:31.0) Gecko/20100101 Firefox/31.0"
162.158.163.121 - - [13/Oct/2025:13:18:29 +0700] "POST /wp-cron.php?doing_wp_cron=1760336309.0086989402770996093750 HTTP/1.1" 200 5 "-" "WordPress/6.8.3; https://abc-ok.com"
162.158.170.63 - - [13/Oct/2025:13:18:29 +0700] "POST /xmlrpc.php HTTP/1.1" 200 415 "https://abc-ok.com" "Mozilla/5.0 (Windows NT 10.0; Win64; x64) AppleWebKit/537.36 (KHTML, like Gecko) Chrome/112.0.5615.138 Safari/537.36"
172.71.82.78 - - [13/Oct/2025:13:21:06 +0700] "POST /wp-cron.php?doing_wp_cron=1760336466.0641009807586669921875 HTTP/1.1" 200 5 "-" "WordPress/6.8.3; https://abc-ok.com"
172.70.142.220 - - [13/Oct/2025:13:21:07 +0700] "POST /wp-login.php HTTP/1.1" 200 6504 "-" "Mozilla/5.0"
172.71.82.78 - - [13/Oct/2025:13:21:08 +0700] "POST /wp-cron.php?doing_wp_cron=1760336468.1892430782318115234375 HTTP/1.1" 200 5 "-" "WordPress/6.8.3; https://abc-ok.com"
108.162.226.84 - - [13/Oct/2025:13:21:08 +0700] "GET / HTTP/1.1" 499 0 "-" "synthetic-monitoring-agent/v0.14.3 (linux amd64; g64b8bab; +https://github.com/grafana/synthetic-monitoring-agent)"
162.158.88.48 - - [13/Oct/2025:13:21:24 +0700] "POST /xmlrpc.php HTTP/1.1" 200 415 "https://abc-ok.com" "Mozilla/5.0 (Macintosh; Intel Mac OS X 10_15_7) AppleWebKit/537.36 (KHTML, like Gecko) Chrome/126.0.0.0 Safari/537.36"
162.158.163.121 - - [13/Oct/2025:13:23:20 +0700] "POST /wp-cron.php?doing_wp_cron=1760336600.4704999923706054687500 HTTP/1.1" 200 5 "-" "WordPress/6.8.3; https://abc-ok.com"
91.148.240.185 - - [13/Oct/2025:13:23:20 +0700] "GET / HTTP/1.1" 301 5 "-" "Mozilla/5.0 (Macintosh; Intel Mac OS X 10_15_7) AppleWebKit/605.1.15 (KHTML, like Gecko) Version/17.3.1 Safari/605.1.1"
172.68.164.69 - - [13/Oct/2025:13:24:18 +0700] "POST /wp-cron.php?doing_wp_cron=1760336658.3631680011749267578125 HTTP/1.1" 200 5 "-" "WordPress/6.8.3; https://abc-ok.com"
162.158.189.32 - - [13/Oct/2025:13:24:19 +0700] "POST /xmlrpc.php HTTP/1.1" 200 415 "https://abc-ok.com" "Mozilla/5.0 (Windows NT 10.0; Win64; x64) AppleWebKit/537.36 (KHTML, like Gecko) Chrome/112.0.5615.138 Safari/537.36 Edg/112.0.1722.68"
172.70.93.95 - - [13/Oct/2025:13:24:28 +0700] "POST /xmlrpc.php HTTP/1.1" 200 413 "-" "Mozilla/5.0 (Macintosh; Intel Mac OS X 10_11_6) AppleWebKit/537.36 (KHTML, like Gecko) Chrome/66.0.3359.181 Safari/537.36"
172.70.208.41 - - [13/Oct/2025:13:27:10 +0700] "POST /wp-cron.php?doing_wp_cron=1760336830.0596880912780761718750 HTTP/1.1" 200 5 "-" "WordPress/6.8.3; https://abc-ok.com"
162.158.108.45 - - [13/Oct/2025:13:27:10 +0700] "GET /wp-login.php HTTP/1.1" 200 6105 "-" "Mozilla/5.0 (Windows NT 10.0; Win64; x64; WebView/3.0) AppleWebKit/537.36 (KHTML, like Gecko) Chrome/58.0.3029.110 Safari/537.36 Edge/16.16299"
172.69.176.13 - - [13/Oct/2025:13:27:18 +0700] "POST /wp-login.php HTTP/1.1" 200 6522 "https://abc-ok.com/wp-login.php" "Mozilla/5.0 (Windows NT 10.0; Win64; x64; WebView/3.0) AppleWebKit/537.36 (KHTML, like Gecko) Chrome/58.0.3029.110 Safari/537.36 Edge/16.16299"
185.244.104.2 - - [13/Oct/2025:13:27:36 +0700] "PROPFIND / HTTP/1.1" 405 157 "http://178.128.86.151:443/" "-"